207.46.13.154 - - [01/Jul/2026:18:24:40 +0000] "GET /products/44698853/ HTTP/2" 200 25935 "-" "Mozilla/5.0 AppleWebKit/537.36 (KHTML, like Gecko; compatible; bingbot/2.0; +http://www.bing.com/bingbot.htm) Chrome/116.0.1938.76 Safari/537.36"
207.46.13.154 - - [01/Jul/2026:18:24:42 +0000] "GET /products/270689231/ HTTP/2" 200 26928 "-" "Mozilla/5.0 AppleWebKit/537.36 (KHTML, like Gecko; compatible; bingbot/2.0; +http://www.bing.com/bingbot.htm) Chrome/116.0.1938.76 Safari/537.36"
40.77.167.33 - - [01/Jul/2026:18:24:45 +0000] "GET /products/132709531/ HTTP/2" 200 26484 "-" "Mozilla/5.0 AppleWebKit/537.36 (KHTML, like Gecko; compatible; bingbot/2.0; +http://www.bing.com/bingbot.htm) Chrome/116.0.1938.76 Safari/537.36"
52.167.144.19 - - [01/Jul/2026:18:23:32 +0000] "GET /products/404063431/ HTTP/2" 200 25821 "-" "Mozilla/5.0 AppleWebKit/537.36 (KHTML, like Gecko; compatible; bingbot/2.0; +http://www.bing.com/bingbot.htm) Chrome/116.0.1938.76 Safari/537.36"
52.167.144.19 - - [01/Jul/2026:18:23:35 +0000] "GET /products/481432731/ HTTP/2" 200 26079 "-" "Mozilla/5.0 AppleWebKit/537.36 (KHTML, like Gecko; compatible; bingbot/2.0; +http://www.bing.com/bingbot.htm) Chrome/116.0.1938.76 Safari/537.36"
57.141.0.16 - - [01/Jul/2026:18:23:37 +0000] "GET /products/012017084194 HTTP/2" 404 155047 "-" "meta-externalagent/1.1 (+https://developers.facebook.com/docs/sharing/webmasters/crawler)"
52.167.144.19 - - [01/Jul/2026:18:23:38 +0000] "GET /products/471346031/ HTTP/2" 200 25690 "-" "Mozilla/5.0 AppleWebKit/537.36 (KHTML, like Gecko; compatible; bingbot/2.0; +http://www.bing.com/bingbot.htm) Chrome/116.0.1938.76 Safari/537.36"
52.167.144.19 - - [01/Jul/2026:18:23:41 +0000] "GET /products/60309531/ HTTP/2" 200 25848 "-" "Mozilla/5.0 AppleWebKit/537.36 (KHTML, like Gecko; compatible; bingbot/2.0; +http://www.bing.com/bingbot.htm) Chrome/116.0.1938.76 Safari/537.36"
57.141.0.41 - - [01/Jul/2026:18:23:45 +0000] "GET /products/011930407732 HTTP/2" 404 155047 "-" "meta-externalagent/1.1 (+https://developers.facebook.com/docs/sharing/webmasters/crawler)"
207.46.13.154 - - [01/Jul/2026:18:23:51 +0000] "GET /products/265596631/ HTTP/2" 200 26175 "-" "Mozilla/5.0 AppleWebKit/537.36 (KHTML, like Gecko; compatible; bingbot/2.0; +http://www.bing.com/bingbot.htm) Chrome/116.0.1938.76 Safari/537.36"
66.249.74.43 - - [01/Jul/2026:18:23:53 +0000] "GET /products/24940831/ HTTP/1.1" 200 26275 "-" "Mozilla/5.0 (Linux; Android 6.0.1; Nexus 5X Build/MMB29P) AppleWebKit/537.36 (KHTML, like Gecko) Chrome/149.0.7827.200 Mobile Safari/537.36 (compatible; Googlebot/2.1; +http://www.google.com/bot.html)"
157.90.174.226 - - [01/Jul/2026:18:23:55 +0000] "GET /wp-login.php HTTP/2" 200 1975 "-" "Mozilla/5.0 (X11; Linux x86_64) AppleWebKit/537.36 (KHTML, like Gecko) Chrome/133.0.0.0 Safari/537.36 Edg/133.0.0.0"
207.46.13.154 - - [01/Jul/2026:18:23:55 +0000] "GET /products/67883331/ HTTP/2" 200 25643 "-" "Mozilla/5.0 AppleWebKit/537.36 (KHTML, like Gecko; compatible; bingbot/2.0; +http://www.bing.com/bingbot.htm) Chrome/116.0.1938.76 Safari/537.36"
157.90.174.226 - - [01/Jul/2026:18:23:55 +0000] "POST /wp-login.php HTTP/2" 200 2151 "https://rearbear.com/wp-login.php" "Mozilla/5.0 (X11; Linux x86_64) AppleWebKit/537.36 (KHTML, like Gecko) Chrome/133.0.0.0 Safari/537.36 Edg/133.0.0.0"
207.46.13.154 - - [01/Jul/2026:18:23:58 +0000] "GET /pages.php?products/5104019/ HTTP/2" 200 26405 "-" "Mozilla/5.0 AppleWebKit/537.36 (KHTML, like Gecko; compatible; bingbot/2.0; +http://www.bing.com/bingbot.htm) Chrome/116.0.1938.76 Safari/537.36"
207.46.13.154 - - [01/Jul/2026:18:24:01 +0000] "GET /products/406279131/ HTTP/2" 200 26407 "-" "Mozilla/5.0 AppleWebKit/537.36 (KHTML, like Gecko; compatible; bingbot/2.0; +http://www.bing.com/bingbot.htm) Chrome/116.0.1938.76 Safari/537.36"
207.46.13.154 - - [01/Jul/2026:18:24:03 +0000] "GET /products/205864931/ HTTP/2" 200 27256 "-" "Mozilla/5.0 AppleWebKit/537.36 (KHTML, like Gecko; compatible; bingbot/2.0; +http://www.bing.com/bingbot.htm) Chrome/116.0.1938.76 Safari/537.36"
207.46.13.154 - - [01/Jul/2026:18:24:05 +0000] "GET /products/186006858/ HTTP/2" 200 25775 "-" "Mozilla/5.0 AppleWebKit/537.36 (KHTML, like Gecko; compatible; bingbot/2.0; +http://www.bing.com/bingbot.htm) Chrome/116.0.1938.76 Safari/537.36"
207.46.13.154 - - [01/Jul/2026:18:24:08 +0000] "GET /products/195584331/ HTTP/2" 200 26931 "-" "Mozilla/5.0 AppleWebKit/537.36 (KHTML, like Gecko; compatible; bingbot/2.0; +http://www.bing.com/bingbot.htm) Chrome/116.0.1938.76 Safari/537.36"
52.167.144.19 - - [01/Jul/2026:18:24:23 +0000] "GET /products/487102631/ HTTP/2" 200 26334 "-" "Mozilla/5.0 AppleWebKit/537.36 (KHTML, like Gecko; compatible; bingbot/2.0; +http://www.bing.com/bingbot.htm) Chrome/116.0.1938.76 Safari/537.36"
207.46.13.154 - - [01/Jul/2026:18:25:05 +0000] "GET /pages.php?products/3604342/ HTTP/2" 200 25892 "-" "Mozilla/5.0 AppleWebKit/537.36 (KHTML, like Gecko; compatible; bingbot/2.0; +http://www.bing.com/bingbot.htm) Chrome/116.0.1938.76 Safari/537.36"
207.46.13.154 - - [01/Jul/2026:18:25:06 +0000] "GET /products/294911531/ HTTP/2" 200 25428 "-" "Mozilla/5.0 AppleWebKit/537.36 (KHTML, like Gecko; compatible; bingbot/2.0; +http://www.bing.com/bingbot.htm) Chrome/116.0.1938.76 Safari/537.36"
207.46.13.154 - - [01/Jul/2026:18:25:09 +0000] "GET /products/392985631/ HTTP/2" 200 26073 "-" "Mozilla/5.0 AppleWebKit/537.36 (KHTML, like Gecko; compatible; bingbot/2.0; +http://www.bing.com/bingbot.htm) Chrome/116.0.1938.76 Safari/537.36"
207.46.13.154 - - [01/Jul/2026:18:25:12 +0000] "GET /products/104898358/ HTTP/2" 200 25748 "-" "Mozilla/5.0 AppleWebKit/537.36 (KHTML, like Gecko; compatible; bingbot/2.0; +http://www.bing.com/bingbot.htm) Chrome/116.0.1938.76 Safari/537.36"
207.46.13.154 - - [01/Jul/2026:18:25:15 +0000] "GET /products/273777531/ HTTP/2" 200 25282 "-" "Mozilla/5.0 AppleWebKit/537.36 (KHTML, like Gecko; compatible; bingbot/2.0; +http://www.bing.com/bingbot.htm) Chrome/116.0.1938.76 Safari/537.36"
40.77.167.33 - - [01/Jul/2026:18:25:18 +0000] "GET /pages.php?products/1321720/ HTTP/2" 200 26914 "-" "Mozilla/5.0 AppleWebKit/537.36 (KHTML, like Gecko; compatible; bingbot/2.0; +http://www.bing.com/bingbot.htm) Chrome/116.0.1938.76 Safari/537.36"
40.77.167.33 - - [01/Jul/2026:18:25:21 +0000] "GET /products/361623331/ HTTP/2" 200 26206 "-" "Mozilla/5.0 AppleWebKit/537.36 (KHTML, like Gecko; compatible; bingbot/2.0; +http://www.bing.com/bingbot.htm) Chrome/116.0.1938.76 Safari/537.36"
40.77.167.33 - - [01/Jul/2026:18:25:24 +0000] "GET /products/227284831/ HTTP/2" 200 26660 "-" "Mozilla/5.0 AppleWebKit/537.36 (KHTML, like Gecko; compatible; bingbot/2.0; +http://www.bing.com/bingbot.htm) Chrome/116.0.1938.76 Safari/537.36"
40.77.167.33 - - [01/Jul/2026:18:25:27 +0000] "GET /products/280966131/ HTTP/2" 200 25217 "-" "Mozilla/5.0 AppleWebKit/537.36 (KHTML, like Gecko; compatible; bingbot/2.0; +http://www.bing.com/bingbot.htm) Chrome/116.0.1938.76 Safari/537.36"
52.167.144.19 - - [01/Jul/2026:18:25:31 +0000] "GET /pages.php?products/2712764/ HTTP/2" 200 27027 "-" "Mozilla/5.0 AppleWebKit/537.36 (KHTML, like Gecko; compatible; bingbot/2.0; +http://www.bing.com/bingbot.htm) Chrome/116.0.1938.76 Safari/537.36"
52.167.144.19 - - [01/Jul/2026:18:25:39 +0000] "GET /products/443036031/ HTTP/2" 200 25803 "-" "Mozilla/5.0 AppleWebKit/537.36 (KHTML, like Gecko; compatible; bingbot/2.0; +http://www.bing.com/bingbot.htm) Chrome/116.0.1938.76 Safari/537.36"
91.202.233.115 - - [01/Jul/2026:18:25:42 +0000] "GET / HTTP/1.1" 200 49740 "https://google.com/" "Mozilla/5.0 (Windows NT 10.0; Win64; x64) AppleWebKit/537.36 (KHTML, like Gecko) Chrome/133.0.0.0 Safari/537.36"
52.167.144.19 - - [01/Jul/2026:18:25:44 +0000] "GET /products/498491431/ HTTP/2" 200 25805 "-" "Mozilla/5.0 AppleWebKit/537.36 (KHTML, like Gecko; compatible; bingbot/2.0; +http://www.bing.com/bingbot.htm) Chrome/116.0.1938.76 Safari/537.36"
57.141.0.39 - - [01/Jul/2026:18:25:46 +0000] "GET /products/01722931234 HTTP/2" 404 155047 "-" "meta-externalagent/1.1 (+https://developers.facebook.com/docs/sharing/webmasters/crawler)"
52.167.144.19 - - [01/Jul/2026:18:25:47 +0000] "GET /products/241225158/ HTTP/2" 200 25606 "-" "Mozilla/5.0 AppleWebKit/537.36 (KHTML, like Gecko; compatible; bingbot/2.0; +http://www.bing.com/bingbot.htm) Chrome/116.0.1938.76 Safari/537.36"
91.202.233.115 - - [01/Jul/2026:18:25:49 +0000] "GET /wp-includes/ HTTP/1.1" 200 9646 "https://rearbear.com/wp-includes/" "Mozilla/5.0 (Windows NT 10.0; Win64; x64; rv:134.0) Gecko/20100101 Firefox/135.0"
52.167.144.19 - - [01/Jul/2026:18:25:50 +0000] "GET /pages.php?products/8023664/ HTTP/2" 200 25643 "-" "Mozilla/5.0 AppleWebKit/537.36 (KHTML, like Gecko; compatible; bingbot/2.0; +http://www.bing.com/bingbot.htm) Chrome/116.0.1938.76 Safari/537.36"
91.202.233.115 - - [01/Jul/2026:18:25:53 +0000] "GET /wp-login.php HTTP/1.1" 200 2220 "https://rearbear.com/wp-login.php" "Mozilla/5.0 (Windows NT 10.0; Win64; x64; rv:134.0) Gecko/20100101 Firefox/135.0"
52.167.144.19 - - [01/Jul/2026:18:25:53 +0000] "GET /products/190145258/ HTTP/2" 200 26351 "-" "Mozilla/5.0 AppleWebKit/537.36 (KHTML, like Gecko; compatible; bingbot/2.0; +http://www.bing.com/bingbot.htm) Chrome/116.0.1938.76 Safari/537.36"
52.167.144.19 - - [01/Jul/2026:18:25:56 +0000] "GET /products/328977631/ HTTP/2" 200 26009 "-" "Mozilla/5.0 AppleWebKit/537.36 (KHTML, like Gecko; compatible; bingbot/2.0; +http://www.bing.com/bingbot.htm) Chrome/116.0.1938.76 Safari/537.36"
52.167.144.19 - - [01/Jul/2026:18:25:59 +0000] "GET /products/439050931/ HTTP/2" 200 26202 "-" "Mozilla/5.0 AppleWebKit/537.36 (KHTML, like Gecko; compatible; bingbot/2.0; +http://www.bing.com/bingbot.htm) Chrome/116.0.1938.76 Safari/537.36"
91.202.233.115 - - [01/Jul/2026:18:25:57 +0000] "GET /wp-json/wp/v2/users/ HTTP/1.1" 200 832 "https://rearbear.com/" "Mozilla/5.0 (Windows NT 10.0; Win64; x64; rv:134.0) Gecko/20100101 Firefox/135.0"
52.167.144.19 - - [01/Jul/2026:18:26:02 +0000] "GET /pages.php?ctg/search/similarImageSearchResultView/?ctgItemCd=11076817 HTTP/2" 200 25892 "-" "Mozilla/5.0 AppleWebKit/537.36 (KHTML, like Gecko; compatible; bingbot/2.0; +http://www.bing.com/bingbot.htm) Chrome/116.0.1938.76 Safari/537.36"
91.202.233.115 - - [01/Jul/2026:18:26:11 +0000] "GET /?p=9368 HTTP/1.1" 301 0 "https://rearbear.com/" "Mozilla/5.0 (Windows NT 10.0; Win64; x64) AppleWebKit/537.36 (KHTML, like Gecko) Chrome/133.0.0.0 Safari/537.36"
91.202.233.115 - - [01/Jul/2026:18:26:12 +0000] "GET /comment-retirer-vos-gains-rapidement-sur-vegasino-casino-astuces-et-conseils/ HTTP/1.1" 200 43421 "https://rearbear.com/" "Mozilla/5.0 (Windows NT 10.0; Win64; x64) AppleWebKit/537.36 (KHTML, like Gecko) Chrome/133.0.0.0 Safari/537.36"
91.202.233.115 - - [01/Jul/2026:18:26:17 +0000] "GET /?p=9366 HTTP/1.1" 301 0 "https://rearbear.com/" "Mozilla/5.0 (Windows NT 10.0; Win64; x64) AppleWebKit/537.36 (KHTML, like Gecko) Chrome/133.0.0.0 Safari/537.36"
91.202.233.115 - - [01/Jul/2026:18:26:18 +0000] "GET /explore-the-top-casino-features-at-pin-up-slots-live-games-and-more/ HTTP/1.1" 200 43815 "https://rearbear.com/" "Mozilla/5.0 (Windows NT 10.0; Win64; x64) AppleWebKit/537.36 (KHTML, like Gecko) Chrome/133.0.0.0 Safari/537.36"
91.202.233.115 - - [01/Jul/2026:18:26:23 +0000] "GET /?p=9362 HTTP/1.1" 301 0 "https://rearbear.com/" "Mozilla/5.0 (Windows NT 10.0; Win64; x64) AppleWebKit/537.36 (KHTML, like Gecko) Chrome/133.0.0.0 Safari/537.36"
57.141.0.40 - - [01/Jul/2026:18:26:23 +0000] "GET /products/01466955540 HTTP/2" 404 155047 "-" "meta-externalagent/1.1 (+https://developers.facebook.com/docs/sharing/webmasters/crawler)"
91.202.233.115 - - [01/Jul/2026:18:26:25 +0000] "GET /coronavirus-disease-2019/ HTTP/1.1" 200 41779 "https://rearbear.com/" "Mozilla/5.0 (Windows NT 10.0; Win64; x64) AppleWebKit/537.36 (KHTML, like Gecko) Chrome/133.0.0.0 Safari/537.36"
91.202.233.115 - - [01/Jul/2026:18:26:30 +0000] "GET /?p=9296 HTTP/1.1" 301 0 "https://rearbear.com/" "Mozilla/5.0 (Windows NT 10.0; Win64; x64; rv:134.0) Gecko/20100101 Firefox/135.0"
91.202.233.115 - - [01/Jul/2026:18:26:31 +0000] "GET /casino-vavada-obzor/ HTTP/1.1" 200 45176 "https://rearbear.com/" "Mozilla/5.0 (Windows NT 10.0; Win64; x64; rv:134.0) Gecko/20100101 Firefox/135.0"
157.90.174.226 - - [01/Jul/2026:18:26:33 +0000] "GET /wp-login.php HTTP/2" 200 1975 "-" "Mozilla/5.0 (Macintosh; Intel Mac OS X 11_7_10) AppleWebKit/537.36 (KHTML, like Gecko) Chrome/133.0.0.0 Safari/537.36"
157.90.174.226 - - [01/Jul/2026:18:26:35 +0000] "POST /wp-login.php HTTP/2" 200 2154 "https://rearbear.com/wp-login.php" "Mozilla/5.0 (Macintosh; Intel Mac OS X 11_7_10) AppleWebKit/537.36 (KHTML, like Gecko) Chrome/133.0.0.0 Safari/537.36"
40.77.167.33 - - [01/Jul/2026:18:24:48 +0000] "GET /products/169706131/ HTTP/2" 200 25641 "-" "Mozilla/5.0 AppleWebKit/537.36 (KHTML, like Gecko; compatible; bingbot/2.0; +http://www.bing.com/bingbot.htm) Chrome/116.0.1938.76 Safari/537.36"
57.141.0.50 - - [01/Jul/2026:18:24:50 +0000] "GET /products/012126770343 HTTP/2" 404 155047 "-" "meta-externalagent/1.1 (+https://developers.facebook.com/docs/sharing/webmasters/crawler)"
40.77.167.33 - - [01/Jul/2026:18:24:52 +0000] "GET /products/267666158/ HTTP/2" 200 26038 "-" "Mozilla/5.0 AppleWebKit/537.36 (KHTML, like Gecko; compatible; bingbot/2.0; +http://www.bing.com/bingbot.htm) Chrome/116.0.1938.76 Safari/537.36"
207.46.13.154 - - [01/Jul/2026:18:24:54 +0000] "GET /products/117067231/ HTTP/2" 200 26262 "-" "Mozilla/5.0 AppleWebKit/537.36 (KHTML, like Gecko; compatible; bingbot/2.0; +http://www.bing.com/bingbot.htm) Chrome/116.0.1938.76 Safari/537.36"
207.46.13.154 - - [01/Jul/2026:18:24:57 +0000] "GET /products/174363431/ HTTP/2" 200 26121 "-" "Mozilla/5.0 AppleWebKit/537.36 (KHTML, like Gecko; compatible; bingbot/2.0; +http://www.bing.com/bingbot.htm) Chrome/116.0.1938.76 Safari/537.36"
207.46.13.154 - - [01/Jul/2026:18:25:00 +0000] "GET /products/238329958/ HTTP/2" 200 25654 "-" "Mozilla/5.0 AppleWebKit/537.36 (KHTML, like Gecko; compatible; bingbot/2.0; +http://www.bing.com/bingbot.htm) Chrome/116.0.1938.76 Safari/537.36"
57.141.0.27 - - [01/Jul/2026:18:25:57 +0000] "GET /products/013621930395 HTTP/2" 404 155047 "-" "meta-externalagent/1.1 (+https://developers.facebook.com/docs/sharing/webmasters/crawler)"
91.202.233.115 - - [01/Jul/2026:18:26:06 +0000] "GET /feed/ HTTP/1.1" 200 13067 "https://rearbear.com/" "Mozilla/5.0 (Windows NT 10.0; Win64; x64) AppleWebKit/537.36 (KHTML, like Gecko) Chrome/133.0.0.0 Safari/537.36"
91.202.233.115 - - [01/Jul/2026:18:26:36 +0000] "GET /?author=2 HTTP/1.1" 302 0 "https://rearbear.com/" "Mozilla/5.0 (Windows NT 10.0; Win64; x64; rv:134.0) Gecko/20100101 Firefox/135.0"
91.202.233.115 - - [01/Jul/2026:18:26:37 +0000] "GET /shop-2/ HTTP/1.1" 200 44277 "https://rearbear.com/" "Mozilla/5.0 (Windows NT 10.0; Win64; x64; rv:134.0) Gecko/20100101 Firefox/135.0"
91.202.233.115 - - [01/Jul/2026:18:26:49 +0000] "GET /?author=4 HTTP/1.1" 302 0 "https://rearbear.com/" "Mozilla/5.0 (Windows NT 10.0; Win64; x64) AppleWebKit/537.36 (KHTML, like Gecko) Chrome/133.0.0.0 Safari/537.36"
91.202.233.115 - - [01/Jul/2026:18:26:50 +0000] "GET /shop-2/ HTTP/1.1" 200 44287 "https://rearbear.com/" "Mozilla/5.0 (Windows NT 10.0; Win64; x64) AppleWebKit/537.36 (KHTML, like Gecko) Chrome/133.0.0.0 Safari/537.36"
91.202.233.115 - - [01/Jul/2026:18:26:55 +0000] "GET /?author=5 HTTP/1.1" 302 0 "https://rearbear.com/" "Mozilla/5.0 (Windows NT 10.0; Win64; x64; rv:134.0) Gecko/20100101 Firefox/135.0"
91.202.233.115 - - [01/Jul/2026:18:26:56 +0000] "GET /shop-2/ HTTP/1.1" 200 44317 "https://rearbear.com/" "Mozilla/5.0 (Windows NT 10.0; Win64; x64; rv:134.0) Gecko/20100101 Firefox/135.0"
57.141.0.22 - - [01/Jul/2026:18:27:01 +0000] "GET /products/013993607325 HTTP/2" 404 155047 "-" "meta-externalagent/1.1 (+https://developers.facebook.com/docs/sharing/webmasters/crawler)"
91.202.233.115 - - [01/Jul/2026:18:27:01 +0000] "GET /?author=6 HTTP/1.1" 302 0 "https://rearbear.com/" "Mozilla/5.0 (Windows NT 10.0; Win64; x64; rv:134.0) Gecko/20100101 Firefox/135.0"
91.202.233.115 - - [01/Jul/2026:18:27:03 +0000] "GET /shop-2/ HTTP/1.1" 200 44240 "https://rearbear.com/" "Mozilla/5.0 (Windows NT 10.0; Win64; x64; rv:134.0) Gecko/20100101 Firefox/135.0"
91.202.233.115 - - [01/Jul/2026:18:27:20 +0000] "GET /?author=9 HTTP/1.1" 200 39431 "https://rearbear.com/" "Mozilla/5.0 (Windows NT 10.0; Win64; x64) AppleWebKit/537.36 (KHTML, like Gecko) Chrome/133.0.0.0 Safari/537.36"
91.202.233.115 - - [01/Jul/2026:18:27:24 +0000] "GET /author/baxc454urj/ HTTP/1.1" 404 38485 "https://rearbear.com/" "Mozilla/5.0 (Windows NT 10.0; Win64; x64; rv:134.0) Gecko/20100101 Firefox/135.0"
91.202.233.115 - - [01/Jul/2026:18:27:30 +0000] "GET /author/admin/ HTTP/1.1" 200 39412 "https://rearbear.com/" "Mozilla/5.0 (Windows NT 10.0; Win64; x64; rv:134.0) Gecko/20100101 Firefox/135.0"
91.202.233.115 - - [01/Jul/2026:18:27:34 +0000] "GET /author/wadminw HTTP/1.1" 404 38486 "https://rearbear.com/" "Mozilla/5.0 (Windows NT 10.0; Win64; x64; rv:134.0) Gecko/20100101 Firefox/135.0"
207.46.13.154 - - [01/Jul/2026:18:27:38 +0000] "GET /products/166989031/ HTTP/2" 200 26166 "-" "Mozilla/5.0 AppleWebKit/537.36 (KHTML, like Gecko; compatible; bingbot/2.0; +http://www.bing.com/bingbot.htm) Chrome/116.0.1938.76 Safari/537.36"
91.202.233.115 - - [01/Jul/2026:18:27:39 +0000] "GET /author/root HTTP/1.1" 301 0 "https://rearbear.com/" "Mozilla/5.0 (Windows NT 10.0; Win64; x64; rv:134.0) Gecko/20100101 Firefox/135.0"
207.46.13.154 - - [01/Jul/2026:18:27:41 +0000] "GET /products/209181331/ HTTP/2" 200 26479 "-" "Mozilla/5.0 AppleWebKit/537.36 (KHTML, like Gecko; compatible; bingbot/2.0; +http://www.bing.com/bingbot.htm) Chrome/116.0.1938.76 Safari/537.36"
91.202.233.115 - - [01/Jul/2026:18:27:40 +0000] "GET /author/root/ HTTP/1.1" 200 39432 "https://rearbear.com/" "Mozilla/5.0 (Windows NT 10.0; Win64; x64; rv:134.0) Gecko/20100101 Firefox/135.0"
207.46.13.154 - - [01/Jul/2026:18:27:43 +0000] "GET /products/293532931/ HTTP/2" 200 25546 "-" "Mozilla/5.0 AppleWebKit/537.36 (KHTML, like Gecko; compatible; bingbot/2.0; +http://www.bing.com/bingbot.htm) Chrome/116.0.1938.76 Safari/537.36"
91.202.233.115 - - [01/Jul/2026:18:27:45 +0000] "GET / HTTP/1.1" 200 49740 "https://rearbear.com/" "Mozilla/5.0 (Windows NT 10.0; Win64; x64) AppleWebKit/537.36 (KHTML, like Gecko) Chrome/133.0.0.0 Safari/537.36"
207.46.13.154 - - [01/Jul/2026:18:27:46 +0000] "GET /products/29838453/ HTTP/2" 200 25870 "-" "Mozilla/5.0 AppleWebKit/537.36 (KHTML, like Gecko; compatible; bingbot/2.0; +http://www.bing.com/bingbot.htm) Chrome/116.0.1938.76 Safari/537.36"
57.141.0.71 - - [01/Jul/2026:18:27:48 +0000] "GET /products/013267095857 HTTP/2" 404 155047 "-" "meta-externalagent/1.1 (+https://developers.facebook.com/docs/sharing/webmasters/crawler)"
207.46.13.154 - - [01/Jul/2026:18:27:49 +0000] "GET /products/328322631/ HTTP/2" 200 25986 "-" "Mozilla/5.0 AppleWebKit/537.36 (KHTML, like Gecko; compatible; bingbot/2.0; +http://www.bing.com/bingbot.htm) Chrome/116.0.1938.76 Safari/537.36"
52.167.144.19 - - [01/Jul/2026:18:27:52 +0000] "GET /products/39082531/ HTTP/2" 200 26139 "-" "Mozilla/5.0 AppleWebKit/537.36 (KHTML, like Gecko; compatible; bingbot/2.0; +http://www.bing.com/bingbot.htm) Chrome/116.0.1938.76 Safari/537.36"
57.141.0.1 - - [01/Jul/2026:18:27:52 +0000] "GET /products/01370069494 HTTP/2" 404 155047 "-" "meta-externalagent/1.1 (+https://developers.facebook.com/docs/sharing/webmasters/crawler)"
52.167.144.19 - - [01/Jul/2026:18:27:55 +0000] "GET /products/44592453/ HTTP/2" 200 25546 "-" "Mozilla/5.0 AppleWebKit/537.36 (KHTML, like Gecko; compatible; bingbot/2.0; +http://www.bing.com/bingbot.htm) Chrome/116.0.1938.76 Safari/537.36"
52.167.144.19 - - [01/Jul/2026:18:27:58 +0000] "GET /products/86925431/ HTTP/2" 200 26023 "-" "Mozilla/5.0 AppleWebKit/537.36 (KHTML, like Gecko; compatible; bingbot/2.0; +http://www.bing.com/bingbot.htm) Chrome/116.0.1938.76 Safari/537.36"
52.167.144.19 - - [01/Jul/2026:18:28:01 +0000] "GET /pages.php?products/4836364/ HTTP/2" 200 27020 "-" "Mozilla/5.0 AppleWebKit/537.36 (KHTML, like Gecko; compatible; bingbot/2.0; +http://www.bing.com/bingbot.htm) Chrome/116.0.1938.76 Safari/537.36"
52.167.144.19 - - [01/Jul/2026:18:28:04 +0000] "GET /products/83668331/ HTTP/2" 200 26504 "-" "Mozilla/5.0 AppleWebKit/537.36 (KHTML, like Gecko; compatible; bingbot/2.0; +http://www.bing.com/bingbot.htm) Chrome/116.0.1938.76 Safari/537.36"
52.167.144.19 - - [01/Jul/2026:18:28:07 +0000] "GET /products/200789131/ HTTP/2" 200 26090 "-" "Mozilla/5.0 AppleWebKit/537.36 (KHTML, like Gecko; compatible; bingbot/2.0; +http://www.bing.com/bingbot.htm) Chrome/116.0.1938.76 Safari/537.36"
91.202.233.115 - - [01/Jul/2026:18:26:42 +0000] "GET /?author=3 HTTP/1.1" 302 0 "https://rearbear.com/" "Mozilla/5.0 (Windows NT 10.0; Win64; x64) AppleWebKit/537.36 (KHTML, like Gecko) Chrome/133.0.0.0 Safari/537.36"
91.202.233.115 - - [01/Jul/2026:18:26:43 +0000] "GET /shop-2/ HTTP/1.1" 200 44254 "https://rearbear.com/" "Mozilla/5.0 (Windows NT 10.0; Win64; x64) AppleWebKit/537.36 (KHTML, like Gecko) Chrome/133.0.0.0 Safari/537.36"
40.77.167.33 - - [01/Jul/2026:18:26:57 +0000] "GET /products/94968731/ HTTP/2" 200 25766 "-" "Mozilla/5.0 AppleWebKit/537.36 (KHTML, like Gecko; compatible; bingbot/2.0; +http://www.bing.com/bingbot.htm) Chrome/116.0.1938.76 Safari/537.36"
52.167.144.19 - - [01/Jul/2026:18:27:02 +0000] "GET /pages.php?ctg/search/similarImageSearchResultView/?ctgItemCd=46664914 HTTP/2" 200 25731 "-" "Mozilla/5.0 AppleWebKit/537.36 (KHTML, like Gecko; compatible; bingbot/2.0; +http://www.bing.com/bingbot.htm) Chrome/116.0.1938.76 Safari/537.36"
57.141.0.39 - - [01/Jul/2026:18:27:07 +0000] "GET /products/011132050646 HTTP/2" 404 155047 "-" "meta-externalagent/1.1 (+https://developers.facebook.com/docs/sharing/webmasters/crawler)"
91.202.233.115 - - [01/Jul/2026:18:27:08 +0000] "GET /?author=7 HTTP/1.1" 200 39436 "https://rearbear.com/" "Mozilla/5.0 (Windows NT 10.0; Win64; x64; rv:134.0) Gecko/20100101 Firefox/135.0"
91.202.233.115 - - [01/Jul/2026:18:27:13 +0000] "GET /?author=8 HTTP/1.1" 302 0 "https://rearbear.com/" "Mozilla/5.0 (Windows NT 10.0; Win64; x64) AppleWebKit/537.36 (KHTML, like Gecko) Chrome/133.0.0.0 Safari/537.36"
91.202.233.115 - - [01/Jul/2026:18:27:14 +0000] "GET /shop-2/ HTTP/1.1" 200 44254 "https://rearbear.com/" "Mozilla/5.0 (Windows NT 10.0; Win64; x64) AppleWebKit/537.36 (KHTML, like Gecko) Chrome/133.0.0.0 Safari/537.36"
57.141.0.59 - - [01/Jul/2026:18:27:14 +0000] "GET /products/013954570236 HTTP/2" 404 155047 "-" "meta-externalagent/1.1 (+https://developers.facebook.com/docs/sharing/webmasters/crawler)"
57.141.0.23 - - [01/Jul/2026:18:27:25 +0000] "GET /products/012512636556 HTTP/2" 404 155047 "-" "meta-externalagent/1.1 (+https://developers.facebook.com/docs/sharing/webmasters/crawler)"
57.141.0.38 - - [01/Jul/2026:18:27:32 +0000] "GET /products/012332580407 HTTP/2" 404 155047 "-" "meta-externalagent/1.1 (+https://developers.facebook.com/docs/sharing/webmasters/crawler)"
57.141.0.42 - - [01/Jul/2026:18:27:42 +0000] "GET /products/011987404301 HTTP/2" 404 155047 "-" "meta-externalagent/1.1 (+https://developers.facebook.com/docs/sharing/webmasters/crawler)"
57.141.0.39 - - [01/Jul/2026:18:28:24 +0000] "GET /products/011701677479 HTTP/2" 404 155047 "-" "meta-externalagent/1.1 (+https://developers.facebook.com/docs/sharing/webmasters/crawler)"
40.77.167.76 - - [01/Jul/2026:18:28:33 +0000] "GET /products/290711431/ HTTP/2" 200 25626 "-" "Mozilla/5.0 AppleWebKit/537.36 (KHTML, like Gecko; compatible; bingbot/2.0; +http://www.bing.com/bingbot.htm) Chrome/116.0.1938.76 Safari/537.36"
40.77.167.33 - - [01/Jul/2026:18:28:40 +0000] "GET /products/140390231/ HTTP/2" 200 25553 "-" "Mozilla/5.0 AppleWebKit/537.36 (KHTML, like Gecko; compatible; bingbot/2.0; +http://www.bing.com/bingbot.htm) Chrome/116.0.1938.76 Safari/537.36"
40.77.167.33 - - [01/Jul/2026:18:28:43 +0000] "GET /products/49977231/ HTTP/2" 200 25273 "-" "Mozilla/5.0 AppleWebKit/537.36 (KHTML, like Gecko; compatible; bingbot/2.0; +http://www.bing.com/bingbot.htm) Chrome/116.0.1938.76 Safari/537.36"
40.77.167.33 - - [01/Jul/2026:18:28:47 +0000] "GET /products/105171631/ HTTP/2" 200 26638 "-" "Mozilla/5.0 AppleWebKit/537.36 (KHTML, like Gecko; compatible; bingbot/2.0; +http://www.bing.com/bingbot.htm) Chrome/116.0.1938.76 Safari/537.36"
204.12.208.18 - - [01/Jul/2026:18:28:48 +0000] "GET /wp-includes/ad9623bd/edit.php HTTP/1.1" 404 38485 "http://www.rearbear.com/wp-includes/ad9623bd/edit.php" "Mozilla/5.0 (Windows NT 5.1; rv:6.0) Gecko/20100101 Firefox/6.0"
52.167.144.19 - - [01/Jul/2026:18:28:10 +0000] "GET /products/258066331/ HTTP/2" 200 27271 "-" "Mozilla/5.0 AppleWebKit/537.36 (KHTML, like Gecko; compatible; bingbot/2.0; +http://www.bing.com/bingbot.htm) Chrome/116.0.1938.76 Safari/537.36"
52.167.144.19 - - [01/Jul/2026:18:28:13 +0000] "GET /products/145912058/ HTTP/2" 200 25573 "-" "Mozilla/5.0 AppleWebKit/537.36 (KHTML, like Gecko; compatible; bingbot/2.0; +http://www.bing.com/bingbot.htm) Chrome/116.0.1938.76 Safari/537.36"
52.167.144.19 - - [01/Jul/2026:18:28:16 +0000] "GET /products/142901858/ HTTP/2" 200 25646 "-" "Mozilla/5.0 AppleWebKit/537.36 (KHTML, like Gecko; compatible; bingbot/2.0; +http://www.bing.com/bingbot.htm) Chrome/116.0.1938.76 Safari/537.36"
207.46.13.154 - - [01/Jul/2026:18:28:19 +0000] "GET /products/42386353/ HTTP/2" 200 26709 "-" "Mozilla/5.0 AppleWebKit/537.36 (KHTML, like Gecko; compatible; bingbot/2.0; +http://www.bing.com/bingbot.htm) Chrome/116.0.1938.76 Safari/537.36"
207.46.13.154 - - [01/Jul/2026:18:28:22 +0000] "GET /products/111541631/ HTTP/2" 200 25445 "-" "Mozilla/5.0 AppleWebKit/537.36 (KHTML, like Gecko; compatible; bingbot/2.0; +http://www.bing.com/bingbot.htm) Chrome/116.0.1938.76 Safari/537.36"
207.46.13.154 - - [01/Jul/2026:18:28:25 +0000] "GET /products/504853231/ HTTP/2" 200 26142 "-" "Mozilla/5.0 AppleWebKit/537.36 (KHTML, like Gecko; compatible; bingbot/2.0; +http://www.bing.com/bingbot.htm) Chrome/116.0.1938.76 Safari/537.36"
207.46.13.154 - - [01/Jul/2026:18:28:28 +0000] "GET /products/91637931/ HTTP/2" 200 25160 "-" "Mozilla/5.0 AppleWebKit/537.36 (KHTML, like Gecko; compatible; bingbot/2.0; +http://www.bing.com/bingbot.htm) Chrome/116.0.1938.76 Safari/537.36"
207.46.13.154 - - [01/Jul/2026:18:28:31 +0000] "GET /products/180041758/ HTTP/2" 200 28348 "-" "Mozilla/5.0 AppleWebKit/537.36 (KHTML, like Gecko; compatible; bingbot/2.0; +http://www.bing.com/bingbot.htm) Chrome/116.0.1938.76 Safari/537.36"
207.46.13.154 - - [01/Jul/2026:18:28:34 +0000] "GET /products/183696831/ HTTP/2" 200 25504 "-" "Mozilla/5.0 AppleWebKit/537.36 (KHTML, like Gecko; compatible; bingbot/2.0; +http://www.bing.com/bingbot.htm) Chrome/116.0.1938.76 Safari/537.36"
207.46.13.154 - - [01/Jul/2026:18:28:37 +0000] "GET /products/50486331/ HTTP/2" 200 26665 "-" "Mozilla/5.0 AppleWebKit/537.36 (KHTML, like Gecko; compatible; bingbot/2.0; +http://www.bing.com/bingbot.htm) Chrome/116.0.1938.76 Safari/537.36"
66.249.74.33 - - [01/Jul/2026:18:28:51 +0000] "GET /products/002944587762 HTTP/1.1" 200 26952 "-" "Mozilla/5.0 (Linux; Android 6.0.1; Nexus 5X Build/MMB29P) AppleWebKit/537.36 (KHTML, like Gecko) Chrome/149.0.7827.200 Mobile Safari/537.36 (compatible; Googlebot/2.1; +http://www.google.com/bot.html)"
195.178.110.48 - - [01/Jul/2026:18:29:42 +0000] "GET / HTTP/1.1" 401 53 "-" "Mozilla/5.0 (Macintosh; Intel Mac OS X 10_15_7) AppleWebKit/537.36 Chrome/122.0.0.0 Safari/537.36"
40.77.167.61 - - [01/Jul/2026:18:30:19 +0000] "GET /products/389066631/ HTTP/2" 200 26196 "-" "Mozilla/5.0 AppleWebKit/537.36 (KHTML, like Gecko; compatible; bingbot/2.0; +http://www.bing.com/bingbot.htm) Chrome/116.0.1938.76 Safari/537.36"
40.77.167.61 - - [01/Jul/2026:18:30:22 +0000] "GET /products/487047231/ HTTP/2" 200 26263 "-" "Mozilla/5.0 AppleWebKit/537.36 (KHTML, like Gecko; compatible; bingbot/2.0; +http://www.bing.com/bingbot.htm) Chrome/116.0.1938.76 Safari/537.36"
40.77.167.61 - - [01/Jul/2026:18:30:25 +0000] "GET /products/137346931/ HTTP/2" 200 26145 "-" "Mozilla/5.0 AppleWebKit/537.36 (KHTML, like Gecko; compatible; bingbot/2.0; +http://www.bing.com/bingbot.htm) Chrome/116.0.1938.76 Safari/537.36"
52.167.144.19 - - [01/Jul/2026:18:30:28 +0000] "GET /products/313468631/ HTTP/2" 200 26572 "-" "Mozilla/5.0 AppleWebKit/537.36 (KHTML, like Gecko; compatible; bingbot/2.0; +http://www.bing.com/bingbot.htm) Chrome/116.0.1938.76 Safari/537.36"
52.167.144.19 - - [01/Jul/2026:18:30:32 +0000] "GET /products/197505531/ HTTP/2" 200 25524 "-" "Mozilla/5.0 AppleWebKit/537.36 (KHTML, like Gecko; compatible; bingbot/2.0; +http://www.bing.com/bingbot.htm) Chrome/116.0.1938.76 Safari/537.36"
52.167.144.19 - - [01/Jul/2026:18:30:34 +0000] "GET /products/286763731/ HTTP/2" 200 26445 "-" "Mozilla/5.0 AppleWebKit/537.36 (KHTML, like Gecko; compatible; bingbot/2.0; +http://www.bing.com/bingbot.htm) Chrome/116.0.1938.76 Safari/537.36"
57.141.0.15 - - [01/Jul/2026:18:30:35 +0000] "GET /products/013320667767 HTTP/2" 404 155047 "-" "meta-externalagent/1.1 (+https://developers.facebook.com/docs/sharing/webmasters/crawler)"
40.77.167.61 - - [01/Jul/2026:18:30:37 +0000] "GET /products/46303653/ HTTP/2" 200 25548 "-" "Mozilla/5.0 AppleWebKit/537.36 (KHTML, like Gecko; compatible; bingbot/2.0; +http://www.bing.com/bingbot.htm) Chrome/116.0.1938.76 Safari/537.36"
40.77.167.61 - - [01/Jul/2026:18:30:40 +0000] "GET /products/214469631/ HTTP/2" 200 28215 "-" "Mozilla/5.0 AppleWebKit/537.36 (KHTML, like Gecko; compatible; bingbot/2.0; +http://www.bing.com/bingbot.htm) Chrome/116.0.1938.76 Safari/537.36"
40.77.167.61 - - [01/Jul/2026:18:30:43 +0000] "GET /products/334892631/ HTTP/2" 200 28266 "-" "Mozilla/5.0 AppleWebKit/537.36 (KHTML, like Gecko; compatible; bingbot/2.0; +http://www.bing.com/bingbot.htm) Chrome/116.0.1938.76 Safari/537.36"
40.77.167.61 - - [01/Jul/2026:18:30:46 +0000] "GET /products/280802831/ HTTP/2" 200 26601 "-" "Mozilla/5.0 AppleWebKit/537.36 (KHTML, like Gecko; compatible; bingbot/2.0; +http://www.bing.com/bingbot.htm) Chrome/116.0.1938.76 Safari/537.36"
40.77.167.61 - - [01/Jul/2026:18:30:49 +0000] "GET /products/60789431/ HTTP/2" 200 26836 "-" "Mozilla/5.0 AppleWebKit/537.36 (KHTML, like Gecko; compatible; bingbot/2.0; +http://www.bing.com/bingbot.htm) Chrome/116.0.1938.76 Safari/537.36"
156.210.58.200 - - [01/Jul/2026:18:30:59 +0000] "GET /?r=list-133721358 HTTP/2" 301 0 "https://www.rearbear.com" "Mozilla/5.0 (Windows NT 10.0; Win64; x64) AppleWebKit/537.36 (KHTML, like Gecko) Chrome/144.0.0.0 Safari/537.36"
57.141.0.31 - - [01/Jul/2026:18:31:01 +0000] "GET /products/013523538773 HTTP/2" 404 155047 "-" "meta-externalagent/1.1 (+https://developers.facebook.com/docs/sharing/webmasters/crawler)"
52.167.144.139 - - [01/Jul/2026:18:31:03 +0000] "GET /pages.php?products/14285131/ HTTP/2" 200 26141 "-" "Mozilla/5.0 AppleWebKit/537.36 (KHTML, like Gecko; compatible; bingbot/2.0; +http://www.bing.com/bingbot.htm) Chrome/116.0.1938.76 Safari/537.36"
52.167.144.139 - - [01/Jul/2026:18:31:07 +0000] "GET /products/64414153/ HTTP/2" 200 25665 "-" "Mozilla/5.0 AppleWebKit/537.36 (KHTML, like Gecko; compatible; bingbot/2.0; +http://www.bing.com/bingbot.htm) Chrome/116.0.1938.76 Safari/537.36"
52.167.144.139 - - [01/Jul/2026:18:31:10 +0000] "GET /products/384504431/ HTTP/2" 200 26102 "-" "Mozilla/5.0 AppleWebKit/537.36 (KHTML, like Gecko; compatible; bingbot/2.0; +http://www.bing.com/bingbot.htm) Chrome/116.0.1938.76 Safari/537.36"
52.167.144.139 - - [01/Jul/2026:18:31:13 +0000] "GET /products/23000231/ HTTP/2" 200 25802 "-" "Mozilla/5.0 AppleWebKit/537.36 (KHTML, like Gecko; compatible; bingbot/2.0; +http://www.bing.com/bingbot.htm) Chrome/116.0.1938.76 Safari/537.36"
52.167.144.139 - - [01/Jul/2026:18:31:16 +0000] "GET /products/156808631/ HTTP/2" 200 26095 "-" "Mozilla/5.0 AppleWebKit/537.36 (KHTML, like Gecko; compatible; bingbot/2.0; +http://www.bing.com/bingbot.htm) Chrome/116.0.1938.76 Safari/537.36"
46.184.248.73 - - [01/Jul/2026:18:31:16 +0000] "GET /?r=list-133721358 HTTP/2" 301 0 "https://www.rearbear.com" "Mozilla/5.0 (Windows NT 10.0; Win64; x64) AppleWebKit/537.36 (KHTML, like Gecko) Chrome/144.0.0.0 Safari/537.36"
52.167.144.139 - - [01/Jul/2026:18:31:18 +0000] "GET /products/502306731/ HTTP/2" 200 26635 "-" "Mozilla/5.0 AppleWebKit/537.36 (KHTML, like Gecko; compatible; bingbot/2.0; +http://www.bing.com/bingbot.htm) Chrome/116.0.1938.76 Safari/537.36"
52.167.144.139 - - [01/Jul/2026:18:31:21 +0000] "GET /products/89774131/ HTTP/2" 200 25813 "-" "Mozilla/5.0 AppleWebKit/537.36 (KHTML, like Gecko; compatible; bingbot/2.0; +http://www.bing.com/bingbot.htm) Chrome/116.0.1938.76 Safari/537.36"
103.86.56.35 - - [01/Jul/2026:18:31:31 +0000] "GET /?r=list-133721358 HTTP/2" 301 0 "https://www.rearbear.com" "Mozilla/5.0 (Windows NT 10.0; Win64; x64) AppleWebKit/537.36 (KHTML, like Gecko) Chrome/144.0.0.0 Safari/537.36"
157.55.39.13 - - [01/Jul/2026:18:31:35 +0000] "GET /products/110761331/ HTTP/2" 200 26438 "-" "Mozilla/5.0 AppleWebKit/537.36 (KHTML, like Gecko; compatible; bingbot/2.0; +http://www.bing.com/bingbot.htm) Chrome/116.0.1938.76 Safari/537.36"
157.55.39.13 - - [01/Jul/2026:18:31:38 +0000] "GET /pages.php?products/8991520/ HTTP/2" 200 25682 "-" "Mozilla/5.0 AppleWebKit/537.36 (KHTML, like Gecko; compatible; bingbot/2.0; +http://www.bing.com/bingbot.htm) Chrome/116.0.1938.76 Safari/537.36"
157.55.39.13 - - [01/Jul/2026:18:31:40 +0000] "GET /products/375415031/ HTTP/2" 200 26800 "-" "Mozilla/5.0 AppleWebKit/537.36 (KHTML, like Gecko; compatible; bingbot/2.0; +http://www.bing.com/bingbot.htm) Chrome/116.0.1938.76 Safari/537.36"
157.55.39.13 - - [01/Jul/2026:18:31:42 +0000] "GET /products/227742631/ HTTP/2" 200 25952 "-" "Mozilla/5.0 AppleWebKit/537.36 (KHTML, like Gecko; compatible; bingbot/2.0; +http://www.bing.com/bingbot.htm) Chrome/116.0.1938.76 Safari/537.36"
157.55.39.13 - - [01/Jul/2026:18:31:47 +0000] "GET /products/497009931/ HTTP/2" 200 25599 "-" "Mozilla/5.0 AppleWebKit/537.36 (KHTML, like Gecko; compatible; bingbot/2.0; +http://www.bing.com/bingbot.htm) Chrome/116.0.1938.76 Safari/537.36"
157.55.39.13 - - [01/Jul/2026:18:31:48 +0000] "GET /products/377611531/ HTTP/2" 200 26778 "-" "Mozilla/5.0 AppleWebKit/537.36 (KHTML, like Gecko; compatible; bingbot/2.0; +http://www.bing.com/bingbot.htm) Chrome/116.0.1938.76 Safari/537.36"
157.55.39.13 - - [01/Jul/2026:18:31:51 +0000] "GET /products/219815531/ HTTP/2" 200 26619 "-" "Mozilla/5.0 AppleWebKit/537.36 (KHTML, like Gecko; compatible; bingbot/2.0; +http://www.bing.com/bingbot.htm) Chrome/116.0.1938.76 Safari/537.36"
157.55.39.13 - - [01/Jul/2026:18:31:54 +0000] "GET /products/84226731/ HTTP/2" 200 25697 "-" "Mozilla/5.0 AppleWebKit/537.36 (KHTML, like Gecko; compatible; bingbot/2.0; +http://www.bing.com/bingbot.htm) Chrome/116.0.1938.76 Safari/537.36"
157.55.39.13 - - [01/Jul/2026:18:31:58 +0000] "GET /products/84389531/ HTTP/2" 200 26903 "-" "Mozilla/5.0 AppleWebKit/537.36 (KHTML, like Gecko; compatible; bingbot/2.0; +http://www.bing.com/bingbot.htm) Chrome/116.0.1938.76 Safari/537.36"
157.55.39.13 - - [01/Jul/2026:18:32:00 +0000] "GET /products/163440131/ HTTP/2" 200 25927 "-" "Mozilla/5.0 AppleWebKit/537.36 (KHTML, like Gecko; compatible; bingbot/2.0; +http://www.bing.com/bingbot.htm) Chrome/116.0.1938.76 Safari/537.36"
52.167.144.189 - - [01/Jul/2026:18:32:04 +0000] "GET /products/60582353/ HTTP/2" 200 25401 "-" "Mozilla/5.0 AppleWebKit/537.36 (KHTML, like Gecko; compatible; bingbot/2.0; +http://www.bing.com/bingbot.htm) Chrome/116.0.1938.76 Safari/537.36"
52.167.144.189 - - [01/Jul/2026:18:32:06 +0000] "GET /products/491176531/ HTTP/2" 200 25876 "-" "Mozilla/5.0 AppleWebKit/537.36 (KHTML, like Gecko; compatible; bingbot/2.0; +http://www.bing.com/bingbot.htm) Chrome/116.0.1938.76 Safari/537.36"
57.141.0.12 - - [01/Jul/2026:18:32:08 +0000] "GET /products/011420988419 HTTP/2" 404 155047 "-" "meta-externalagent/1.1 (+https://developers.facebook.com/docs/sharing/webmasters/crawler)"
52.167.144.189 - - [01/Jul/2026:18:32:09 +0000] "GET /pages.php?products/7506120/ HTTP/2" 200 26843 "-" "Mozilla/5.0 AppleWebKit/537.36 (KHTML, like Gecko; compatible; bingbot/2.0; +http://www.bing.com/bingbot.htm) Chrome/116.0.1938.76 Safari/537.36"
52.167.144.176 - - [01/Jul/2026:18:32:10 +0000] "GET /products/290907731/ HTTP/2" 200 25217 "-" "Mozilla/5.0 AppleWebKit/537.36 (KHTML, like Gecko; compatible; bingbot/2.0; +http://www.bing.com/bingbot.htm) Chrome/116.0.1938.76 Safari/537.36"
40.77.167.33 - - [01/Jul/2026:18:28:49 +0000] "GET /products/43656853/ HTTP/2" 200 25422 "-" "Mozilla/5.0 AppleWebKit/537.36 (KHTML, like Gecko; compatible; bingbot/2.0; +http://www.bing.com/bingbot.htm) Chrome/116.0.1938.76 Safari/537.36"
40.77.167.33 - - [01/Jul/2026:18:28:52 +0000] "GET /products/305665531/ HTTP/2" 200 25927 "-" "Mozilla/5.0 AppleWebKit/537.36 (KHTML, like Gecko; compatible; bingbot/2.0; +http://www.bing.com/bingbot.htm) Chrome/116.0.1938.76 Safari/537.36"
40.77.167.33 - - [01/Jul/2026:18:28:55 +0000] "GET /products/202110031/ HTTP/2" 200 25504 "-" "Mozilla/5.0 AppleWebKit/537.36 (KHTML, like Gecko; compatible; bingbot/2.0; +http://www.bing.com/bingbot.htm) Chrome/116.0.1938.76 Safari/537.36"
66.249.74.32 - - [01/Jul/2026:18:29:17 +0000] "GET /products/235711031/ HTTP/1.1" 200 26250 "-" "Mozilla/5.0 (Linux; Android 6.0.1; Nexus 5X Build/MMB29P) AppleWebKit/537.36 (KHTML, like Gecko) Chrome/149.0.7827.200 Mobile Safari/537.36 (compatible; Googlebot/2.1; +http://www.google.com/bot.html)"
57.141.0.41 - - [01/Jul/2026:18:29:20 +0000] "GET /products/012497034500 HTTP/2" 404 155047 "-" "meta-externalagent/1.1 (+https://developers.facebook.com/docs/sharing/webmasters/crawler)"
57.141.0.21 - - [01/Jul/2026:18:30:26 +0000] "GET /products/012764939554 HTTP/2" 404 155047 "-" "meta-externalagent/1.1 (+https://developers.facebook.com/docs/sharing/webmasters/crawler)"
52.167.144.189 - - [01/Jul/2026:18:30:52 +0000] "GET /products/37439153/ HTTP/2" 200 27016 "-" "Mozilla/5.0 AppleWebKit/537.36 (KHTML, like Gecko; compatible; bingbot/2.0; +http://www.bing.com/bingbot.htm) Chrome/116.0.1938.76 Safari/537.36"
52.167.144.189 - - [01/Jul/2026:18:30:55 +0000] "GET /products/271101331/ HTTP/2" 200 26092 "-" "Mozilla/5.0 AppleWebKit/537.36 (KHTML, like Gecko; compatible; bingbot/2.0; +http://www.bing.com/bingbot.htm) Chrome/116.0.1938.76 Safari/537.36"
52.167.144.189 - - [01/Jul/2026:18:30:58 +0000] "GET /products/123431831/ HTTP/2" 200 27005 "-" "Mozilla/5.0 AppleWebKit/537.36 (KHTML, like Gecko; compatible; bingbot/2.0; +http://www.bing.com/bingbot.htm) Chrome/116.0.1938.76 Safari/537.36"
52.167.144.189 - - [01/Jul/2026:18:31:01 +0000] "GET /products/64179553/ HTTP/2" 200 25670 "-" "Mozilla/5.0 AppleWebKit/537.36 (KHTML, like Gecko; compatible; bingbot/2.0; +http://www.bing.com/bingbot.htm) Chrome/116.0.1938.76 Safari/537.36"
161.142.151.20 - - [01/Jul/2026:18:31:07 +0000] "GET /?r=list-133721358 HTTP/2" 200 0 "https://www.rearbear.com/?r=list-133721358" "Mozilla/5.0 (Windows NT 10.0; Win64; x64) AppleWebKit/537.36 (KHTML, like Gecko) Chrome/144.0.0.0 Safari/537.36"
52.167.144.189 - - [01/Jul/2026:18:31:30 +0000] "GET /products/481156231/ HTTP/2" 200 26216 "-" "Mozilla/5.0 AppleWebKit/537.36 (KHTML, like Gecko; compatible; bingbot/2.0; +http://www.bing.com/bingbot.htm) Chrome/116.0.1938.76 Safari/537.36"
57.141.0.31 - - [01/Jul/2026:18:31:59 +0000] "GET /products/014167598961 HTTP/2" 404 155047 "-" "meta-externalagent/1.1 (+https://developers.facebook.com/docs/sharing/webmasters/crawler)"
52.167.144.139 - - [01/Jul/2026:18:32:34 +0000] "GET /products/316895231/ HTTP/2" 200 25529 "-" "Mozilla/5.0 AppleWebKit/537.36 (KHTML, like Gecko; compatible; bingbot/2.0; +http://www.bing.com/bingbot.htm) Chrome/116.0.1938.76 Safari/537.36"
57.141.0.71 - - [01/Jul/2026:18:32:35 +0000] "GET /products/012952945938 HTTP/2" 404 155047 "-" "meta-externalagent/1.1 (+https://developers.facebook.com/docs/sharing/webmasters/crawler)"
52.167.144.139 - - [01/Jul/2026:18:32:37 +0000] "GET /pages.php?products/3904397/ HTTP/2" 200 27399 "-" "Mozilla/5.0 AppleWebKit/537.36 (KHTML, like Gecko; compatible; bingbot/2.0; +http://www.bing.com/bingbot.htm) Chrome/116.0.1938.76 Safari/537.36"
52.167.144.139 - - [01/Jul/2026:18:32:40 +0000] "GET /pages.php?products/4323519/ HTTP/2" 200 25905 "-" "Mozilla/5.0 AppleWebKit/537.36 (KHTML, like Gecko; compatible; bingbot/2.0; +http://www.bing.com/bingbot.htm) Chrome/116.0.1938.76 Safari/537.36"
52.167.144.139 - - [01/Jul/2026:18:32:43 +0000] "GET /products/239689431/ HTTP/2" 200 25805 "-" "Mozilla/5.0 AppleWebKit/537.36 (KHTML, like Gecko; compatible; bingbot/2.0; +http://www.bing.com/bingbot.htm) Chrome/116.0.1938.76 Safari/537.36"
52.167.144.139 - - [01/Jul/2026:18:32:46 +0000] "GET /products/142593431/ HTTP/2" 200 26356 "-" "Mozilla/5.0 AppleWebKit/537.36 (KHTML, like Gecko; compatible; bingbot/2.0; +http://www.bing.com/bingbot.htm) Chrome/116.0.1938.76 Safari/537.36"
52.167.144.139 - - [01/Jul/2026:18:32:49 +0000] "GET /products/395495031/ HTTP/2" 200 25489 "-" "Mozilla/5.0 AppleWebKit/537.36 (KHTML, like Gecko; compatible; bingbot/2.0; +http://www.bing.com/bingbot.htm) Chrome/116.0.1938.76 Safari/537.36"
52.167.144.139 - - [01/Jul/2026:18:32:52 +0000] "GET /products/349389331/ HTTP/2" 200 26405 "-" "Mozilla/5.0 AppleWebKit/537.36 (KHTML, like Gecko; compatible; bingbot/2.0; +http://www.bing.com/bingbot.htm) Chrome/116.0.1938.76 Safari/537.36"
52.167.144.139 - - [01/Jul/2026:18:32:55 +0000] "GET /products/82480331/ HTTP/2" 200 26854 "-" "Mozilla/5.0 AppleWebKit/537.36 (KHTML, like Gecko; compatible; bingbot/2.0; +http://www.bing.com/bingbot.htm) Chrome/116.0.1938.76 Safari/537.36"
57.141.0.50 - - [01/Jul/2026:18:32:55 +0000] "GET /products/011161861697 HTTP/2" 404 155047 "-" "meta-externalagent/1.1 (+https://developers.facebook.com/docs/sharing/webmasters/crawler)"
52.167.144.139 - - [01/Jul/2026:18:32:58 +0000] "GET /products/162805458/ HTTP/2" 200 25903 "-" "Mozilla/5.0 AppleWebKit/537.36 (KHTML, like Gecko; compatible; bingbot/2.0; +http://www.bing.com/bingbot.htm) Chrome/116.0.1938.76 Safari/537.36"
52.167.144.139 - - [01/Jul/2026:18:33:01 +0000] "GET /products/337552131/ HTTP/2" 200 25241 "-" "Mozilla/5.0 AppleWebKit/537.36 (KHTML, like Gecko; compatible; bingbot/2.0; +http://www.bing.com/bingbot.htm) Chrome/116.0.1938.76 Safari/537.36"
157.55.39.13 - - [01/Jul/2026:18:33:12 +0000] "GET /pages.php?products/3142531/ HTTP/2" 200 26868 "-" "Mozilla/5.0 AppleWebKit/537.36 (KHTML, like Gecko; compatible; bingbot/2.0; +http://www.bing.com/bingbot.htm) Chrome/116.0.1938.76 Safari/537.36"
157.55.39.13 - - [01/Jul/2026:18:33:16 +0000] "GET /products/470138031/ HTTP/2" 200 26144 "-" "Mozilla/5.0 AppleWebKit/537.36 (KHTML, like Gecko; compatible; bingbot/2.0; +http://www.bing.com/bingbot.htm) Chrome/116.0.1938.76 Safari/537.36"
157.55.39.13 - - [01/Jul/2026:18:33:17 +0000] "GET /products/329773531/ HTTP/2" 200 26071 "-" "Mozilla/5.0 AppleWebKit/537.36 (KHTML, like Gecko; compatible; bingbot/2.0; +http://www.bing.com/bingbot.htm) Chrome/116.0.1938.76 Safari/537.36"
157.55.39.13 - - [01/Jul/2026:18:33:21 +0000] "GET /products/372324631/ HTTP/2" 200 26421 "-" "Mozilla/5.0 AppleWebKit/537.36 (KHTML, like Gecko; compatible; bingbot/2.0; +http://www.bing.com/bingbot.htm) Chrome/116.0.1938.76 Safari/537.36"
157.55.39.13 - - [01/Jul/2026:18:33:23 +0000] "GET /products/445749331/ HTTP/2" 200 25264 "-" "Mozilla/5.0 AppleWebKit/537.36 (KHTML, like Gecko; compatible; bingbot/2.0; +http://www.bing.com/bingbot.htm) Chrome/116.0.1938.76 Safari/537.36"
157.55.39.13 - - [01/Jul/2026:18:33:26 +0000] "GET /products/260690058/ HTTP/2" 200 26959 "-" "Mozilla/5.0 AppleWebKit/537.36 (KHTML, like Gecko; compatible; bingbot/2.0; +http://www.bing.com/bingbot.htm) Chrome/116.0.1938.76 Safari/537.36"
157.55.39.13 - - [01/Jul/2026:18:33:29 +0000] "GET /products/476633031/ HTTP/2" 200 26698 "-" "Mozilla/5.0 AppleWebKit/537.36 (KHTML, like Gecko; compatible; bingbot/2.0; +http://www.bing.com/bingbot.htm) Chrome/116.0.1938.76 Safari/537.36"
157.55.39.13 - - [01/Jul/2026:18:33:32 +0000] "GET /products/131679531/ HTTP/2" 200 26228 "-" "Mozilla/5.0 AppleWebKit/537.36 (KHTML, like Gecko; compatible; bingbot/2.0; +http://www.bing.com/bingbot.htm) Chrome/116.0.1938.76 Safari/537.36"
157.55.39.13 - - [01/Jul/2026:18:33:36 +0000] "GET /products/178496831/ HTTP/2" 200 26193 "-" "Mozilla/5.0 AppleWebKit/537.36 (KHTML, like Gecko; compatible; bingbot/2.0; +http://www.bing.com/bingbot.htm) Chrome/116.0.1938.76 Safari/537.36"
157.55.39.13 - - [01/Jul/2026:18:33:38 +0000] "GET /products/488117531/ HTTP/2" 200 25118 "-" "Mozilla/5.0 AppleWebKit/537.36 (KHTML, like Gecko; compatible; bingbot/2.0; +http://www.bing.com/bingbot.htm) Chrome/116.0.1938.76 Safari/537.36"
157.55.39.13 - - [01/Jul/2026:18:33:43 +0000] "GET /products/487153731/ HTTP/2" 200 26195 "-" "Mozilla/5.0 AppleWebKit/537.36 (KHTML, like Gecko; compatible; bingbot/2.0; +http://www.bing.com/bingbot.htm) Chrome/116.0.1938.76 Safari/537.36"
157.55.39.13 - - [01/Jul/2026:18:33:44 +0000] "GET /products/446768631/ HTTP/2" 200 26206 "-" "Mozilla/5.0 AppleWebKit/537.36 (KHTML, like Gecko; compatible; bingbot/2.0; +http://www.bing.com/bingbot.htm) Chrome/116.0.1938.76 Safari/537.36"
157.55.39.13 - - [01/Jul/2026:18:33:47 +0000] "GET /products/224878658/ HTTP/2" 200 26323 "-" "Mozilla/5.0 AppleWebKit/537.36 (KHTML, like Gecko; compatible; bingbot/2.0; +http://www.bing.com/bingbot.htm) Chrome/116.0.1938.76 Safari/537.36"
157.55.39.13 - - [01/Jul/2026:18:33:51 +0000] "GET /products/489802031/ HTTP/2" 200 25452 "-" "Mozilla/5.0 AppleWebKit/537.36 (KHTML, like Gecko; compatible; bingbot/2.0; +http://www.bing.com/bingbot.htm) Chrome/116.0.1938.76 Safari/537.36"
157.55.39.13 - - [01/Jul/2026:18:33:54 +0000] "GET /products/132395231/ HTTP/2" 200 26145 "-" "Mozilla/5.0 AppleWebKit/537.36 (KHTML, like Gecko; compatible; bingbot/2.0; +http://www.bing.com/bingbot.htm) Chrome/116.0.1938.76 Safari/537.36"
52.167.144.189 - - [01/Jul/2026:18:34:02 +0000] "GET /products/102005358/ HTTP/2" 200 25664 "-" "Mozilla/5.0 AppleWebKit/537.36 (KHTML, like Gecko; compatible; bingbot/2.0; +http://www.bing.com/bingbot.htm) Chrome/116.0.1938.76 Safari/537.36"
52.167.144.189 - - [01/Jul/2026:18:34:12 +0000] "GET /products/298490031/ HTTP/2" 200 25834 "-" "Mozilla/5.0 AppleWebKit/537.36 (KHTML, like Gecko; compatible; bingbot/2.0; +http://www.bing.com/bingbot.htm) Chrome/116.0.1938.76 Safari/537.36"
52.167.144.189 - - [01/Jul/2026:18:34:15 +0000] "GET /pages.php?products/23827120/ HTTP/2" 200 26585 "-" "Mozilla/5.0 AppleWebKit/537.36 (KHTML, like Gecko; compatible; bingbot/2.0; +http://www.bing.com/bingbot.htm) Chrome/116.0.1938.76 Safari/537.36"
52.167.144.189 - - [01/Jul/2026:18:34:17 +0000] "GET /products/495824031/ HTTP/2" 200 26337 "-" "Mozilla/5.0 AppleWebKit/537.36 (KHTML, like Gecko; compatible; bingbot/2.0; +http://www.bing.com/bingbot.htm) Chrome/116.0.1938.76 Safari/537.36"
52.167.144.139 - - [01/Jul/2026:18:34:20 +0000] "GET /products/20121531/ HTTP/2" 200 25403 "-" "Mozilla/5.0 AppleWebKit/537.36 (KHTML, like Gecko; compatible; bingbot/2.0; +http://www.bing.com/bingbot.htm) Chrome/116.0.1938.76 Safari/537.36"
52.167.144.139 - - [01/Jul/2026:18:34:24 +0000] "GET /pages.php?products/8875819/ HTTP/2" 200 25783 "-" "Mozilla/5.0 AppleWebKit/537.36 (KHTML, like Gecko; compatible; bingbot/2.0; +http://www.bing.com/bingbot.htm) Chrome/116.0.1938.76 Safari/537.36"
52.167.144.139 - - [01/Jul/2026:18:34:27 +0000] "GET /products/147258131/ HTTP/2" 200 26272 "-" "Mozilla/5.0 AppleWebKit/537.36 (KHTML, like Gecko; compatible; bingbot/2.0; +http://www.bing.com/bingbot.htm) Chrome/116.0.1938.76 Safari/537.36"
52.167.144.139 - - [01/Jul/2026:18:34:30 +0000] "GET /products/123272331/ HTTP/2" 200 27816 "-" "Mozilla/5.0 AppleWebKit/537.36 (KHTML, like Gecko; compatible; bingbot/2.0; +http://www.bing.com/bingbot.htm) Chrome/116.0.1938.76 Safari/537.36"
52.167.144.139 - - [01/Jul/2026:18:34:32 +0000] "GET /products/342073531/ HTTP/2" 200 25928 "-" "Mozilla/5.0 AppleWebKit/537.36 (KHTML, like Gecko; compatible; bingbot/2.0; +http://www.bing.com/bingbot.htm) Chrome/116.0.1938.76 Safari/537.36"
52.167.144.139 - - [01/Jul/2026:18:34:36 +0000] "GET /products/160922558/ HTTP/2" 200 25725 "-" "Mozilla/5.0 AppleWebKit/537.36 (KHTML, like Gecko; compatible; bingbot/2.0; +http://www.bing.com/bingbot.htm) Chrome/116.0.1938.76 Safari/537.36"
52.167.144.139 - - [01/Jul/2026:18:34:38 +0000] "GET /products/244219558/ HTTP/2" 200 25274 "-" "Mozilla/5.0 AppleWebKit/537.36 (KHTML, like Gecko; compatible; bingbot/2.0; +http://www.bing.com/bingbot.htm) Chrome/116.0.1938.76 Safari/537.36"
40.77.167.61 - - [01/Jul/2026:18:34:43 +0000] "GET /products/32790358/ HTTP/2" 200 26799 "-" "Mozilla/5.0 AppleWebKit/537.36 (KHTML, like Gecko; compatible; bingbot/2.0; +http://www.bing.com/bingbot.htm) Chrome/116.0.1938.76 Safari/537.36"
40.77.167.61 - - [01/Jul/2026:18:34:46 +0000] "GET /products/53156531/ HTTP/2" 200 25581 "-" "Mozilla/5.0 AppleWebKit/537.36 (KHTML, like Gecko; compatible; bingbot/2.0; +http://www.bing.com/bingbot.htm) Chrome/116.0.1938.76 Safari/537.36"
40.77.167.61 - - [01/Jul/2026:18:34:49 +0000] "GET /pages.php?products/2949386/ HTTP/2" 200 25136 "-" "Mozilla/5.0 AppleWebKit/537.36 (KHTML, like Gecko; compatible; bingbot/2.0; +http://www.bing.com/bingbot.htm) Chrome/116.0.1938.76 Safari/537.36"
40.77.167.61 - - [01/Jul/2026:18:34:52 +0000] "GET /products/198768531/ HTTP/2" 200 25701 "-" "Mozilla/5.0 AppleWebKit/537.36 (KHTML, like Gecko; compatible; bingbot/2.0; +http://www.bing.com/bingbot.htm) Chrome/116.0.1938.76 Safari/537.36"
40.77.167.61 - - [01/Jul/2026:18:34:55 +0000] "GET /products/500005931/ HTTP/2" 200 25922 "-" "Mozilla/5.0 AppleWebKit/537.36 (KHTML, like Gecko; compatible; bingbot/2.0; +http://www.bing.com/bingbot.htm) Chrome/116.0.1938.76 Safari/537.36"
