40.83.91.76 - - [02/Jul/2026:01:09:51 +0000] "GET /admin.php HTTP/1.1" 404 3420 "-" "Mozilla/5.0 (Windows NT 10.0; Win64; x64) AppleWebKit/537.36 (KHTML, like Gecko) Chrome/120.0.0.0 Safari/537.36"
40.83.91.76 - - [02/Jul/2026:01:09:51 +0000] "GET /load.php HTTP/1.1" 404 3420 "-" "Mozilla/5.0 (Windows NT 10.0; Win64; x64) AppleWebKit/537.36 (KHTML, like Gecko) Chrome/120.0.0.0 Safari/537.36"
40.83.91.76 - - [02/Jul/2026:01:09:51 +0000] "GET /file.php HTTP/1.1" 404 3420 "-" "Mozilla/5.0 (Windows NT 10.0; Win64; x64) AppleWebKit/537.36 (KHTML, like Gecko) Chrome/120.0.0.0 Safari/537.36"
40.83.91.76 - - [02/Jul/2026:01:09:51 +0000] "GET /k.php HTTP/1.1" 404 3420 "-" "Mozilla/5.0 (Windows NT 10.0; Win64; x64) AppleWebKit/537.36 (KHTML, like Gecko) Chrome/120.0.0.0 Safari/537.36"
40.83.91.76 - - [02/Jul/2026:01:09:51 +0000] "GET /default.php HTTP/1.1" 404 3420 "-" "Mozilla/5.0 (Windows NT 10.0; Win64; x64) AppleWebKit/537.36 (KHTML, like Gecko) Chrome/120.0.0.0 Safari/537.36"
40.83.91.76 - - [02/Jul/2026:01:09:51 +0000] "GET /autoload_classmap.php HTTP/1.1" 404 3420 "-" "Mozilla/5.0 (Windows NT 10.0; Win64; x64) AppleWebKit/537.36 (KHTML, like Gecko) Chrome/120.0.0.0 Safari/537.36"
40.83.91.76 - - [02/Jul/2026:01:09:51 +0000] "GET /defaults.php HTTP/1.1" 404 3420 "-" "Mozilla/5.0 (Windows NT 10.0; Win64; x64) AppleWebKit/537.36 (KHTML, like Gecko) Chrome/120.0.0.0 Safari/537.36"
40.83.91.76 - - [02/Jul/2026:01:09:51 +0000] "GET /post.php HTTP/1.1" 404 3420 "-" "Mozilla/5.0 (Windows NT 10.0; Win64; x64) AppleWebKit/537.36 (KHTML, like Gecko) Chrome/120.0.0.0 Safari/537.36"
40.83.91.76 - - [02/Jul/2026:01:09:51 +0000] "GET /meta.php HTTP/1.1" 404 3420 "-" "Mozilla/5.0 (Windows NT 10.0; Win64; x64) AppleWebKit/537.36 (KHTML, like Gecko) Chrome/120.0.0.0 Safari/537.36"
40.83.91.76 - - [02/Jul/2026:01:09:52 +0000] "GET /1.php HTTP/1.1" 404 3420 "-" "Mozilla/5.0 (Windows NT 10.0; Win64; x64) AppleWebKit/537.36 (KHTML, like Gecko) Chrome/120.0.0.0 Safari/537.36"
40.83.91.76 - - [02/Jul/2026:01:09:52 +0000] "GET /index.php HTTP/1.1" 404 3420 "-" "Mozilla/5.0 (Windows NT 10.0; Win64; x64) AppleWebKit/537.36 (KHTML, like Gecko) Chrome/120.0.0.0 Safari/537.36"
40.83.91.76 - - [02/Jul/2026:01:09:52 +0000] "GET /flower.php HTTP/1.1" 404 3420 "-" "Mozilla/5.0 (Windows NT 10.0; Win64; x64) AppleWebKit/537.36 (KHTML, like Gecko) Chrome/120.0.0.0 Safari/537.36"
40.83.91.76 - - [02/Jul/2026:01:09:52 +0000] "GET /about.php HTTP/1.1" 404 3420 "-" "Mozilla/5.0 (Windows NT 10.0; Win64; x64) AppleWebKit/537.36 (KHTML, like Gecko) Chrome/120.0.0.0 Safari/537.36"
40.83.91.76 - - [02/Jul/2026:01:09:52 +0000] "GET /admin.php HTTP/1.1" 404 3420 "-" "Mozilla/5.0 (Windows NT 10.0; Win64; x64) AppleWebKit/537.36 (KHTML, like Gecko) Chrome/120.0.0.0 Safari/537.36"
40.83.91.76 - - [02/Jul/2026:01:09:52 +0000] "GET /randkeyword.php HTTP/1.1" 404 3420 "-" "Mozilla/5.0 (Windows NT 10.0; Win64; x64) AppleWebKit/537.36 (KHTML, like Gecko) Chrome/120.0.0.0 Safari/537.36"
40.83.91.76 - - [02/Jul/2026:01:09:52 +0000] "GET /file.php HTTP/1.1" 404 3420 "-" "Mozilla/5.0 (Windows NT 10.0; Win64; x64) AppleWebKit/537.36 (KHTML, like Gecko) Chrome/120.0.0.0 Safari/537.36"
40.83.91.76 - - [02/Jul/2026:01:09:52 +0000] "GET /goods.php HTTP/1.1" 404 3420 "-" "Mozilla/5.0 (Windows NT 10.0; Win64; x64) AppleWebKit/537.36 (KHTML, like Gecko) Chrome/120.0.0.0 Safari/537.36"
40.83.91.76 - - [02/Jul/2026:01:09:52 +0000] "GET /default.php HTTP/1.1" 404 3420 "-" "Mozilla/5.0 (Windows NT 10.0; Win64; x64) AppleWebKit/537.36 (KHTML, like Gecko) Chrome/120.0.0.0 Safari/537.36"
40.83.91.76 - - [02/Jul/2026:01:09:53 +0000] "GET /hehe.php HTTP/1.1" 404 3420 "-" "Mozilla/5.0 (Windows NT 10.0; Win64; x64) AppleWebKit/537.36 (KHTML, like Gecko) Chrome/120.0.0.0 Safari/537.36"
40.83.91.76 - - [02/Jul/2026:01:09:53 +0000] "GET /defaults.php HTTP/1.1" 404 3420 "-" "Mozilla/5.0 (Windows NT 10.0; Win64; x64) AppleWebKit/537.36 (KHTML, like Gecko) Chrome/120.0.0.0 Safari/537.36"
40.83.91.76 - - [02/Jul/2026:01:09:53 +0000] "GET /user.php HTTP/1.1" 404 3420 "-" "Mozilla/5.0 (Windows NT 10.0; Win64; x64) AppleWebKit/537.36 (KHTML, like Gecko) Chrome/120.0.0.0 Safari/537.36"
40.83.91.76 - - [02/Jul/2026:01:09:53 +0000] "GET /meta.php HTTP/1.1" 404 3420 "-" "Mozilla/5.0 (Windows NT 10.0; Win64; x64) AppleWebKit/537.36 (KHTML, like Gecko) Chrome/120.0.0.0 Safari/537.36"
40.83.91.76 - - [02/Jul/2026:01:09:53 +0000] "GET /wp-2019.php HTTP/1.1" 404 3420 "-" "Mozilla/5.0 (Windows NT 10.0; Win64; x64) AppleWebKit/537.36 (KHTML, like Gecko) Chrome/120.0.0.0 Safari/537.36"
40.83.91.76 - - [02/Jul/2026:01:09:53 +0000] "GET /index.php HTTP/1.1" 404 3420 "-" "Mozilla/5.0 (Windows NT 10.0; Win64; x64) AppleWebKit/537.36 (KHTML, like Gecko) Chrome/120.0.0.0 Safari/537.36"
40.83.91.76 - - [02/Jul/2026:01:09:53 +0000] "GET /chosen.php HTTP/1.1" 404 3420 "-" "Mozilla/5.0 (Windows NT 10.0; Win64; x64) AppleWebKit/537.36 (KHTML, like Gecko) Chrome/120.0.0.0 Safari/537.36"
40.83.91.76 - - [02/Jul/2026:01:09:53 +0000] "GET /about.php HTTP/1.1" 404 3420 "-" "Mozilla/5.0 (Windows NT 10.0; Win64; x64) AppleWebKit/537.36 (KHTML, like Gecko) Chrome/120.0.0.0 Safari/537.36"
40.83.91.76 - - [02/Jul/2026:01:09:53 +0000] "GET /functions.php HTTP/1.1" 404 3420 "-" "Mozilla/5.0 (Windows NT 10.0; Win64; x64) AppleWebKit/537.36 (KHTML, like Gecko) Chrome/120.0.0.0 Safari/537.36"
40.83.91.76 - - [02/Jul/2026:01:09:53 +0000] "GET /randkeyword.php HTTP/1.1" 404 3420 "-" "Mozilla/5.0 (Windows NT 10.0; Win64; x64) AppleWebKit/537.36 (KHTML, like Gecko) Chrome/120.0.0.0 Safari/537.36"
40.83.91.76 - - [02/Jul/2026:01:09:54 +0000] "GET /goods.php HTTP/1.1" 404 3420 "-" "Mozilla/5.0 (Windows NT 10.0; Win64; x64) AppleWebKit/537.36 (KHTML, like Gecko) Chrome/120.0.0.0 Safari/537.36"
40.83.91.76 - - [02/Jul/2026:01:09:54 +0000] "GET /cron.php HTTP/1.1" 404 3420 "-" "Mozilla/5.0 (Windows NT 10.0; Win64; x64) AppleWebKit/537.36 (KHTML, like Gecko) Chrome/120.0.0.0 Safari/537.36"
40.83.91.76 - - [02/Jul/2026:01:09:54 +0000] "GET /hehe.php HTTP/1.1" 404 3420 "-" "Mozilla/5.0 (Windows NT 10.0; Win64; x64) AppleWebKit/537.36 (KHTML, like Gecko) Chrome/120.0.0.0 Safari/537.36"
40.83.91.76 - - [02/Jul/2026:01:09:54 +0000] "GET /edit.php HTTP/1.1" 404 3420 "-" "Mozilla/5.0 (Windows NT 10.0; Win64; x64) AppleWebKit/537.36 (KHTML, like Gecko) Chrome/120.0.0.0 Safari/537.36"
40.83.91.76 - - [02/Jul/2026:01:09:54 +0000] "GET /user.php HTTP/1.1" 404 3420 "-" "Mozilla/5.0 (Windows NT 10.0; Win64; x64) AppleWebKit/537.36 (KHTML, like Gecko) Chrome/120.0.0.0 Safari/537.36"
40.83.91.76 - - [02/Jul/2026:01:09:54 +0000] "GET /gecko-new.php HTTP/1.1" 404 3420 "-" "Mozilla/5.0 (Windows NT 10.0; Win64; x64) AppleWebKit/537.36 (KHTML, like Gecko) Chrome/120.0.0.0 Safari/537.36"
40.83.91.76 - - [02/Jul/2026:01:09:54 +0000] "GET /wp-2019.php HTTP/1.1" 404 3420 "-" "Mozilla/5.0 (Windows NT 10.0; Win64; x64) AppleWebKit/537.36 (KHTML, like Gecko) Chrome/120.0.0.0 Safari/537.36"
40.83.91.76 - - [02/Jul/2026:01:09:54 +0000] "GET /cookie.php HTTP/1.1" 404 3420 "-" "Mozilla/5.0 (Windows NT 10.0; Win64; x64) AppleWebKit/537.36 (KHTML, like Gecko) Chrome/120.0.0.0 Safari/537.36"
40.83.91.76 - - [02/Jul/2026:01:09:55 +0000] "GET /chosen.php HTTP/1.1" 404 3420 "-" "Mozilla/5.0 (Windows NT 10.0; Win64; x64) AppleWebKit/537.36 (KHTML, like Gecko) Chrome/120.0.0.0 Safari/537.36"
40.83.91.76 - - [02/Jul/2026:01:09:55 +0000] "GET /xleet.php HTTP/1.1" 404 3420 "-" "Mozilla/5.0 (Windows NT 10.0; Win64; x64) AppleWebKit/537.36 (KHTML, like Gecko) Chrome/120.0.0.0 Safari/537.36"
40.83.91.76 - - [02/Jul/2026:01:09:55 +0000] "GET /functions.php HTTP/1.1" 404 3420 "-" "Mozilla/5.0 (Windows NT 10.0; Win64; x64) AppleWebKit/537.36 (KHTML, like Gecko) Chrome/120.0.0.0 Safari/537.36"
40.83.91.76 - - [02/Jul/2026:01:09:55 +0000] "GET /root.php HTTP/1.1" 404 3420 "-" "Mozilla/5.0 (Windows NT 10.0; Win64; x64) AppleWebKit/537.36 (KHTML, like Gecko) Chrome/120.0.0.0 Safari/537.36"
40.83.91.76 - - [02/Jul/2026:01:09:55 +0000] "GET /cron.php HTTP/1.1" 404 3420 "-" "Mozilla/5.0 (Windows NT 10.0; Win64; x64) AppleWebKit/537.36 (KHTML, like Gecko) Chrome/120.0.0.0 Safari/537.36"
40.83.91.76 - - [02/Jul/2026:01:09:55 +0000] "GET /menu.php HTTP/1.1" 404 3420 "-" "Mozilla/5.0 (Windows NT 10.0; Win64; x64) AppleWebKit/537.36 (KHTML, like Gecko) Chrome/120.0.0.0 Safari/537.36"
40.83.91.76 - - [02/Jul/2026:01:09:55 +0000] "GET /edit.php HTTP/1.1" 404 3420 "-" "Mozilla/5.0 (Windows NT 10.0; Win64; x64) AppleWebKit/537.36 (KHTML, like Gecko) Chrome/120.0.0.0 Safari/537.36"
40.83.91.76 - - [02/Jul/2026:01:09:55 +0000] "GET /plugin.php HTTP/1.1" 404 3420 "-" "Mozilla/5.0 (Windows NT 10.0; Win64; x64) AppleWebKit/537.36 (KHTML, like Gecko) Chrome/120.0.0.0 Safari/537.36"
40.83.91.76 - - [02/Jul/2026:01:09:55 +0000] "GET /gecko-new.php HTTP/1.1" 404 3420 "-" "Mozilla/5.0 (Windows NT 10.0; Win64; x64) AppleWebKit/537.36 (KHTML, like Gecko) Chrome/120.0.0.0 Safari/537.36"
40.83.91.76 - - [02/Jul/2026:01:09:55 +0000] "GET /cloud.php HTTP/1.1" 404 3420 "-" "Mozilla/5.0 (Windows NT 10.0; Win64; x64) AppleWebKit/537.36 (KHTML, like Gecko) Chrome/120.0.0.0 Safari/537.36"
40.83.91.76 - - [02/Jul/2026:01:09:56 +0000] "GET /cookie.php HTTP/1.1" 404 3420 "-" "Mozilla/5.0 (Windows NT 10.0; Win64; x64) AppleWebKit/537.36 (KHTML, like Gecko) Chrome/120.0.0.0 Safari/537.36"
40.83.91.76 - - [02/Jul/2026:01:09:56 +0000] "GET /configs.php HTTP/1.1" 404 3420 "-" "Mozilla/5.0 (Windows NT 10.0; Win64; x64) AppleWebKit/537.36 (KHTML, like Gecko) Chrome/120.0.0.0 Safari/537.36"
40.83.91.76 - - [02/Jul/2026:01:09:56 +0000] "GET /xleet.php HTTP/1.1" 404 3420 "-" "Mozilla/5.0 (Windows NT 10.0; Win64; x64) AppleWebKit/537.36 (KHTML, like Gecko) Chrome/120.0.0.0 Safari/537.36"
207.46.13.127 - - [02/Jul/2026:01:09:56 +0000] "GET /products/352649131/ HTTP/2" 200 26328 "-" "Mozilla/5.0 AppleWebKit/537.36 (KHTML, like Gecko; compatible; bingbot/2.0; +http://www.bing.com/bingbot.htm) Chrome/116.0.1938.76 Safari/537.36"
40.83.91.76 - - [02/Jul/2026:01:09:56 +0000] "GET /wp-configs.php HTTP/1.1" 404 3420 "-" "Mozilla/5.0 (Windows NT 10.0; Win64; x64) AppleWebKit/537.36 (KHTML, like Gecko) Chrome/120.0.0.0 Safari/537.36"
40.83.91.76 - - [02/Jul/2026:01:09:56 +0000] "GET /root.php HTTP/1.1" 404 3420 "-" "Mozilla/5.0 (Windows NT 10.0; Win64; x64) AppleWebKit/537.36 (KHTML, like Gecko) Chrome/120.0.0.0 Safari/537.36"
40.83.91.76 - - [02/Jul/2026:01:09:56 +0000] "GET /update.php HTTP/1.1" 404 3420 "-" "Mozilla/5.0 (Windows NT 10.0; Win64; x64) AppleWebKit/537.36 (KHTML, like Gecko) Chrome/120.0.0.0 Safari/537.36"
40.83.91.76 - - [02/Jul/2026:01:09:56 +0000] "GET /menu.php HTTP/1.1" 404 3420 "-" "Mozilla/5.0 (Windows NT 10.0; Win64; x64) AppleWebKit/537.36 (KHTML, like Gecko) Chrome/120.0.0.0 Safari/537.36"
40.83.91.76 - - [02/Jul/2026:01:09:56 +0000] "GET /2.php HTTP/1.1" 404 3420 "-" "Mozilla/5.0 (Windows NT 10.0; Win64; x64) AppleWebKit/537.36 (KHTML, like Gecko) Chrome/120.0.0.0 Safari/537.36"
40.83.91.76 - - [02/Jul/2026:01:09:56 +0000] "GET /plugin.php HTTP/1.1" 404 3420 "-" "Mozilla/5.0 (Windows NT 10.0; Win64; x64) AppleWebKit/537.36 (KHTML, like Gecko) Chrome/120.0.0.0 Safari/537.36"
40.83.91.76 - - [02/Jul/2026:01:09:57 +0000] "GET /input.php HTTP/1.1" 404 3420 "-" "Mozilla/5.0 (Windows NT 10.0; Win64; x64) AppleWebKit/537.36 (KHTML, like Gecko) Chrome/120.0.0.0 Safari/537.36"
40.83.91.76 - - [02/Jul/2026:01:09:57 +0000] "GET /cloud.php HTTP/1.1" 404 3420 "-" "Mozilla/5.0 (Windows NT 10.0; Win64; x64) AppleWebKit/537.36 (KHTML, like Gecko) Chrome/120.0.0.0 Safari/537.36"
40.83.91.76 - - [02/Jul/2026:01:09:57 +0000] "GET /aaa.php HTTP/1.1" 404 3420 "-" "Mozilla/5.0 (Windows NT 10.0; Win64; x64) AppleWebKit/537.36 (KHTML, like Gecko) Chrome/120.0.0.0 Safari/537.36"
40.83.91.76 - - [02/Jul/2026:01:09:57 +0000] "GET /configs.php HTTP/1.1" 404 3420 "-" "Mozilla/5.0 (Windows NT 10.0; Win64; x64) AppleWebKit/537.36 (KHTML, like Gecko) Chrome/120.0.0.0 Safari/537.36"
40.83.91.76 - - [02/Jul/2026:01:09:57 +0000] "GET /spip.php HTTP/1.1" 404 3420 "-" "Mozilla/5.0 (Windows NT 10.0; Win64; x64) AppleWebKit/537.36 (KHTML, like Gecko) Chrome/120.0.0.0 Safari/537.36"
40.83.91.76 - - [02/Jul/2026:01:09:57 +0000] "GET /wp-configs.php HTTP/1.1" 404 3420 "-" "Mozilla/5.0 (Windows NT 10.0; Win64; x64) AppleWebKit/537.36 (KHTML, like Gecko) Chrome/120.0.0.0 Safari/537.36"
40.83.91.76 - - [02/Jul/2026:01:09:57 +0000] "GET /22.php HTTP/1.1" 404 3420 "-" "Mozilla/5.0 (Windows NT 10.0; Win64; x64) AppleWebKit/537.36 (KHTML, like Gecko) Chrome/120.0.0.0 Safari/537.36"
40.83.91.76 - - [02/Jul/2026:01:09:57 +0000] "GET /update.php HTTP/1.1" 404 3420 "-" "Mozilla/5.0 (Windows NT 10.0; Win64; x64) AppleWebKit/537.36 (KHTML, like Gecko) Chrome/120.0.0.0 Safari/537.36"
40.83.91.76 - - [02/Jul/2026:01:09:57 +0000] "GET /room.php HTTP/1.1" 404 3420 "-" "Mozilla/5.0 (Windows NT 10.0; Win64; x64) AppleWebKit/537.36 (KHTML, like Gecko) Chrome/120.0.0.0 Safari/537.36"
40.83.91.76 - - [02/Jul/2026:01:09:58 +0000] "GET /disagreed.php HTTP/1.1" 404 3420 "-" "Mozilla/5.0 (Windows NT 10.0; Win64; x64) AppleWebKit/537.36 (KHTML, like Gecko) Chrome/120.0.0.0 Safari/537.36"
40.83.91.76 - - [02/Jul/2026:01:09:58 +0000] "GET /text.php HTTP/1.1" 404 3420 "-" "Mozilla/5.0 (Windows NT 10.0; Win64; x64) AppleWebKit/537.36 (KHTML, like Gecko) Chrome/120.0.0.0 Safari/537.36"
40.83.91.76 - - [02/Jul/2026:01:09:58 +0000] "GET /2.php HTTP/1.1" 404 3420 "-" "Mozilla/5.0 (Windows NT 10.0; Win64; x64) AppleWebKit/537.36 (KHTML, like Gecko) Chrome/120.0.0.0 Safari/537.36"
40.83.91.76 - - [02/Jul/2026:01:09:58 +0000] "GET /alfa-rex.php HTTP/1.1" 404 3420 "-" "Mozilla/5.0 (Windows NT 10.0; Win64; x64) AppleWebKit/537.36 (KHTML, like Gecko) Chrome/120.0.0.0 Safari/537.36"
40.83.91.76 - - [02/Jul/2026:01:09:58 +0000] "GET /alfa-rex.php7 HTTP/1.1" 404 3420 "-" "Mozilla/5.0 (Windows NT 10.0; Win64; x64) AppleWebKit/537.36 (KHTML, like Gecko) Chrome/120.0.0.0 Safari/537.36"
40.83.91.76 - - [02/Jul/2026:01:09:58 +0000] "GET /input.php HTTP/1.1" 404 3420 "-" "Mozilla/5.0 (Windows NT 10.0; Win64; x64) AppleWebKit/537.36 (KHTML, like Gecko) Chrome/120.0.0.0 Safari/537.36"
40.83.91.76 - - [02/Jul/2026:01:09:59 +0000] "GET /feeds.php HTTP/1.1" 404 3420 "-" "Mozilla/5.0 (Windows NT 10.0; Win64; x64) AppleWebKit/537.36 (KHTML, like Gecko) Chrome/120.0.0.0 Safari/537.36"
40.83.91.76 - - [02/Jul/2026:01:09:59 +0000] "GET /aaa.php HTTP/1.1" 404 3420 "-" "Mozilla/5.0 (Windows NT 10.0; Win64; x64) AppleWebKit/537.36 (KHTML, like Gecko) Chrome/120.0.0.0 Safari/537.36"
40.83.91.76 - - [02/Jul/2026:01:09:59 +0000] "GET /radio.php HTTP/1.1" 404 3420 "-" "Mozilla/5.0 (Windows NT 10.0; Win64; x64) AppleWebKit/537.36 (KHTML, like Gecko) Chrome/120.0.0.0 Safari/537.36"
40.83.91.76 - - [02/Jul/2026:01:09:59 +0000] "GET /spip.php HTTP/1.1" 404 3420 "-" "Mozilla/5.0 (Windows NT 10.0; Win64; x64) AppleWebKit/537.36 (KHTML, like Gecko) Chrome/120.0.0.0 Safari/537.36"
40.83.91.76 - - [02/Jul/2026:01:09:59 +0000] "GET /dropdown.php HTTP/1.1" 404 3420 "-" "Mozilla/5.0 (Windows NT 10.0; Win64; x64) AppleWebKit/537.36 (KHTML, like Gecko) Chrome/120.0.0.0 Safari/537.36"
40.83.91.76 - - [02/Jul/2026:01:09:59 +0000] "GET /22.php HTTP/1.1" 404 3420 "-" "Mozilla/5.0 (Windows NT 10.0; Win64; x64) AppleWebKit/537.36 (KHTML, like Gecko) Chrome/120.0.0.0 Safari/537.36"
40.83.91.76 - - [02/Jul/2026:01:09:59 +0000] "GET /defaults.php HTTP/1.1" 404 3420 "-" "Mozilla/5.0 (Windows NT 10.0; Win64; x64) AppleWebKit/537.36 (KHTML, like Gecko) Chrome/120.0.0.0 Safari/537.36"
40.83.91.76 - - [02/Jul/2026:01:09:59 +0000] "GET /room.php HTTP/1.1" 404 3420 "-" "Mozilla/5.0 (Windows NT 10.0; Win64; x64) AppleWebKit/537.36 (KHTML, like Gecko) Chrome/120.0.0.0 Safari/537.36"
40.83.91.76 - - [02/Jul/2026:01:09:59 +0000] "GET /system.php HTTP/1.1" 404 3420 "-" "Mozilla/5.0 (Windows NT 10.0; Win64; x64) AppleWebKit/537.36 (KHTML, like Gecko) Chrome/120.0.0.0 Safari/537.36"
40.83.91.76 - - [02/Jul/2026:01:09:59 +0000] "GET /disagreed.php HTTP/1.1" 404 3420 "-" "Mozilla/5.0 (Windows NT 10.0; Win64; x64) AppleWebKit/537.36 (KHTML, like Gecko) Chrome/120.0.0.0 Safari/537.36"
207.46.13.127 - - [02/Jul/2026:01:09:59 +0000] "GET /products/199934258/ HTTP/2" 200 26362 "-" "Mozilla/5.0 AppleWebKit/537.36 (KHTML, like Gecko; compatible; bingbot/2.0; +http://www.bing.com/bingbot.htm) Chrome/116.0.1938.76 Safari/537.36"
40.83.91.76 - - [02/Jul/2026:01:10:00 +0000] "GET /xmlrpc.php HTTP/1.1" 404 3420 "-" "Mozilla/5.0 (Windows NT 10.0; Win64; x64) AppleWebKit/537.36 (KHTML, like Gecko) Chrome/120.0.0.0 Safari/537.36"
40.83.91.76 - - [02/Jul/2026:01:10:00 +0000] "GET /text.php HTTP/1.1" 404 3420 "-" "Mozilla/5.0 (Windows NT 10.0; Win64; x64) AppleWebKit/537.36 (KHTML, like Gecko) Chrome/120.0.0.0 Safari/537.36"
40.83.91.76 - - [02/Jul/2026:01:10:00 +0000] "GET /xmlrpc.php0 HTTP/1.1" 404 3420 "-" "Mozilla/5.0 (Windows NT 10.0; Win64; x64) AppleWebKit/537.36 (KHTML, like Gecko) Chrome/120.0.0.0 Safari/537.36"
40.83.91.76 - - [02/Jul/2026:01:10:00 +0000] "GET /alfa-rex.php HTTP/1.1" 404 3420 "-" "Mozilla/5.0 (Windows NT 10.0; Win64; x64) AppleWebKit/537.36 (KHTML, like Gecko) Chrome/120.0.0.0 Safari/537.36"
40.83.91.76 - - [02/Jul/2026:01:10:00 +0000] "GET /colors.php HTTP/1.1" 404 3420 "-" "Mozilla/5.0 (Windows NT 10.0; Win64; x64) AppleWebKit/537.36 (KHTML, like Gecko) Chrome/120.0.0.0 Safari/537.36"
40.83.91.76 - - [02/Jul/2026:01:10:00 +0000] "GET /alfa-rex.php7 HTTP/1.1" 404 3420 "-" "Mozilla/5.0 (Windows NT 10.0; Win64; x64) AppleWebKit/537.36 (KHTML, like Gecko) Chrome/120.0.0.0 Safari/537.36"
40.83.91.76 - - [02/Jul/2026:01:10:00 +0000] "GET /updates.php HTTP/1.1" 404 3420 "-" "Mozilla/5.0 (Windows NT 10.0; Win64; x64) AppleWebKit/537.36 (KHTML, like Gecko) Chrome/120.0.0.0 Safari/537.36"
40.83.91.76 - - [02/Jul/2026:01:10:00 +0000] "GET /feeds.php HTTP/1.1" 404 3420 "-" "Mozilla/5.0 (Windows NT 10.0; Win64; x64) AppleWebKit/537.36 (KHTML, like Gecko) Chrome/120.0.0.0 Safari/537.36"
40.83.91.76 - - [02/Jul/2026:01:10:01 +0000] "GET /alfa-rex1.php HTTP/1.1" 404 3420 "-" "Mozilla/5.0 (Windows NT 10.0; Win64; x64) AppleWebKit/537.36 (KHTML, like Gecko) Chrome/120.0.0.0 Safari/537.36"
40.83.91.76 - - [02/Jul/2026:01:10:01 +0000] "GET /radio.php HTTP/1.1" 404 3420 "-" "Mozilla/5.0 (Windows NT 10.0; Win64; x64) AppleWebKit/537.36 (KHTML, like Gecko) Chrome/120.0.0.0 Safari/537.36"
40.83.91.76 - - [02/Jul/2026:01:10:01 +0000] "GET /wp-index.php HTTP/1.1" 404 3420 "-" "Mozilla/5.0 (Windows NT 10.0; Win64; x64) AppleWebKit/537.36 (KHTML, like Gecko) Chrome/120.0.0.0 Safari/537.36"
40.83.91.76 - - [02/Jul/2026:01:10:01 +0000] "GET /dropdown.php HTTP/1.1" 404 3420 "-" "Mozilla/5.0 (Windows NT 10.0; Win64; x64) AppleWebKit/537.36 (KHTML, like Gecko) Chrome/120.0.0.0 Safari/537.36"
40.83.91.76 - - [02/Jul/2026:01:10:01 +0000] "GET /wp-admin.php HTTP/1.1" 404 3420 "-" "Mozilla/5.0 (Windows NT 10.0; Win64; x64) AppleWebKit/537.36 (KHTML, like Gecko) Chrome/120.0.0.0 Safari/537.36"
40.83.91.76 - - [02/Jul/2026:01:10:01 +0000] "GET /defaults.php HTTP/1.1" 404 3420 "-" "Mozilla/5.0 (Windows NT 10.0; Win64; x64) AppleWebKit/537.36 (KHTML, like Gecko) Chrome/120.0.0.0 Safari/537.36"
40.83.91.76 - - [02/Jul/2026:01:10:01 +0000] "GET /alfa.php HTTP/1.1" 404 3420 "-" "Mozilla/5.0 (Windows NT 10.0; Win64; x64) AppleWebKit/537.36 (KHTML, like Gecko) Chrome/120.0.0.0 Safari/537.36"
40.83.91.76 - - [02/Jul/2026:01:10:01 +0000] "GET /system.php HTTP/1.1" 404 3420 "-" "Mozilla/5.0 (Windows NT 10.0; Win64; x64) AppleWebKit/537.36 (KHTML, like Gecko) Chrome/120.0.0.0 Safari/537.36"
207.46.13.127 - - [02/Jul/2026:01:10:01 +0000] "GET /products/74206231/ HTTP/2" 200 25654 "-" "Mozilla/5.0 AppleWebKit/537.36 (KHTML, like Gecko; compatible; bingbot/2.0; +http://www.bing.com/bingbot.htm) Chrome/116.0.1938.76 Safari/537.36"
40.83.91.76 - - [02/Jul/2026:01:10:02 +0000] "GET /alfanew.php7 HTTP/1.1" 404 3420 "-" "Mozilla/5.0 (Windows NT 10.0; Win64; x64) AppleWebKit/537.36 (KHTML, like Gecko) Chrome/120.0.0.0 Safari/537.36"
40.83.91.76 - - [02/Jul/2026:01:10:02 +0000] "GET /xmlrpc.php HTTP/1.1" 404 3420 "-" "Mozilla/5.0 (Windows NT 10.0; Win64; x64) AppleWebKit/537.36 (KHTML, like Gecko) Chrome/120.0.0.0 Safari/537.36"
40.83.91.76 - - [02/Jul/2026:01:10:02 +0000] "GET /locale.php HTTP/1.1" 404 3420 "-" "Mozilla/5.0 (Windows NT 10.0; Win64; x64) AppleWebKit/537.36 (KHTML, like Gecko) Chrome/120.0.0.0 Safari/537.36"
40.83.91.76 - - [02/Jul/2026:01:10:02 +0000] "GET /xmlrpc.php0 HTTP/1.1" 404 3420 "-" "Mozilla/5.0 (Windows NT 10.0; Win64; x64) AppleWebKit/537.36 (KHTML, like Gecko) Chrome/120.0.0.0 Safari/537.36"
40.83.91.76 - - [02/Jul/2026:01:10:03 +0000] "GET /colors.php HTTP/1.1" 404 3420 "-" "Mozilla/5.0 (Windows NT 10.0; Win64; x64) AppleWebKit/537.36 (KHTML, like Gecko) Chrome/120.0.0.0 Safari/537.36"
40.83.91.76 - - [02/Jul/2026:01:10:02 +0000] "GET /wxo.php HTTP/1.1" 404 3420 "-" "Mozilla/5.0 (Windows NT 10.0; Win64; x64) AppleWebKit/537.36 (KHTML, like Gecko) Chrome/120.0.0.0 Safari/537.36"
40.83.91.76 - - [02/Jul/2026:01:10:03 +0000] "GET /updates.php HTTP/1.1" 404 3420 "-" "Mozilla/5.0 (Windows NT 10.0; Win64; x64) AppleWebKit/537.36 (KHTML, like Gecko) Chrome/120.0.0.0 Safari/537.36"
40.83.91.76 - - [02/Jul/2026:01:10:03 +0000] "GET /colour.php HTTP/1.1" 404 3420 "-" "Mozilla/5.0 (Windows NT 10.0; Win64; x64) AppleWebKit/537.36 (KHTML, like Gecko) Chrome/120.0.0.0 Safari/537.36"
40.83.91.76 - - [02/Jul/2026:01:10:03 +0000] "GET /files.php HTTP/1.1" 404 3420 "-" "Mozilla/5.0 (Windows NT 10.0; Win64; x64) AppleWebKit/537.36 (KHTML, like Gecko) Chrome/120.0.0.0 Safari/537.36"
40.83.91.76 - - [02/Jul/2026:01:10:03 +0000] "GET /alfa-rex1.php HTTP/1.1" 404 3420 "-" "Mozilla/5.0 (Windows NT 10.0; Win64; x64) AppleWebKit/537.36 (KHTML, like Gecko) Chrome/120.0.0.0 Safari/537.36"
40.83.91.76 - - [02/Jul/2026:01:10:03 +0000] "GET /install.php HTTP/1.1" 404 3420 "-" "Mozilla/5.0 (Windows NT 10.0; Win64; x64) AppleWebKit/537.36 (KHTML, like Gecko) Chrome/120.0.0.0 Safari/537.36"
40.83.91.76 - - [02/Jul/2026:01:10:03 +0000] "GET /wp-index.php HTTP/1.1" 404 3420 "-" "Mozilla/5.0 (Windows NT 10.0; Win64; x64) AppleWebKit/537.36 (KHTML, like Gecko) Chrome/120.0.0.0 Safari/537.36"
40.83.91.76 - - [02/Jul/2026:01:10:04 +0000] "GET /wp-contentt.php HTTP/1.1" 404 3420 "-" "Mozilla/5.0 (Windows NT 10.0; Win64; x64) AppleWebKit/537.36 (KHTML, like Gecko) Chrome/120.0.0.0 Safari/537.36"
40.83.91.76 - - [02/Jul/2026:01:10:04 +0000] "GET /wp-admin.php HTTP/1.1" 404 3420 "-" "Mozilla/5.0 (Windows NT 10.0; Win64; x64) AppleWebKit/537.36 (KHTML, like Gecko) Chrome/120.0.0.0 Safari/537.36"
40.83.91.76 - - [02/Jul/2026:01:10:04 +0000] "GET /config.php7 HTTP/1.1" 404 3420 "-" "Mozilla/5.0 (Windows NT 10.0; Win64; x64) AppleWebKit/537.36 (KHTML, like Gecko) Chrome/120.0.0.0 Safari/537.36"
40.83.91.76 - - [02/Jul/2026:01:10:04 +0000] "GET /alfa.php HTTP/1.1" 404 3420 "-" "Mozilla/5.0 (Windows NT 10.0; Win64; x64) AppleWebKit/537.36 (KHTML, like Gecko) Chrome/120.0.0.0 Safari/537.36"
40.83.91.76 - - [02/Jul/2026:01:10:04 +0000] "GET /config.php HTTP/1.1" 404 3420 "-" "Mozilla/5.0 (Windows NT 10.0; Win64; x64) AppleWebKit/537.36 (KHTML, like Gecko) Chrome/120.0.0.0 Safari/537.36"
40.83.91.76 - - [02/Jul/2026:01:10:04 +0000] "GET /alfanew.php7 HTTP/1.1" 404 3420 "-" "Mozilla/5.0 (Windows NT 10.0; Win64; x64) AppleWebKit/537.36 (KHTML, like Gecko) Chrome/120.0.0.0 Safari/537.36"
40.83.91.76 - - [02/Jul/2026:01:10:04 +0000] "GET /theme.php HTTP/1.1" 404 3420 "-" "Mozilla/5.0 (Windows NT 10.0; Win64; x64) AppleWebKit/537.36 (KHTML, like Gecko) Chrome/120.0.0.0 Safari/537.36"
40.83.91.76 - - [02/Jul/2026:01:10:04 +0000] "GET /locale.php HTTP/1.1" 404 3420 "-" "Mozilla/5.0 (Windows NT 10.0; Win64; x64) AppleWebKit/537.36 (KHTML, like Gecko) Chrome/120.0.0.0 Safari/537.36"
40.83.91.76 - - [02/Jul/2026:01:10:05 +0000] "GET /block-bindings.php HTTP/1.1" 404 3420 "-" "Mozilla/5.0 (Windows NT 10.0; Win64; x64) AppleWebKit/537.36 (KHTML, like Gecko) Chrome/120.0.0.0 Safari/537.36"
40.83.91.76 - - [02/Jul/2026:01:10:05 +0000] "GET /wxo.php HTTP/1.1" 404 3420 "-" "Mozilla/5.0 (Windows NT 10.0; Win64; x64) AppleWebKit/537.36 (KHTML, like Gecko) Chrome/120.0.0.0 Safari/537.36"
207.46.13.127 - - [02/Jul/2026:01:10:04 +0000] "GET /products/163592958/ HTTP/2" 200 25680 "-" "Mozilla/5.0 AppleWebKit/537.36 (KHTML, like Gecko; compatible; bingbot/2.0; +http://www.bing.com/bingbot.htm) Chrome/116.0.1938.76 Safari/537.36"
40.83.91.76 - - [02/Jul/2026:01:10:05 +0000] "GET /class_api.php HTTP/1.1" 404 3420 "-" "Mozilla/5.0 (Windows NT 10.0; Win64; x64) AppleWebKit/537.36 (KHTML, like Gecko) Chrome/120.0.0.0 Safari/537.36"
40.83.91.76 - - [02/Jul/2026:01:10:05 +0000] "GET /colour.php HTTP/1.1" 404 3420 "-" "Mozilla/5.0 (Windows NT 10.0; Win64; x64) AppleWebKit/537.36 (KHTML, like Gecko) Chrome/120.0.0.0 Safari/537.36"
40.83.91.76 - - [02/Jul/2026:01:10:05 +0000] "GET /inputs.php HTTP/1.1" 404 3420 "-" "Mozilla/5.0 (Windows NT 10.0; Win64; x64) AppleWebKit/537.36 (KHTML, like Gecko) Chrome/120.0.0.0 Safari/537.36"
40.83.91.76 - - [02/Jul/2026:01:10:05 +0000] "GET /files.php HTTP/1.1" 404 3420 "-" "Mozilla/5.0 (Windows NT 10.0; Win64; x64) AppleWebKit/537.36 (KHTML, like Gecko) Chrome/120.0.0.0 Safari/537.36"
40.83.91.76 - - [02/Jul/2026:01:10:05 +0000] "GET /install.php HTTP/1.1" 404 3420 "-" "Mozilla/5.0 (Windows NT 10.0; Win64; x64) AppleWebKit/537.36 (KHTML, like Gecko) Chrome/120.0.0.0 Safari/537.36"
40.83.91.76 - - [02/Jul/2026:01:10:06 +0000] "GET /wp-contentt.php HTTP/1.1" 404 3420 "-" "Mozilla/5.0 (Windows NT 10.0; Win64; x64) AppleWebKit/537.36 (KHTML, like Gecko) Chrome/120.0.0.0 Safari/537.36"
40.83.91.76 - - [02/Jul/2026:01:10:06 +0000] "GET /config.php7 HTTP/1.1" 404 3420 "-" "Mozilla/5.0 (Windows NT 10.0; Win64; x64) AppleWebKit/537.36 (KHTML, like Gecko) Chrome/120.0.0.0 Safari/537.36"
40.83.91.76 - - [02/Jul/2026:01:10:06 +0000] "GET /config.php HTTP/1.1" 404 3420 "-" "Mozilla/5.0 (Windows NT 10.0; Win64; x64) AppleWebKit/537.36 (KHTML, like Gecko) Chrome/120.0.0.0 Safari/537.36"
40.83.91.76 - - [02/Jul/2026:01:10:06 +0000] "GET /theme.php HTTP/1.1" 404 3420 "-" "Mozilla/5.0 (Windows NT 10.0; Win64; x64) AppleWebKit/537.36 (KHTML, like Gecko) Chrome/120.0.0.0 Safari/537.36"
40.83.91.76 - - [02/Jul/2026:01:10:06 +0000] "GET /block-bindings.php HTTP/1.1" 404 3420 "-" "Mozilla/5.0 (Windows NT 10.0; Win64; x64) AppleWebKit/537.36 (KHTML, like Gecko) Chrome/120.0.0.0 Safari/537.36"
40.83.91.76 - - [02/Jul/2026:01:10:07 +0000] "GET /class_api.php HTTP/1.1" 404 3420 "-" "Mozilla/5.0 (Windows NT 10.0; Win64; x64) AppleWebKit/537.36 (KHTML, like Gecko) Chrome/120.0.0.0 Safari/537.36"
207.46.13.127 - - [02/Jul/2026:01:10:06 +0000] "GET /products/158987231/ HTTP/2" 200 27184 "-" "Mozilla/5.0 AppleWebKit/537.36 (KHTML, like Gecko; compatible; bingbot/2.0; +http://www.bing.com/bingbot.htm) Chrome/116.0.1938.76 Safari/537.36"
40.83.91.76 - - [02/Jul/2026:01:10:07 +0000] "GET /inputs.php HTTP/1.1" 404 3420 "-" "Mozilla/5.0 (Windows NT 10.0; Win64; x64) AppleWebKit/537.36 (KHTML, like Gecko) Chrome/120.0.0.0 Safari/537.36"
207.46.13.127 - - [02/Jul/2026:01:10:09 +0000] "GET /products/92659531/ HTTP/2" 200 26624 "-" "Mozilla/5.0 AppleWebKit/537.36 (KHTML, like Gecko; compatible; bingbot/2.0; +http://www.bing.com/bingbot.htm) Chrome/116.0.1938.76 Safari/537.36"
207.46.13.127 - - [02/Jul/2026:01:10:12 +0000] "GET /products/306702331/ HTTP/2" 200 25501 "-" "Mozilla/5.0 AppleWebKit/537.36 (KHTML, like Gecko; compatible; bingbot/2.0; +http://www.bing.com/bingbot.htm) Chrome/116.0.1938.76 Safari/537.36"
40.77.167.51 - - [02/Jul/2026:01:10:14 +0000] "GET /?r=list-69410658 HTTP/2" 200 25565 "-" "Mozilla/5.0 AppleWebKit/537.36 (KHTML, like Gecko; compatible; bingbot/2.0; +http://www.bing.com/bingbot.htm) Chrome/116.0.1938.76 Safari/537.36"
66.249.74.32 - - [02/Jul/2026:01:10:15 +0000] "GET /products/53658331/ HTTP/1.1" 200 25603 "-" "Mozilla/5.0 (Linux; Android 6.0.1; Nexus 5X Build/MMB29P) AppleWebKit/537.36 (KHTML, like Gecko) Chrome/149.0.7827.200 Mobile Safari/537.36 (compatible; Googlebot/2.1; +http://www.google.com/bot.html)"
52.167.144.158 - - [02/Jul/2026:01:07:26 +0000] "GET /products/285579931/ HTTP/2" 200 25791 "-" "Mozilla/5.0 AppleWebKit/537.36 (KHTML, like Gecko; compatible; bingbot/2.0; +http://www.bing.com/bingbot.htm) Chrome/116.0.1938.76 Safari/537.36"
157.55.39.59 - - [02/Jul/2026:01:07:28 +0000] "GET /products/96944558/ HTTP/2" 200 26176 "-" "Mozilla/5.0 AppleWebKit/537.36 (KHTML, like Gecko; compatible; bingbot/2.0; +http://www.bing.com/bingbot.htm) Chrome/116.0.1938.76 Safari/537.36"
157.55.39.59 - - [02/Jul/2026:01:07:32 +0000] "GET /products/236531231/ HTTP/2" 200 25930 "-" "Mozilla/5.0 AppleWebKit/537.36 (KHTML, like Gecko; compatible; bingbot/2.0; +http://www.bing.com/bingbot.htm) Chrome/116.0.1938.76 Safari/537.36"
69.63.184.116 - - [02/Jul/2026:01:07:53 +0000] "GET /robots.txt HTTP/2" 206 78 "-" "facebookexternalhit/1.1 (+http://www.facebook.com/externalhit_uatext.php)"
66.249.74.33 - - [02/Jul/2026:01:07:57 +0000] "GET /products/22757731/ HTTP/1.1" 200 25570 "-" "Mozilla/5.0 (Linux; Android 6.0.1; Nexus 5X Build/MMB29P) AppleWebKit/537.36 (KHTML, like Gecko) Chrome/149.0.7827.200 Mobile Safari/537.36 (compatible; Googlebot/2.1; +http://www.google.com/bot.html)"
180.102.110.170 - - [02/Jul/2026:01:08:09 +0000] "GET /product-tag/levi/ HTTP/1.1" 200 41854 "-" "Sogou web spider/4.0(+http://www.sogou.com/docs/help/webmasters.htm#07)"
66.249.74.43 - - [02/Jul/2026:01:08:38 +0000] "GET /products/382528903275 HTTP/1.1" 200 25595 "-" "Mozilla/5.0 (Linux; Android 6.0.1; Nexus 5X Build/MMB29P) AppleWebKit/537.36 (KHTML, like Gecko) Chrome/149.0.7827.200 Mobile Safari/537.36 (compatible; Googlebot/2.1; +http://www.google.com/bot.html)"
121.229.156.107 - - [02/Jul/2026:01:09:28 +0000] "GET /product-tag/softline-bra/ HTTP/1.1" 200 41815 "-" "Sogou web spider/4.0(+http://www.sogou.com/docs/help/webmasters.htm#07)"
223.109.252.242 - - [02/Jul/2026:01:09:29 +0000] "GET /product/macho-men-underwear/ HTTP/1.1" 200 47289 "-" "Sogou web spider/4.0(+http://www.sogou.com/docs/help/webmasters.htm#07)"
52.167.144.158 - - [02/Jul/2026:01:09:38 +0000] "GET /products/220801231/ HTTP/2" 200 26225 "-" "Mozilla/5.0 AppleWebKit/537.36 (KHTML, like Gecko; compatible; bingbot/2.0; +http://www.bing.com/bingbot.htm) Chrome/116.0.1938.76 Safari/537.36"
157.55.39.193 - - [02/Jul/2026:01:09:43 +0000] "GET /products/245404831/ HTTP/2" 200 26156 "-" "Mozilla/5.0 AppleWebKit/537.36 (KHTML, like Gecko; compatible; bingbot/2.0; +http://www.bing.com/bingbot.htm) Chrome/116.0.1938.76 Safari/537.36"
52.167.144.158 - - [02/Jul/2026:01:09:49 +0000] "GET /products/288749231/ HTTP/2" 200 25583 "-" "Mozilla/5.0 AppleWebKit/537.36 (KHTML, like Gecko; compatible; bingbot/2.0; +http://www.bing.com/bingbot.htm) Chrome/116.0.1938.76 Safari/537.36"
52.167.144.158 - - [02/Jul/2026:01:09:52 +0000] "GET /products/150202358/ HTTP/2" 200 27163 "-" "Mozilla/5.0 AppleWebKit/537.36 (KHTML, like Gecko; compatible; bingbot/2.0; +http://www.bing.com/bingbot.htm) Chrome/116.0.1938.76 Safari/537.36"
112.86.225.67 - - [02/Jul/2026:01:10:29 +0000] "GET /product/softline-butterfly-non-wired-wireless-bra/ HTTP/1.1" 200 48351 "-" "Sogou web spider/4.0(+http://www.sogou.com/docs/help/webmasters.htm#07)"
207.46.13.127 - - [02/Jul/2026:01:10:35 +0000] "GET /products/380953831/ HTTP/2" 200 25682 "-" "Mozilla/5.0 AppleWebKit/537.36 (KHTML, like Gecko; compatible; bingbot/2.0; +http://www.bing.com/bingbot.htm) Chrome/116.0.1938.76 Safari/537.36"
207.46.13.127 - - [02/Jul/2026:01:10:38 +0000] "GET /products/21580358/ HTTP/2" 200 26643 "-" "Mozilla/5.0 AppleWebKit/537.36 (KHTML, like Gecko; compatible; bingbot/2.0; +http://www.bing.com/bingbot.htm) Chrome/116.0.1938.76 Safari/537.36"
207.46.13.127 - - [02/Jul/2026:01:10:42 +0000] "GET /products/498710331/ HTTP/2" 200 25817 "-" "Mozilla/5.0 AppleWebKit/537.36 (KHTML, like Gecko; compatible; bingbot/2.0; +http://www.bing.com/bingbot.htm) Chrome/116.0.1938.76 Safari/537.36"
207.46.13.127 - - [02/Jul/2026:01:10:44 +0000] "GET /products/369618431/ HTTP/2" 200 25210 "-" "Mozilla/5.0 AppleWebKit/537.36 (KHTML, like Gecko; compatible; bingbot/2.0; +http://www.bing.com/bingbot.htm) Chrome/116.0.1938.76 Safari/537.36"
207.46.13.127 - - [02/Jul/2026:01:10:47 +0000] "GET /products/386289831/ HTTP/2" 200 25546 "-" "Mozilla/5.0 AppleWebKit/537.36 (KHTML, like Gecko; compatible; bingbot/2.0; +http://www.bing.com/bingbot.htm) Chrome/116.0.1938.76 Safari/537.36"
52.167.144.161 - - [02/Jul/2026:01:10:50 +0000] "GET /products/216131631/ HTTP/2" 200 26358 "-" "Mozilla/5.0 AppleWebKit/537.36 (KHTML, like Gecko; compatible; bingbot/2.0; +http://www.bing.com/bingbot.htm) Chrome/116.0.1938.76 Safari/537.36"
52.167.144.161 - - [02/Jul/2026:01:10:53 +0000] "GET /products/348535731/ HTTP/2" 200 25704 "-" "Mozilla/5.0 AppleWebKit/537.36 (KHTML, like Gecko; compatible; bingbot/2.0; +http://www.bing.com/bingbot.htm) Chrome/116.0.1938.76 Safari/537.36"
52.167.144.161 - - [02/Jul/2026:01:10:56 +0000] "GET /products/199586358/ HTTP/2" 200 26531 "-" "Mozilla/5.0 AppleWebKit/537.36 (KHTML, like Gecko; compatible; bingbot/2.0; +http://www.bing.com/bingbot.htm) Chrome/116.0.1938.76 Safari/537.36"
52.167.144.161 - - [02/Jul/2026:01:10:59 +0000] "GET /products/183902031/ HTTP/2" 200 25480 "-" "Mozilla/5.0 AppleWebKit/537.36 (KHTML, like Gecko; compatible; bingbot/2.0; +http://www.bing.com/bingbot.htm) Chrome/116.0.1938.76 Safari/537.36"
52.167.144.161 - - [02/Jul/2026:01:11:02 +0000] "GET /products/239647958/ HTTP/2" 200 25945 "-" "Mozilla/5.0 AppleWebKit/537.36 (KHTML, like Gecko; compatible; bingbot/2.0; +http://www.bing.com/bingbot.htm) Chrome/116.0.1938.76 Safari/537.36"
52.167.144.161 - - [02/Jul/2026:01:11:05 +0000] "GET /products/264099731/ HTTP/2" 200 26026 "-" "Mozilla/5.0 AppleWebKit/537.36 (KHTML, like Gecko; compatible; bingbot/2.0; +http://www.bing.com/bingbot.htm) Chrome/116.0.1938.76 Safari/537.36"
52.167.144.161 - - [02/Jul/2026:01:11:08 +0000] "GET /products/444490731/ HTTP/2" 200 26190 "-" "Mozilla/5.0 AppleWebKit/537.36 (KHTML, like Gecko; compatible; bingbot/2.0; +http://www.bing.com/bingbot.htm) Chrome/116.0.1938.76 Safari/537.36"
52.167.144.161 - - [02/Jul/2026:01:11:11 +0000] "GET /products/349934231/ HTTP/2" 200 28039 "-" "Mozilla/5.0 AppleWebKit/537.36 (KHTML, like Gecko; compatible; bingbot/2.0; +http://www.bing.com/bingbot.htm) Chrome/116.0.1938.76 Safari/537.36"
52.167.144.158 - - [02/Jul/2026:01:11:14 +0000] "GET /products/234383631/ HTTP/2" 200 25666 "-" "Mozilla/5.0 AppleWebKit/537.36 (KHTML, like Gecko; compatible; bingbot/2.0; +http://www.bing.com/bingbot.htm) Chrome/116.0.1938.76 Safari/537.36"
66.249.74.32 - - [02/Jul/2026:01:11:27 +0000] "GET /products/20712431/ HTTP/1.1" 200 25631 "-" "Mozilla/5.0 (Linux; Android 6.0.1; Nexus 5X Build/MMB29P) AppleWebKit/537.36 (KHTML, like Gecko) Chrome/149.0.7827.200 Mobile Safari/537.36 (compatible; Googlebot/2.1; +http://www.google.com/bot.html)"
20.153.140.50 - - [02/Jul/2026:01:12:53 +0000] "GET /wp-login.php HTTP/2" 200 1976 "-" "Mozilla/5.0 (X11; Fedora; Linux x86_64) AppleWebKit/537.36 (KHTML, like Gecko) Chrome/133.0.0.0 Safari/537.36"
20.153.140.50 - - [02/Jul/2026:01:12:54 +0000] "POST /wp-login.php HTTP/2" 200 2151 "https://rearbear.com/wp-login.php" "Mozilla/5.0 (X11; Fedora; Linux x86_64) AppleWebKit/537.36 (KHTML, like Gecko) Chrome/133.0.0.0 Safari/537.36"
66.249.74.32 - - [02/Jul/2026:01:13:35 +0000] "GET /products/64016253/ HTTP/1.1" 200 26355 "-" "Mozilla/5.0 (Linux; Android 6.0.1; Nexus 5X Build/MMB29P) AppleWebKit/537.36 (KHTML, like Gecko) Chrome/149.0.7827.200 Mobile Safari/537.36 (compatible; Googlebot/2.1; +http://www.google.com/bot.html)"
57.141.0.38 - - [02/Jul/2026:01:13:48 +0000] "GET /products/013051174005 HTTP/2" 404 155047 "-" "meta-externalagent/1.1 (+https://developers.facebook.com/docs/sharing/webmasters/crawler)"
207.46.13.127 - - [02/Jul/2026:01:10:15 +0000] "GET /products/503548131/ HTTP/2" 200 25961 "-" "Mozilla/5.0 AppleWebKit/537.36 (KHTML, like Gecko; compatible; bingbot/2.0; +http://www.bing.com/bingbot.htm) Chrome/116.0.1938.76 Safari/537.36"
207.46.13.127 - - [02/Jul/2026:01:10:19 +0000] "GET /products/137707731/ HTTP/2" 200 25622 "-" "Mozilla/5.0 AppleWebKit/537.36 (KHTML, like Gecko; compatible; bingbot/2.0; +http://www.bing.com/bingbot.htm) Chrome/116.0.1938.76 Safari/537.36"
207.46.13.127 - - [02/Jul/2026:01:10:22 +0000] "GET /products/156002131/ HTTP/2" 200 26664 "-" "Mozilla/5.0 AppleWebKit/537.36 (KHTML, like Gecko; compatible; bingbot/2.0; +http://www.bing.com/bingbot.htm) Chrome/116.0.1938.76 Safari/537.36"
52.167.144.158 - - [02/Jul/2026:01:10:25 +0000] "GET /pages.php?products/2248831/ HTTP/2" 200 26214 "-" "Mozilla/5.0 AppleWebKit/537.36 (KHTML, like Gecko; compatible; bingbot/2.0; +http://www.bing.com/bingbot.htm) Chrome/116.0.1938.76 Safari/537.36"
52.167.144.158 - - [02/Jul/2026:01:10:29 +0000] "GET /products/143149458/ HTTP/2" 200 25710 "-" "Mozilla/5.0 AppleWebKit/537.36 (KHTML, like Gecko; compatible; bingbot/2.0; +http://www.bing.com/bingbot.htm) Chrome/116.0.1938.76 Safari/537.36"
66.249.74.32 - - [02/Jul/2026:01:11:36 +0000] "GET /products/313973065276 HTTP/1.1" 200 26365 "-" "Mozilla/5.0 (Linux; Android 6.0.1; Nexus 5X Build/MMB29P) AppleWebKit/537.36 (KHTML, like Gecko) Chrome/149.0.7827.200 Mobile Safari/537.36 (compatible; Googlebot/2.1; +http://www.google.com/bot.html)"
66.249.74.43 - - [02/Jul/2026:01:11:52 +0000] "GET /products/194184680043 HTTP/1.1" 200 26053 "-" "Mozilla/5.0 (Linux; Android 6.0.1; Nexus 5X Build/MMB29P) AppleWebKit/537.36 (KHTML, like Gecko) Chrome/149.0.7827.200 Mobile Safari/537.36 (compatible; Googlebot/2.1; +http://www.google.com/bot.html)"
209.145.49.99 - - [02/Jul/2026:01:12:27 +0000] "GET /wp-login.php HTTP/2" 200 1976 "-" "Mozilla/5.0 (Windows NT 10.0; Win64; x64) AppleWebKit/537.36 (KHTML, like Gecko) Chrome/133.0.0.0 Safari/537.36"
66.249.74.32 - - [02/Jul/2026:01:12:29 +0000] "GET /products/116795431/ HTTP/1.1" 200 25380 "-" "Mozilla/5.0 (Linux; Android 6.0.1; Nexus 5X Build/MMB29P) AppleWebKit/537.36 (KHTML, like Gecko) Chrome/149.0.7827.200 Mobile Safari/537.36 (compatible; Googlebot/2.1; +http://www.google.com/bot.html)"
209.145.49.99 - - [02/Jul/2026:01:12:31 +0000] "POST /wp-login.php HTTP/2" 200 2155 "https://rearbear.com/wp-login.php" "Mozilla/5.0 (Windows NT 10.0; Win64; x64) AppleWebKit/537.36 (KHTML, like Gecko) Chrome/133.0.0.0 Safari/537.36"
52.167.144.161 - - [02/Jul/2026:01:13:35 +0000] "GET /products/277472931/ HTTP/2" 200 26682 "-" "Mozilla/5.0 AppleWebKit/537.36 (KHTML, like Gecko; compatible; bingbot/2.0; +http://www.bing.com/bingbot.htm) Chrome/116.0.1938.76 Safari/537.36"
52.167.144.161 - - [02/Jul/2026:01:13:38 +0000] "GET /products/124266931/ HTTP/2" 200 27013 "-" "Mozilla/5.0 AppleWebKit/537.36 (KHTML, like Gecko; compatible; bingbot/2.0; +http://www.bing.com/bingbot.htm) Chrome/116.0.1938.76 Safari/537.36"
52.167.144.161 - - [02/Jul/2026:01:13:40 +0000] "GET /products/223349058/ HTTP/2" 200 25827 "-" "Mozilla/5.0 AppleWebKit/537.36 (KHTML, like Gecko; compatible; bingbot/2.0; +http://www.bing.com/bingbot.htm) Chrome/116.0.1938.76 Safari/537.36"
52.167.144.161 - - [02/Jul/2026:01:13:43 +0000] "GET /pages.php?products/2604142/ HTTP/2" 200 25630 "-" "Mozilla/5.0 AppleWebKit/537.36 (KHTML, like Gecko; compatible; bingbot/2.0; +http://www.bing.com/bingbot.htm) Chrome/116.0.1938.76 Safari/537.36"
52.167.144.161 - - [02/Jul/2026:01:13:46 +0000] "GET /products/389013531/ HTTP/2" 200 26033 "-" "Mozilla/5.0 AppleWebKit/537.36 (KHTML, like Gecko; compatible; bingbot/2.0; +http://www.bing.com/bingbot.htm) Chrome/116.0.1938.76 Safari/537.36"
52.167.144.161 - - [02/Jul/2026:01:13:55 +0000] "GET /products/503525231/ HTTP/2" 200 26316 "-" "Mozilla/5.0 AppleWebKit/537.36 (KHTML, like Gecko; compatible; bingbot/2.0; +http://www.bing.com/bingbot.htm) Chrome/116.0.1938.76 Safari/537.36"
52.167.144.158 - - [02/Jul/2026:01:13:49 +0000] "GET /pages.php?products/3575631/ HTTP/2" 200 26181 "-" "Mozilla/5.0 AppleWebKit/537.36 (KHTML, like Gecko; compatible; bingbot/2.0; +http://www.bing.com/bingbot.htm) Chrome/116.0.1938.76 Safari/537.36"
52.167.144.158 - - [02/Jul/2026:01:13:52 +0000] "GET /products/262763331/ HTTP/2" 200 26542 "-" "Mozilla/5.0 AppleWebKit/537.36 (KHTML, like Gecko; compatible; bingbot/2.0; +http://www.bing.com/bingbot.htm) Chrome/116.0.1938.76 Safari/537.36"
52.167.144.161 - - [02/Jul/2026:01:14:05 +0000] "GET /products/188297431/ HTTP/2" 200 25510 "-" "Mozilla/5.0 AppleWebKit/537.36 (KHTML, like Gecko; compatible; bingbot/2.0; +http://www.bing.com/bingbot.htm) Chrome/116.0.1938.76 Safari/537.36"
52.167.144.158 - - [02/Jul/2026:01:14:07 +0000] "GET /products/283623431/ HTTP/2" 200 25601 "-" "Mozilla/5.0 AppleWebKit/537.36 (KHTML, like Gecko; compatible; bingbot/2.0; +http://www.bing.com/bingbot.htm) Chrome/116.0.1938.76 Safari/537.36"
52.167.144.158 - - [02/Jul/2026:01:14:10 +0000] "GET /products/152223331/ HTTP/2" 200 26465 "-" "Mozilla/5.0 AppleWebKit/537.36 (KHTML, like Gecko; compatible; bingbot/2.0; +http://www.bing.com/bingbot.htm) Chrome/116.0.1938.76 Safari/537.36"
52.167.144.158 - - [02/Jul/2026:01:14:13 +0000] "GET /products/240836731/ HTTP/2" 200 26004 "-" "Mozilla/5.0 AppleWebKit/537.36 (KHTML, like Gecko; compatible; bingbot/2.0; +http://www.bing.com/bingbot.htm) Chrome/116.0.1938.76 Safari/537.36"
52.167.144.158 - - [02/Jul/2026:01:14:16 +0000] "GET /products/255991058/ HTTP/2" 200 26735 "-" "Mozilla/5.0 AppleWebKit/537.36 (KHTML, like Gecko; compatible; bingbot/2.0; +http://www.bing.com/bingbot.htm) Chrome/116.0.1938.76 Safari/537.36"
52.167.144.158 - - [02/Jul/2026:01:14:19 +0000] "GET /products/476760531/ HTTP/2" 200 26741 "-" "Mozilla/5.0 AppleWebKit/537.36 (KHTML, like Gecko; compatible; bingbot/2.0; +http://www.bing.com/bingbot.htm) Chrome/116.0.1938.76 Safari/537.36"
52.167.144.158 - - [02/Jul/2026:01:14:22 +0000] "GET /products/334164931/ HTTP/2" 200 26341 "-" "Mozilla/5.0 AppleWebKit/537.36 (KHTML, like Gecko; compatible; bingbot/2.0; +http://www.bing.com/bingbot.htm) Chrome/116.0.1938.76 Safari/537.36"
52.167.144.158 - - [02/Jul/2026:01:14:25 +0000] "GET /products/72178731/ HTTP/2" 200 26279 "-" "Mozilla/5.0 AppleWebKit/537.36 (KHTML, like Gecko; compatible; bingbot/2.0; +http://www.bing.com/bingbot.htm) Chrome/116.0.1938.76 Safari/537.36"
52.167.144.158 - - [02/Jul/2026:01:14:28 +0000] "GET /products/281068131/ HTTP/2" 200 25439 "-" "Mozilla/5.0 AppleWebKit/537.36 (KHTML, like Gecko; compatible; bingbot/2.0; +http://www.bing.com/bingbot.htm) Chrome/116.0.1938.76 Safari/537.36"
52.167.144.158 - - [02/Jul/2026:01:14:31 +0000] "GET /products/382790331/ HTTP/2" 200 25965 "-" "Mozilla/5.0 AppleWebKit/537.36 (KHTML, like Gecko; compatible; bingbot/2.0; +http://www.bing.com/bingbot.htm) Chrome/116.0.1938.76 Safari/537.36"
66.249.73.14 - - [02/Jul/2026:01:14:31 +0000] "GET /products/132837169547 HTTP/1.1" 200 25851 "-" "Mozilla/5.0 (Linux; Android 6.0.1; Nexus 5X Build/MMB29P) AppleWebKit/537.36 (KHTML, like Gecko) Chrome/149.0.7827.200 Mobile Safari/537.36 (compatible; Googlebot/2.1; +http://www.google.com/bot.html)"
52.167.144.161 - - [02/Jul/2026:01:14:34 +0000] "GET /products/494631131/ HTTP/2" 200 26473 "-" "Mozilla/5.0 AppleWebKit/537.36 (KHTML, like Gecko; compatible; bingbot/2.0; +http://www.bing.com/bingbot.htm) Chrome/116.0.1938.76 Safari/537.36"
52.167.144.161 - - [02/Jul/2026:01:14:37 +0000] "GET /products/496440731/ HTTP/2" 200 25648 "-" "Mozilla/5.0 AppleWebKit/537.36 (KHTML, like Gecko; compatible; bingbot/2.0; +http://www.bing.com/bingbot.htm) Chrome/116.0.1938.76 Safari/537.36"
66.249.74.43 - - [02/Jul/2026:01:14:40 +0000] "GET /products/28152331/ HTTP/1.1" 200 26540 "-" "Mozilla/5.0 (Linux; Android 6.0.1; Nexus 5X Build/MMB29P) AppleWebKit/537.36 (KHTML, like Gecko) Chrome/149.0.7827.200 Mobile Safari/537.36 (compatible; Googlebot/2.1; +http://www.google.com/bot.html)"
207.46.13.127 - - [02/Jul/2026:01:14:40 +0000] "GET /pages.php?products/2806420/ HTTP/2" 200 25874 "-" "Mozilla/5.0 AppleWebKit/537.36 (KHTML, like Gecko; compatible; bingbot/2.0; +http://www.bing.com/bingbot.htm) Chrome/116.0.1938.76 Safari/537.36"
207.46.13.127 - - [02/Jul/2026:01:14:45 +0000] "GET /pages.php?ctg/search/similarImageSearchResultView/?ctgItemCd=66756746 HTTP/2" 200 25951 "-" "Mozilla/5.0 AppleWebKit/537.36 (KHTML, like Gecko; compatible; bingbot/2.0; +http://www.bing.com/bingbot.htm) Chrome/116.0.1938.76 Safari/537.36"
207.46.13.127 - - [02/Jul/2026:01:14:46 +0000] "GET /pages.php?ctg/search/similarImageSearchResultView/?ctgItemCd=25616561 HTTP/2" 200 26533 "-" "Mozilla/5.0 AppleWebKit/537.36 (KHTML, like Gecko; compatible; bingbot/2.0; +http://www.bing.com/bingbot.htm) Chrome/116.0.1938.76 Safari/537.36"
207.46.13.127 - - [02/Jul/2026:01:14:49 +0000] "GET /products/281509931/ HTTP/2" 200 26426 "-" "Mozilla/5.0 AppleWebKit/537.36 (KHTML, like Gecko; compatible; bingbot/2.0; +http://www.bing.com/bingbot.htm) Chrome/116.0.1938.76 Safari/537.36"
207.46.13.127 - - [02/Jul/2026:01:14:52 +0000] "GET /products/138204931/ HTTP/2" 200 26355 "-" "Mozilla/5.0 AppleWebKit/537.36 (KHTML, like Gecko; compatible; bingbot/2.0; +http://www.bing.com/bingbot.htm) Chrome/116.0.1938.76 Safari/537.36"
207.46.13.127 - - [02/Jul/2026:01:14:55 +0000] "GET /pages.php?products/6110608/ HTTP/2" 200 27772 "-" "Mozilla/5.0 AppleWebKit/537.36 (KHTML, like Gecko; compatible; bingbot/2.0; +http://www.bing.com/bingbot.htm) Chrome/116.0.1938.76 Safari/537.36"
207.46.13.127 - - [02/Jul/2026:01:14:58 +0000] "GET /pages.php?products/709653/ HTTP/2" 200 26685 "-" "Mozilla/5.0 AppleWebKit/537.36 (KHTML, like Gecko; compatible; bingbot/2.0; +http://www.bing.com/bingbot.htm) Chrome/116.0.1938.76 Safari/537.36"
207.46.13.127 - - [02/Jul/2026:01:15:02 +0000] "GET /products/456383431/ HTTP/2" 200 26414 "-" "Mozilla/5.0 AppleWebKit/537.36 (KHTML, like Gecko; compatible; bingbot/2.0; +http://www.bing.com/bingbot.htm) Chrome/116.0.1938.76 Safari/537.36"
207.46.13.127 - - [02/Jul/2026:01:15:04 +0000] "GET /products/354850331/ HTTP/2" 200 27199 "-" "Mozilla/5.0 AppleWebKit/537.36 (KHTML, like Gecko; compatible; bingbot/2.0; +http://www.bing.com/bingbot.htm) Chrome/116.0.1938.76 Safari/537.36"
207.46.13.127 - - [02/Jul/2026:01:15:07 +0000] "GET /products/484173131/ HTTP/2" 200 26186 "-" "Mozilla/5.0 AppleWebKit/537.36 (KHTML, like Gecko; compatible; bingbot/2.0; +http://www.bing.com/bingbot.htm) Chrome/116.0.1938.76 Safari/537.36"
57.141.0.26 - - [02/Jul/2026:01:15:18 +0000] "GET /products/011105420727 HTTP/2" 404 155047 "-" "meta-externalagent/1.1 (+https://developers.facebook.com/docs/sharing/webmasters/crawler)"
57.141.0.28 - - [02/Jul/2026:01:15:19 +0000] "GET /products/013535304070 HTTP/2" 404 155047 "-" "meta-externalagent/1.1 (+https://developers.facebook.com/docs/sharing/webmasters/crawler)"
52.167.144.161 - - [02/Jul/2026:01:15:34 +0000] "GET /products/355053331/ HTTP/2" 200 25978 "-" "Mozilla/5.0 AppleWebKit/537.36 (KHTML, like Gecko; compatible; bingbot/2.0; +http://www.bing.com/bingbot.htm) Chrome/116.0.1938.76 Safari/537.36"
52.167.144.161 - - [02/Jul/2026:01:15:37 +0000] "GET /products/463378931/ HTTP/2" 200 25515 "-" "Mozilla/5.0 AppleWebKit/537.36 (KHTML, like Gecko; compatible; bingbot/2.0; +http://www.bing.com/bingbot.htm) Chrome/116.0.1938.76 Safari/537.36"
52.167.144.161 - - [02/Jul/2026:01:15:40 +0000] "GET /pages.php?products/2474353/ HTTP/2" 200 26445 "-" "Mozilla/5.0 AppleWebKit/537.36 (KHTML, like Gecko; compatible; bingbot/2.0; +http://www.bing.com/bingbot.htm) Chrome/116.0.1938.76 Safari/537.36"
52.167.144.161 - - [02/Jul/2026:01:15:43 +0000] "GET /products/438228731/ HTTP/2" 200 26544 "-" "Mozilla/5.0 AppleWebKit/537.36 (KHTML, like Gecko; compatible; bingbot/2.0; +http://www.bing.com/bingbot.htm) Chrome/116.0.1938.76 Safari/537.36"
52.167.144.161 - - [02/Jul/2026:01:13:58 +0000] "GET /products/86427631/ HTTP/2" 200 26239 "-" "Mozilla/5.0 AppleWebKit/537.36 (KHTML, like Gecko; compatible; bingbot/2.0; +http://www.bing.com/bingbot.htm) Chrome/116.0.1938.76 Safari/537.36"
52.167.144.161 - - [02/Jul/2026:01:14:01 +0000] "GET /products/86120331/ HTTP/2" 200 26805 "-" "Mozilla/5.0 AppleWebKit/537.36 (KHTML, like Gecko; compatible; bingbot/2.0; +http://www.bing.com/bingbot.htm) Chrome/116.0.1938.76 Safari/537.36"
207.46.13.127 - - [02/Jul/2026:01:15:10 +0000] "GET /products/195874331/ HTTP/2" 200 25594 "-" "Mozilla/5.0 AppleWebKit/537.36 (KHTML, like Gecko; compatible; bingbot/2.0; +http://www.bing.com/bingbot.htm) Chrome/116.0.1938.76 Safari/537.36"
207.46.13.127 - - [02/Jul/2026:01:15:14 +0000] "GET /products/165740131/ HTTP/2" 200 25994 "-" "Mozilla/5.0 AppleWebKit/537.36 (KHTML, like Gecko; compatible; bingbot/2.0; +http://www.bing.com/bingbot.htm) Chrome/116.0.1938.76 Safari/537.36"
207.46.13.127 - - [02/Jul/2026:01:15:17 +0000] "GET /products/344988531/ HTTP/2" 200 26081 "-" "Mozilla/5.0 AppleWebKit/537.36 (KHTML, like Gecko; compatible; bingbot/2.0; +http://www.bing.com/bingbot.htm) Chrome/116.0.1938.76 Safari/537.36"
207.46.13.127 - - [02/Jul/2026:01:15:19 +0000] "GET /products/210986131/ HTTP/2" 200 25506 "-" "Mozilla/5.0 AppleWebKit/537.36 (KHTML, like Gecko; compatible; bingbot/2.0; +http://www.bing.com/bingbot.htm) Chrome/116.0.1938.76 Safari/537.36"
52.167.144.158 - - [02/Jul/2026:01:15:21 +0000] "GET /pages.php?products/20371797/ HTTP/2" 200 26482 "-" "Mozilla/5.0 AppleWebKit/537.36 (KHTML, like Gecko; compatible; bingbot/2.0; +http://www.bing.com/bingbot.htm) Chrome/116.0.1938.76 Safari/537.36"
207.46.13.127 - - [02/Jul/2026:01:15:22 +0000] "GET /products/31192858/ HTTP/2" 200 25394 "-" "Mozilla/5.0 AppleWebKit/537.36 (KHTML, like Gecko; compatible; bingbot/2.0; +http://www.bing.com/bingbot.htm) Chrome/116.0.1938.76 Safari/537.36"
