52.167.144.212 - - [01/Jul/2026:17:43:40 +0000] "GET /products/99947131/ HTTP/2" 200 26165 "-" "Mozilla/5.0 AppleWebKit/537.36 (KHTML, like Gecko; compatible; bingbot/2.0; +http://www.bing.com/bingbot.htm) Chrome/116.0.1938.76 Safari/537.36"
52.167.144.212 - - [01/Jul/2026:17:43:43 +0000] "GET /products/164597731/ HTTP/2" 200 25703 "-" "Mozilla/5.0 AppleWebKit/537.36 (KHTML, like Gecko; compatible; bingbot/2.0; +http://www.bing.com/bingbot.htm) Chrome/116.0.1938.76 Safari/537.36"
157.55.39.53 - - [01/Jul/2026:17:43:46 +0000] "GET /products/26422131/ HTTP/2" 200 25530 "-" "Mozilla/5.0 AppleWebKit/537.36 (KHTML, like Gecko; compatible; bingbot/2.0; +http://www.bing.com/bingbot.htm) Chrome/116.0.1938.76 Safari/537.36"
157.55.39.53 - - [01/Jul/2026:17:43:50 +0000] "GET /products/246152931/ HTTP/2" 200 25767 "-" "Mozilla/5.0 AppleWebKit/537.36 (KHTML, like Gecko; compatible; bingbot/2.0; +http://www.bing.com/bingbot.htm) Chrome/116.0.1938.76 Safari/537.36"
157.55.39.53 - - [01/Jul/2026:17:43:52 +0000] "GET /products/410631531/ HTTP/2" 200 26361 "-" "Mozilla/5.0 AppleWebKit/537.36 (KHTML, like Gecko; compatible; bingbot/2.0; +http://www.bing.com/bingbot.htm) Chrome/116.0.1938.76 Safari/537.36"
157.55.39.53 - - [01/Jul/2026:17:43:55 +0000] "GET /pages.php?ctg/search/similarImageSearchResultView/?ctgItemCd=10527500 HTTP/2" 200 26254 "-" "Mozilla/5.0 AppleWebKit/537.36 (KHTML, like Gecko; compatible; bingbot/2.0; +http://www.bing.com/bingbot.htm) Chrome/116.0.1938.76 Safari/537.36"
157.55.39.53 - - [01/Jul/2026:17:43:58 +0000] "GET /pages.php?ctg/search/similarImageSearchResultView/?ctgItemCd=71548252 HTTP/2" 200 26097 "-" "Mozilla/5.0 AppleWebKit/537.36 (KHTML, like Gecko; compatible; bingbot/2.0; +http://www.bing.com/bingbot.htm) Chrome/116.0.1938.76 Safari/537.36"
157.55.39.53 - - [01/Jul/2026:17:44:01 +0000] "GET /products/38989931/ HTTP/2" 200 25510 "-" "Mozilla/5.0 AppleWebKit/537.36 (KHTML, like Gecko; compatible; bingbot/2.0; +http://www.bing.com/bingbot.htm) Chrome/116.0.1938.76 Safari/537.36"
40.77.167.73 - - [01/Jul/2026:17:44:03 +0000] "GET /products/37257053/ HTTP/2" 200 25400 "-" "Mozilla/5.0 AppleWebKit/537.36 (KHTML, like Gecko; compatible; bingbot/2.0; +http://www.bing.com/bingbot.htm) Chrome/116.0.1938.76 Safari/537.36"
40.77.167.73 - - [01/Jul/2026:17:44:07 +0000] "GET /products/113581331/ HTTP/2" 200 25996 "-" "Mozilla/5.0 AppleWebKit/537.36 (KHTML, like Gecko; compatible; bingbot/2.0; +http://www.bing.com/bingbot.htm) Chrome/116.0.1938.76 Safari/537.36"
40.77.167.73 - - [01/Jul/2026:17:44:09 +0000] "GET /products/187087631/ HTTP/2" 200 27026 "-" "Mozilla/5.0 AppleWebKit/537.36 (KHTML, like Gecko; compatible; bingbot/2.0; +http://www.bing.com/bingbot.htm) Chrome/116.0.1938.76 Safari/537.36"
52.167.144.212 - - [01/Jul/2026:17:44:20 +0000] "GET /products/12258158/ HTTP/2" 200 25927 "-" "Mozilla/5.0 AppleWebKit/537.36 (KHTML, like Gecko; compatible; bingbot/2.0; +http://www.bing.com/bingbot.htm) Chrome/116.0.1938.76 Safari/537.36"
52.167.144.212 - - [01/Jul/2026:17:44:22 +0000] "GET /products/460423431/ HTTP/2" 200 25969 "-" "Mozilla/5.0 AppleWebKit/537.36 (KHTML, like Gecko; compatible; bingbot/2.0; +http://www.bing.com/bingbot.htm) Chrome/116.0.1938.76 Safari/537.36"
52.167.144.212 - - [01/Jul/2026:17:44:26 +0000] "GET /products/92431731/ HTTP/2" 200 25898 "-" "Mozilla/5.0 AppleWebKit/537.36 (KHTML, like Gecko; compatible; bingbot/2.0; +http://www.bing.com/bingbot.htm) Chrome/116.0.1938.76 Safari/537.36"
52.167.144.212 - - [01/Jul/2026:17:44:28 +0000] "GET /products/476642231/ HTTP/2" 200 27780 "-" "Mozilla/5.0 AppleWebKit/537.36 (KHTML, like Gecko; compatible; bingbot/2.0; +http://www.bing.com/bingbot.htm) Chrome/116.0.1938.76 Safari/537.36"
52.167.144.212 - - [01/Jul/2026:17:44:31 +0000] "GET /products/114923858/ HTTP/2" 200 25924 "-" "Mozilla/5.0 AppleWebKit/537.36 (KHTML, like Gecko; compatible; bingbot/2.0; +http://www.bing.com/bingbot.htm) Chrome/116.0.1938.76 Safari/537.36"
66.249.74.43 - - [01/Jul/2026:17:44:33 +0000] "GET /products/21004353/ HTTP/1.1" 200 25127 "-" "Mozilla/5.0 (Linux; Android 6.0.1; Nexus 5X Build/MMB29P) AppleWebKit/537.36 (KHTML, like Gecko) Chrome/149.0.7827.200 Mobile Safari/537.36 (compatible; Googlebot/2.1; +http://www.google.com/bot.html)"
57.141.0.34 - - [01/Jul/2026:17:42:29 +0000] "GET /products/01483654967 HTTP/2" 404 155047 "-" "meta-externalagent/1.1 (+https://developers.facebook.com/docs/sharing/webmasters/crawler)"
57.141.0.54 - - [01/Jul/2026:17:42:43 +0000] "GET /products/011349897932 HTTP/2" 404 155047 "-" "meta-externalagent/1.1 (+https://developers.facebook.com/docs/sharing/webmasters/crawler)"
57.141.0.23 - - [01/Jul/2026:17:44:18 +0000] "GET /products/012392723892 HTTP/2" 404 155047 "-" "meta-externalagent/1.1 (+https://developers.facebook.com/docs/sharing/webmasters/crawler)"
67.207.94.191 - - [01/Jul/2026:17:44:24 +0000] "GET /wp-login.php HTTP/2" 200 1975 "-" "Mozilla/5.0 (X11; Linux x86_64) AppleWebKit/537.36 (KHTML, like Gecko) Chrome/133.0.0.0 Safari/537.36"
57.141.0.61 - - [01/Jul/2026:17:44:24 +0000] "GET /products/013625521268 HTTP/2" 404 155047 "-" "meta-externalagent/1.1 (+https://developers.facebook.com/docs/sharing/webmasters/crawler)"
67.207.94.191 - - [01/Jul/2026:17:44:25 +0000] "POST /wp-login.php HTTP/2" 200 2151 "https://rearbear.com/wp-login.php" "Mozilla/5.0 (X11; Linux x86_64) AppleWebKit/537.36 (KHTML, like Gecko) Chrome/133.0.0.0 Safari/537.36"
52.167.144.212 - - [01/Jul/2026:17:44:50 +0000] "GET /products/99716658/ HTTP/2" 200 26247 "-" "Mozilla/5.0 AppleWebKit/537.36 (KHTML, like Gecko; compatible; bingbot/2.0; +http://www.bing.com/bingbot.htm) Chrome/116.0.1938.76 Safari/537.36"
52.167.144.212 - - [01/Jul/2026:17:44:52 +0000] "GET /products/473286331/ HTTP/2" 200 25402 "-" "Mozilla/5.0 AppleWebKit/537.36 (KHTML, like Gecko; compatible; bingbot/2.0; +http://www.bing.com/bingbot.htm) Chrome/116.0.1938.76 Safari/537.36"
52.167.144.212 - - [01/Jul/2026:17:44:59 +0000] "GET /products/476127931/ HTTP/2" 200 25665 "-" "Mozilla/5.0 AppleWebKit/537.36 (KHTML, like Gecko; compatible; bingbot/2.0; +http://www.bing.com/bingbot.htm) Chrome/116.0.1938.76 Safari/537.36"
57.141.0.45 - - [01/Jul/2026:17:45:24 +0000] "GET /products/0137784952 HTTP/2" 404 155047 "-" "meta-externalagent/1.1 (+https://developers.facebook.com/docs/sharing/webmasters/crawler)"
57.141.0.10 - - [01/Jul/2026:17:45:52 +0000] "GET /products/01501614987 HTTP/2" 404 155047 "-" "meta-externalagent/1.1 (+https://developers.facebook.com/docs/sharing/webmasters/crawler)"
57.141.0.8 - - [01/Jul/2026:17:46:07 +0000] "GET /products/013442333429 HTTP/2" 404 155047 "-" "meta-externalagent/1.1 (+https://developers.facebook.com/docs/sharing/webmasters/crawler)"
146.19.125.66 - - [01/Jul/2026:17:46:19 +0000] "GET /my-account-2/ HTTP/1.0" 200 176437 "https://rearbear.com/my-account-2/" "Mozilla/5.0 (Windows NT 10.0; Win64; x64) AppleWebKit/537.36 (KHTML, like Gecko) Chrome/131.0.0.0 Safari/537.36"
57.141.0.45 - - [01/Jul/2026:17:46:39 +0000] "GET /products/013016514590 HTTP/2" 404 155047 "-" "meta-externalagent/1.1 (+https://developers.facebook.com/docs/sharing/webmasters/crawler)"
103.57.220.144 - - [01/Jul/2026:17:47:05 +0000] "GET /wp-login.php HTTP/2" 200 1975 "-" "Mozilla/5.0 (Macintosh; Intel Mac OS X 10_15_7) AppleWebKit/537.36 (KHTML, like Gecko) Chrome/133.0.0.0 Safari/537.36"
103.57.220.144 - - [01/Jul/2026:17:47:06 +0000] "POST /wp-login.php HTTP/2" 200 2154 "https://rearbear.com/wp-login.php" "Mozilla/5.0 (Macintosh; Intel Mac OS X 10_15_7) AppleWebKit/537.36 (KHTML, like Gecko) Chrome/133.0.0.0 Safari/537.36"
57.141.0.43 - - [01/Jul/2026:17:47:19 +0000] "GET /products/013097094158 HTTP/2" 404 155047 "-" "meta-externalagent/1.1 (+https://developers.facebook.com/docs/sharing/webmasters/crawler)"
45.187.26.162 - - [01/Jul/2026:17:47:55 +0000] "GET /?r=list-92445458 HTTP/2" 301 0 "https://www.rearbear.com" "Mozilla/5.0 (Macintosh; Intel Mac OS X 10_15_7) AppleWebKit/537.36 (KHTML, like Gecko) Chrome/144.0.0.0 Safari/537.36"
57.141.0.14 - - [01/Jul/2026:17:47:55 +0000] "GET /products/01161104156 HTTP/2" 404 155047 "-" "meta-externalagent/1.1 (+https://developers.facebook.com/docs/sharing/webmasters/crawler)"
66.249.74.43 - - [01/Jul/2026:17:44:33 +0000] "GET /products/382726360161 HTTP/1.1" 200 26387 "-" "Mozilla/5.0 (Linux; Android 6.0.1; Nexus 5X Build/MMB29P) AppleWebKit/537.36 (KHTML, like Gecko) Chrome/149.0.7827.200 Mobile Safari/537.36 (compatible; Googlebot/2.1; +http://www.google.com/bot.html)"
52.167.144.212 - - [01/Jul/2026:17:44:34 +0000] "GET /products/173676631/ HTTP/2" 200 26020 "-" "Mozilla/5.0 AppleWebKit/537.36 (KHTML, like Gecko; compatible; bingbot/2.0; +http://www.bing.com/bingbot.htm) Chrome/116.0.1938.76 Safari/537.36"
52.167.144.212 - - [01/Jul/2026:17:44:37 +0000] "GET /products/167444431/ HTTP/2" 200 26237 "-" "Mozilla/5.0 AppleWebKit/537.36 (KHTML, like Gecko; compatible; bingbot/2.0; +http://www.bing.com/bingbot.htm) Chrome/116.0.1938.76 Safari/537.36"
52.167.144.212 - - [01/Jul/2026:17:44:40 +0000] "GET /products/320065731/ HTTP/2" 200 25974 "-" "Mozilla/5.0 AppleWebKit/537.36 (KHTML, like Gecko; compatible; bingbot/2.0; +http://www.bing.com/bingbot.htm) Chrome/116.0.1938.76 Safari/537.36"
52.167.144.212 - - [01/Jul/2026:17:44:43 +0000] "GET /products/244892631/ HTTP/2" 200 28256 "-" "Mozilla/5.0 AppleWebKit/537.36 (KHTML, like Gecko; compatible; bingbot/2.0; +http://www.bing.com/bingbot.htm) Chrome/116.0.1938.76 Safari/537.36"
52.167.144.212 - - [01/Jul/2026:17:44:46 +0000] "GET /products/402026931/ HTTP/2" 200 25556 "-" "Mozilla/5.0 AppleWebKit/537.36 (KHTML, like Gecko; compatible; bingbot/2.0; +http://www.bing.com/bingbot.htm) Chrome/116.0.1938.76 Safari/537.36"
66.249.74.43 - - [01/Jul/2026:17:44:59 +0000] "GET /products/310785631/ HTTP/1.1" 200 26153 "-" "Mozilla/5.0 (Linux; Android 6.0.1; Nexus 5X Build/MMB29P) AppleWebKit/537.36 (KHTML, like Gecko) Chrome/149.0.7827.200 Mobile Safari/537.36 (compatible; Googlebot/2.1; +http://www.google.com/bot.html)"
157.55.39.53 - - [01/Jul/2026:17:45:07 +0000] "GET /products/186542731/ HTTP/2" 200 26382 "-" "Mozilla/5.0 AppleWebKit/537.36 (KHTML, like Gecko; compatible; bingbot/2.0; +http://www.bing.com/bingbot.htm) Chrome/116.0.1938.76 Safari/537.36"
157.55.39.53 - - [01/Jul/2026:17:45:09 +0000] "GET /products/205891431/ HTTP/2" 200 26013 "-" "Mozilla/5.0 AppleWebKit/537.36 (KHTML, like Gecko; compatible; bingbot/2.0; +http://www.bing.com/bingbot.htm) Chrome/116.0.1938.76 Safari/537.36"
157.55.39.53 - - [01/Jul/2026:17:45:11 +0000] "GET /products/37764731/ HTTP/2" 200 25536 "-" "Mozilla/5.0 AppleWebKit/537.36 (KHTML, like Gecko; compatible; bingbot/2.0; +http://www.bing.com/bingbot.htm) Chrome/116.0.1938.76 Safari/537.36"
157.55.39.53 - - [01/Jul/2026:17:45:14 +0000] "GET /products/268346558/ HTTP/2" 200 26390 "-" "Mozilla/5.0 AppleWebKit/537.36 (KHTML, like Gecko; compatible; bingbot/2.0; +http://www.bing.com/bingbot.htm) Chrome/116.0.1938.76 Safari/537.36"
157.55.39.53 - - [01/Jul/2026:17:45:18 +0000] "GET /products/63459753/ HTTP/2" 200 26207 "-" "Mozilla/5.0 AppleWebKit/537.36 (KHTML, like Gecko; compatible; bingbot/2.0; +http://www.bing.com/bingbot.htm) Chrome/116.0.1938.76 Safari/537.36"
57.141.0.9 - - [01/Jul/2026:17:45:17 +0000] "GET /products/011270530463 HTTP/2" 404 155047 "-" "meta-externalagent/1.1 (+https://developers.facebook.com/docs/sharing/webmasters/crawler)"
157.55.39.53 - - [01/Jul/2026:17:45:21 +0000] "GET /products/475859131/ HTTP/2" 200 25799 "-" "Mozilla/5.0 AppleWebKit/537.36 (KHTML, like Gecko; compatible; bingbot/2.0; +http://www.bing.com/bingbot.htm) Chrome/116.0.1938.76 Safari/537.36"
157.55.39.53 - - [01/Jul/2026:17:45:24 +0000] "GET /products/74000858/ HTTP/2" 200 25970 "-" "Mozilla/5.0 AppleWebKit/537.36 (KHTML, like Gecko; compatible; bingbot/2.0; +http://www.bing.com/bingbot.htm) Chrome/116.0.1938.76 Safari/537.36"
57.141.0.40 - - [01/Jul/2026:17:46:52 +0000] "GET /products/012903419355 HTTP/2" 404 155047 "-" "meta-externalagent/1.1 (+https://developers.facebook.com/docs/sharing/webmasters/crawler)"
57.141.0.69 - - [01/Jul/2026:17:47:40 +0000] "GET /products/01319267108 HTTP/2" 404 155047 "-" "meta-externalagent/1.1 (+https://developers.facebook.com/docs/sharing/webmasters/crawler)"
57.141.0.49 - - [01/Jul/2026:17:48:25 +0000] "GET /products/011024520561 HTTP/2" 404 155047 "-" "meta-externalagent/1.1 (+https://developers.facebook.com/docs/sharing/webmasters/crawler)"
204.157.176.235 - - [01/Jul/2026:17:48:26 +0000] "GET /?r=list-92445458 HTTP/2" 301 0 "https://www.rearbear.com" "Mozilla/5.0 (Macintosh; Intel Mac OS X 10_15_7) AppleWebKit/537.36 (KHTML, like Gecko) Chrome/144.0.0.0 Safari/537.36"
57.141.0.10 - - [01/Jul/2026:17:48:47 +0000] "GET /products/013339138835 HTTP/2" 404 155047 "-" "meta-externalagent/1.1 (+https://developers.facebook.com/docs/sharing/webmasters/crawler)"
207.46.13.127 - - [01/Jul/2026:17:48:50 +0000] "GET /products/64191958/ HTTP/2" 200 25937 "-" "Mozilla/5.0 AppleWebKit/537.36 (KHTML, like Gecko; compatible; bingbot/2.0; +http://www.bing.com/bingbot.htm) Chrome/116.0.1938.76 Safari/537.36"
57.141.0.27 - - [01/Jul/2026:17:49:10 +0000] "GET /products/011465384968 HTTP/2" 404 155047 "-" "meta-externalagent/1.1 (+https://developers.facebook.com/docs/sharing/webmasters/crawler)"
66.249.74.33 - - [01/Jul/2026:17:49:35 +0000] "GET /products/376790931/ HTTP/1.1" 200 25757 "-" "Mozilla/5.0 (Linux; Android 6.0.1; Nexus 5X Build/MMB29P) AppleWebKit/537.36 (KHTML, like Gecko) Chrome/149.0.7827.200 Mobile Safari/537.36 (compatible; Googlebot/2.1; +http://www.google.com/bot.html)"
57.141.0.69 - - [01/Jul/2026:17:51:43 +0000] "GET /products/014192542084 HTTP/2" 404 155047 "-" "meta-externalagent/1.1 (+https://developers.facebook.com/docs/sharing/webmasters/crawler)"
57.141.0.1 - - [01/Jul/2026:17:52:33 +0000] "GET /products/013834298492 HTTP/2" 404 155047 "-" "meta-externalagent/1.1 (+https://developers.facebook.com/docs/sharing/webmasters/crawler)"
57.141.0.65 - - [01/Jul/2026:17:52:41 +0000] "GET /products/011895352282 HTTP/2" 404 155047 "-" "meta-externalagent/1.1 (+https://developers.facebook.com/docs/sharing/webmasters/crawler)"
57.141.0.69 - - [01/Jul/2026:17:53:22 +0000] "GET /products/014285673718 HTTP/2" 404 155047 "-" "meta-externalagent/1.1 (+https://developers.facebook.com/docs/sharing/webmasters/crawler)"
103.138.26.195 - - [01/Jul/2026:17:53:47 +0000] "GET /?r=list-83992158 HTTP/2" 301 0 "https://www.rearbear.com" "Mozilla/5.0 (Windows NT 10.0; Win64; x64) AppleWebKit/537.36 (KHTML, like Gecko) Chrome/143.0.0.0 Safari/537.36"
27.123.255.175 - - [01/Jul/2026:17:53:50 +0000] "GET /?r=list-83992158 HTTP/2" 200 41575 "https://www.rearbear.com/?r=list-83992158" "Mozilla/5.0 (Windows NT 10.0; Win64; x64) AppleWebKit/537.36 (KHTML, like Gecko) Chrome/143.0.0.0 Safari/537.36"
38.25.52.53 - - [01/Jul/2026:17:54:45 +0000] "GET /?r=list-129883258 HTTP/2" 301 0 "https://www.rearbear.com" "Mozilla/5.0 (Windows NT 10.0; Win64; x64) AppleWebKit/537.36 (KHTML, like Gecko) Chrome/144.0.0.0 Safari/537.36"
110.78.154.199 - - [01/Jul/2026:17:55:02 +0000] "GET /?r=list-129883258 HTTP/2" 301 0 "https://www.rearbear.com" "Mozilla/5.0 (Windows NT 10.0; Win64; x64) AppleWebKit/537.36 (KHTML, like Gecko) Chrome/144.0.0.0 Safari/537.36"
57.141.0.38 - - [01/Jul/2026:17:55:04 +0000] "GET /products/014123843398 HTTP/2" 404 155047 "-" "meta-externalagent/1.1 (+https://developers.facebook.com/docs/sharing/webmasters/crawler)"
40.77.167.235 - - [01/Jul/2026:17:55:12 +0000] "GET /products/164567131/ HTTP/2" 200 25208 "-" "Mozilla/5.0 AppleWebKit/537.36 (KHTML, like Gecko; compatible; bingbot/2.0; +http://www.bing.com/bingbot.htm) Chrome/116.0.1938.76 Safari/537.36"
40.77.167.235 - - [01/Jul/2026:17:55:14 +0000] "GET /products/402332531/ HTTP/2" 200 25484 "-" "Mozilla/5.0 AppleWebKit/537.36 (KHTML, like Gecko; compatible; bingbot/2.0; +http://www.bing.com/bingbot.htm) Chrome/116.0.1938.76 Safari/537.36"
142.116.76.193 - - [01/Jul/2026:17:55:14 +0000] "GET /?r=list-129883258 HTTP/2" 301 0 "https://www.rearbear.com" "Mozilla/5.0 (Windows NT 10.0; Win64; x64) AppleWebKit/537.36 (KHTML, like Gecko) Chrome/144.0.0.0 Safari/537.36"
207.46.13.87 - - [01/Jul/2026:17:55:17 +0000] "GET /products/412338631/ HTTP/2" 200 25235 "-" "Mozilla/5.0 AppleWebKit/537.36 (KHTML, like Gecko; compatible; bingbot/2.0; +http://www.bing.com/bingbot.htm) Chrome/116.0.1938.76 Safari/537.36"
207.46.13.127 - - [01/Jul/2026:17:55:18 +0000] "GET /products/130706731/ HTTP/2" 200 26122 "-" "Mozilla/5.0 AppleWebKit/537.36 (KHTML, like Gecko; compatible; bingbot/2.0; +http://www.bing.com/bingbot.htm) Chrome/116.0.1938.76 Safari/537.36"
207.46.13.127 - - [01/Jul/2026:17:55:21 +0000] "GET /products/452712331/ HTTP/2" 200 26718 "-" "Mozilla/5.0 AppleWebKit/537.36 (KHTML, like Gecko; compatible; bingbot/2.0; +http://www.bing.com/bingbot.htm) Chrome/116.0.1938.76 Safari/537.36"
207.46.13.127 - - [01/Jul/2026:17:55:23 +0000] "GET /products/245632631/ HTTP/2" 200 25777 "-" "Mozilla/5.0 AppleWebKit/537.36 (KHTML, like Gecko; compatible; bingbot/2.0; +http://www.bing.com/bingbot.htm) Chrome/116.0.1938.76 Safari/537.36"
207.46.13.127 - - [01/Jul/2026:17:55:26 +0000] "GET /products/437730331/ HTTP/2" 200 25510 "-" "Mozilla/5.0 AppleWebKit/537.36 (KHTML, like Gecko; compatible; bingbot/2.0; +http://www.bing.com/bingbot.htm) Chrome/116.0.1938.76 Safari/537.36"
207.46.13.127 - - [01/Jul/2026:17:55:30 +0000] "GET /products/376144731/ HTTP/2" 200 25377 "-" "Mozilla/5.0 AppleWebKit/537.36 (KHTML, like Gecko; compatible; bingbot/2.0; +http://www.bing.com/bingbot.htm) Chrome/116.0.1938.76 Safari/537.36"
57.141.0.50 - - [01/Jul/2026:17:55:50 +0000] "GET /products/01966703985 HTTP/2" 404 155047 "-" "meta-externalagent/1.1 (+https://developers.facebook.com/docs/sharing/webmasters/crawler)"
207.46.13.127 - - [01/Jul/2026:17:55:53 +0000] "GET /products/183870831/ HTTP/2" 200 25772 "-" "Mozilla/5.0 AppleWebKit/537.36 (KHTML, like Gecko; compatible; bingbot/2.0; +http://www.bing.com/bingbot.htm) Chrome/116.0.1938.76 Safari/537.36"
207.46.13.127 - - [01/Jul/2026:17:55:56 +0000] "GET /products/354310231/ HTTP/2" 200 25866 "-" "Mozilla/5.0 AppleWebKit/537.36 (KHTML, like Gecko; compatible; bingbot/2.0; +http://www.bing.com/bingbot.htm) Chrome/116.0.1938.76 Safari/537.36"
207.46.13.127 - - [01/Jul/2026:17:55:58 +0000] "GET /products/92287431/ HTTP/2" 200 26815 "-" "Mozilla/5.0 AppleWebKit/537.36 (KHTML, like Gecko; compatible; bingbot/2.0; +http://www.bing.com/bingbot.htm) Chrome/116.0.1938.76 Safari/537.36"
207.46.13.127 - - [01/Jul/2026:17:56:02 +0000] "GET /products/272201331/ HTTP/2" 200 25425 "-" "Mozilla/5.0 AppleWebKit/537.36 (KHTML, like Gecko; compatible; bingbot/2.0; +http://www.bing.com/bingbot.htm) Chrome/116.0.1938.76 Safari/537.36"
207.46.13.127 - - [01/Jul/2026:17:56:05 +0000] "GET /products/209859531/ HTTP/2" 200 25658 "-" "Mozilla/5.0 AppleWebKit/537.36 (KHTML, like Gecko; compatible; bingbot/2.0; +http://www.bing.com/bingbot.htm) Chrome/116.0.1938.76 Safari/537.36"
52.167.144.183 - - [01/Jul/2026:17:56:07 +0000] "GET /products/47174653/ HTTP/2" 200 25473 "-" "Mozilla/5.0 AppleWebKit/537.36 (KHTML, like Gecko; compatible; bingbot/2.0; +http://www.bing.com/bingbot.htm) Chrome/116.0.1938.76 Safari/537.36"
52.167.144.183 - - [01/Jul/2026:17:56:10 +0000] "GET /products/126298231/ HTTP/2" 200 26328 "-" "Mozilla/5.0 AppleWebKit/537.36 (KHTML, like Gecko; compatible; bingbot/2.0; +http://www.bing.com/bingbot.htm) Chrome/116.0.1938.76 Safari/537.36"
57.141.0.59 - - [01/Jul/2026:17:56:11 +0000] "GET /products/01946513141 HTTP/2" 404 155047 "-" "meta-externalagent/1.1 (+https://developers.facebook.com/docs/sharing/webmasters/crawler)"
52.167.144.183 - - [01/Jul/2026:17:56:13 +0000] "GET /products/335153231/ HTTP/2" 200 25863 "-" "Mozilla/5.0 AppleWebKit/537.36 (KHTML, like Gecko; compatible; bingbot/2.0; +http://www.bing.com/bingbot.htm) Chrome/116.0.1938.76 Safari/537.36"
52.167.144.183 - - [01/Jul/2026:17:56:16 +0000] "GET /products/57370258/ HTTP/2" 200 26010 "-" "Mozilla/5.0 AppleWebKit/537.36 (KHTML, like Gecko; compatible; bingbot/2.0; +http://www.bing.com/bingbot.htm) Chrome/116.0.1938.76 Safari/537.36"
37.239.124.133 - - [01/Jul/2026:17:48:09 +0000] "GET /?r=list-92445458 HTTP/2" 301 0 "https://www.rearbear.com" "Mozilla/5.0 (Macintosh; Intel Mac OS X 10_15_7) AppleWebKit/537.36 (KHTML, like Gecko) Chrome/144.0.0.0 Safari/537.36"
66.249.74.43 - - [01/Jul/2026:17:48:41 +0000] "GET /products/85375031/ HTTP/1.1" 200 27175 "-" "Mozilla/5.0 (Linux; Android 6.0.1; Nexus 5X Build/MMB29P) AppleWebKit/537.36 (KHTML, like Gecko) Chrome/149.0.7827.200 Mobile Safari/537.36 (compatible; Googlebot/2.1; +http://www.google.com/bot.html)"
57.141.0.18 - - [01/Jul/2026:17:49:16 +0000] "GET /products/012535889770 HTTP/2" 404 155047 "-" "meta-externalagent/1.1 (+https://developers.facebook.com/docs/sharing/webmasters/crawler)"
49.51.233.95 - - [01/Jul/2026:17:51:32 +0000] "GET / HTTP/1.1" 200 49739 "http://www.rearbear.com" "Mozilla/5.0 (iPhone; CPU iPhone OS 13_2_3 like Mac OS X) AppleWebKit/605.1.15 (KHTML, like Gecko) Version/13.0.3 Mobile/15E148 Safari/604.1"
57.141.0.13 - - [01/Jul/2026:17:53:45 +0000] "GET /products/013464507028 HTTP/2" 404 155047 "-" "meta-externalagent/1.1 (+https://developers.facebook.com/docs/sharing/webmasters/crawler)"
57.141.0.65 - - [01/Jul/2026:17:53:54 +0000] "GET /product/dixcy-scott-mens-brief-underwear/ HTTP/2" 200 275454 "-" "meta-webindexer/1.1 (+https://developers.facebook.com/docs/sharing/webmasters/crawler)"
57.141.0.55 - - [01/Jul/2026:17:54:00 +0000] "GET /products/013442563202 HTTP/2" 404 155047 "-" "meta-externalagent/1.1 (+https://developers.facebook.com/docs/sharing/webmasters/crawler)"
66.249.74.32 - - [01/Jul/2026:17:54:10 +0000] "GET /products/378832931/ HTTP/1.1" 200 25735 "-" "Mozilla/5.0 (Linux; Android 6.0.1; Nexus 5X Build/MMB29P) AppleWebKit/537.36 (KHTML, like Gecko) Chrome/149.0.7827.200 Mobile Safari/537.36 (compatible; Googlebot/2.1; +http://www.google.com/bot.html)"
66.249.74.32 - - [01/Jul/2026:17:55:06 +0000] "GET /products/221062651511 HTTP/1.1" 200 27439 "-" "Mozilla/5.0 (Linux; Android 6.0.1; Nexus 5X Build/MMB29P) AppleWebKit/537.36 (KHTML, like Gecko) Chrome/149.0.7827.200 Mobile Safari/537.36 (compatible; Googlebot/2.1; +http://www.google.com/bot.html)"
40.77.167.151 - - [01/Jul/2026:17:55:08 +0000] "GET /products/473620831/ HTTP/2" 200 25875 "-" "Mozilla/5.0 AppleWebKit/537.36 (KHTML, like Gecko; compatible; bingbot/2.0; +http://www.bing.com/bingbot.htm) Chrome/116.0.1938.76 Safari/537.36"
40.77.167.235 - - [01/Jul/2026:17:55:34 +0000] "GET /products/447493731/ HTTP/2" 200 26227 "-" "Mozilla/5.0 AppleWebKit/537.36 (KHTML, like Gecko; compatible; bingbot/2.0; +http://www.bing.com/bingbot.htm) Chrome/116.0.1938.76 Safari/537.36"
40.77.167.235 - - [01/Jul/2026:17:55:37 +0000] "GET /products/133307658/ HTTP/2" 200 25491 "-" "Mozilla/5.0 AppleWebKit/537.36 (KHTML, like Gecko; compatible; bingbot/2.0; +http://www.bing.com/bingbot.htm) Chrome/116.0.1938.76 Safari/537.36"
40.77.167.235 - - [01/Jul/2026:17:55:41 +0000] "GET /products/52600158/ HTTP/2" 200 26446 "-" "Mozilla/5.0 AppleWebKit/537.36 (KHTML, like Gecko; compatible; bingbot/2.0; +http://www.bing.com/bingbot.htm) Chrome/116.0.1938.76 Safari/537.36"
40.77.167.235 - - [01/Jul/2026:17:55:43 +0000] "GET /products/277046831/ HTTP/2" 200 26079 "-" "Mozilla/5.0 AppleWebKit/537.36 (KHTML, like Gecko; compatible; bingbot/2.0; +http://www.bing.com/bingbot.htm) Chrome/116.0.1938.76 Safari/537.36"
40.77.167.235 - - [01/Jul/2026:17:55:46 +0000] "GET /products/306099831/ HTTP/2" 200 25579 "-" "Mozilla/5.0 AppleWebKit/537.36 (KHTML, like Gecko; compatible; bingbot/2.0; +http://www.bing.com/bingbot.htm) Chrome/116.0.1938.76 Safari/537.36"
40.77.167.235 - - [01/Jul/2026:17:55:49 +0000] "GET /products/495235031/ HTTP/2" 200 25656 "-" "Mozilla/5.0 AppleWebKit/537.36 (KHTML, like Gecko; compatible; bingbot/2.0; +http://www.bing.com/bingbot.htm) Chrome/116.0.1938.76 Safari/537.36"
216.73.217.139 - - [01/Jul/2026:17:56:18 +0000] "GET /shade/dark-assorted HTTP/2" 301 0 "-" "Mozilla/5.0 AppleWebKit/537.36 (KHTML, like Gecko; compatible; ClaudeBot/1.0; +claudebot@anthropic.com)"
216.73.217.139 - - [01/Jul/2026:17:56:19 +0000] "GET /shade/dark-assorted/ HTTP/2" 200 35960 "https://rearbear.com/shade/dark-assorted" "Mozilla/5.0 AppleWebKit/537.36 (KHTML, like Gecko; compatible; ClaudeBot/1.0; +claudebot@anthropic.com)"
216.73.217.139 - - [01/Jul/2026:17:57:02 +0000] "GET /product/ss12-jockey-womens-cotton-soft-cup-bra HTTP/2" 301 0 "-" "Mozilla/5.0 AppleWebKit/537.36 (KHTML, like Gecko; compatible; ClaudeBot/1.0; +claudebot@anthropic.com)"
216.73.217.139 - - [01/Jul/2026:17:57:03 +0000] "GET /product/ss12-jockey-womens-cotton-soft-cup-bra/ HTTP/2" 200 42710 "https://rearbear.com/product/ss12-jockey-womens-cotton-soft-cup-bra" "Mozilla/5.0 AppleWebKit/537.36 (KHTML, like Gecko; compatible; ClaudeBot/1.0; +claudebot@anthropic.com)"
40.77.167.156 - - [01/Jul/2026:17:58:23 +0000] "GET /products/14307531/ HTTP/2" 200 25502 "-" "Mozilla/5.0 AppleWebKit/537.36 (KHTML, like Gecko; compatible; bingbot/2.0; +http://www.bing.com/bingbot.htm) Chrome/116.0.1938.76 Safari/537.36"
40.77.167.156 - - [01/Jul/2026:17:58:26 +0000] "GET /products/359230631/ HTTP/2" 200 26164 "-" "Mozilla/5.0 AppleWebKit/537.36 (KHTML, like Gecko; compatible; bingbot/2.0; +http://www.bing.com/bingbot.htm) Chrome/116.0.1938.76 Safari/537.36"
40.77.167.54 - - [01/Jul/2026:17:58:30 +0000] "GET /pages.php?products/698608/ HTTP/2" 200 25505 "-" "Mozilla/5.0 AppleWebKit/537.36 (KHTML, like Gecko; compatible; bingbot/2.0; +http://www.bing.com/bingbot.htm) Chrome/116.0.1938.76 Safari/537.36"
40.77.167.54 - - [01/Jul/2026:17:58:33 +0000] "GET /products/471074831/ HTTP/2" 200 27175 "-" "Mozilla/5.0 AppleWebKit/537.36 (KHTML, like Gecko; compatible; bingbot/2.0; +http://www.bing.com/bingbot.htm) Chrome/116.0.1938.76 Safari/537.36"
40.77.167.54 - - [01/Jul/2026:17:58:36 +0000] "GET /products/103163558/ HTTP/2" 200 27188 "-" "Mozilla/5.0 AppleWebKit/537.36 (KHTML, like Gecko; compatible; bingbot/2.0; +http://www.bing.com/bingbot.htm) Chrome/116.0.1938.76 Safari/537.36"
40.77.167.156 - - [01/Jul/2026:17:58:39 +0000] "GET /products/110003258/ HTTP/2" 200 25866 "-" "Mozilla/5.0 AppleWebKit/537.36 (KHTML, like Gecko; compatible; bingbot/2.0; +http://www.bing.com/bingbot.htm) Chrome/116.0.1938.76 Safari/537.36"
40.77.167.156 - - [01/Jul/2026:17:58:42 +0000] "GET /products/57656853/ HTTP/2" 200 25575 "-" "Mozilla/5.0 AppleWebKit/537.36 (KHTML, like Gecko; compatible; bingbot/2.0; +http://www.bing.com/bingbot.htm) Chrome/116.0.1938.76 Safari/537.36"
57.141.0.39 - - [01/Jul/2026:17:58:41 +0000] "GET /products/013745826881 HTTP/2" 404 155047 "-" "meta-externalagent/1.1 (+https://developers.facebook.com/docs/sharing/webmasters/crawler)"
40.77.167.156 - - [01/Jul/2026:17:58:45 +0000] "GET /products/391481631/ HTTP/2" 200 25996 "-" "Mozilla/5.0 AppleWebKit/537.36 (KHTML, like Gecko; compatible; bingbot/2.0; +http://www.bing.com/bingbot.htm) Chrome/116.0.1938.76 Safari/537.36"
40.77.167.156 - - [01/Jul/2026:17:58:48 +0000] "GET /products/171955131/ HTTP/2" 200 25654 "-" "Mozilla/5.0 AppleWebKit/537.36 (KHTML, like Gecko; compatible; bingbot/2.0; +http://www.bing.com/bingbot.htm) Chrome/116.0.1938.76 Safari/537.36"
40.77.167.156 - - [01/Jul/2026:17:58:51 +0000] "GET /products/215268431/ HTTP/2" 200 26076 "-" "Mozilla/5.0 AppleWebKit/537.36 (KHTML, like Gecko; compatible; bingbot/2.0; +http://www.bing.com/bingbot.htm) Chrome/116.0.1938.76 Safari/537.36"
157.55.39.59 - - [01/Jul/2026:17:59:03 +0000] "GET /products/415811531/ HTTP/2" 200 25741 "-" "Mozilla/5.0 AppleWebKit/537.36 (KHTML, like Gecko; compatible; bingbot/2.0; +http://www.bing.com/bingbot.htm) Chrome/116.0.1938.76 Safari/537.36"
57.141.0.46 - - [01/Jul/2026:17:59:05 +0000] "GET /products/0190404387 HTTP/2" 404 155047 "-" "meta-externalagent/1.1 (+https://developers.facebook.com/docs/sharing/webmasters/crawler)"
157.55.39.59 - - [01/Jul/2026:17:59:07 +0000] "GET /products/429664231/ HTTP/2" 200 26089 "-" "Mozilla/5.0 AppleWebKit/537.36 (KHTML, like Gecko; compatible; bingbot/2.0; +http://www.bing.com/bingbot.htm) Chrome/116.0.1938.76 Safari/537.36"
52.167.144.183 - - [01/Jul/2026:17:56:19 +0000] "GET /products/98200031/ HTTP/2" 200 26430 "-" "Mozilla/5.0 AppleWebKit/537.36 (KHTML, like Gecko; compatible; bingbot/2.0; +http://www.bing.com/bingbot.htm) Chrome/116.0.1938.76 Safari/537.36"
52.167.144.183 - - [01/Jul/2026:17:56:22 +0000] "GET /products/204743131/ HTTP/2" 200 25448 "-" "Mozilla/5.0 AppleWebKit/537.36 (KHTML, like Gecko; compatible; bingbot/2.0; +http://www.bing.com/bingbot.htm) Chrome/116.0.1938.76 Safari/537.36"
52.167.144.183 - - [01/Jul/2026:17:56:25 +0000] "GET /products/405374831/ HTTP/2" 200 26287 "-" "Mozilla/5.0 AppleWebKit/537.36 (KHTML, like Gecko; compatible; bingbot/2.0; +http://www.bing.com/bingbot.htm) Chrome/116.0.1938.76 Safari/537.36"
40.77.167.235 - - [01/Jul/2026:17:56:28 +0000] "GET /products/293136631/ HTTP/2" 200 26649 "-" "Mozilla/5.0 AppleWebKit/537.36 (KHTML, like Gecko; compatible; bingbot/2.0; +http://www.bing.com/bingbot.htm) Chrome/116.0.1938.76 Safari/537.36"
40.77.167.235 - - [01/Jul/2026:17:56:31 +0000] "GET /products/55299231/ HTTP/2" 200 27300 "-" "Mozilla/5.0 AppleWebKit/537.36 (KHTML, like Gecko; compatible; bingbot/2.0; +http://www.bing.com/bingbot.htm) Chrome/116.0.1938.76 Safari/537.36"
40.77.167.235 - - [01/Jul/2026:17:56:34 +0000] "GET /products/266387331/ HTTP/2" 200 25510 "-" "Mozilla/5.0 AppleWebKit/537.36 (KHTML, like Gecko; compatible; bingbot/2.0; +http://www.bing.com/bingbot.htm) Chrome/116.0.1938.76 Safari/537.36"
57.141.0.23 - - [01/Jul/2026:17:56:34 +0000] "GET /products/01791627390 HTTP/2" 404 155047 "-" "meta-externalagent/1.1 (+https://developers.facebook.com/docs/sharing/webmasters/crawler)"
192.241.126.166 - - [01/Jul/2026:17:57:06 +0000] "GET /wp-login.php HTTP/2" 200 1975 "-" "Mozilla/5.0 (X11; Fedora; Linux x86_64) AppleWebKit/537.36 (KHTML, like Gecko) Chrome/133.0.0.0 Safari/537.36"
192.241.126.166 - - [01/Jul/2026:17:57:07 +0000] "POST /wp-login.php HTTP/2" 200 2151 "https://rearbear.com/wp-login.php" "Mozilla/5.0 (X11; Fedora; Linux x86_64) AppleWebKit/537.36 (KHTML, like Gecko) Chrome/133.0.0.0 Safari/537.36"
57.141.0.25 - - [01/Jul/2026:17:58:46 +0000] "GET /products/012382381840 HTTP/2" 404 155047 "-" "meta-externalagent/1.1 (+https://developers.facebook.com/docs/sharing/webmasters/crawler)"
40.77.167.54 - - [01/Jul/2026:17:58:54 +0000] "GET /products/153777931/ HTTP/2" 200 26063 "-" "Mozilla/5.0 AppleWebKit/537.36 (KHTML, like Gecko; compatible; bingbot/2.0; +http://www.bing.com/bingbot.htm) Chrome/116.0.1938.76 Safari/537.36"
40.77.167.54 - - [01/Jul/2026:17:58:57 +0000] "GET /products/477004731/ HTTP/2" 200 26270 "-" "Mozilla/5.0 AppleWebKit/537.36 (KHTML, like Gecko; compatible; bingbot/2.0; +http://www.bing.com/bingbot.htm) Chrome/116.0.1938.76 Safari/537.36"
40.77.167.54 - - [01/Jul/2026:17:59:00 +0000] "GET /products/157490531/ HTTP/2" 200 25726 "-" "Mozilla/5.0 AppleWebKit/537.36 (KHTML, like Gecko; compatible; bingbot/2.0; +http://www.bing.com/bingbot.htm) Chrome/116.0.1938.76 Safari/537.36"
40.77.167.54 - - [01/Jul/2026:17:59:28 +0000] "GET /products/396410831/ HTTP/2" 200 25867 "-" "Mozilla/5.0 AppleWebKit/537.36 (KHTML, like Gecko; compatible; bingbot/2.0; +http://www.bing.com/bingbot.htm) Chrome/116.0.1938.76 Safari/537.36"
57.141.0.49 - - [01/Jul/2026:17:59:33 +0000] "GET /products/012012281190 HTTP/2" 404 155047 "-" "meta-externalagent/1.1 (+https://developers.facebook.com/docs/sharing/webmasters/crawler)"
162.0.226.2 - - [01/Jul/2026:17:59:45 +0000] "GET /wp-login.php HTTP/2" 200 1975 "-" "Mozilla/5.0 (X11; Ubuntu; Linux x86_64) AppleWebKit/537.36 (KHTML, like Gecko) Chrome/133.0.0.0 Safari/537.36"
157.55.39.59 - - [01/Jul/2026:17:59:46 +0000] "GET /products/225901831/ HTTP/2" 200 26875 "-" "Mozilla/5.0 AppleWebKit/537.36 (KHTML, like Gecko; compatible; bingbot/2.0; +http://www.bing.com/bingbot.htm) Chrome/116.0.1938.76 Safari/537.36"
162.0.226.2 - - [01/Jul/2026:17:59:46 +0000] "POST /wp-login.php HTTP/2" 200 2154 "https://rearbear.com/wp-login.php" "Mozilla/5.0 (X11; Ubuntu; Linux x86_64) AppleWebKit/537.36 (KHTML, like Gecko) Chrome/133.0.0.0 Safari/537.36"
57.141.0.27 - - [01/Jul/2026:18:00:17 +0000] "GET /products/011747597632 HTTP/2" 404 155047 "-" "meta-externalagent/1.1 (+https://developers.facebook.com/docs/sharing/webmasters/crawler)"
57.141.0.71 - - [01/Jul/2026:18:03:05 +0000] "GET /products/011735877743 HTTP/2" 404 155047 "-" "meta-externalagent/1.1 (+https://developers.facebook.com/docs/sharing/webmasters/crawler)"
146.19.125.66 - - [01/Jul/2026:18:03:28 +0000] "GET /my-account-2/ HTTP/1.0" 200 176437 "https://rearbear.com/my-account-2/" "Mozilla/5.0 (Windows NT 10.0; Win64; x64) AppleWebKit/537.36 (KHTML, like Gecko) Chrome/131.0.0.0 Safari/537.36"
34.122.111.9 - - [01/Jul/2026:18:03:32 +0000] "GET /product/vip-unique-mens-cotton-trunk-underwear HTTP/2" 301 0 "-" "Lightpanda/1.0"
34.122.111.9 - - [01/Jul/2026:18:03:33 +0000] "GET /product/vip-unique-mens-cotton-trunk-underwear/ HTTP/2" 200 40464 "-" "Lightpanda/1.0"
34.122.111.9 - - [01/Jul/2026:18:03:34 +0000] "GET /wp-includes/js/jquery/jquery.min.js?ver=3.7.1 HTTP/2" 200 29744 "https://rearbear.com/product/vip-unique-mens-cotton-trunk-underwear/" "Lightpanda/1.0"
34.122.111.9 - - [01/Jul/2026:18:03:35 +0000] "GET /wp-includes/js/jquery/jquery-migrate.min.js?ver=3.4.1 HTTP/2" 200 4678 "https://rearbear.com/product/vip-unique-mens-cotton-trunk-underwear/" "Lightpanda/1.0"
34.122.111.9 - - [01/Jul/2026:18:03:35 +0000] "GET /wp-content/plugins/cancel-order-request-woocommerce/public/js/jquery.magnific-popup.min.js?ver=1.3.4.32 HTTP/2" 200 7046 "https://rearbear.com/product/vip-unique-mens-cotton-trunk-underwear/" "Lightpanda/1.0"
34.122.111.9 - - [01/Jul/2026:18:03:35 +0000] "GET /wp-content/plugins/cancel-order-request-woocommerce/public/js/jquery.toast.min.js?ver=1.3.4.32 HTTP/2" 200 1665 "https://rearbear.com/product/vip-unique-mens-cotton-trunk-underwear/" "Lightpanda/1.0"
34.122.111.9 - - [01/Jul/2026:18:03:35 +0000] "GET /wp-content/plugins/cancel-order-request-woocommerce/public/js/cancel-order-request-woocommerce-public.js?ver=1.3.4.32 HTTP/2" 200 892 "https://rearbear.com/product/vip-unique-mens-cotton-trunk-underwear/" "Lightpanda/1.0"
34.122.111.9 - - [01/Jul/2026:18:03:35 +0000] "GET /wp-content/plugins/woocommerce/assets/js/jquery-blockui/jquery.blockUI.min.js?ver=2.7.0-wc.10.9.1 HTTP/2" 200 3277 "https://rearbear.com/product/vip-unique-mens-cotton-trunk-underwear/" "Lightpanda/1.0"
34.122.111.9 - - [01/Jul/2026:18:03:35 +0000] "GET /wp-content/plugins/woocommerce/assets/js/frontend/add-to-cart.min.js?ver=10.9.1 HTTP/2" 200 1296 "https://rearbear.com/product/vip-unique-mens-cotton-trunk-underwear/" "Lightpanda/1.0"
34.122.111.9 - - [01/Jul/2026:18:03:35 +0000] "GET /wp-content/plugins/woocommerce/assets/js/zoom/jquery.zoom.min.js?ver=1.7.21-wc.10.9.1 HTTP/2" 200 1052 "https://rearbear.com/product/vip-unique-mens-cotton-trunk-underwear/" "Lightpanda/1.0"
34.122.111.9 - - [01/Jul/2026:18:03:35 +0000] "GET /wp-content/plugins/woocommerce/assets/js/flexslider/jquery.flexslider.min.js?ver=2.7.2-wc.10.9.1 HTTP/2" 200 6017 "https://rearbear.com/product/vip-unique-mens-cotton-trunk-underwear/" "Lightpanda/1.0"
34.122.111.9 - - [01/Jul/2026:18:03:35 +0000] "GET /wp-content/plugins/woocommerce/assets/js/photoswipe/photoswipe-ui-default.min.js?ver=4.1.1-wc.10.9.1 HTTP/2" 200 3478 "https://rearbear.com/product/vip-unique-mens-cotton-trunk-underwear/" "Lightpanda/1.0"
34.122.111.9 - - [01/Jul/2026:18:03:35 +0000] "GET /wp-content/plugins/woocommerce/assets/js/photoswipe/photoswipe.min.js?ver=4.1.1-wc.10.9.1 HTTP/2" 200 11652 "https://rearbear.com/product/vip-unique-mens-cotton-trunk-underwear/" "Lightpanda/1.0"
34.122.111.9 - - [01/Jul/2026:18:03:35 +0000] "GET /wp-content/plugins/woocommerce/assets/js/frontend/single-product.min.js?ver=10.9.1 HTTP/2" 200 2700 "https://rearbear.com/product/vip-unique-mens-cotton-trunk-underwear/" "Lightpanda/1.0"
34.122.111.9 - - [01/Jul/2026:18:03:35 +0000] "GET /wp-content/plugins/woocommerce/assets/js/js-cookie/js.cookie.min.js?ver=2.1.4-wc.10.9.1 HTTP/2" 200 760 "https://rearbear.com/product/vip-unique-mens-cotton-trunk-underwear/" "Lightpanda/1.0"
34.122.111.9 - - [01/Jul/2026:18:03:35 +0000] "GET /wp-content/plugins/woocommerce/assets/js/frontend/woocommerce.min.js?ver=10.9.1 HTTP/2" 200 1384 "https://rearbear.com/product/vip-unique-mens-cotton-trunk-underwear/" "Lightpanda/1.0"
34.122.111.9 - - [01/Jul/2026:18:03:35 +0000] "GET /wp-content/plugins/check-pincodezipcode-for-shipping-woocommerce/includes/js/wczp_front_script.js?ver=1.0.0 HTTP/2" 200 1462 "https://rearbear.com/product/vip-unique-mens-cotton-trunk-underwear/" "Lightpanda/1.0"
34.122.111.9 - - [01/Jul/2026:18:03:35 +0000] "GET /wp-includes/js/underscore.min.js?ver=1.13.8 HTTP/2" 200 7228 "https://rearbear.com/product/vip-unique-mens-cotton-trunk-underwear/" "Lightpanda/1.0"
34.122.111.9 - - [01/Jul/2026:18:03:35 +0000] "GET /wp-includes/js/wp-util.min.js?ver=7.0 HTTP/2" 200 693 "https://rearbear.com/product/vip-unique-mens-cotton-trunk-underwear/" "Lightpanda/1.0"
34.122.111.9 - - [01/Jul/2026:18:03:35 +0000] "GET /wp-content/plugins/woo-variation-gallery/assets/js/slick.min.js?ver=1.8.1 HTTP/2" 200 10320 "https://rearbear.com/product/vip-unique-mens-cotton-trunk-underwear/" "Lightpanda/1.0"
34.122.111.9 - - [01/Jul/2026:18:03:35 +0000] "GET /wp-includes/js/imagesloaded.min.js?ver=5.0.0 HTTP/2" 200 1687 "https://rearbear.com/product/vip-unique-mens-cotton-trunk-underwear/" "Lightpanda/1.0"
34.122.111.9 - - [01/Jul/2026:18:03:35 +0000] "GET /wp-content/plugins/woocommerce/assets/js/frontend/add-to-cart-variation.min.js?ver=10.9.1 HTTP/2" 200 4131 "https://rearbear.com/product/vip-unique-mens-cotton-trunk-underwear/" "Lightpanda/1.0"
34.122.111.9 - - [01/Jul/2026:18:03:35 +0000] "GET /wp-content/plugins/woo-variation-gallery/assets/js/frontend.min.js?ver=1782446701 HTTP/2" 200 4509 "https://rearbear.com/product/vip-unique-mens-cotton-trunk-underwear/" "Lightpanda/1.0"
34.122.111.9 - - [01/Jul/2026:18:03:35 +0000] "GET /wp-content/themes/houseware/assets/js/houseware.js?ver=7.0 HTTP/2" 200 995 "https://rearbear.com/product/vip-unique-mens-cotton-trunk-underwear/" "Lightpanda/1.0"
34.122.111.9 - - [01/Jul/2026:18:03:35 +0000] "GET /wp-content/themes/woovina/assets/js/third/woo/woo-cat-widget.min.js?ver=2.3 HTTP/2" 200 294 "https://rearbear.com/product/vip-unique-mens-cotton-trunk-underwear/" "Lightpanda/1.0"
34.122.111.9 - - [01/Jul/2026:18:03:35 +0000] "GET /wp-content/themes/woovina/assets/js/third/woo/woo-quick-view.min.js?ver=2.3 HTTP/2" 200 1235 "https://rearbear.com/product/vip-unique-mens-cotton-trunk-underwear/" "Lightpanda/1.0"
34.122.111.9 - - [01/Jul/2026:18:03:35 +0000] "GET /wp-content/themes/woovina/assets/js/third/woo/woo-ajax-add-to-cart.min.js?ver=2.3 HTTP/2" 200 693 "https://rearbear.com/product/vip-unique-mens-cotton-trunk-underwear/" "Lightpanda/1.0"
34.122.111.9 - - [01/Jul/2026:18:03:35 +0000] "GET /wp-content/themes/woovina/assets/js/third/woo/woo-floating-bar.min.js?ver=2.3 HTTP/2" 200 820 "https://rearbear.com/product/vip-unique-mens-cotton-trunk-underwear/" "Lightpanda/1.0"
34.122.111.9 - - [01/Jul/2026:18:03:35 +0000] "GET /wp-content/themes/woovina/assets/js/third/woo/woo-mini-cart.min.js?ver=2.3 HTTP/2" 200 308 "https://rearbear.com/product/vip-unique-mens-cotton-trunk-underwear/" "Lightpanda/1.0"
34.122.111.9 - - [01/Jul/2026:18:03:35 +0000] "GET /wp-includes/js/comment-reply.min.js?ver=7.0 HTTP/2" 200 1247 "https://rearbear.com/product/vip-unique-mens-cotton-trunk-underwear/" "Lightpanda/1.0"
34.122.111.9 - - [01/Jul/2026:18:03:36 +0000] "GET /wp-content/themes/woovina/assets/js/third/woo/woo-scripts.min.js?ver=2.3 HTTP/2" 200 1134 "https://rearbear.com/product/vip-unique-mens-cotton-trunk-underwear/" "Lightpanda/1.0"
34.122.111.9 - - [01/Jul/2026:18:03:36 +0000] "GET /wp-content/themes/woovina/assets/js/third/magnific-popup.min.js?ver=2.3 HTTP/2" 200 6862 "https://rearbear.com/product/vip-unique-mens-cotton-trunk-underwear/" "Lightpanda/1.0"
34.122.111.9 - - [01/Jul/2026:18:03:36 +0000] "GET /wp-content/themes/woovina/assets/js/third/lightbox.min.js?ver=2.3 HTTP/2" 200 507 "https://rearbear.com/product/vip-unique-mens-cotton-trunk-underwear/" "Lightpanda/1.0"
34.122.111.9 - - [01/Jul/2026:18:03:36 +0000] "GET /wp-content/themes/woovina/assets/js/third/jquery.plugin.min.js?ver=2.3 HTTP/2" 200 1366 "https://rearbear.com/product/vip-unique-mens-cotton-trunk-underwear/" "Lightpanda/1.0"
34.122.111.9 - - [01/Jul/2026:18:03:36 +0000] "GET /wp-content/themes/woovina/assets/js/third/jquery.countdown.js?ver=2.3 HTTP/2" 200 9936 "https://rearbear.com/product/vip-unique-mens-cotton-trunk-underwear/" "Lightpanda/1.0"
34.122.111.9 - - [01/Jul/2026:18:03:36 +0000] "GET /wp-content/themes/woovina/assets/js/third/mobile-navbar.js?ver=2.3 HTTP/2" 200 185 "https://rearbear.com/product/vip-unique-mens-cotton-trunk-underwear/" "Lightpanda/1.0"
34.122.111.9 - - [01/Jul/2026:18:03:36 +0000] "GET /wp-content/themes/woovina/assets/js/main.min.js?ver=2.3 HTTP/2" 200 32152 "https://rearbear.com/product/vip-unique-mens-cotton-trunk-underwear/" "Lightpanda/1.0"
34.122.111.9 - - [01/Jul/2026:18:03:36 +0000] "GET /wp-content/plugins/woocommerce/assets/js/sourcebuster/sourcebuster.min.js?ver=10.9.1 HTTP/2" 200 4609 "https://rearbear.com/product/vip-unique-mens-cotton-trunk-underwear/" "Lightpanda/1.0"
34.122.111.9 - - [01/Jul/2026:18:03:36 +0000] "GET /wp-content/plugins/woocommerce/assets/js/frontend/order-attribution.min.js?ver=10.9.1 HTTP/2" 200 1020 "https://rearbear.com/product/vip-unique-mens-cotton-trunk-underwear/" "Lightpanda/1.0"
34.122.111.9 - - [01/Jul/2026:18:03:36 +0000] "GET /wp-content/plugins/woovina-elementor-widgets/assets/js/search.min.js?ver=7.0 HTTP/2" 200 453 "https://rearbear.com/product/vip-unique-mens-cotton-trunk-underwear/" "Lightpanda/1.0"
34.122.111.9 - - [01/Jul/2026:18:03:36 +0000] "GET /wp-content/plugins/elementor/assets/js/webpack.runtime.min.js?ver=4.1.4 HTTP/2" 200 2338 "https://rearbear.com/product/vip-unique-mens-cotton-trunk-underwear/" "Lightpanda/1.0"
34.122.111.9 - - [01/Jul/2026:18:03:36 +0000] "GET /wp-content/plugins/elementor/assets/js/frontend-modules.min.js?ver=4.1.4 HTTP/2" 200 15445 "https://rearbear.com/product/vip-unique-mens-cotton-trunk-underwear/" "Lightpanda/1.0"
34.122.111.9 - - [01/Jul/2026:18:03:36 +0000] "GET /wp-includes/js/jquery/ui/core.min.js?ver=1.13.3 HTTP/2" 200 6812 "https://rearbear.com/product/vip-unique-mens-cotton-trunk-underwear/" "Lightpanda/1.0"
34.122.111.9 - - [01/Jul/2026:18:03:36 +0000] "GET /wp-content/plugins/elementor/assets/js/frontend.min.js?ver=4.1.4 HTTP/2" 200 10124 "https://rearbear.com/product/vip-unique-mens-cotton-trunk-underwear/" "Lightpanda/1.0"
34.122.111.9 - - [01/Jul/2026:18:03:36 +0000] "GET /wp-content/plugins/woocommerce/assets/js/selectWoo/selectWoo.full.min.js?ver=1.0.9-wc.10.9.1 HTTP/2" 200 20246 "https://rearbear.com/product/vip-unique-mens-cotton-trunk-underwear/" "Lightpanda/1.0"
34.122.111.9 - - [01/Jul/2026:18:03:36 +0000] "GET /wp-content/plugins/elementor/assets/lib/swiper/v8/swiper.min.js?ver=8.4.5 HTTP/2" 200 38152 "https://rearbear.com/product/vip-unique-mens-cotton-trunk-underwear/" "Lightpanda/1.0"
34.122.111.9 - - [01/Jul/2026:18:03:36 +0000] "GET /wp-content/plugins/woocommerce/assets/js/frontend/cart-fragments.min.js?ver=10.9.1 HTTP/2" 200 943 "https://rearbear.com/product/vip-unique-mens-cotton-trunk-underwear/" "Lightpanda/1.0"
34.122.111.9 - - [01/Jul/2026:18:03:37 +0000] "GET /wp-content/plugins/elementor/assets/lib/font-awesome/js/v4-shims.min.js?ver=4.1.4 HTTP/2" 200 4042 "https://rearbear.com/product/vip-unique-mens-cotton-trunk-underwear/" "Lightpanda/1.0"
34.122.111.9 - - [01/Jul/2026:18:03:37 +0000] "GET /wp-content/plugins/woovina-elementor-widgets/assets/js/jquery.sticky.min.js?ver=3.0.0 HTTP/2" 200 1743 "https://rearbear.com/product/vip-unique-mens-cotton-trunk-underwear/" "Lightpanda/1.0"
34.122.111.9 - - [01/Jul/2026:18:03:37 +0000] "GET /wp-content/plugins/woovina-elementor-widgets/assets/js/wew-frontend.min.js?ver=3.0.0 HTTP/2" 200 8610 "https://rearbear.com/product/vip-unique-mens-cotton-trunk-underwear/" "Lightpanda/1.0"
157.55.39.59 - - [01/Jul/2026:17:59:09 +0000] "GET /products/198601331/ HTTP/2" 200 25768 "-" "Mozilla/5.0 AppleWebKit/537.36 (KHTML, like Gecko; compatible; bingbot/2.0; +http://www.bing.com/bingbot.htm) Chrome/116.0.1938.76 Safari/537.36"
157.55.39.59 - - [01/Jul/2026:17:59:12 +0000] "GET /products/93365031/ HTTP/2" 200 25594 "-" "Mozilla/5.0 AppleWebKit/537.36 (KHTML, like Gecko; compatible; bingbot/2.0; +http://www.bing.com/bingbot.htm) Chrome/116.0.1938.76 Safari/537.36"
57.141.0.34 - - [01/Jul/2026:17:59:14 +0000] "GET /products/013763141755 HTTP/2" 404 155047 "-" "meta-externalagent/1.1 (+https://developers.facebook.com/docs/sharing/webmasters/crawler)"
157.55.39.59 - - [01/Jul/2026:17:59:15 +0000] "GET /products/46026631/ HTTP/2" 200 27504 "-" "Mozilla/5.0 AppleWebKit/537.36 (KHTML, like Gecko; compatible; bingbot/2.0; +http://www.bing.com/bingbot.htm) Chrome/116.0.1938.76 Safari/537.36"
157.55.39.59 - - [01/Jul/2026:17:59:19 +0000] "GET /products/464570831/ HTTP/2" 200 26064 "-" "Mozilla/5.0 AppleWebKit/537.36 (KHTML, like Gecko; compatible; bingbot/2.0; +http://www.bing.com/bingbot.htm) Chrome/116.0.1938.76 Safari/537.36"
157.55.39.59 - - [01/Jul/2026:17:59:21 +0000] "GET /products/289610831/ HTTP/2" 200 25742 "-" "Mozilla/5.0 AppleWebKit/537.36 (KHTML, like Gecko; compatible; bingbot/2.0; +http://www.bing.com/bingbot.htm) Chrome/116.0.1938.76 Safari/537.36"
157.55.39.59 - - [01/Jul/2026:17:59:24 +0000] "GET /products/197273431/ HTTP/2" 200 25721 "-" "Mozilla/5.0 AppleWebKit/537.36 (KHTML, like Gecko; compatible; bingbot/2.0; +http://www.bing.com/bingbot.htm) Chrome/116.0.1938.76 Safari/537.36"
57.141.0.53 - - [01/Jul/2026:17:59:43 +0000] "GET /products/012509030110 HTTP/2" 404 155047 "-" "meta-externalagent/1.1 (+https://developers.facebook.com/docs/sharing/webmasters/crawler)"
204.12.208.18 - - [01/Jul/2026:18:01:42 +0000] "GET /wp-includes/ad9623bd/edit.php HTTP/1.1" 404 38485 "http://www.rearbear.com/wp-includes/ad9623bd/edit.php" "Mozilla/5.0 (Macintosh; U; PPC Mac OS X 10_4_11; ja-jp) AppleWebKit/525.13 (KHTML, like Gecko) Version/3.1 Safari/525.13"
57.141.0.46 - - [01/Jul/2026:18:02:40 +0000] "GET /products/011521924537 HTTP/2" 404 155047 "-" "meta-externalagent/1.1 (+https://developers.facebook.com/docs/sharing/webmasters/crawler)"
66.249.74.33 - - [01/Jul/2026:18:04:17 +0000] "GET /products/75717931/ HTTP/1.1" 200 26682 "-" "Mozilla/5.0 (Linux; Android 6.0.1; Nexus 5X Build/MMB29P) AppleWebKit/537.36 (KHTML, like Gecko) Chrome/149.0.7827.200 Mobile Safari/537.36 (compatible; Googlebot/2.1; +http://www.google.com/bot.html)"
57.141.0.16 - - [01/Jul/2026:18:04:42 +0000] "GET /products/014150636840 HTTP/2" 404 155047 "-" "meta-externalagent/1.1 (+https://developers.facebook.com/docs/sharing/webmasters/crawler)"
57.141.0.62 - - [01/Jul/2026:18:04:53 +0000] "GET /products/013707231203 HTTP/2" 404 155047 "-" "meta-externalagent/1.1 (+https://developers.facebook.com/docs/sharing/webmasters/crawler)"
57.141.0.43 - - [01/Jul/2026:18:04:55 +0000] "GET /products/011386329004 HTTP/2" 404 155047 "-" "meta-externalagent/1.1 (+https://developers.facebook.com/docs/sharing/webmasters/crawler)"
57.141.0.39 - - [01/Jul/2026:18:06:00 +0000] "GET /products/012944602738 HTTP/2" 404 155047 "-" "meta-externalagent/1.1 (+https://developers.facebook.com/docs/sharing/webmasters/crawler)"
57.141.0.5 - - [01/Jul/2026:18:08:28 +0000] "GET /products/011013081106 HTTP/2" 404 155047 "-" "meta-externalagent/1.1 (+https://developers.facebook.com/docs/sharing/webmasters/crawler)"
57.141.0.32 - - [01/Jul/2026:18:08:34 +0000] "GET /products/012436957265 HTTP/2" 404 155047 "-" "meta-externalagent/1.1 (+https://developers.facebook.com/docs/sharing/webmasters/crawler)"
57.141.0.15 - - [01/Jul/2026:18:08:50 +0000] "GET /products/014076235882 HTTP/2" 404 155047 "-" "meta-externalagent/1.1 (+https://developers.facebook.com/docs/sharing/webmasters/crawler)"
57.141.0.42 - - [01/Jul/2026:18:09:59 +0000] "GET /products/011432494124 HTTP/2" 404 155047 "-" "meta-externalagent/1.1 (+https://developers.facebook.com/docs/sharing/webmasters/crawler)"
34.122.111.9 - - [01/Jul/2026:18:03:37 +0000] "GET /wp-content/plugins/elementor/assets/js/section-frontend-handlers.d85ab872da118940910d.bundle.min.js HTTP/2" 200 229 "https://rearbear.com/product/vip-unique-mens-cotton-trunk-underwear/" "Lightpanda/1.0"
34.122.111.9 - - [01/Jul/2026:18:03:37 +0000] "GET /wp-content/plugins/elementor/assets/js/shared-frontend-handlers.03caa53373b56d3bab67.bundle.min.js HTTP/2" 200 2511 "https://rearbear.com/product/vip-unique-mens-cotton-trunk-underwear/" "Lightpanda/1.0"
34.122.111.9 - - [01/Jul/2026:18:03:37 +0000] "POST /wp-admin/admin-ajax.php HTTP/2" 200 0 "https://rearbear.com/product/vip-unique-mens-cotton-trunk-underwear/" "Lightpanda/1.0"
34.122.111.9 - - [01/Jul/2026:18:03:37 +0000] "POST /?wc-ajax=get_default_gallery HTTP/2" 200 0 "https://rearbear.com/product/vip-unique-mens-cotton-trunk-underwear/" "Lightpanda/1.0"
34.122.111.9 - - [01/Jul/2026:18:03:37 +0000] "POST /?wc-ajax=get_variation_gallery HTTP/2" 200 0 "https://rearbear.com/product/vip-unique-mens-cotton-trunk-underwear/" "Lightpanda/1.0"
34.122.111.9 - - [01/Jul/2026:18:03:37 +0000] "POST /?wc-ajax=get_refreshed_fragments HTTP/2" 200 0 "https://rearbear.com/product/vip-unique-mens-cotton-trunk-underwear/" "Lightpanda/1.0"
