116.179.37.103 - - [01/Jul/2026:22:06:23 +0000] "GET /wp-content/themes/woovina/assets/js/third/jquery.plugin.min.js?ver=2.3 HTTP/1.1" 200 1472 "http://rearbear.com/" "Mozilla/5.0 (compatible; Baiduspider-render/2.0; +http://www.baidu.com/search/spider.html)"
116.179.37.40 - - [01/Jul/2026:22:06:26 +0000] "OPTIONS /wp-json/metaalpha-macroalter-eb65f86b68ae/v1/5d3ad32a4eb1 HTTP/1.1" 200 172 "http://rearbear.com/" "Mozilla/5.0 (compatible; Baiduspider-render/2.0; +http://www.baidu.com/search/spider.html)"
66.249.73.13 - - [01/Jul/2026:22:06:30 +0000] "GET /products/1558731/ HTTP/1.1" 200 26167 "-" "Mozilla/5.0 (Linux; Android 6.0.1; Nexus 5X Build/MMB29P) AppleWebKit/537.36 (KHTML, like Gecko) Chrome/149.0.7827.200 Mobile Safari/537.36 (compatible; Googlebot/2.1; +http://www.google.com/bot.html)"
51.91.98.45 - - [01/Jul/2026:22:06:35 +0000] "GET /wp-login.php HTTP/2" 200 1975 "-" "Mozilla/5.0 (X11; CrOS x86_64 14541.0.0) AppleWebKit/537.36 (KHTML, like Gecko) Chrome/133.0.0.0 Safari/537.36"
51.91.98.45 - - [01/Jul/2026:22:06:36 +0000] "POST /wp-login.php HTTP/2" 200 2151 "https://rearbear.com/wp-login.php" "Mozilla/5.0 (X11; CrOS x86_64 14541.0.0) AppleWebKit/537.36 (KHTML, like Gecko) Chrome/133.0.0.0 Safari/537.36"
66.249.74.32 - - [01/Jul/2026:22:07:48 +0000] "GET /products/30009853/ HTTP/1.1" 200 25387 "-" "Mozilla/5.0 (Linux; Android 6.0.1; Nexus 5X Build/MMB29P) AppleWebKit/537.36 (KHTML, like Gecko) Chrome/149.0.7827.200 Mobile Safari/537.36 (compatible; Googlebot/2.1; +http://www.google.com/bot.html)"
66.249.74.43 - - [01/Jul/2026:22:08:13 +0000] "GET /products/115223958/ HTTP/1.1" 200 26862 "-" "Mozilla/5.0 (Linux; Android 6.0.1; Nexus 5X Build/MMB29P) AppleWebKit/537.36 (KHTML, like Gecko) Chrome/149.0.7827.200 Mobile Safari/537.36 (compatible; Googlebot/2.1; +http://www.google.com/bot.html)"
47.128.115.25 - - [01/Jul/2026:22:08:56 +0000] "GET /product-tag/euro-vest/ HTTP/2" 200 35815 "-" "Mozilla/5.0 (Linux; Android 5.0) AppleWebKit/537.36 (KHTML, like Gecko) Mobile Safari/537.36 (compatible; TikTokSpider; ttspider-feedback@tiktok.com)"
47.128.115.25 - - [01/Jul/2026:22:08:58 +0000] "GET /wp-content/uploads/2021/01/red-n-black-250x200.jpg HTTP/2" 206 500 "https://rearbear.com/product-tag/euro-vest/" "Mozilla/5.0 (Linux; Android 5.0) AppleWebKit/537.36 (KHTML, like Gecko) Mobile Safari/537.36 (compatible; TikTokSpider; ttspider-feedback@tiktok.com)"
57.141.0.52 - - [01/Jul/2026:22:09:53 +0000] "GET /products/013756313829 HTTP/2" 404 155047 "-" "meta-externalagent/1.1 (+https://developers.facebook.com/docs/sharing/webmasters/crawler)"
144.172.105.162 - - [01/Jul/2026:22:09:54 +0000] "GET /wp-content/plugins/about.php HTTP/1.1" 404 38486 "-" "Mozilla/5.0 (Linux; Android 7.0; SM-G892A) AppleWebKit/537.36 (KHTML, like Gecko) Chrome/60.0.3112.107 Mobile Safari/537.36"
66.249.74.43 - - [01/Jul/2026:22:10:22 +0000] "GET /products/470541331/ HTTP/1.1" 200 25789 "-" "Mozilla/5.0 (Linux; Android 6.0.1; Nexus 5X Build/MMB29P) AppleWebKit/537.36 (KHTML, like Gecko) Chrome/149.0.7827.200 Mobile Safari/537.36 (compatible; Googlebot/2.1; +http://www.google.com/bot.html)"
158.51.50.11 - - [01/Jul/2026:22:11:08 +0000] "GET /wp-login.php HTTP/2" 200 1975 "-" "Mozilla/5.0 (X11; CrOS x86_64 14541.0.0) AppleWebKit/537.36 (KHTML, like Gecko) Chrome/133.0.0.0 Safari/537.36"
158.51.50.11 - - [01/Jul/2026:22:11:09 +0000] "POST /wp-login.php HTTP/2" 200 2154 "https://rearbear.com/wp-login.php" "Mozilla/5.0 (X11; CrOS x86_64 14541.0.0) AppleWebKit/537.36 (KHTML, like Gecko) Chrome/133.0.0.0 Safari/537.36"
144.172.105.162 - - [01/Jul/2026:22:11:34 +0000] "GET /about.php?key=EnigmaCyberSecurity HTTP/1.1" 404 38479 "-" "Mozilla/5.0 (Linux; Android 7.0; SM-G892A) AppleWebKit/537.36 (KHTML, like Gecko) Chrome/60.0.3112.107 Mobile Safari/537.36"
57.141.0.19 - - [01/Jul/2026:22:11:42 +0000] "GET /products/014265451851 HTTP/2" 404 155047 "-" "meta-externalagent/1.1 (+https://developers.facebook.com/docs/sharing/webmasters/crawler)"
157.55.39.205 - - [01/Jul/2026:22:12:15 +0000] "GET /pages.php?ctg/search/similarImageSearchResultView/?ctgItemCd=82293848 HTTP/2" 200 26795 "-" "Mozilla/5.0 AppleWebKit/537.36 (KHTML, like Gecko; compatible; bingbot/2.0; +http://www.bing.com/bingbot.htm) Chrome/116.0.1938.76 Safari/537.36"
157.55.39.205 - - [01/Jul/2026:22:12:18 +0000] "GET /pages.php?ctg/search/similarImageSearchResultView/?ctgItemCd=77763173 HTTP/2" 200 26682 "-" "Mozilla/5.0 AppleWebKit/537.36 (KHTML, like Gecko; compatible; bingbot/2.0; +http://www.bing.com/bingbot.htm) Chrome/116.0.1938.76 Safari/537.36"
57.141.0.56 - - [01/Jul/2026:22:12:22 +0000] "GET /products/014055274398 HTTP/2" 404 155047 "-" "meta-externalagent/1.1 (+https://developers.facebook.com/docs/sharing/webmasters/crawler)"
144.172.105.162 - - [01/Jul/2026:22:12:22 +0000] "POST /geju.php HTTP/1.1" 404 38429 "-" "Mozilla/5.0 (Linux; Android 7.0; SM-G892A) AppleWebKit/537.36 (KHTML, like Gecko) Chrome/60.0.3112.107 Mobile Safari/537.36"
20.151.225.63 - - [01/Jul/2026:22:12:32 +0000] "GET /ty.php HTTP/1.1" 404 155047 "-" "-"
66.249.74.32 - - [01/Jul/2026:22:12:41 +0000] "GET /products/54858331/ HTTP/1.1" 200 26073 "-" "Mozilla/5.0 (Linux; Android 6.0.1; Nexus 5X Build/MMB29P) AppleWebKit/537.36 (KHTML, like Gecko) Chrome/149.0.7827.200 Mobile Safari/537.36 (compatible; Googlebot/2.1; +http://www.google.com/bot.html)"
47.128.115.242 - - [01/Jul/2026:22:12:57 +0000] "GET /fp04-color/navy-neon-yellow/ HTTP/2" 200 35459 "-" "Mozilla/5.0 (Linux; Android 5.0) AppleWebKit/537.36 (KHTML, like Gecko) Mobile Safari/537.36 (compatible; TikTokSpider; ttspider-feedback@tiktok.com)"
47.128.115.242 - - [01/Jul/2026:22:12:59 +0000] "GET /wp-content/uploads/2021/01/profile-9-250x200.jpg HTTP/2" 206 500 "https://rearbear.com/fp04-color/navy-neon-yellow/" "Mozilla/5.0 (Linux; Android 5.0) AppleWebKit/537.36 (KHTML, like Gecko) Mobile Safari/537.36 (compatible; TikTokSpider; ttspider-feedback@tiktok.com)"
47.128.115.242 - - [01/Jul/2026:22:13:00 +0000] "GET /wp-content/uploads/2021/01/profile-9-250x200.jpg HTTP/2" 304 0 "https://rearbear.com/fp04-color/navy-neon-yellow/" "Mozilla/5.0 (Linux; Android 5.0) AppleWebKit/537.36 (KHTML, like Gecko) Mobile Safari/537.36 (compatible; TikTokSpider; ttspider-feedback@tiktok.com)"
144.172.105.162 - - [01/Jul/2026:22:09:22 +0000] "GET /wp-login.php?redirect_to=https%3A%2F%2Frearbear.com%2Fwp-admin%2Fcss%2Fabout.php&reauth=1 HTTP/1.1" 200 2233 "-" "Mozilla/5.0 (Linux; Android 7.0; SM-G892A) AppleWebKit/537.36 (KHTML, like Gecko) Chrome/60.0.3112.107 Mobile Safari/537.36"
57.141.0.50 - - [01/Jul/2026:22:10:23 +0000] "GET /products/012340775641 HTTP/2" 404 155047 "-" "meta-externalagent/1.1 (+https://developers.facebook.com/docs/sharing/webmasters/crawler)"
57.141.0.69 - - [01/Jul/2026:22:10:34 +0000] "GET /products/011740532765 HTTP/2" 404 155047 "-" "meta-externalagent/1.1 (+https://developers.facebook.com/docs/sharing/webmasters/crawler)"
144.172.105.162 - - [01/Jul/2026:22:10:35 +0000] "POST /wp-content/plugins/about.php HTTP/1.1" 404 38429 "-" "Mozilla/5.0 (Linux; Android 7.0; SM-G892A) AppleWebKit/537.36 (KHTML, like Gecko) Chrome/60.0.3112.107 Mobile Safari/537.36"
144.172.105.162 - - [01/Jul/2026:22:11:00 +0000] "POST /wp-content/plugins/about.php HTTP/1.1" 404 38429 "-" "Mozilla/5.0 (Linux; Android 7.0; SM-G892A) AppleWebKit/537.36 (KHTML, like Gecko) Chrome/60.0.3112.107 Mobile Safari/537.36"
144.172.105.162 - - [01/Jul/2026:22:11:56 +0000] "GET /geju.php HTTP/1.1" 404 38485 "-" "Mozilla/5.0 (Linux; Android 7.0; SM-G892A) AppleWebKit/537.36 (KHTML, like Gecko) Chrome/60.0.3112.107 Mobile Safari/537.36"
20.151.225.63 - - [01/Jul/2026:22:12:41 +0000] "GET /ok.php HTTP/1.1" 404 155047 "-" "-"
20.151.225.63 - - [01/Jul/2026:22:12:48 +0000] "GET /modules/mod_simplefileuploadv1.3/elements/filemanager.php HTTP/1.1" 404 155047 "-" "-"
20.151.225.63 - - [01/Jul/2026:22:12:51 +0000] "GET /wp-login.php?redirect_to=https%3A%2F%2Frearbear.com%2Fwp-admin%2Fcss%2Fcolour.php&reauth=1 HTTP/1.1" 200 6511 "-" "-"
144.172.105.162 - - [01/Jul/2026:22:12:53 +0000] "POST /geju.php HTTP/1.1" 404 38429 "-" "Mozilla/5.0 (Linux; Android 7.0; SM-G892A) AppleWebKit/537.36 (KHTML, like Gecko) Chrome/60.0.3112.107 Mobile Safari/537.36"
57.141.0.28 - - [01/Jul/2026:22:13:06 +0000] "GET /products/01601199322 HTTP/2" 404 155047 "-" "meta-externalagent/1.1 (+https://developers.facebook.com/docs/sharing/webmasters/crawler)"
144.172.105.162 - - [01/Jul/2026:22:13:15 +0000] "GET /about.php?key=EnigmaCyberSecurity HTTP/1.1" 404 38485 "-" "Mozilla/5.0 (Linux; Android 7.0; SM-G892A) AppleWebKit/537.36 (KHTML, like Gecko) Chrome/60.0.3112.107 Mobile Safari/537.36"
20.151.225.63 - - [01/Jul/2026:22:13:54 +0000] "GET /abcd.php HTTP/1.1" 404 155047 "-" "-"
20.151.225.63 - - [01/Jul/2026:22:13:57 +0000] "GET /a1.php HTTP/1.1" 404 155047 "-" "-"
40.77.167.3 - - [01/Jul/2026:22:13:58 +0000] "GET /pages.php?ctg/search/similarImageSearchResultView/?ctgItemCd=63287212 HTTP/2" 200 26350 "-" "Mozilla/5.0 AppleWebKit/537.36 (KHTML, like Gecko; compatible; bingbot/2.0; +http://www.bing.com/bingbot.htm) Chrome/116.0.1938.76 Safari/537.36"
144.172.105.162 - - [01/Jul/2026:22:13:58 +0000] "POST /wp.php HTTP/1.1" 404 38429 "-" "Mozilla/5.0 (Linux; Android 7.0; SM-G892A) AppleWebKit/537.36 (KHTML, like Gecko) Chrome/60.0.3112.107 Mobile Safari/537.36"
40.77.167.3 - - [01/Jul/2026:22:14:01 +0000] "GET /products/44351431/ HTTP/2" 200 25838 "-" "Mozilla/5.0 AppleWebKit/537.36 (KHTML, like Gecko; compatible; bingbot/2.0; +http://www.bing.com/bingbot.htm) Chrome/116.0.1938.76 Safari/537.36"
20.151.225.63 - - [01/Jul/2026:22:14:01 +0000] "GET /cgi-bin/admin.php HTTP/1.1" 404 155047 "-" "-"
20.151.225.63 - - [01/Jul/2026:22:14:03 +0000] "GET /wp-content/BypassBest.php HTTP/1.1" 404 155047 "-" "-"
40.77.167.3 - - [01/Jul/2026:22:14:05 +0000] "GET /products/352629231/ HTTP/2" 200 26308 "-" "Mozilla/5.0 AppleWebKit/537.36 (KHTML, like Gecko; compatible; bingbot/2.0; +http://www.bing.com/bingbot.htm) Chrome/116.0.1938.76 Safari/537.36"
40.77.167.3 - - [01/Jul/2026:22:14:07 +0000] "GET /products/434151931/ HTTP/2" 200 26108 "-" "Mozilla/5.0 AppleWebKit/537.36 (KHTML, like Gecko; compatible; bingbot/2.0; +http://www.bing.com/bingbot.htm) Chrome/116.0.1938.76 Safari/537.36"
47.128.115.242 - - [01/Jul/2026:22:13:00 +0000] "GET /wp-content/uploads/2021/01/profile-9-250x200.jpg HTTP/2" 206 13770 "https://rearbear.com/fp04-color/navy-neon-yellow/" "Mozilla/5.0 (Linux; Android 5.0) AppleWebKit/537.36 (KHTML, like Gecko) Mobile Safari/537.36 (compatible; TikTokSpider; ttspider-feedback@tiktok.com)"
57.141.0.43 - - [01/Jul/2026:22:13:01 +0000] "GET /products/01157727467 HTTP/2" 404 155047 "-" "meta-externalagent/1.1 (+https://developers.facebook.com/docs/sharing/webmasters/crawler)"
20.151.225.63 - - [01/Jul/2026:22:13:04 +0000] "GET /wp-login.php?redirect_to=https%3A%2F%2Frearbear.com%2F%2Fwp-admin%2Fjs%2Findex.php&reauth=1 HTTP/1.1" 200 6510 "-" "-"
20.151.225.63 - - [01/Jul/2026:22:13:08 +0000] "GET /themes.php HTTP/1.1" 404 155047 "-" "-"
20.151.225.63 - - [01/Jul/2026:22:13:20 +0000] "GET /admin.php HTTP/1.1" 404 155047 "-" "-"
20.151.225.63 - - [01/Jul/2026:22:13:22 +0000] "GET /edit.php HTTP/1.1" 404 155047 "-" "-"
20.151.225.63 - - [01/Jul/2026:22:13:25 +0000] "GET /f6.php HTTP/1.1" 404 155047 "-" "-"
144.172.105.162 - - [01/Jul/2026:22:13:33 +0000] "GET /wp.php HTTP/1.1" 404 38485 "-" "Mozilla/5.0 (Linux; Android 7.0; SM-G892A) AppleWebKit/537.36 (KHTML, like Gecko) Chrome/60.0.3112.107 Mobile Safari/537.36"
20.151.225.63 - - [01/Jul/2026:22:13:34 +0000] "GET /av.php HTTP/1.1" 404 155047 "-" "-"
157.55.39.205 - - [01/Jul/2026:22:13:37 +0000] "GET /pages.php?products/1134297/ HTTP/2" 200 27087 "-" "Mozilla/5.0 AppleWebKit/537.36 (KHTML, like Gecko; compatible; bingbot/2.0; +http://www.bing.com/bingbot.htm) Chrome/116.0.1938.76 Safari/537.36"
20.151.225.63 - - [01/Jul/2026:22:13:38 +0000] "GET /classwithtostring.php HTTP/1.1" 404 155047 "-" "-"
57.141.0.28 - - [01/Jul/2026:22:13:39 +0000] "GET /products/014240920288 HTTP/2" 404 155047 "-" "meta-externalagent/1.1 (+https://developers.facebook.com/docs/sharing/webmasters/crawler)"
20.151.225.63 - - [01/Jul/2026:22:13:42 +0000] "GET /wp-content/admin.php HTTP/1.1" 404 155047 "-" "-"
20.151.225.63 - - [01/Jul/2026:22:13:44 +0000] "GET /adminfuns.php HTTP/1.1" 404 155047 "-" "-"
157.55.39.205 - - [01/Jul/2026:22:13:47 +0000] "GET /products/466418031/ HTTP/2" 200 26053 "-" "Mozilla/5.0 AppleWebKit/537.36 (KHTML, like Gecko; compatible; bingbot/2.0; +http://www.bing.com/bingbot.htm) Chrome/116.0.1938.76 Safari/537.36"
157.55.39.205 - - [01/Jul/2026:22:13:51 +0000] "GET /products/394037631/ HTTP/2" 200 25531 "-" "Mozilla/5.0 AppleWebKit/537.36 (KHTML, like Gecko; compatible; bingbot/2.0; +http://www.bing.com/bingbot.htm) Chrome/116.0.1938.76 Safari/537.36"
157.55.39.205 - - [01/Jul/2026:22:13:53 +0000] "GET /products/281271631/ HTTP/2" 200 26163 "-" "Mozilla/5.0 AppleWebKit/537.36 (KHTML, like Gecko; compatible; bingbot/2.0; +http://www.bing.com/bingbot.htm) Chrome/116.0.1938.76 Safari/537.36"
157.55.39.205 - - [01/Jul/2026:22:13:56 +0000] "GET /products/224086358/ HTTP/2" 200 26051 "-" "Mozilla/5.0 AppleWebKit/537.36 (KHTML, like Gecko; compatible; bingbot/2.0; +http://www.bing.com/bingbot.htm) Chrome/116.0.1938.76 Safari/537.36"
112.86.225.20 - - [01/Jul/2026:22:13:55 +0000] "GET /colour/coffee-brown/ HTTP/1.1" 200 41817 "-" "Sogou web spider/4.0(+http://www.sogou.com/docs/help/webmasters.htm#07)"
144.172.105.162 - - [01/Jul/2026:22:14:20 +0000] "POST /wp.php HTTP/1.1" 404 38429 "-" "Mozilla/5.0 (Linux; Android 7.0; SM-G892A) AppleWebKit/537.36 (KHTML, like Gecko) Chrome/60.0.3112.107 Mobile Safari/537.36"
20.151.225.63 - - [01/Jul/2026:22:14:27 +0000] "GET /wp-login.php?redirect_to=https%3A%2F%2Frearbear.com%2Fwp-admin%2Fcss%2Fcolors%2Fmidnight%2Fabout.php&reauth=1 HTTP/1.1" 200 6526 "-" "-"
157.55.39.205 - - [01/Jul/2026:22:14:28 +0000] "GET /products/207164058/ HTTP/2" 200 25798 "-" "Mozilla/5.0 AppleWebKit/537.36 (KHTML, like Gecko; compatible; bingbot/2.0; +http://www.bing.com/bingbot.htm) Chrome/116.0.1938.76 Safari/537.36"
40.77.167.77 - - [01/Jul/2026:22:14:10 +0000] "GET /products/40233131/ HTTP/2" 200 25119 "-" "Mozilla/5.0 AppleWebKit/537.36 (KHTML, like Gecko; compatible; bingbot/2.0; +http://www.bing.com/bingbot.htm) Chrome/116.0.1938.76 Safari/537.36"
40.77.167.77 - - [01/Jul/2026:22:14:13 +0000] "GET /products/410318531/ HTTP/2" 200 25416 "-" "Mozilla/5.0 AppleWebKit/537.36 (KHTML, like Gecko; compatible; bingbot/2.0; +http://www.bing.com/bingbot.htm) Chrome/116.0.1938.76 Safari/537.36"
40.77.167.77 - - [01/Jul/2026:22:14:16 +0000] "GET /products/249482531/ HTTP/2" 200 25849 "-" "Mozilla/5.0 AppleWebKit/537.36 (KHTML, like Gecko; compatible; bingbot/2.0; +http://www.bing.com/bingbot.htm) Chrome/116.0.1938.76 Safari/537.36"
40.77.167.77 - - [01/Jul/2026:22:14:19 +0000] "GET /products/289311331/ HTTP/2" 200 26133 "-" "Mozilla/5.0 AppleWebKit/537.36 (KHTML, like Gecko; compatible; bingbot/2.0; +http://www.bing.com/bingbot.htm) Chrome/116.0.1938.76 Safari/537.36"
40.77.167.77 - - [01/Jul/2026:22:14:22 +0000] "GET /products/224458631/ HTTP/2" 200 25701 "-" "Mozilla/5.0 AppleWebKit/537.36 (KHTML, like Gecko; compatible; bingbot/2.0; +http://www.bing.com/bingbot.htm) Chrome/116.0.1938.76 Safari/537.36"
40.77.167.3 - - [01/Jul/2026:22:14:35 +0000] "GET /products/457504431/ HTTP/2" 200 25460 "-" "Mozilla/5.0 AppleWebKit/537.36 (KHTML, like Gecko; compatible; bingbot/2.0; +http://www.bing.com/bingbot.htm) Chrome/116.0.1938.76 Safari/537.36"
144.172.105.162 - - [01/Jul/2026:22:14:35 +0000] "GET /about.php?key=EnigmaCyberSecurity HTTP/1.1" 404 38485 "-" "Mozilla/5.0 (Linux; Android 7.0; SM-G892A) AppleWebKit/537.36 (KHTML, like Gecko) Chrome/60.0.3112.107 Mobile Safari/537.36"
40.77.167.3 - - [01/Jul/2026:22:14:39 +0000] "GET /products/303312331/ HTTP/2" 200 27679 "-" "Mozilla/5.0 AppleWebKit/537.36 (KHTML, like Gecko; compatible; bingbot/2.0; +http://www.bing.com/bingbot.htm) Chrome/116.0.1938.76 Safari/537.36"
40.77.167.3 - - [01/Jul/2026:22:14:41 +0000] "GET /products/399899331/ HTTP/2" 200 25742 "-" "Mozilla/5.0 AppleWebKit/537.36 (KHTML, like Gecko; compatible; bingbot/2.0; +http://www.bing.com/bingbot.htm) Chrome/116.0.1938.76 Safari/537.36"
20.151.225.63 - - [01/Jul/2026:22:14:41 +0000] "GET /u.php HTTP/1.1" 404 155047 "-" "-"
40.77.167.3 - - [01/Jul/2026:22:14:44 +0000] "GET /products/273049231/ HTTP/2" 200 25879 "-" "Mozilla/5.0 AppleWebKit/537.36 (KHTML, like Gecko; compatible; bingbot/2.0; +http://www.bing.com/bingbot.htm) Chrome/116.0.1938.76 Safari/537.36"
20.151.225.63 - - [01/Jul/2026:22:14:45 +0000] "GET /sss.php HTTP/1.1" 404 155047 "-" "-"
40.77.167.3 - - [01/Jul/2026:22:14:47 +0000] "GET /products/502181031/ HTTP/2" 200 26109 "-" "Mozilla/5.0 AppleWebKit/537.36 (KHTML, like Gecko; compatible; bingbot/2.0; +http://www.bing.com/bingbot.htm) Chrome/116.0.1938.76 Safari/537.36"
20.151.225.63 - - [01/Jul/2026:22:14:48 +0000] "GET /c.php HTTP/1.1" 404 155047 "-" "-"
40.77.167.3 - - [01/Jul/2026:22:14:50 +0000] "GET /products/30671131/ HTTP/2" 200 26367 "-" "Mozilla/5.0 AppleWebKit/537.36 (KHTML, like Gecko; compatible; bingbot/2.0; +http://www.bing.com/bingbot.htm) Chrome/116.0.1938.76 Safari/537.36"
20.151.225.63 - - [01/Jul/2026:22:14:50 +0000] "GET /aa.php HTTP/1.1" 404 155047 "-" "-"
40.77.167.3 - - [01/Jul/2026:22:14:53 +0000] "GET /products/215031358/ HTTP/2" 200 25482 "-" "Mozilla/5.0 AppleWebKit/537.36 (KHTML, like Gecko; compatible; bingbot/2.0; +http://www.bing.com/bingbot.htm) Chrome/116.0.1938.76 Safari/537.36"
66.249.74.43 - - [01/Jul/2026:22:15:01 +0000] "GET /products/414549231/ HTTP/1.1" 200 25764 "-" "Mozilla/5.0 (Linux; Android 6.0.1; Nexus 5X Build/MMB29P) AppleWebKit/537.36 (KHTML, like Gecko) Chrome/149.0.7827.200 Mobile Safari/537.36 (compatible; Googlebot/2.1; +http://www.google.com/bot.html)"
57.141.0.24 - - [01/Jul/2026:22:16:19 +0000] "GET /products/014264173518 HTTP/2" 404 155047 "-" "meta-externalagent/1.1 (+https://developers.facebook.com/docs/sharing/webmasters/crawler)"
47.128.115.246 - - [01/Jul/2026:22:16:58 +0000] "GET /shade/ruby/ HTTP/2" 200 36277 "-" "Mozilla/5.0 (Linux; Android 5.0) AppleWebKit/537.36 (KHTML, like Gecko) Mobile Safari/537.36 (compatible; TikTokSpider; ttspider-feedback@tiktok.com)"
47.128.115.246 - - [01/Jul/2026:22:17:00 +0000] "GET /wp-content/uploads/2021/01/profile-3-250x200.jpg HTTP/2" 206 500 "https://rearbear.com/shade/ruby/" "Mozilla/5.0 (Linux; Android 5.0) AppleWebKit/537.36 (KHTML, like Gecko) Mobile Safari/537.36 (compatible; TikTokSpider; ttspider-feedback@tiktok.com)"
47.128.115.246 - - [01/Jul/2026:22:17:00 +0000] "GET /wp-content/uploads/2021/01/main-43-250x200.jpg HTTP/2" 206 500 "https://rearbear.com/shade/ruby/" "Mozilla/5.0 (Linux; Android 5.0) AppleWebKit/537.36 (KHTML, like Gecko) Mobile Safari/537.36 (compatible; TikTokSpider; ttspider-feedback@tiktok.com)"
47.128.115.246 - - [01/Jul/2026:22:17:00 +0000] "GET /wp-content/uploads/2021/01/main-74-250x200.jpg HTTP/2" 206 500 "https://rearbear.com/shade/ruby/" "Mozilla/5.0 (Linux; Android 5.0) AppleWebKit/537.36 (KHTML, like Gecko) Mobile Safari/537.36 (compatible; TikTokSpider; ttspider-feedback@tiktok.com)"
47.128.115.246 - - [01/Jul/2026:22:17:00 +0000] "GET /wp-content/uploads/2021/01/main-78-250x200.jpg HTTP/2" 206 500 "https://rearbear.com/shade/ruby/" "Mozilla/5.0 (Linux; Android 5.0) AppleWebKit/537.36 (KHTML, like Gecko) Mobile Safari/537.36 (compatible; TikTokSpider; ttspider-feedback@tiktok.com)"
47.128.115.246 - - [01/Jul/2026:22:17:00 +0000] "GET /wp-content/uploads/2021/01/profile-3-250x200.jpg HTTP/2" 304 0 "https://rearbear.com/shade/ruby/" "Mozilla/5.0 (Linux; Android 5.0) AppleWebKit/537.36 (KHTML, like Gecko) Mobile Safari/537.36 (compatible; TikTokSpider; ttspider-feedback@tiktok.com)"
47.128.115.246 - - [01/Jul/2026:22:17:00 +0000] "GET /wp-content/uploads/2021/01/main-43-250x200.jpg HTTP/2" 304 0 "https://rearbear.com/shade/ruby/" "Mozilla/5.0 (Linux; Android 5.0) AppleWebKit/537.36 (KHTML, like Gecko) Mobile Safari/537.36 (compatible; TikTokSpider; ttspider-feedback@tiktok.com)"
47.128.115.246 - - [01/Jul/2026:22:17:00 +0000] "GET /wp-content/uploads/2021/01/main-74-250x200.jpg HTTP/2" 304 0 "https://rearbear.com/shade/ruby/" "Mozilla/5.0 (Linux; Android 5.0) AppleWebKit/537.36 (KHTML, like Gecko) Mobile Safari/537.36 (compatible; TikTokSpider; ttspider-feedback@tiktok.com)"
47.128.115.246 - - [01/Jul/2026:22:17:00 +0000] "GET /wp-content/uploads/2021/01/main-78-250x200.jpg HTTP/2" 304 0 "https://rearbear.com/shade/ruby/" "Mozilla/5.0 (Linux; Android 5.0) AppleWebKit/537.36 (KHTML, like Gecko) Mobile Safari/537.36 (compatible; TikTokSpider; ttspider-feedback@tiktok.com)"
47.128.115.246 - - [01/Jul/2026:22:17:00 +0000] "GET /wp-content/uploads/2021/01/profile-3-250x200.jpg HTTP/2" 206 14544 "https://rearbear.com/shade/ruby/" "Mozilla/5.0 (Linux; Android 5.0) AppleWebKit/537.36 (KHTML, like Gecko) Mobile Safari/537.36 (compatible; TikTokSpider; ttspider-feedback@tiktok.com)"
47.128.115.246 - - [01/Jul/2026:22:17:01 +0000] "GET /wp-content/uploads/2021/01/main-43-250x200.jpg HTTP/2" 206 15383 "https://rearbear.com/shade/ruby/" "Mozilla/5.0 (Linux; Android 5.0) AppleWebKit/537.36 (KHTML, like Gecko) Mobile Safari/537.36 (compatible; TikTokSpider; ttspider-feedback@tiktok.com)"
47.128.115.246 - - [01/Jul/2026:22:17:01 +0000] "GET /wp-content/uploads/2021/01/main-74-250x200.jpg HTTP/2" 206 14528 "https://rearbear.com/shade/ruby/" "Mozilla/5.0 (Linux; Android 5.0) AppleWebKit/537.36 (KHTML, like Gecko) Mobile Safari/537.36 (compatible; TikTokSpider; ttspider-feedback@tiktok.com)"
47.128.115.246 - - [01/Jul/2026:22:17:01 +0000] "GET /wp-content/uploads/2021/01/main-78-250x200.jpg HTTP/2" 206 13827 "https://rearbear.com/shade/ruby/" "Mozilla/5.0 (Linux; Android 5.0) AppleWebKit/537.36 (KHTML, like Gecko) Mobile Safari/537.36 (compatible; TikTokSpider; ttspider-feedback@tiktok.com)"
157.55.39.205 - - [01/Jul/2026:22:14:31 +0000] "GET /products/227397331/ HTTP/2" 200 26329 "-" "Mozilla/5.0 AppleWebKit/537.36 (KHTML, like Gecko; compatible; bingbot/2.0; +http://www.bing.com/bingbot.htm) Chrome/116.0.1938.76 Safari/537.36"
157.55.39.205 - - [01/Jul/2026:22:14:34 +0000] "GET /products/467052331/ HTTP/2" 200 25558 "-" "Mozilla/5.0 AppleWebKit/537.36 (KHTML, like Gecko; compatible; bingbot/2.0; +http://www.bing.com/bingbot.htm) Chrome/116.0.1938.76 Safari/537.36"
57.141.0.50 - - [01/Jul/2026:22:14:39 +0000] "GET /products/013620784530 HTTP/2" 404 155047 "-" "meta-externalagent/1.1 (+https://developers.facebook.com/docs/sharing/webmasters/crawler)"
57.141.0.13 - - [01/Jul/2026:22:14:43 +0000] "GET /products/01280671446 HTTP/2" 404 155047 "-" "meta-externalagent/1.1 (+https://developers.facebook.com/docs/sharing/webmasters/crawler)"
57.141.0.43 - - [01/Jul/2026:22:14:46 +0000] "GET /products/013603873102 HTTP/2" 404 155047 "-" "meta-externalagent/1.1 (+https://developers.facebook.com/docs/sharing/webmasters/crawler)"
66.249.74.32 - - [01/Jul/2026:22:15:03 +0000] "GET /products/435526431/ HTTP/1.1" 200 25839 "-" "Mozilla/5.0 (Linux; Android 6.0.1; Nexus 5X Build/MMB29P) AppleWebKit/537.36 (KHTML, like Gecko) Chrome/149.0.7827.200 Mobile Safari/537.36 (compatible; Googlebot/2.1; +http://www.google.com/bot.html)"
57.141.0.34 - - [01/Jul/2026:22:15:24 +0000] "GET /products/013228240587 HTTP/2" 404 155047 "-" "meta-externalagent/1.1 (+https://developers.facebook.com/docs/sharing/webmasters/crawler)"
112.86.225.91 - - [01/Jul/2026:22:15:40 +0000] "GET /tank-color/black/ HTTP/1.1" 200 41156 "-" "Sogou web spider/4.0(+http://www.sogou.com/docs/help/webmasters.htm#07)"
66.249.73.14 - - [01/Jul/2026:22:18:16 +0000] "GET /products/147632958/ HTTP/1.1" 200 26430 "-" "Mozilla/5.0 (Linux; Android 6.0.1; Nexus 5X Build/MMB29P) AppleWebKit/537.36 (KHTML, like Gecko) Chrome/149.0.7827.200 Mobile Safari/537.36 (compatible; Googlebot/2.1; +http://www.google.com/bot.html)"
57.141.0.12 - - [01/Jul/2026:22:19:29 +0000] "GET /products/012454246069 HTTP/2" 404 155047 "-" "meta-externalagent/1.1 (+https://developers.facebook.com/docs/sharing/webmasters/crawler)"
57.141.0.38 - - [01/Jul/2026:22:20:15 +0000] "GET /products/011462074529 HTTP/2" 404 155047 "-" "meta-externalagent/1.1 (+https://developers.facebook.com/docs/sharing/webmasters/crawler)"
121.200.217.58 - - [01/Jul/2026:22:20:40 +0000] "GET /wp-login.php HTTP/2" 200 1975 "-" "Mozilla/5.0 (Windows NT 10.0; Win64; x64) AppleWebKit/537.36 (KHTML, like Gecko) Chrome/133.0.0.0 Safari/537.36 Edg/133.0.0.0"
47.128.115.68 - - [01/Jul/2026:22:20:58 +0000] "GET /product-tag/van-heusen-vest/ HTTP/2" 200 36302 "-" "Mozilla/5.0 (Linux; Android 5.0) AppleWebKit/537.36 (KHTML, like Gecko) Mobile Safari/537.36 (compatible; TikTokSpider; ttspider-feedback@tiktok.com)"
47.128.115.68 - - [01/Jul/2026:22:21:00 +0000] "GET /wp-content/uploads/2021/01/fds-1-250x200.jpg HTTP/2" 206 500 "https://rearbear.com/product-tag/van-heusen-vest/" "Mozilla/5.0 (Linux; Android 5.0) AppleWebKit/537.36 (KHTML, like Gecko) Mobile Safari/537.36 (compatible; TikTokSpider; ttspider-feedback@tiktok.com)"
47.128.115.68 - - [01/Jul/2026:22:21:01 +0000] "GET /wp-content/uploads/2021/01/fss-250x200.jpg HTTP/2" 206 500 "https://rearbear.com/product-tag/van-heusen-vest/" "Mozilla/5.0 (Linux; Android 5.0) AppleWebKit/537.36 (KHTML, like Gecko) Mobile Safari/537.36 (compatible; TikTokSpider; ttspider-feedback@tiktok.com)"
47.128.115.68 - - [01/Jul/2026:22:21:01 +0000] "GET /wp-content/uploads/2021/01/Untitled-1-250x200.jpg HTTP/2" 206 500 "https://rearbear.com/product-tag/van-heusen-vest/" "Mozilla/5.0 (Linux; Android 5.0) AppleWebKit/537.36 (KHTML, like Gecko) Mobile Safari/537.36 (compatible; TikTokSpider; ttspider-feedback@tiktok.com)"
47.128.115.68 - - [01/Jul/2026:22:21:01 +0000] "GET /wp-content/uploads/2021/01/ghxfhf-250x200.jpg HTTP/2" 206 500 "https://rearbear.com/product-tag/van-heusen-vest/" "Mozilla/5.0 (Linux; Android 5.0) AppleWebKit/537.36 (KHTML, like Gecko) Mobile Safari/537.36 (compatible; TikTokSpider; ttspider-feedback@tiktok.com)"
47.128.115.68 - - [01/Jul/2026:22:21:01 +0000] "GET /wp-content/uploads/2021/01/fds-1-250x200.jpg HTTP/2" 304 0 "https://rearbear.com/product-tag/van-heusen-vest/" "Mozilla/5.0 (Linux; Android 5.0) AppleWebKit/537.36 (KHTML, like Gecko) Mobile Safari/537.36 (compatible; TikTokSpider; ttspider-feedback@tiktok.com)"
47.128.115.68 - - [01/Jul/2026:22:21:01 +0000] "GET /wp-content/uploads/2021/01/ghxfhf-250x200.jpg HTTP/2" 304 0 "https://rearbear.com/product-tag/van-heusen-vest/" "Mozilla/5.0 (Linux; Android 5.0) AppleWebKit/537.36 (KHTML, like Gecko) Mobile Safari/537.36 (compatible; TikTokSpider; ttspider-feedback@tiktok.com)"
47.128.115.68 - - [01/Jul/2026:22:21:01 +0000] "GET /wp-content/uploads/2021/01/Untitled-1-250x200.jpg HTTP/2" 304 0 "https://rearbear.com/product-tag/van-heusen-vest/" "Mozilla/5.0 (Linux; Android 5.0) AppleWebKit/537.36 (KHTML, like Gecko) Mobile Safari/537.36 (compatible; TikTokSpider; ttspider-feedback@tiktok.com)"
47.128.115.68 - - [01/Jul/2026:22:21:01 +0000] "GET /wp-content/uploads/2021/01/fss-250x200.jpg HTTP/2" 304 0 "https://rearbear.com/product-tag/van-heusen-vest/" "Mozilla/5.0 (Linux; Android 5.0) AppleWebKit/537.36 (KHTML, like Gecko) Mobile Safari/537.36 (compatible; TikTokSpider; ttspider-feedback@tiktok.com)"
47.128.115.68 - - [01/Jul/2026:22:21:01 +0000] "GET /wp-content/uploads/2021/01/fds-1-250x200.jpg HTTP/2" 206 11984 "https://rearbear.com/product-tag/van-heusen-vest/" "Mozilla/5.0 (Linux; Android 5.0) AppleWebKit/537.36 (KHTML, like Gecko) Mobile Safari/537.36 (compatible; TikTokSpider; ttspider-feedback@tiktok.com)"
47.128.115.68 - - [01/Jul/2026:22:21:01 +0000] "GET /wp-content/uploads/2021/01/Untitled-1-250x200.jpg HTTP/2" 206 13476 "https://rearbear.com/product-tag/van-heusen-vest/" "Mozilla/5.0 (Linux; Android 5.0) AppleWebKit/537.36 (KHTML, like Gecko) Mobile Safari/537.36 (compatible; TikTokSpider; ttspider-feedback@tiktok.com)"
47.128.115.68 - - [01/Jul/2026:22:21:02 +0000] "GET /wp-content/uploads/2021/01/ghxfhf-250x200.jpg HTTP/2" 206 12640 "https://rearbear.com/product-tag/van-heusen-vest/" "Mozilla/5.0 (Linux; Android 5.0) AppleWebKit/537.36 (KHTML, like Gecko) Mobile Safari/537.36 (compatible; TikTokSpider; ttspider-feedback@tiktok.com)"
47.128.115.68 - - [01/Jul/2026:22:21:02 +0000] "GET /wp-content/uploads/2021/01/fss-250x200.jpg HTTP/2" 206 12594 "https://rearbear.com/product-tag/van-heusen-vest/" "Mozilla/5.0 (Linux; Android 5.0) AppleWebKit/537.36 (KHTML, like Gecko) Mobile Safari/537.36 (compatible; TikTokSpider; ttspider-feedback@tiktok.com)"
52.167.144.238 - - [01/Jul/2026:22:21:31 +0000] "GET /products/160737931/ HTTP/2" 200 26323 "-" "Mozilla/5.0 AppleWebKit/537.36 (KHTML, like Gecko; compatible; bingbot/2.0; +http://www.bing.com/bingbot.htm) Chrome/116.0.1938.76 Safari/537.36"
66.249.74.33 - - [01/Jul/2026:22:21:39 +0000] "GET /products/18736031/ HTTP/1.1" 200 26432 "-" "Mozilla/5.0 (Linux; Android 6.0.1; Nexus 5X Build/MMB29P) AppleWebKit/537.36 (KHTML, like Gecko) Chrome/149.0.7827.200 Mobile Safari/537.36 (compatible; Googlebot/2.1; +http://www.google.com/bot.html)"
157.55.39.10 - - [01/Jul/2026:22:21:47 +0000] "GET /pages.php?products/9118320/ HTTP/2" 200 25797 "-" "Mozilla/5.0 AppleWebKit/537.36 (KHTML, like Gecko; compatible; bingbot/2.0; +http://www.bing.com/bingbot.htm) Chrome/116.0.1938.76 Safari/537.36"
157.55.39.10 - - [01/Jul/2026:22:21:51 +0000] "GET /pages.php?products/2817020/ HTTP/2" 200 27297 "-" "Mozilla/5.0 AppleWebKit/537.36 (KHTML, like Gecko; compatible; bingbot/2.0; +http://www.bing.com/bingbot.htm) Chrome/116.0.1938.76 Safari/537.36"
66.249.74.43 - - [01/Jul/2026:22:17:12 +0000] "GET /products/66944331/ HTTP/1.1" 200 25309 "-" "Mozilla/5.0 (Linux; Android 6.0.1; Nexus 5X Build/MMB29P) AppleWebKit/537.36 (KHTML, like Gecko) Chrome/149.0.7827.200 Mobile Safari/537.36 (compatible; Googlebot/2.1; +http://www.google.com/bot.html)"
57.141.0.31 - - [01/Jul/2026:22:17:17 +0000] "GET /products/011844843373 HTTP/2" 404 155047 "-" "meta-externalagent/1.1 (+https://developers.facebook.com/docs/sharing/webmasters/crawler)"
112.86.225.15 - - [01/Jul/2026:22:17:20 +0000] "GET /product-tag/bra/?products-per-page=24 HTTP/1.1" 200 42994 "-" "Sogou web spider/4.0(+http://www.sogou.com/docs/help/webmasters.htm#07)"
57.141.0.52 - - [01/Jul/2026:22:19:09 +0000] "GET /products/01126738170 HTTP/2" 404 155047 "-" "meta-externalagent/1.1 (+https://developers.facebook.com/docs/sharing/webmasters/crawler)"
34.31.186.23 - - [01/Jul/2026:22:19:22 +0000] "GET /product/enamor-ab75-bra HTTP/2" 301 0 "-" "Mozilla/5.0 AppleWebKit/537.36 (KHTML, like Gecko; compatible; SleepBot/1.0; +http://sleepbot.com/) Chrome/131.0.0.0 Safari/537.36"
34.31.186.23 - - [01/Jul/2026:22:19:23 +0000] "GET /product/enamor-ab75-bra/ HTTP/2" 200 41648 "https://rearbear.com/product/enamor-ab75-bra" "Mozilla/5.0 AppleWebKit/537.36 (KHTML, like Gecko; compatible; SleepBot/1.0; +http://sleepbot.com/) Chrome/131.0.0.0 Safari/537.36"
57.141.0.13 - - [01/Jul/2026:22:19:43 +0000] "GET /products/011400258891 HTTP/2" 404 155047 "-" "meta-externalagent/1.1 (+https://developers.facebook.com/docs/sharing/webmasters/crawler)"
121.200.217.58 - atulrearbear-com [01/Jul/2026:22:21:02 +0000] "GET /wp-json/wp/v2/users/me HTTP/2" 401 115 "-" "Mozilla/5.0 (Windows NT 10.0; Win64; x64) AppleWebKit/537.36 (KHTML, like Gecko) Chrome/133.0.0.0 Safari/537.36 Edg/133.0.0.0"
57.141.0.62 - - [01/Jul/2026:22:21:08 +0000] "GET /products/01646267071 HTTP/2" 404 155047 "-" "meta-externalagent/1.1 (+https://developers.facebook.com/docs/sharing/webmasters/crawler)"
57.141.0.32 - - [01/Jul/2026:22:21:42 +0000] "GET /products/011576774812 HTTP/2" 404 155047 "-" "meta-externalagent/1.1 (+https://developers.facebook.com/docs/sharing/webmasters/crawler)"
157.55.39.10 - - [01/Jul/2026:22:22:05 +0000] "GET /products/314102931/ HTTP/2" 200 25318 "-" "Mozilla/5.0 AppleWebKit/537.36 (KHTML, like Gecko; compatible; bingbot/2.0; +http://www.bing.com/bingbot.htm) Chrome/116.0.1938.76 Safari/537.36"
157.55.39.10 - - [01/Jul/2026:22:22:08 +0000] "GET /pages.php?products/2397131/ HTTP/2" 200 26213 "-" "Mozilla/5.0 AppleWebKit/537.36 (KHTML, like Gecko; compatible; bingbot/2.0; +http://www.bing.com/bingbot.htm) Chrome/116.0.1938.76 Safari/537.36"
157.55.39.10 - - [01/Jul/2026:22:22:11 +0000] "GET /products/166494831/ HTTP/2" 200 26680 "-" "Mozilla/5.0 AppleWebKit/537.36 (KHTML, like Gecko; compatible; bingbot/2.0; +http://www.bing.com/bingbot.htm) Chrome/116.0.1938.76 Safari/537.36"
157.55.39.10 - - [01/Jul/2026:22:22:13 +0000] "GET /products/263670931/ HTTP/2" 200 27612 "-" "Mozilla/5.0 AppleWebKit/537.36 (KHTML, like Gecko; compatible; bingbot/2.0; +http://www.bing.com/bingbot.htm) Chrome/116.0.1938.76 Safari/537.36"
157.55.39.10 - - [01/Jul/2026:22:22:16 +0000] "GET /products/395921231/ HTTP/2" 200 25156 "-" "Mozilla/5.0 AppleWebKit/537.36 (KHTML, like Gecko; compatible; bingbot/2.0; +http://www.bing.com/bingbot.htm) Chrome/116.0.1938.76 Safari/537.36"
157.55.39.10 - - [01/Jul/2026:22:22:19 +0000] "GET /products/429399831/ HTTP/2" 200 25614 "-" "Mozilla/5.0 AppleWebKit/537.36 (KHTML, like Gecko; compatible; bingbot/2.0; +http://www.bing.com/bingbot.htm) Chrome/116.0.1938.76 Safari/537.36"
157.55.39.10 - - [01/Jul/2026:22:22:22 +0000] "GET /products/50708731/ HTTP/2" 200 25712 "-" "Mozilla/5.0 AppleWebKit/537.36 (KHTML, like Gecko; compatible; bingbot/2.0; +http://www.bing.com/bingbot.htm) Chrome/116.0.1938.76 Safari/537.36"
57.141.0.43 - - [01/Jul/2026:22:22:49 +0000] "GET /products/011794648120 HTTP/2" 404 155047 "-" "meta-externalagent/1.1 (+https://developers.facebook.com/docs/sharing/webmasters/crawler)"
66.249.74.43 - - [01/Jul/2026:22:21:52 +0000] "GET /products/15205453/ HTTP/1.1" 200 27029 "-" "Mozilla/5.0 (Linux; Android 6.0.1; Nexus 5X Build/MMB29P) AppleWebKit/537.36 (KHTML, like Gecko) Chrome/149.0.7827.200 Mobile Safari/537.36 (compatible; Googlebot/2.1; +http://www.google.com/bot.html)"
157.55.39.10 - - [01/Jul/2026:22:21:53 +0000] "GET /pages.php?products/3657542/ HTTP/2" 200 26508 "-" "Mozilla/5.0 AppleWebKit/537.36 (KHTML, like Gecko; compatible; bingbot/2.0; +http://www.bing.com/bingbot.htm) Chrome/116.0.1938.76 Safari/537.36"
52.167.144.238 - - [01/Jul/2026:22:21:55 +0000] "GET /pages.php?products/2993564/ HTTP/2" 200 25654 "-" "Mozilla/5.0 AppleWebKit/537.36 (KHTML, like Gecko; compatible; bingbot/2.0; +http://www.bing.com/bingbot.htm) Chrome/116.0.1938.76 Safari/537.36"
52.167.144.238 - - [01/Jul/2026:22:21:58 +0000] "GET /pages.php?ctg/search/similarImageSearchResultView/?ctgItemCd=75025761 HTTP/2" 200 26919 "-" "Mozilla/5.0 AppleWebKit/537.36 (KHTML, like Gecko; compatible; bingbot/2.0; +http://www.bing.com/bingbot.htm) Chrome/116.0.1938.76 Safari/537.36"
52.167.144.238 - - [01/Jul/2026:22:22:01 +0000] "GET /pages.php?products/8569953/ HTTP/2" 200 27021 "-" "Mozilla/5.0 AppleWebKit/537.36 (KHTML, like Gecko; compatible; bingbot/2.0; +http://www.bing.com/bingbot.htm) Chrome/116.0.1938.76 Safari/537.36"
52.167.144.238 - - [01/Jul/2026:22:22:25 +0000] "GET /products/272021358/ HTTP/2" 200 25974 "-" "Mozilla/5.0 AppleWebKit/537.36 (KHTML, like Gecko; compatible; bingbot/2.0; +http://www.bing.com/bingbot.htm) Chrome/116.0.1938.76 Safari/537.36"
52.167.144.238 - - [01/Jul/2026:22:22:28 +0000] "GET /products/346500331/ HTTP/2" 200 26033 "-" "Mozilla/5.0 AppleWebKit/537.36 (KHTML, like Gecko; compatible; bingbot/2.0; +http://www.bing.com/bingbot.htm) Chrome/116.0.1938.76 Safari/537.36"
52.167.144.238 - - [01/Jul/2026:22:22:31 +0000] "GET /products/133459831/ HTTP/2" 200 26962 "-" "Mozilla/5.0 AppleWebKit/537.36 (KHTML, like Gecko; compatible; bingbot/2.0; +http://www.bing.com/bingbot.htm) Chrome/116.0.1938.76 Safari/537.36"
52.167.144.238 - - [01/Jul/2026:22:22:35 +0000] "GET /products/131297131/ HTTP/2" 200 25703 "-" "Mozilla/5.0 AppleWebKit/537.36 (KHTML, like Gecko; compatible; bingbot/2.0; +http://www.bing.com/bingbot.htm) Chrome/116.0.1938.76 Safari/537.36"
52.167.144.238 - - [01/Jul/2026:22:22:37 +0000] "GET /products/398679831/ HTTP/2" 200 25785 "-" "Mozilla/5.0 AppleWebKit/537.36 (KHTML, like Gecko; compatible; bingbot/2.0; +http://www.bing.com/bingbot.htm) Chrome/116.0.1938.76 Safari/537.36"
52.167.144.238 - - [01/Jul/2026:22:22:40 +0000] "GET /pages.php?products/9547820/ HTTP/2" 200 26162 "-" "Mozilla/5.0 AppleWebKit/537.36 (KHTML, like Gecko; compatible; bingbot/2.0; +http://www.bing.com/bingbot.htm) Chrome/116.0.1938.76 Safari/537.36"
52.167.144.238 - - [01/Jul/2026:22:22:43 +0000] "GET /products/477981831/ HTTP/2" 200 25539 "-" "Mozilla/5.0 AppleWebKit/537.36 (KHTML, like Gecko; compatible; bingbot/2.0; +http://www.bing.com/bingbot.htm) Chrome/116.0.1938.76 Safari/537.36"
52.167.144.238 - - [01/Jul/2026:22:22:46 +0000] "GET /products/396118631/ HTTP/2" 200 26649 "-" "Mozilla/5.0 AppleWebKit/537.36 (KHTML, like Gecko; compatible; bingbot/2.0; +http://www.bing.com/bingbot.htm) Chrome/116.0.1938.76 Safari/537.36"
52.167.144.238 - - [01/Jul/2026:22:22:49 +0000] "GET /products/497947231/ HTTP/2" 200 26291 "-" "Mozilla/5.0 AppleWebKit/537.36 (KHTML, like Gecko; compatible; bingbot/2.0; +http://www.bing.com/bingbot.htm) Chrome/116.0.1938.76 Safari/537.36"
57.141.0.5 - - [01/Jul/2026:22:22:50 +0000] "GET /products/011300341482 HTTP/2" 404 155047 "-" "meta-externalagent/1.1 (+https://developers.facebook.com/docs/sharing/webmasters/crawler)"
52.167.144.238 - - [01/Jul/2026:22:22:52 +0000] "GET /products/171720558/ HTTP/2" 200 25732 "-" "Mozilla/5.0 AppleWebKit/537.36 (KHTML, like Gecko; compatible; bingbot/2.0; +http://www.bing.com/bingbot.htm) Chrome/116.0.1938.76 Safari/537.36"
52.167.144.238 - - [01/Jul/2026:22:22:55 +0000] "GET /products/502039631/ HTTP/2" 200 25801 "-" "Mozilla/5.0 AppleWebKit/537.36 (KHTML, like Gecko; compatible; bingbot/2.0; +http://www.bing.com/bingbot.htm) Chrome/116.0.1938.76 Safari/537.36"
40.77.167.48 - - [01/Jul/2026:22:23:03 +0000] "GET /pages.php?products/5267820/ HTTP/2" 200 26672 "-" "Mozilla/5.0 AppleWebKit/537.36 (KHTML, like Gecko; compatible; bingbot/2.0; +http://www.bing.com/bingbot.htm) Chrome/116.0.1938.76 Safari/537.36"
40.77.167.48 - - [01/Jul/2026:22:23:06 +0000] "GET /products/73260631/ HTTP/2" 200 25556 "-" "Mozilla/5.0 AppleWebKit/537.36 (KHTML, like Gecko; compatible; bingbot/2.0; +http://www.bing.com/bingbot.htm) Chrome/116.0.1938.76 Safari/537.36"
40.77.167.48 - - [01/Jul/2026:22:23:09 +0000] "GET /products/187078358/ HTTP/2" 200 26932 "-" "Mozilla/5.0 AppleWebKit/537.36 (KHTML, like Gecko; compatible; bingbot/2.0; +http://www.bing.com/bingbot.htm) Chrome/116.0.1938.76 Safari/537.36"
40.77.167.48 - - [01/Jul/2026:22:23:12 +0000] "GET /products/64497431/ HTTP/2" 200 25380 "-" "Mozilla/5.0 AppleWebKit/537.36 (KHTML, like Gecko; compatible; bingbot/2.0; +http://www.bing.com/bingbot.htm) Chrome/116.0.1938.76 Safari/537.36"
40.77.167.48 - - [01/Jul/2026:22:23:15 +0000] "GET /products/62487358/ HTTP/2" 200 25814 "-" "Mozilla/5.0 AppleWebKit/537.36 (KHTML, like Gecko; compatible; bingbot/2.0; +http://www.bing.com/bingbot.htm) Chrome/116.0.1938.76 Safari/537.36"
40.77.167.48 - - [01/Jul/2026:22:23:18 +0000] "GET /products/22921931/ HTTP/2" 200 26870 "-" "Mozilla/5.0 AppleWebKit/537.36 (KHTML, like Gecko; compatible; bingbot/2.0; +http://www.bing.com/bingbot.htm) Chrome/116.0.1938.76 Safari/537.36"
40.77.167.48 - - [01/Jul/2026:22:23:21 +0000] "GET /products/79600831/ HTTP/2" 200 25643 "-" "Mozilla/5.0 AppleWebKit/537.36 (KHTML, like Gecko; compatible; bingbot/2.0; +http://www.bing.com/bingbot.htm) Chrome/116.0.1938.76 Safari/537.36"
40.77.167.48 - - [01/Jul/2026:22:23:24 +0000] "GET /products/461440331/ HTTP/2" 200 25619 "-" "Mozilla/5.0 AppleWebKit/537.36 (KHTML, like Gecko; compatible; bingbot/2.0; +http://www.bing.com/bingbot.htm) Chrome/116.0.1938.76 Safari/537.36"
40.77.167.48 - - [01/Jul/2026:22:23:27 +0000] "GET /products/494447131/ HTTP/2" 200 25699 "-" "Mozilla/5.0 AppleWebKit/537.36 (KHTML, like Gecko; compatible; bingbot/2.0; +http://www.bing.com/bingbot.htm) Chrome/116.0.1938.76 Safari/537.36"
40.77.167.48 - - [01/Jul/2026:22:23:30 +0000] "GET /products/472208131/ HTTP/2" 200 25485 "-" "Mozilla/5.0 AppleWebKit/537.36 (KHTML, like Gecko; compatible; bingbot/2.0; +http://www.bing.com/bingbot.htm) Chrome/116.0.1938.76 Safari/537.36"
157.55.39.10 - - [01/Jul/2026:22:23:34 +0000] "GET /products/146062931/ HTTP/2" 200 25105 "-" "Mozilla/5.0 AppleWebKit/537.36 (KHTML, like Gecko; compatible; bingbot/2.0; +http://www.bing.com/bingbot.htm) Chrome/116.0.1938.76 Safari/537.36"
157.55.39.10 - - [01/Jul/2026:22:23:37 +0000] "GET /products/437365831/ HTTP/2" 200 25376 "-" "Mozilla/5.0 AppleWebKit/537.36 (KHTML, like Gecko; compatible; bingbot/2.0; +http://www.bing.com/bingbot.htm) Chrome/116.0.1938.76 Safari/537.36"
157.55.39.10 - - [01/Jul/2026:22:23:40 +0000] "GET /products/255182931/ HTTP/2" 200 25731 "-" "Mozilla/5.0 AppleWebKit/537.36 (KHTML, like Gecko; compatible; bingbot/2.0; +http://www.bing.com/bingbot.htm) Chrome/116.0.1938.76 Safari/537.36"
157.55.39.10 - - [01/Jul/2026:22:23:43 +0000] "GET /products/103905331/ HTTP/2" 200 25762 "-" "Mozilla/5.0 AppleWebKit/537.36 (KHTML, like Gecko; compatible; bingbot/2.0; +http://www.bing.com/bingbot.htm) Chrome/116.0.1938.76 Safari/537.36"
40.77.167.48 - - [01/Jul/2026:22:23:45 +0000] "GET /products/239621031/ HTTP/2" 200 26381 "-" "Mozilla/5.0 AppleWebKit/537.36 (KHTML, like Gecko; compatible; bingbot/2.0; +http://www.bing.com/bingbot.htm) Chrome/116.0.1938.76 Safari/537.36"
35.253.90.163 - - [01/Jul/2026:22:24:03 +0000] "GET /product-category/jeans HTTP/2" 301 0 "-" "Mozilla/5.0 AppleWebKit/537.36 (KHTML, like Gecko; compatible; SleepBot/1.0; +http://sleepbot.com/) Chrome/131.0.0.0 Safari/537.36"
35.253.90.163 - - [01/Jul/2026:22:24:04 +0000] "GET /product-category/jeans/ HTTP/2" 200 35686 "https://rearbear.com/product-category/jeans" "Mozilla/5.0 AppleWebKit/537.36 (KHTML, like Gecko; compatible; SleepBot/1.0; +http://sleepbot.com/) Chrome/131.0.0.0 Safari/537.36"
66.249.74.32 - - [01/Jul/2026:22:24:09 +0000] "GET /products/242196231/ HTTP/1.1" 200 25623 "-" "Mozilla/5.0 (Linux; Android 6.0.1; Nexus 5X Build/MMB29P) AppleWebKit/537.36 (KHTML, like Gecko) Chrome/149.0.7827.200 Mobile Safari/537.36 (compatible; Googlebot/2.1; +http://www.google.com/bot.html)"
157.55.39.10 - - [01/Jul/2026:22:26:18 +0000] "GET /products/254606931/ HTTP/2" 200 26370 "-" "Mozilla/5.0 AppleWebKit/537.36 (KHTML, like Gecko; compatible; bingbot/2.0; +http://www.bing.com/bingbot.htm) Chrome/116.0.1938.76 Safari/537.36"
157.55.39.10 - - [01/Jul/2026:22:26:22 +0000] "GET /products/29357531/ HTTP/2" 200 25910 "-" "Mozilla/5.0 AppleWebKit/537.36 (KHTML, like Gecko; compatible; bingbot/2.0; +http://www.bing.com/bingbot.htm) Chrome/116.0.1938.76 Safari/537.36"
157.55.39.10 - - [01/Jul/2026:22:26:24 +0000] "GET /products/339926731/ HTTP/2" 200 26897 "-" "Mozilla/5.0 AppleWebKit/537.36 (KHTML, like Gecko; compatible; bingbot/2.0; +http://www.bing.com/bingbot.htm) Chrome/116.0.1938.76 Safari/537.36"
52.167.144.238 - - [01/Jul/2026:22:26:26 +0000] "GET /products/374809931/ HTTP/2" 200 26501 "-" "Mozilla/5.0 AppleWebKit/537.36 (KHTML, like Gecko; compatible; bingbot/2.0; +http://www.bing.com/bingbot.htm) Chrome/116.0.1938.76 Safari/537.36"
52.167.144.238 - - [01/Jul/2026:22:26:32 +0000] "GET /products/183330931/ HTTP/2" 200 33841 "-" "Mozilla/5.0 AppleWebKit/537.36 (KHTML, like Gecko; compatible; bingbot/2.0; +http://www.bing.com/bingbot.htm) Chrome/116.0.1938.76 Safari/537.36"
52.167.144.238 - - [01/Jul/2026:22:26:35 +0000] "GET /products/114375431/ HTTP/2" 200 25416 "-" "Mozilla/5.0 AppleWebKit/537.36 (KHTML, like Gecko; compatible; bingbot/2.0; +http://www.bing.com/bingbot.htm) Chrome/116.0.1938.76 Safari/537.36"
66.249.74.33 - - [01/Jul/2026:22:26:43 +0000] "GET /products/477424331/ HTTP/1.1" 200 26068 "-" "Mozilla/5.0 (Linux; Android 6.0.1; Nexus 5X Build/MMB29P) AppleWebKit/537.36 (KHTML, like Gecko) Chrome/149.0.7827.200 Mobile Safari/537.36 (compatible; Googlebot/2.1; +http://www.google.com/bot.html)"
157.55.39.10 - - [01/Jul/2026:22:27:05 +0000] "GET /products/474404031/ HTTP/2" 200 26469 "-" "Mozilla/5.0 AppleWebKit/537.36 (KHTML, like Gecko; compatible; bingbot/2.0; +http://www.bing.com/bingbot.htm) Chrome/116.0.1938.76 Safari/537.36"
157.55.39.10 - - [01/Jul/2026:22:27:09 +0000] "GET /products/483233331/ HTTP/2" 200 25879 "-" "Mozilla/5.0 AppleWebKit/537.36 (KHTML, like Gecko; compatible; bingbot/2.0; +http://www.bing.com/bingbot.htm) Chrome/116.0.1938.76 Safari/537.36"
40.77.167.48 - - [01/Jul/2026:22:27:22 +0000] "GET /products/330713431/ HTTP/2" 200 25544 "-" "Mozilla/5.0 AppleWebKit/537.36 (KHTML, like Gecko; compatible; bingbot/2.0; +http://www.bing.com/bingbot.htm) Chrome/116.0.1938.76 Safari/537.36"
40.77.167.48 - - [01/Jul/2026:22:27:25 +0000] "GET /products/409952631/ HTTP/2" 200 25748 "-" "Mozilla/5.0 AppleWebKit/537.36 (KHTML, like Gecko; compatible; bingbot/2.0; +http://www.bing.com/bingbot.htm) Chrome/116.0.1938.76 Safari/537.36"
40.77.167.48 - - [01/Jul/2026:22:27:28 +0000] "GET /products/372840831/ HTTP/2" 200 25690 "-" "Mozilla/5.0 AppleWebKit/537.36 (KHTML, like Gecko; compatible; bingbot/2.0; +http://www.bing.com/bingbot.htm) Chrome/116.0.1938.76 Safari/537.36"
40.77.167.48 - - [01/Jul/2026:22:27:31 +0000] "GET /products/206576931/ HTTP/2" 200 26167 "-" "Mozilla/5.0 AppleWebKit/537.36 (KHTML, like Gecko; compatible; bingbot/2.0; +http://www.bing.com/bingbot.htm) Chrome/116.0.1938.76 Safari/537.36"
40.77.167.48 - - [01/Jul/2026:22:27:34 +0000] "GET /products/14562531/ HTTP/2" 200 25557 "-" "Mozilla/5.0 AppleWebKit/537.36 (KHTML, like Gecko; compatible; bingbot/2.0; +http://www.bing.com/bingbot.htm) Chrome/116.0.1938.76 Safari/537.36"
57.141.0.22 - - [01/Jul/2026:22:28:08 +0000] "GET /products/013535370320 HTTP/2" 404 155047 "-" "meta-externalagent/1.1 (+https://developers.facebook.com/docs/sharing/webmasters/crawler)"
209.87.169.198 - - [01/Jul/2026:22:28:15 +0000] "POST /wp-login.php HTTP/1.1" 200 2368 "-" "Mozilla/5.0 (Windows NT 10.0; Win64; x64) AppleWebKit/537.36 Chrome/129.0.0.0 Safari/537.36"
209.87.169.204 - - [01/Jul/2026:22:28:15 +0000] "POST /wp-login.php HTTP/1.1" 302 0 "-" "Mozilla/5.0 (Windows NT 10.0; Win64; rv:143.0) Gecko/20100101 Firefox/143.0"
57.141.0.32 - - [01/Jul/2026:22:26:25 +0000] "GET /products/01960903082 HTTP/2" 404 155047 "-" "meta-externalagent/1.1 (+https://developers.facebook.com/docs/sharing/webmasters/crawler)"
40.77.167.48 - - [01/Jul/2026:22:26:38 +0000] "GET /products/393034031/ HTTP/2" 200 26616 "-" "Mozilla/5.0 AppleWebKit/537.36 (KHTML, like Gecko; compatible; bingbot/2.0; +http://www.bing.com/bingbot.htm) Chrome/116.0.1938.76 Safari/537.36"
40.77.167.48 - - [01/Jul/2026:22:26:41 +0000] "GET /products/73375931/ HTTP/2" 200 27868 "-" "Mozilla/5.0 AppleWebKit/537.36 (KHTML, like Gecko; compatible; bingbot/2.0; +http://www.bing.com/bingbot.htm) Chrome/116.0.1938.76 Safari/537.36"
40.77.167.48 - - [01/Jul/2026:22:26:43 +0000] "GET /products/239301531/ HTTP/2" 200 26562 "-" "Mozilla/5.0 AppleWebKit/537.36 (KHTML, like Gecko; compatible; bingbot/2.0; +http://www.bing.com/bingbot.htm) Chrome/116.0.1938.76 Safari/537.36"
40.77.167.48 - - [01/Jul/2026:22:26:47 +0000] "GET /products/378774531/ HTTP/2" 200 26009 "-" "Mozilla/5.0 AppleWebKit/537.36 (KHTML, like Gecko; compatible; bingbot/2.0; +http://www.bing.com/bingbot.htm) Chrome/116.0.1938.76 Safari/537.36"
40.77.167.48 - - [01/Jul/2026:22:26:49 +0000] "GET /products/222304658/ HTTP/2" 200 29291 "-" "Mozilla/5.0 AppleWebKit/537.36 (KHTML, like Gecko; compatible; bingbot/2.0; +http://www.bing.com/bingbot.htm) Chrome/116.0.1938.76 Safari/537.36"
40.77.167.48 - - [01/Jul/2026:22:26:52 +0000] "GET /products/204227331/ HTTP/2" 200 25849 "-" "Mozilla/5.0 AppleWebKit/537.36 (KHTML, like Gecko; compatible; bingbot/2.0; +http://www.bing.com/bingbot.htm) Chrome/116.0.1938.76 Safari/537.36"
40.77.167.48 - - [01/Jul/2026:22:26:55 +0000] "GET /products/440793131/ HTTP/2" 200 27560 "-" "Mozilla/5.0 AppleWebKit/537.36 (KHTML, like Gecko; compatible; bingbot/2.0; +http://www.bing.com/bingbot.htm) Chrome/116.0.1938.76 Safari/537.36"
40.77.167.48 - - [01/Jul/2026:22:26:58 +0000] "GET /products/220602631/ HTTP/2" 200 25989 "-" "Mozilla/5.0 AppleWebKit/537.36 (KHTML, like Gecko; compatible; bingbot/2.0; +http://www.bing.com/bingbot.htm) Chrome/116.0.1938.76 Safari/537.36"
40.77.167.48 - - [01/Jul/2026:22:27:01 +0000] "GET /products/34745753/ HTTP/2" 200 25520 "-" "Mozilla/5.0 AppleWebKit/537.36 (KHTML, like Gecko; compatible; bingbot/2.0; +http://www.bing.com/bingbot.htm) Chrome/116.0.1938.76 Safari/537.36"
52.167.144.238 - - [01/Jul/2026:22:27:13 +0000] "GET /products/489649331/ HTTP/2" 200 26598 "-" "Mozilla/5.0 AppleWebKit/537.36 (KHTML, like Gecko; compatible; bingbot/2.0; +http://www.bing.com/bingbot.htm) Chrome/116.0.1938.76 Safari/537.36"
52.167.144.238 - - [01/Jul/2026:22:27:15 +0000] "GET /products/95276458/ HTTP/2" 200 25404 "-" "Mozilla/5.0 AppleWebKit/537.36 (KHTML, like Gecko; compatible; bingbot/2.0; +http://www.bing.com/bingbot.htm) Chrome/116.0.1938.76 Safari/537.36"
52.167.144.238 - - [01/Jul/2026:22:27:19 +0000] "GET /products/108405331/ HTTP/2" 200 25097 "-" "Mozilla/5.0 AppleWebKit/537.36 (KHTML, like Gecko; compatible; bingbot/2.0; +http://www.bing.com/bingbot.htm) Chrome/116.0.1938.76 Safari/537.36"
66.249.74.43 - - [01/Jul/2026:22:28:25 +0000] "GET /products/448746831/ HTTP/1.1" 200 26429 "-" "Mozilla/5.0 (Linux; Android 6.0.1; Nexus 5X Build/MMB29P) AppleWebKit/537.36 (KHTML, like Gecko) Chrome/149.0.7827.200 Mobile Safari/537.36 (compatible; Googlebot/2.1; +http://www.google.com/bot.html)"
