40.77.167.155 - - [01/Jul/2026:23:43:02 +0000] "GET /products/283937631/ HTTP/2" 200 25958 "-" "Mozilla/5.0 AppleWebKit/537.36 (KHTML, like Gecko; compatible; bingbot/2.0; +http://www.bing.com/bingbot.htm) Chrome/116.0.1938.76 Safari/537.36"
157.55.39.52 - - [01/Jul/2026:23:43:05 +0000] "GET /products/276718131/ HTTP/2" 200 26258 "-" "Mozilla/5.0 AppleWebKit/537.36 (KHTML, like Gecko; compatible; bingbot/2.0; +http://www.bing.com/bingbot.htm) Chrome/116.0.1938.76 Safari/537.36"
157.55.39.52 - - [01/Jul/2026:23:43:09 +0000] "GET /products/408354631/ HTTP/2" 200 26284 "-" "Mozilla/5.0 AppleWebKit/537.36 (KHTML, like Gecko; compatible; bingbot/2.0; +http://www.bing.com/bingbot.htm) Chrome/116.0.1938.76 Safari/537.36"
157.55.39.52 - - [01/Jul/2026:23:43:13 +0000] "GET /products/49344231/ HTTP/2" 200 25618 "-" "Mozilla/5.0 AppleWebKit/537.36 (KHTML, like Gecko; compatible; bingbot/2.0; +http://www.bing.com/bingbot.htm) Chrome/116.0.1938.76 Safari/537.36"
157.55.39.52 - - [01/Jul/2026:23:43:15 +0000] "GET /products/435509631/ HTTP/2" 200 25648 "-" "Mozilla/5.0 AppleWebKit/537.36 (KHTML, like Gecko; compatible; bingbot/2.0; +http://www.bing.com/bingbot.htm) Chrome/116.0.1938.76 Safari/537.36"
40.77.167.57 - - [01/Jul/2026:23:43:18 +0000] "GET /pages.php?ctg/search/similarImageSearchResultView/?ctgItemCd=59903846 HTTP/2" 200 27117 "-" "Mozilla/5.0 AppleWebKit/537.36 (KHTML, like Gecko; compatible; bingbot/2.0; +http://www.bing.com/bingbot.htm) Chrome/116.0.1938.76 Safari/537.36"
40.77.167.57 - - [01/Jul/2026:23:43:22 +0000] "GET /products/47788553/ HTTP/2" 200 25700 "-" "Mozilla/5.0 AppleWebKit/537.36 (KHTML, like Gecko; compatible; bingbot/2.0; +http://www.bing.com/bingbot.htm) Chrome/116.0.1938.76 Safari/537.36"
40.77.167.57 - - [01/Jul/2026:23:43:24 +0000] "GET /products/275066931/ HTTP/2" 200 26120 "-" "Mozilla/5.0 AppleWebKit/537.36 (KHTML, like Gecko; compatible; bingbot/2.0; +http://www.bing.com/bingbot.htm) Chrome/116.0.1938.76 Safari/537.36"
40.77.167.57 - - [01/Jul/2026:23:43:27 +0000] "GET /products/252702031/ HTTP/2" 200 25545 "-" "Mozilla/5.0 AppleWebKit/537.36 (KHTML, like Gecko; compatible; bingbot/2.0; +http://www.bing.com/bingbot.htm) Chrome/116.0.1938.76 Safari/537.36"
40.77.167.57 - - [01/Jul/2026:23:43:30 +0000] "GET /products/22209553/ HTTP/2" 200 27379 "-" "Mozilla/5.0 AppleWebKit/537.36 (KHTML, like Gecko; compatible; bingbot/2.0; +http://www.bing.com/bingbot.htm) Chrome/116.0.1938.76 Safari/537.36"
66.249.74.43 - - [01/Jul/2026:23:43:32 +0000] "GET /products/1574154946 HTTP/1.1" 200 26281 "-" "Mozilla/5.0 (Linux; Android 6.0.1; Nexus 5X Build/MMB29P) AppleWebKit/537.36 (KHTML, like Gecko) Chrome/149.0.7827.200 Mobile Safari/537.36 (compatible; Googlebot/2.1; +http://www.google.com/bot.html)"
40.77.167.57 - - [01/Jul/2026:23:43:33 +0000] "GET /products/269359458/ HTTP/2" 200 26433 "-" "Mozilla/5.0 AppleWebKit/537.36 (KHTML, like Gecko; compatible; bingbot/2.0; +http://www.bing.com/bingbot.htm) Chrome/116.0.1938.76 Safari/537.36"
40.77.167.57 - - [01/Jul/2026:23:43:36 +0000] "GET /products/61386258/ HTTP/2" 200 25996 "-" "Mozilla/5.0 AppleWebKit/537.36 (KHTML, like Gecko; compatible; bingbot/2.0; +http://www.bing.com/bingbot.htm) Chrome/116.0.1938.76 Safari/537.36"
40.77.167.57 - - [01/Jul/2026:23:43:39 +0000] "GET /products/166146331/ HTTP/2" 200 26385 "-" "Mozilla/5.0 AppleWebKit/537.36 (KHTML, like Gecko; compatible; bingbot/2.0; +http://www.bing.com/bingbot.htm) Chrome/116.0.1938.76 Safari/537.36"
85.215.252.72 - - [01/Jul/2026:23:43:39 +0000] "GET /wp-login.php HTTP/2" 200 1975 "-" "Mozilla/5.0 (X11; CrOS x86_64 14541.0.0) AppleWebKit/537.36 (KHTML, like Gecko) Chrome/133.0.0.0 Safari/537.36"
85.215.252.72 - - [01/Jul/2026:23:43:40 +0000] "POST /wp-login.php HTTP/2" 200 2154 "https://rearbear.com/wp-login.php" "Mozilla/5.0 (X11; CrOS x86_64 14541.0.0) AppleWebKit/537.36 (KHTML, like Gecko) Chrome/133.0.0.0 Safari/537.36"
40.77.167.155 - - [01/Jul/2026:23:43:49 +0000] "GET /products/145190831/ HTTP/2" 200 26067 "-" "Mozilla/5.0 AppleWebKit/537.36 (KHTML, like Gecko; compatible; bingbot/2.0; +http://www.bing.com/bingbot.htm) Chrome/116.0.1938.76 Safari/537.36"
40.77.167.57 - - [01/Jul/2026:23:40:20 +0000] "GET /products/55741231/ HTTP/2" 200 26811 "-" "Mozilla/5.0 AppleWebKit/537.36 (KHTML, like Gecko; compatible; bingbot/2.0; +http://www.bing.com/bingbot.htm) Chrome/116.0.1938.76 Safari/537.36"
40.77.167.57 - - [01/Jul/2026:23:40:23 +0000] "GET /products/150233231/ HTTP/2" 200 26770 "-" "Mozilla/5.0 AppleWebKit/537.36 (KHTML, like Gecko; compatible; bingbot/2.0; +http://www.bing.com/bingbot.htm) Chrome/116.0.1938.76 Safari/537.36"
160.119.64.32 - - [01/Jul/2026:23:40:35 +0000] "GET /wp-login.php HTTP/2" 200 1975 "-" "Mozilla/5.0 (X11; Fedora; Linux x86_64) AppleWebKit/537.36 (KHTML, like Gecko) Chrome/133.0.0.0 Safari/537.36"
160.119.64.32 - - [01/Jul/2026:23:40:36 +0000] "POST /wp-login.php HTTP/2" 200 2151 "https://rearbear.com/wp-login.php" "Mozilla/5.0 (X11; Fedora; Linux x86_64) AppleWebKit/537.36 (KHTML, like Gecko) Chrome/133.0.0.0 Safari/537.36"
66.249.73.14 - - [01/Jul/2026:23:40:54 +0000] "GET /products/131254823417 HTTP/1.1" 200 25543 "-" "Mozilla/5.0 (Linux; Android 6.0.1; Nexus 5X Build/MMB29P) AppleWebKit/537.36 (KHTML, like Gecko) Chrome/149.0.7827.200 Mobile Safari/537.36 (compatible; Googlebot/2.1; +http://www.google.com/bot.html)"
66.249.73.14 - - [01/Jul/2026:23:41:45 +0000] "GET /products/133058949962 HTTP/1.1" 200 25430 "-" "Mozilla/5.0 (Linux; Android 6.0.1; Nexus 5X Build/MMB29P) AppleWebKit/537.36 (KHTML, like Gecko) Chrome/149.0.7827.200 Mobile Safari/537.36 (compatible; Googlebot/2.1; +http://www.google.com/bot.html)"
66.249.74.33 - - [01/Jul/2026:23:42:06 +0000] "GET /products/495798431/ HTTP/1.1" 200 26789 "-" "Mozilla/5.0 (Linux; Android 6.0.1; Nexus 5X Build/MMB29P) AppleWebKit/537.36 (KHTML, like Gecko) Chrome/149.0.7827.200 Mobile Safari/537.36 (compatible; Googlebot/2.1; +http://www.google.com/bot.html)"
157.55.39.52 - - [01/Jul/2026:23:43:43 +0000] "GET /products/110484731/ HTTP/2" 200 26105 "-" "Mozilla/5.0 AppleWebKit/537.36 (KHTML, like Gecko; compatible; bingbot/2.0; +http://www.bing.com/bingbot.htm) Chrome/116.0.1938.76 Safari/537.36"
66.249.73.12 - - [01/Jul/2026:23:43:57 +0000] "GET /products/433704331/ HTTP/1.1" 200 25377 "-" "Mozilla/5.0 (Linux; Android 6.0.1; Nexus 5X Build/MMB29P) AppleWebKit/537.36 (KHTML, like Gecko) Chrome/149.0.7827.200 Mobile Safari/537.36 (compatible; Googlebot/2.1; +http://www.google.com/bot.html)"
57.141.0.45 - - [01/Jul/2026:23:44:14 +0000] "GET /products/013508674151 HTTP/2" 404 155047 "-" "meta-externalagent/1.1 (+https://developers.facebook.com/docs/sharing/webmasters/crawler)"
66.249.74.43 - - [01/Jul/2026:23:44:27 +0000] "GET /products/43617511436 HTTP/1.1" 200 25590 "-" "Mozilla/5.0 (Linux; Android 6.0.1; Nexus 5X Build/MMB29P) AppleWebKit/537.36 (KHTML, like Gecko) Chrome/149.0.7827.200 Mobile Safari/537.36 (compatible; Googlebot/2.1; +http://www.google.com/bot.html)"
57.141.0.55 - - [01/Jul/2026:23:44:39 +0000] "GET /products/01596447011 HTTP/2" 404 155047 "-" "meta-externalagent/1.1 (+https://developers.facebook.com/docs/sharing/webmasters/crawler)"
117.0.21.154 - - [01/Jul/2026:23:45:28 +0000] "GET /wp-login.php HTTP/2" 200 1975 "-" "Mozilla/5.0 (X11; CrOS x86_64 14541.0.0) AppleWebKit/537.36 (KHTML, like Gecko) Chrome/133.0.0.0 Safari/537.36"
117.0.21.154 - - [01/Jul/2026:23:45:31 +0000] "POST /wp-login.php HTTP/2" 200 2151 "https://rearbear.com/wp-login.php" "Mozilla/5.0 (X11; CrOS x86_64 14541.0.0) AppleWebKit/537.36 (KHTML, like Gecko) Chrome/133.0.0.0 Safari/537.36"
57.141.0.4 - - [01/Jul/2026:23:45:47 +0000] "GET /products/013409115870 HTTP/2" 404 155047 "-" "meta-externalagent/1.1 (+https://developers.facebook.com/docs/sharing/webmasters/crawler)"
57.141.0.8 - - [01/Jul/2026:23:45:59 +0000] "GET /products/013511984622 HTTP/2" 404 155047 "-" "meta-externalagent/1.1 (+https://developers.facebook.com/docs/sharing/webmasters/crawler)"
40.77.167.155 - - [01/Jul/2026:23:43:51 +0000] "GET /products/158747831/ HTTP/2" 200 26016 "-" "Mozilla/5.0 AppleWebKit/537.36 (KHTML, like Gecko; compatible; bingbot/2.0; +http://www.bing.com/bingbot.htm) Chrome/116.0.1938.76 Safari/537.36"
40.77.167.155 - - [01/Jul/2026:23:43:55 +0000] "GET /products/467801531/ HTTP/2" 200 25500 "-" "Mozilla/5.0 AppleWebKit/537.36 (KHTML, like Gecko; compatible; bingbot/2.0; +http://www.bing.com/bingbot.htm) Chrome/116.0.1938.76 Safari/537.36"
40.77.167.155 - - [01/Jul/2026:23:43:57 +0000] "GET /products/284747731/ HTTP/2" 200 25272 "-" "Mozilla/5.0 AppleWebKit/537.36 (KHTML, like Gecko; compatible; bingbot/2.0; +http://www.bing.com/bingbot.htm) Chrome/116.0.1938.76 Safari/537.36"
66.249.73.13 - - [01/Jul/2026:23:43:57 +0000] "GET /products/134079700971 HTTP/1.1" 200 25442 "-" "Mozilla/5.0 (Linux; Android 6.0.1; Nexus 5X Build/MMB29P) AppleWebKit/537.36 (KHTML, like Gecko) Chrome/149.0.7827.200 Mobile Safari/537.36 (compatible; Googlebot/2.1; +http://www.google.com/bot.html)"
40.77.167.155 - - [01/Jul/2026:23:44:00 +0000] "GET /products/99386431/ HTTP/2" 200 26910 "-" "Mozilla/5.0 AppleWebKit/537.36 (KHTML, like Gecko; compatible; bingbot/2.0; +http://www.bing.com/bingbot.htm) Chrome/116.0.1938.76 Safari/537.36"
40.77.167.155 - - [01/Jul/2026:23:44:03 +0000] "GET /products/104374558/ HTTP/2" 200 25726 "-" "Mozilla/5.0 AppleWebKit/537.36 (KHTML, like Gecko; compatible; bingbot/2.0; +http://www.bing.com/bingbot.htm) Chrome/116.0.1938.76 Safari/537.36"
40.77.167.155 - - [01/Jul/2026:23:44:06 +0000] "GET /products/65127131/ HTTP/2" 200 26378 "-" "Mozilla/5.0 AppleWebKit/537.36 (KHTML, like Gecko; compatible; bingbot/2.0; +http://www.bing.com/bingbot.htm) Chrome/116.0.1938.76 Safari/537.36"
66.249.74.32 - - [01/Jul/2026:23:44:09 +0000] "GET /products/67135158/ HTTP/1.1" 200 25787 "-" "Mozilla/5.0 (Linux; Android 6.0.1; Nexus 5X Build/MMB29P) AppleWebKit/537.36 (KHTML, like Gecko) Chrome/149.0.7827.200 Mobile Safari/537.36 (compatible; Googlebot/2.1; +http://www.google.com/bot.html)"
57.141.0.52 - - [01/Jul/2026:23:44:32 +0000] "GET /products/013336974245 HTTP/2" 404 155047 "-" "meta-externalagent/1.1 (+https://developers.facebook.com/docs/sharing/webmasters/crawler)"
57.141.0.52 - - [01/Jul/2026:23:44:52 +0000] "GET /products/012633283477 HTTP/2" 404 155047 "-" "meta-externalagent/1.1 (+https://developers.facebook.com/docs/sharing/webmasters/crawler)"
57.141.0.51 - - [01/Jul/2026:23:45:10 +0000] "GET /products/014242132371 HTTP/2" 404 155047 "-" "meta-externalagent/1.1 (+https://developers.facebook.com/docs/sharing/webmasters/crawler)"
57.141.0.47 - - [01/Jul/2026:23:45:13 +0000] "GET /products/01519133564 HTTP/2" 404 155047 "-" "meta-externalagent/1.1 (+https://developers.facebook.com/docs/sharing/webmasters/crawler)"
57.141.0.50 - - [01/Jul/2026:23:45:28 +0000] "GET /products/01951265468 HTTP/2" 404 155047 "-" "meta-externalagent/1.1 (+https://developers.facebook.com/docs/sharing/webmasters/crawler)"
66.249.74.43 - - [01/Jul/2026:23:45:34 +0000] "GET /products/1998359649 HTTP/1.1" 200 25665 "-" "Mozilla/5.0 (Linux; Android 6.0.1; Nexus 5X Build/MMB29P) AppleWebKit/537.36 (KHTML, like Gecko) Chrome/149.0.7827.200 Mobile Safari/537.36 (compatible; Googlebot/2.1; +http://www.google.com/bot.html)"
57.141.0.31 - - [01/Jul/2026:23:45:46 +0000] "GET /products/011425643457 HTTP/2" 404 155047 "-" "meta-externalagent/1.1 (+https://developers.facebook.com/docs/sharing/webmasters/crawler)"
66.249.74.33 - - [01/Jul/2026:23:46:15 +0000] "GET /products/221491131/ HTTP/1.1" 200 26225 "-" "Mozilla/5.0 (Linux; Android 6.0.1; Nexus 5X Build/MMB29P) AppleWebKit/537.36 (KHTML, like Gecko) Chrome/149.0.7827.200 Mobile Safari/537.36 (compatible; Googlebot/2.1; +http://www.google.com/bot.html)"
57.141.0.28 - - [01/Jul/2026:23:46:55 +0000] "GET /products/011014226971 HTTP/2" 404 155047 "-" "meta-externalagent/1.1 (+https://developers.facebook.com/docs/sharing/webmasters/crawler)"
57.141.0.26 - - [01/Jul/2026:23:46:56 +0000] "GET /products/011814002042 HTTP/2" 404 155047 "-" "meta-externalagent/1.1 (+https://developers.facebook.com/docs/sharing/webmasters/crawler)"
57.141.0.26 - - [01/Jul/2026:23:47:06 +0000] "GET /products/011466597083 HTTP/2" 404 155047 "-" "meta-externalagent/1.1 (+https://developers.facebook.com/docs/sharing/webmasters/crawler)"
57.141.0.6 - - [01/Jul/2026:23:47:14 +0000] "GET /products/013066268400 HTTP/2" 404 155047 "-" "meta-externalagent/1.1 (+https://developers.facebook.com/docs/sharing/webmasters/crawler)"
66.249.73.12 - - [01/Jul/2026:23:47:58 +0000] "GET /products/131412524132 HTTP/1.1" 200 27324 "-" "Mozilla/5.0 (Linux; Android 6.0.1; Nexus 5X Build/MMB29P) AppleWebKit/537.36 (KHTML, like Gecko) Chrome/149.0.7827.200 Mobile Safari/537.36 (compatible; Googlebot/2.1; +http://www.google.com/bot.html)"
66.249.74.33 - - [01/Jul/2026:23:48:05 +0000] "GET /products/151692558/ HTTP/1.1" 200 26333 "-" "Mozilla/5.0 (Linux; Android 6.0.1; Nexus 5X Build/MMB29P) AppleWebKit/537.36 (KHTML, like Gecko) Chrome/149.0.7827.200 Mobile Safari/537.36 (compatible; Googlebot/2.1; +http://www.google.com/bot.html)"
57.141.0.16 - - [01/Jul/2026:23:48:17 +0000] "GET /product-tag/ic25/ HTTP/2" 200 170595 "-" "meta-webindexer/1.1 (+https://developers.facebook.com/docs/sharing/webmasters/crawler)"
57.141.0.61 - - [01/Jul/2026:23:48:18 +0000] "GET /products/011712019563 HTTP/2" 404 155047 "-" "meta-externalagent/1.1 (+https://developers.facebook.com/docs/sharing/webmasters/crawler)"
157.180.34.0 - - [01/Jul/2026:23:48:21 +0000] "GET /wp-login.php HTTP/2" 200 1975 "-" "Mozilla/5.0 (X11; CrOS x86_64 14541.0.0) AppleWebKit/537.36 (KHTML, like Gecko) Chrome/133.0.0.0 Safari/537.36"
157.180.34.0 - - [01/Jul/2026:23:48:22 +0000] "POST /wp-login.php HTTP/2" 200 2154 "https://rearbear.com/wp-login.php" "Mozilla/5.0 (X11; CrOS x86_64 14541.0.0) AppleWebKit/537.36 (KHTML, like Gecko) Chrome/133.0.0.0 Safari/537.36"
157.55.39.52 - - [01/Jul/2026:23:48:27 +0000] "GET /pages.php?ctg/search/similarImageSearchResultView/?ctgItemCd=77261596 HTTP/2" 200 28385 "-" "Mozilla/5.0 AppleWebKit/537.36 (KHTML, like Gecko; compatible; bingbot/2.0; +http://www.bing.com/bingbot.htm) Chrome/116.0.1938.76 Safari/537.36"
40.77.167.155 - - [01/Jul/2026:23:48:30 +0000] "GET /pages.php?products/4329764/ HTTP/2" 200 25485 "-" "Mozilla/5.0 AppleWebKit/537.36 (KHTML, like Gecko; compatible; bingbot/2.0; +http://www.bing.com/bingbot.htm) Chrome/116.0.1938.76 Safari/537.36"
40.77.167.155 - - [01/Jul/2026:23:48:34 +0000] "GET /pages.php?products/4604675/ HTTP/2" 200 25589 "-" "Mozilla/5.0 AppleWebKit/537.36 (KHTML, like Gecko; compatible; bingbot/2.0; +http://www.bing.com/bingbot.htm) Chrome/116.0.1938.76 Safari/537.36"
40.77.167.155 - - [01/Jul/2026:23:48:36 +0000] "GET /products/364354131/ HTTP/2" 200 26240 "-" "Mozilla/5.0 AppleWebKit/537.36 (KHTML, like Gecko; compatible; bingbot/2.0; +http://www.bing.com/bingbot.htm) Chrome/116.0.1938.76 Safari/537.36"
40.77.167.155 - - [01/Jul/2026:23:48:39 +0000] "GET /pages.php?ctg/search/similarImageSearchResultView/?ctgItemCd=22879136 HTTP/2" 200 26690 "-" "Mozilla/5.0 AppleWebKit/537.36 (KHTML, like Gecko; compatible; bingbot/2.0; +http://www.bing.com/bingbot.htm) Chrome/116.0.1938.76 Safari/537.36"
40.77.167.155 - - [01/Jul/2026:23:48:42 +0000] "GET /products/148175658/ HTTP/2" 200 25541 "-" "Mozilla/5.0 AppleWebKit/537.36 (KHTML, like Gecko; compatible; bingbot/2.0; +http://www.bing.com/bingbot.htm) Chrome/116.0.1938.76 Safari/537.36"
40.77.167.155 - - [01/Jul/2026:23:48:45 +0000] "GET /products/170295631/ HTTP/2" 200 26391 "-" "Mozilla/5.0 AppleWebKit/537.36 (KHTML, like Gecko; compatible; bingbot/2.0; +http://www.bing.com/bingbot.htm) Chrome/116.0.1938.76 Safari/537.36"
157.55.39.52 - - [01/Jul/2026:23:48:49 +0000] "GET /products/129845531/ HTTP/2" 200 25186 "-" "Mozilla/5.0 AppleWebKit/537.36 (KHTML, like Gecko; compatible; bingbot/2.0; +http://www.bing.com/bingbot.htm) Chrome/116.0.1938.76 Safari/537.36"
66.249.73.12 - - [01/Jul/2026:23:46:00 +0000] "GET /products/132704720374 HTTP/1.1" 200 25462 "-" "Mozilla/5.0 (Linux; Android 6.0.1; Nexus 5X Build/MMB29P) AppleWebKit/537.36 (KHTML, like Gecko) Chrome/149.0.7827.200 Mobile Safari/537.36 (compatible; Googlebot/2.1; +http://www.google.com/bot.html)"
57.141.0.4 - - [01/Jul/2026:23:47:11 +0000] "GET /products/012055679856 HTTP/2" 404 155047 "-" "meta-externalagent/1.1 (+https://developers.facebook.com/docs/sharing/webmasters/crawler)"
66.249.74.43 - - [01/Jul/2026:23:47:25 +0000] "GET /products/151256542869 HTTP/1.1" 200 25745 "-" "Mozilla/5.0 (Linux; Android 6.0.1; Nexus 5X Build/MMB29P) AppleWebKit/537.36 (KHTML, like Gecko) Chrome/149.0.7827.200 Mobile Safari/537.36 (compatible; Googlebot/2.1; +http://www.google.com/bot.html)"
57.141.0.10 - - [01/Jul/2026:23:48:09 +0000] "GET /products/013025248540 HTTP/2" 404 155047 "-" "meta-externalagent/1.1 (+https://developers.facebook.com/docs/sharing/webmasters/crawler)"
66.249.74.43 - - [01/Jul/2026:23:49:06 +0000] "GET /products/321086662486 HTTP/1.1" 200 25780 "-" "Mozilla/5.0 (Linux; Android 6.0.1; Nexus 5X Build/MMB29P) AppleWebKit/537.36 (KHTML, like Gecko) Chrome/149.0.7827.200 Mobile Safari/537.36 (compatible; Googlebot/2.1; +http://www.google.com/bot.html)"
157.55.39.49 - - [01/Jul/2026:23:49:31 +0000] "GET /products/206291331/ HTTP/2" 200 25603 "-" "Mozilla/5.0 AppleWebKit/537.36 (KHTML, like Gecko; compatible; bingbot/2.0; +http://www.bing.com/bingbot.htm) Chrome/116.0.1938.76 Safari/537.36"
66.249.73.13 - - [01/Jul/2026:23:49:33 +0000] "GET /products/132501777922 HTTP/1.1" 200 25255 "-" "Mozilla/5.0 (Linux; Android 6.0.1; Nexus 5X Build/MMB29P) AppleWebKit/537.36 (KHTML, like Gecko) Chrome/149.0.7827.200 Mobile Safari/537.36 (compatible; Googlebot/2.1; +http://www.google.com/bot.html)"
114.119.134.146 - - [01/Jul/2026:23:49:40 +0000] "GET /?sitemap93.xml HTTP/1.1" 301 0 "-" "Mozilla/5.0 (Linux; Android 7.0;) AppleWebKit/537.36 (KHTML, like Gecko) Mobile Safari/537.36 (compatible; PetalBot;+https://webmaster.petalsearch.com/site/petalbot)"
40.77.167.57 - - [01/Jul/2026:23:49:44 +0000] "GET /products/33030353/ HTTP/2" 200 26637 "-" "Mozilla/5.0 AppleWebKit/537.36 (KHTML, like Gecko; compatible; bingbot/2.0; +http://www.bing.com/bingbot.htm) Chrome/116.0.1938.76 Safari/537.36"
114.119.134.146 - - [01/Jul/2026:23:49:43 +0000] "GET /?sitemap93_xml HTTP/1.1" 200 49577 "-" "Mozilla/5.0 (Linux; Android 7.0;) AppleWebKit/537.36 (KHTML, like Gecko) Mobile Safari/537.36 (compatible; PetalBot;+https://webmaster.petalsearch.com/site/petalbot)"
57.141.0.22 - - [01/Jul/2026:23:48:52 +0000] "GET /products/01233472992 HTTP/2" 404 155047 "-" "meta-externalagent/1.1 (+https://developers.facebook.com/docs/sharing/webmasters/crawler)"
157.55.39.52 - - [01/Jul/2026:23:48:53 +0000] "GET /products/40760531/ HTTP/2" 200 26320 "-" "Mozilla/5.0 AppleWebKit/537.36 (KHTML, like Gecko; compatible; bingbot/2.0; +http://www.bing.com/bingbot.htm) Chrome/116.0.1938.76 Safari/537.36"
157.55.39.52 - - [01/Jul/2026:23:48:54 +0000] "GET /products/307290831/ HTTP/2" 200 25608 "-" "Mozilla/5.0 AppleWebKit/537.36 (KHTML, like Gecko; compatible; bingbot/2.0; +http://www.bing.com/bingbot.htm) Chrome/116.0.1938.76 Safari/537.36"
157.55.39.52 - - [01/Jul/2026:23:48:57 +0000] "GET /products/264042831/ HTTP/2" 200 25424 "-" "Mozilla/5.0 AppleWebKit/537.36 (KHTML, like Gecko; compatible; bingbot/2.0; +http://www.bing.com/bingbot.htm) Chrome/116.0.1938.76 Safari/537.36"
40.77.167.57 - - [01/Jul/2026:23:49:01 +0000] "GET /pages.php?products/3107031/ HTTP/2" 200 25663 "-" "Mozilla/5.0 AppleWebKit/537.36 (KHTML, like Gecko; compatible; bingbot/2.0; +http://www.bing.com/bingbot.htm) Chrome/116.0.1938.76 Safari/537.36"
40.77.167.57 - - [01/Jul/2026:23:49:03 +0000] "GET /pages.php?products/714708/ HTTP/2" 200 26525 "-" "Mozilla/5.0 AppleWebKit/537.36 (KHTML, like Gecko; compatible; bingbot/2.0; +http://www.bing.com/bingbot.htm) Chrome/116.0.1938.76 Safari/537.36"
40.77.167.57 - - [01/Jul/2026:23:49:07 +0000] "GET /pages.php?products/3256853/ HTTP/2" 200 25926 "-" "Mozilla/5.0 AppleWebKit/537.36 (KHTML, like Gecko; compatible; bingbot/2.0; +http://www.bing.com/bingbot.htm) Chrome/116.0.1938.76 Safari/537.36"
40.77.167.57 - - [01/Jul/2026:23:49:10 +0000] "GET /products/261752231/ HTTP/2" 200 26228 "-" "Mozilla/5.0 AppleWebKit/537.36 (KHTML, like Gecko; compatible; bingbot/2.0; +http://www.bing.com/bingbot.htm) Chrome/116.0.1938.76 Safari/537.36"
40.77.167.57 - - [01/Jul/2026:23:49:13 +0000] "GET /products/282042231/ HTTP/2" 200 26096 "-" "Mozilla/5.0 AppleWebKit/537.36 (KHTML, like Gecko; compatible; bingbot/2.0; +http://www.bing.com/bingbot.htm) Chrome/116.0.1938.76 Safari/537.36"
40.77.167.57 - - [01/Jul/2026:23:49:16 +0000] "GET /products/463633831/ HTTP/2" 200 26469 "-" "Mozilla/5.0 AppleWebKit/537.36 (KHTML, like Gecko; compatible; bingbot/2.0; +http://www.bing.com/bingbot.htm) Chrome/116.0.1938.76 Safari/537.36"
40.77.167.57 - - [01/Jul/2026:23:49:19 +0000] "GET /products/26152231/ HTTP/2" 200 25487 "-" "Mozilla/5.0 AppleWebKit/537.36 (KHTML, like Gecko; compatible; bingbot/2.0; +http://www.bing.com/bingbot.htm) Chrome/116.0.1938.76 Safari/537.36"
40.77.167.57 - - [01/Jul/2026:23:49:22 +0000] "GET /products/455201831/ HTTP/2" 200 26752 "-" "Mozilla/5.0 AppleWebKit/537.36 (KHTML, like Gecko; compatible; bingbot/2.0; +http://www.bing.com/bingbot.htm) Chrome/116.0.1938.76 Safari/537.36"
40.77.167.57 - - [01/Jul/2026:23:49:25 +0000] "GET /products/209113431/ HTTP/2" 200 26187 "-" "Mozilla/5.0 AppleWebKit/537.36 (KHTML, like Gecko; compatible; bingbot/2.0; +http://www.bing.com/bingbot.htm) Chrome/116.0.1938.76 Safari/537.36"
40.77.167.57 - - [01/Jul/2026:23:49:28 +0000] "GET /products/374466231/ HTTP/2" 200 25729 "-" "Mozilla/5.0 AppleWebKit/537.36 (KHTML, like Gecko; compatible; bingbot/2.0; +http://www.bing.com/bingbot.htm) Chrome/116.0.1938.76 Safari/537.36"
52.167.144.197 - - [01/Jul/2026:23:49:39 +0000] "GET /products/73787631/ HTTP/2" 200 26245 "-" "Mozilla/5.0 AppleWebKit/537.36 (KHTML, like Gecko; compatible; bingbot/2.0; +http://www.bing.com/bingbot.htm) Chrome/116.0.1938.76 Safari/537.36"
40.77.167.57 - - [01/Jul/2026:23:49:47 +0000] "GET /products/349064731/ HTTP/2" 200 25747 "-" "Mozilla/5.0 AppleWebKit/537.36 (KHTML, like Gecko; compatible; bingbot/2.0; +http://www.bing.com/bingbot.htm) Chrome/116.0.1938.76 Safari/537.36"
40.77.167.11 - - [01/Jul/2026:23:49:51 +0000] "GET /products/415989531/ HTTP/2" 200 25799 "-" "Mozilla/5.0 AppleWebKit/537.36 (KHTML, like Gecko; compatible; bingbot/2.0; +http://www.bing.com/bingbot.htm) Chrome/116.0.1938.76 Safari/537.36"
40.77.167.11 - - [01/Jul/2026:23:49:53 +0000] "GET /products/269186158/ HTTP/2" 200 25688 "-" "Mozilla/5.0 AppleWebKit/537.36 (KHTML, like Gecko; compatible; bingbot/2.0; +http://www.bing.com/bingbot.htm) Chrome/116.0.1938.76 Safari/537.36"
66.249.74.43 - - [01/Jul/2026:23:50:03 +0000] "GET /products/325737831/ HTTP/1.1" 200 26323 "-" "Mozilla/5.0 (Linux; Android 6.0.1; Nexus 5X Build/MMB29P) AppleWebKit/537.36 (KHTML, like Gecko) Chrome/149.0.7827.200 Mobile Safari/537.36 (compatible; Googlebot/2.1; +http://www.google.com/bot.html)"
209.145.49.99 - - [01/Jul/2026:23:50:34 +0000] "GET /wp-login.php HTTP/2" 200 1975 "-" "Mozilla/5.0 (X11; CrOS x86_64 14541.0.0) AppleWebKit/537.36 (KHTML, like Gecko) Chrome/133.0.0.0 Safari/537.36"
209.145.49.99 - - [01/Jul/2026:23:50:35 +0000] "POST /wp-login.php HTTP/2" 200 2151 "https://rearbear.com/wp-login.php" "Mozilla/5.0 (X11; CrOS x86_64 14541.0.0) AppleWebKit/537.36 (KHTML, like Gecko) Chrome/133.0.0.0 Safari/537.36"
57.141.0.31 - - [01/Jul/2026:23:50:37 +0000] "GET /products/012728115533 HTTP/2" 404 155047 "-" "meta-externalagent/1.1 (+https://developers.facebook.com/docs/sharing/webmasters/crawler)"
57.141.0.61 - - [01/Jul/2026:23:50:44 +0000] "GET /products/01906346300 HTTP/2" 404 155047 "-" "meta-externalagent/1.1 (+https://developers.facebook.com/docs/sharing/webmasters/crawler)"
57.141.0.25 - - [01/Jul/2026:23:51:04 +0000] "GET /products/013702576181 HTTP/2" 404 155047 "-" "meta-externalagent/1.1 (+https://developers.facebook.com/docs/sharing/webmasters/crawler)"
66.249.73.14 - - [01/Jul/2026:23:51:35 +0000] "GET /products/133130861814 HTTP/1.1" 200 25391 "-" "Mozilla/5.0 (Linux; Android 6.0.1; Nexus 5X Build/MMB29P) AppleWebKit/537.36 (KHTML, like Gecko) Chrome/149.0.7827.200 Mobile Safari/537.36 (compatible; Googlebot/2.1; +http://www.google.com/bot.html)"
57.141.0.38 - - [01/Jul/2026:23:52:06 +0000] "GET /products/014026827414 HTTP/2" 404 155047 "-" "meta-externalagent/1.1 (+https://developers.facebook.com/docs/sharing/webmasters/crawler)"
57.141.0.66 - - [01/Jul/2026:23:52:31 +0000] "GET /products/013434367968 HTTP/2" 404 155047 "-" "meta-externalagent/1.1 (+https://developers.facebook.com/docs/sharing/webmasters/crawler)"
66.249.73.14 - - [01/Jul/2026:23:53:02 +0000] "GET /products/132284308359 HTTP/1.1" 200 25433 "-" "Mozilla/5.0 (Linux; Android 6.0.1; Nexus 5X Build/MMB29P) AppleWebKit/537.36 (KHTML, like Gecko) Chrome/149.0.7827.200 Mobile Safari/537.36 (compatible; Googlebot/2.1; +http://www.google.com/bot.html)"
66.249.74.32 - - [01/Jul/2026:23:53:09 +0000] "GET /products/192589031/ HTTP/1.1" 200 26447 "-" "Mozilla/5.0 (Linux; Android 6.0.1; Nexus 5X Build/MMB29P) AppleWebKit/537.36 (KHTML, like Gecko) Chrome/149.0.7827.200 Mobile Safari/537.36 (compatible; Googlebot/2.1; +http://www.google.com/bot.html)"
66.249.74.43 - - [01/Jul/2026:23:53:32 +0000] "GET /products/254030732342 HTTP/1.1" 200 25584 "-" "Mozilla/5.0 (Linux; Android 6.0.1; Nexus 5X Build/MMB29P) AppleWebKit/537.36 (KHTML, like Gecko) Chrome/149.0.7827.200 Mobile Safari/537.36 (compatible; Googlebot/2.1; +http://www.google.com/bot.html)"
57.141.0.15 - - [01/Jul/2026:23:54:02 +0000] "GET /products/014197835326 HTTP/2" 404 155047 "-" "meta-externalagent/1.1 (+https://developers.facebook.com/docs/sharing/webmasters/crawler)"
57.141.0.31 - - [01/Jul/2026:23:54:17 +0000] "GET /products/013457494042 HTTP/2" 404 155047 "-" "meta-externalagent/1.1 (+https://developers.facebook.com/docs/sharing/webmasters/crawler)"
66.249.74.32 - - [01/Jul/2026:23:54:23 +0000] "GET /products/151661649391 HTTP/1.1" 200 25752 "-" "Mozilla/5.0 (Linux; Android 6.0.1; Nexus 5X Build/MMB29P) AppleWebKit/537.36 (KHTML, like Gecko) Chrome/149.0.7827.200 Mobile Safari/537.36 (compatible; Googlebot/2.1; +http://www.google.com/bot.html)"
66.249.73.14 - - [01/Jul/2026:23:54:50 +0000] "GET /products/13613464579 HTTP/1.1" 200 25430 "-" "Mozilla/5.0 (Linux; Android 6.0.1; Nexus 5X Build/MMB29P) AppleWebKit/537.36 (KHTML, like Gecko) Chrome/149.0.7827.200 Mobile Safari/537.36 (compatible; Googlebot/2.1; +http://www.google.com/bot.html)"
114.119.130.240 - - [01/Jul/2026:23:55:00 +0000] "GET /?sitemap384.xml HTTP/1.1" 301 0 "-" "Mozilla/5.0 (Linux; Android 7.0;) AppleWebKit/537.36 (KHTML, like Gecko) Mobile Safari/537.36 (compatible; PetalBot;+https://webmaster.petalsearch.com/site/petalbot)"
57.141.0.12 - - [01/Jul/2026:23:55:10 +0000] "GET /products/011539624933 HTTP/2" 404 155047 "-" "meta-externalagent/1.1 (+https://developers.facebook.com/docs/sharing/webmasters/crawler)"
49.13.1.223 - - [01/Jul/2026:23:55:15 +0000] "GET /wp-login.php HTTP/2" 200 1975 "-" "Mozilla/5.0 (X11; Linux x86_64; rv:133.0) Gecko/20100101 Firefox/133.0"
49.13.1.223 - - [01/Jul/2026:23:55:16 +0000] "POST /wp-login.php HTTP/2" 200 2151 "https://rearbear.com/wp-login.php" "Mozilla/5.0 (X11; Linux x86_64; rv:133.0) Gecko/20100101 Firefox/133.0"
57.141.0.4 - - [01/Jul/2026:23:55:39 +0000] "GET /products/012046483637 HTTP/2" 404 155047 "-" "meta-externalagent/1.1 (+https://developers.facebook.com/docs/sharing/webmasters/crawler)"
20.78.158.75 - - [01/Jul/2026:23:55:44 +0000] "GET /a.php HTTP/1.1" 404 33750 "-" "Mozilla/5.0 (Windows NT 10.0; Win64; x64) AppleWebKit/537.36 (KHTML, like Gecko) Chrome/120.0.0.0 Safari/537.36"
20.78.158.75 - - [01/Jul/2026:23:55:46 +0000] "GET /aa.php HTTP/1.1" 404 33752 "-" "Mozilla/5.0 (Windows NT 10.0; Win64; x64) AppleWebKit/537.36 (KHTML, like Gecko) Chrome/120.0.0.0 Safari/537.36"
20.78.158.75 - - [01/Jul/2026:23:55:48 +0000] "GET /aaa.php HTTP/1.1" 404 33752 "-" "Mozilla/5.0 (Windows NT 10.0; Win64; x64) AppleWebKit/537.36 (KHTML, like Gecko) Chrome/120.0.0.0 Safari/537.36"
20.78.158.75 - - [01/Jul/2026:23:55:50 +0000] "GET /ab.php HTTP/1.1" 404 33752 "-" "Mozilla/5.0 (Windows NT 10.0; Win64; x64) AppleWebKit/537.36 (KHTML, like Gecko) Chrome/120.0.0.0 Safari/537.36"
20.78.158.75 - - [01/Jul/2026:23:55:51 +0000] "GET /lock360.php HTTP/1.1" 404 33750 "-" "Mozilla/5.0 (Windows NT 10.0; Win64; x64) AppleWebKit/537.36 (KHTML, like Gecko) Chrome/120.0.0.0 Safari/537.36"
20.78.158.75 - - [01/Jul/2026:23:55:53 +0000] "GET /anonse/lock360.php HTTP/1.1" 404 33750 "-" "Mozilla/5.0 (Windows NT 10.0; Win64; x64) AppleWebKit/537.36 (KHTML, like Gecko) Chrome/120.0.0.0 Safari/537.36"
20.78.158.75 - - [01/Jul/2026:23:55:55 +0000] "GET /file5.php HTTP/1.1" 404 33752 "-" "Mozilla/5.0 (Windows NT 10.0; Win64; x64) AppleWebKit/537.36 (KHTML, like Gecko) Chrome/120.0.0.0 Safari/537.36"
66.249.73.13 - - [01/Jul/2026:23:55:56 +0000] "GET /products/431646705508 HTTP/1.1" 200 25577 "-" "Mozilla/5.0 (Linux; Android 6.0.1; Nexus 5X Build/MMB29P) AppleWebKit/537.36 (KHTML, like Gecko) Chrome/149.0.7827.200 Mobile Safari/537.36 (compatible; Googlebot/2.1; +http://www.google.com/bot.html)"
20.78.158.75 - - [01/Jul/2026:23:55:56 +0000] "GET /sitemaps.php HTTP/1.1" 404 33752 "-" "Mozilla/5.0 (Windows NT 10.0; Win64; x64) AppleWebKit/537.36 (KHTML, like Gecko) Chrome/120.0.0.0 Safari/537.36"
20.78.158.75 - - [01/Jul/2026:23:55:58 +0000] "GET /ioxi-o.php HTTP/1.1" 404 33751 "-" "Mozilla/5.0 (Windows NT 10.0; Win64; x64) AppleWebKit/537.36 (KHTML, like Gecko) Chrome/120.0.0.0 Safari/537.36"
20.78.158.75 - - [01/Jul/2026:23:55:59 +0000] "GET /load.php HTTP/1.1" 404 33750 "-" "Mozilla/5.0 (Windows NT 10.0; Win64; x64) AppleWebKit/537.36 (KHTML, like Gecko) Chrome/120.0.0.0 Safari/537.36"
20.78.158.75 - - [01/Jul/2026:23:56:01 +0000] "GET /k.php HTTP/1.1" 404 33750 "-" "Mozilla/5.0 (Windows NT 10.0; Win64; x64) AppleWebKit/537.36 (KHTML, like Gecko) Chrome/120.0.0.0 Safari/537.36"
57.141.0.56 - - [01/Jul/2026:23:50:16 +0000] "GET /product-tag/jockey-ic25/ HTTP/2" 200 170651 "-" "meta-webindexer/1.1 (+https://developers.facebook.com/docs/sharing/webmasters/crawler)"
66.249.74.43 - - [01/Jul/2026:23:50:27 +0000] "GET /products/91314058/ HTTP/1.1" 200 26033 "-" "Mozilla/5.0 (Linux; Android 6.0.1; Nexus 5X Build/MMB29P) AppleWebKit/537.36 (KHTML, like Gecko) Chrome/149.0.7827.200 Mobile Safari/537.36 (compatible; Googlebot/2.1; +http://www.google.com/bot.html)"
57.141.0.39 - - [01/Jul/2026:23:50:33 +0000] "GET /products/013077967447 HTTP/2" 404 155047 "-" "meta-externalagent/1.1 (+https://developers.facebook.com/docs/sharing/webmasters/crawler)"
66.249.74.32 - - [01/Jul/2026:23:52:15 +0000] "GET /products/43888143847 HTTP/1.1" 200 26010 "-" "Mozilla/5.0 (Linux; Android 6.0.1; Nexus 5X Build/MMB29P) AppleWebKit/537.36 (KHTML, like Gecko) Chrome/149.0.7827.200 Mobile Safari/537.36 (compatible; Googlebot/2.1; +http://www.google.com/bot.html)"
57.141.0.54 - - [01/Jul/2026:23:52:48 +0000] "GET /products/01403223365 HTTP/2" 404 155047 "-" "meta-externalagent/1.1 (+https://developers.facebook.com/docs/sharing/webmasters/crawler)"
66.249.74.43 - - [01/Jul/2026:23:52:52 +0000] "GET /products/81229231/ HTTP/1.1" 200 25503 "-" "Mozilla/5.0 (Linux; Android 6.0.1; Nexus 5X Build/MMB29P) AppleWebKit/537.36 (KHTML, like Gecko) Chrome/149.0.7827.200 Mobile Safari/537.36 (compatible; Googlebot/2.1; +http://www.google.com/bot.html)"
41.185.64.163 - - [01/Jul/2026:23:53:08 +0000] "GET /wp-login.php HTTP/2" 200 1975 "-" "Mozilla/5.0 (X11; CrOS x86_64 14541.0.0) AppleWebKit/537.36 (KHTML, like Gecko) Chrome/133.0.0.0 Safari/537.36"
41.185.64.163 - - [01/Jul/2026:23:53:09 +0000] "POST /wp-login.php HTTP/2" 200 2154 "https://rearbear.com/wp-login.php" "Mozilla/5.0 (X11; CrOS x86_64 14541.0.0) AppleWebKit/537.36 (KHTML, like Gecko) Chrome/133.0.0.0 Safari/537.36"
114.119.129.148 - - [01/Jul/2026:23:53:12 +0000] "GET /?sitemap415.xml HTTP/1.1" 301 0 "-" "Mozilla/5.0 (Linux; Android 7.0;) AppleWebKit/537.36 (KHTML, like Gecko) Mobile Safari/537.36 (compatible; PetalBot;+https://webmaster.petalsearch.com/site/petalbot)"
114.119.129.148 - - [01/Jul/2026:23:53:15 +0000] "GET /?sitemap415_xml HTTP/1.1" 200 49739 "-" "Mozilla/5.0 (Linux; Android 7.0;) AppleWebKit/537.36 (KHTML, like Gecko) Mobile Safari/537.36 (compatible; PetalBot;+https://webmaster.petalsearch.com/site/petalbot)"
57.141.0.4 - - [01/Jul/2026:23:53:35 +0000] "GET /products/01893580034 HTTP/2" 404 155047 "-" "meta-externalagent/1.1 (+https://developers.facebook.com/docs/sharing/webmasters/crawler)"
66.249.74.32 - - [01/Jul/2026:23:54:58 +0000] "GET /products/319895731/ HTTP/1.1" 200 26951 "-" "Mozilla/5.0 (Linux; Android 6.0.1; Nexus 5X Build/MMB29P) AppleWebKit/537.36 (KHTML, like Gecko) Chrome/149.0.7827.200 Mobile Safari/537.36 (compatible; Googlebot/2.1; +http://www.google.com/bot.html)"
114.119.130.240 - - [01/Jul/2026:23:55:05 +0000] "GET /?sitemap384_xml HTTP/1.1" 200 49577 "-" "Mozilla/5.0 (Linux; Android 7.0;) AppleWebKit/537.36 (KHTML, like Gecko) Mobile Safari/537.36 (compatible; PetalBot;+https://webmaster.petalsearch.com/site/petalbot)"
66.249.74.43 - - [01/Jul/2026:23:55:55 +0000] "GET /products/191213638708 HTTP/1.1" 200 26069 "-" "Mozilla/5.0 (Linux; Android 6.0.1; Nexus 5X Build/MMB29P) AppleWebKit/537.36 (KHTML, like Gecko) Chrome/149.0.7827.200 Mobile Safari/537.36 (compatible; Googlebot/2.1; +http://www.google.com/bot.html)"
57.141.0.40 - - [01/Jul/2026:23:55:56 +0000] "GET /products/014092983803 HTTP/2" 404 155047 "-" "meta-externalagent/1.1 (+https://developers.facebook.com/docs/sharing/webmasters/crawler)"
157.55.39.49 - - [01/Jul/2026:23:56:06 +0000] "GET /products/413401531/ HTTP/2" 200 25485 "-" "Mozilla/5.0 AppleWebKit/537.36 (KHTML, like Gecko; compatible; bingbot/2.0; +http://www.bing.com/bingbot.htm) Chrome/116.0.1938.76 Safari/537.36"
20.78.158.75 - - [01/Jul/2026:23:56:03 +0000] "GET /autoload_classmap.php HTTP/1.1" 404 33750 "-" "Mozilla/5.0 (Windows NT 10.0; Win64; x64) AppleWebKit/537.36 (KHTML, like Gecko) Chrome/120.0.0.0 Safari/537.36"
20.78.158.75 - - [01/Jul/2026:23:56:04 +0000] "GET /post.php HTTP/1.1" 404 33752 "-" "Mozilla/5.0 (Windows NT 10.0; Win64; x64) AppleWebKit/537.36 (KHTML, like Gecko) Chrome/120.0.0.0 Safari/537.36"
20.78.158.75 - - [01/Jul/2026:23:56:06 +0000] "GET /1.php HTTP/1.1" 404 33752 "-" "Mozilla/5.0 (Windows NT 10.0; Win64; x64) AppleWebKit/537.36 (KHTML, like Gecko) Chrome/120.0.0.0 Safari/537.36"
20.78.158.75 - - [01/Jul/2026:23:56:07 +0000] "GET /flower.php HTTP/1.1" 404 33750 "-" "Mozilla/5.0 (Windows NT 10.0; Win64; x64) AppleWebKit/537.36 (KHTML, like Gecko) Chrome/120.0.0.0 Safari/537.36"
57.141.0.61 - - [01/Jul/2026:23:56:09 +0000] "GET /products/012355244244 HTTP/2" 404 155047 "-" "meta-externalagent/1.1 (+https://developers.facebook.com/docs/sharing/webmasters/crawler)"
20.78.158.75 - - [01/Jul/2026:23:56:09 +0000] "GET /admin.php HTTP/1.1" 404 33752 "-" "Mozilla/5.0 (Windows NT 10.0; Win64; x64) AppleWebKit/537.36 (KHTML, like Gecko) Chrome/120.0.0.0 Safari/537.36"
20.78.158.75 - - [01/Jul/2026:23:56:11 +0000] "GET /file.php HTTP/1.1" 404 33750 "-" "Mozilla/5.0 (Windows NT 10.0; Win64; x64) AppleWebKit/537.36 (KHTML, like Gecko) Chrome/120.0.0.0 Safari/537.36"
20.78.158.75 - - [01/Jul/2026:23:56:13 +0000] "GET /default.php HTTP/1.1" 404 33752 "-" "Mozilla/5.0 (Windows NT 10.0; Win64; x64) AppleWebKit/537.36 (KHTML, like Gecko) Chrome/120.0.0.0 Safari/537.36"
52.167.144.197 - - [01/Jul/2026:23:56:15 +0000] "GET /products/408485331/ HTTP/2" 200 25327 "-" "Mozilla/5.0 AppleWebKit/537.36 (KHTML, like Gecko; compatible; bingbot/2.0; +http://www.bing.com/bingbot.htm) Chrome/116.0.1938.76 Safari/537.36"
20.78.158.75 - - [01/Jul/2026:23:56:14 +0000] "GET /defaults.php HTTP/1.1" 404 33750 "-" "Mozilla/5.0 (Windows NT 10.0; Win64; x64) AppleWebKit/537.36 (KHTML, like Gecko) Chrome/120.0.0.0 Safari/537.36"
20.78.158.75 - - [01/Jul/2026:23:56:16 +0000] "GET /meta.php HTTP/1.1" 404 33750 "-" "Mozilla/5.0 (Windows NT 10.0; Win64; x64) AppleWebKit/537.36 (KHTML, like Gecko) Chrome/120.0.0.0 Safari/537.36"
52.167.144.197 - - [01/Jul/2026:23:56:18 +0000] "GET /products/335095331/ HTTP/2" 200 25275 "-" "Mozilla/5.0 AppleWebKit/537.36 (KHTML, like Gecko; compatible; bingbot/2.0; +http://www.bing.com/bingbot.htm) Chrome/116.0.1938.76 Safari/537.36"
20.78.158.75 - - [01/Jul/2026:23:56:18 +0000] "GET /index.php HTTP/1.1" 301 0 "-" "Mozilla/5.0 (Windows NT 10.0; Win64; x64) AppleWebKit/537.36 (KHTML, like Gecko) Chrome/120.0.0.0 Safari/537.36"
20.78.158.75 - - [01/Jul/2026:23:56:19 +0000] "GET /about.php HTTP/1.1" 404 33752 "-" "Mozilla/5.0 (Windows NT 10.0; Win64; x64) AppleWebKit/537.36 (KHTML, like Gecko) Chrome/120.0.0.0 Safari/537.36"
52.167.144.197 - - [01/Jul/2026:23:56:21 +0000] "GET /products/376301431/ HTTP/2" 200 26252 "-" "Mozilla/5.0 AppleWebKit/537.36 (KHTML, like Gecko; compatible; bingbot/2.0; +http://www.bing.com/bingbot.htm) Chrome/116.0.1938.76 Safari/537.36"
20.78.158.75 - - [01/Jul/2026:23:56:21 +0000] "GET /randkeyword.php HTTP/1.1" 404 33752 "-" "Mozilla/5.0 (Windows NT 10.0; Win64; x64) AppleWebKit/537.36 (KHTML, like Gecko) Chrome/120.0.0.0 Safari/537.36"
57.141.0.13 - - [01/Jul/2026:23:56:21 +0000] "GET /products/01176198519 HTTP/2" 404 155047 "-" "meta-externalagent/1.1 (+https://developers.facebook.com/docs/sharing/webmasters/crawler)"
157.55.39.49 - - [01/Jul/2026:23:56:24 +0000] "GET /pages.php?products/4124631/ HTTP/2" 200 26572 "-" "Mozilla/5.0 AppleWebKit/537.36 (KHTML, like Gecko; compatible; bingbot/2.0; +http://www.bing.com/bingbot.htm) Chrome/116.0.1938.76 Safari/537.36"
20.78.158.75 - - [01/Jul/2026:23:56:24 +0000] "GET /goods.php HTTP/1.1" 404 33752 "-" "Mozilla/5.0 (Windows NT 10.0; Win64; x64) AppleWebKit/537.36 (KHTML, like Gecko) Chrome/120.0.0.0 Safari/537.36"
66.249.74.32 - - [01/Jul/2026:23:56:25 +0000] "GET /products/242138331/ HTTP/1.1" 200 25725 "-" "Mozilla/5.0 (Linux; Android 6.0.1; Nexus 5X Build/MMB29P) AppleWebKit/537.36 (KHTML, like Gecko) Chrome/149.0.7827.200 Mobile Safari/537.36 (compatible; Googlebot/2.1; +http://www.google.com/bot.html)"
157.55.39.49 - - [01/Jul/2026:23:56:26 +0000] "GET /products/477931931/ HTTP/2" 200 25294 "-" "Mozilla/5.0 AppleWebKit/537.36 (KHTML, like Gecko; compatible; bingbot/2.0; +http://www.bing.com/bingbot.htm) Chrome/116.0.1938.76 Safari/537.36"
20.78.158.75 - - [01/Jul/2026:23:56:26 +0000] "GET /hehe.php HTTP/1.1" 404 33752 "-" "Mozilla/5.0 (Windows NT 10.0; Win64; x64) AppleWebKit/537.36 (KHTML, like Gecko) Chrome/120.0.0.0 Safari/537.36"
20.78.158.75 - - [01/Jul/2026:23:56:27 +0000] "GET /user.php HTTP/1.1" 404 33750 "-" "Mozilla/5.0 (Windows NT 10.0; Win64; x64) AppleWebKit/537.36 (KHTML, like Gecko) Chrome/120.0.0.0 Safari/537.36"
157.55.39.49 - - [01/Jul/2026:23:56:29 +0000] "GET /products/303070331/ HTTP/2" 200 26237 "-" "Mozilla/5.0 AppleWebKit/537.36 (KHTML, like Gecko; compatible; bingbot/2.0; +http://www.bing.com/bingbot.htm) Chrome/116.0.1938.76 Safari/537.36"
20.78.158.75 - - [01/Jul/2026:23:56:29 +0000] "GET /wp-2019.php HTTP/1.1" 404 33750 "-" "Mozilla/5.0 (Windows NT 10.0; Win64; x64) AppleWebKit/537.36 (KHTML, like Gecko) Chrome/120.0.0.0 Safari/537.36"
20.78.158.75 - - [01/Jul/2026:23:56:30 +0000] "GET /chosen.php HTTP/1.1" 404 33750 "-" "Mozilla/5.0 (Windows NT 10.0; Win64; x64) AppleWebKit/537.36 (KHTML, like Gecko) Chrome/120.0.0.0 Safari/537.36"
20.78.158.75 - - [01/Jul/2026:23:56:32 +0000] "GET /functions.php HTTP/1.1" 404 33750 "-" "Mozilla/5.0 (Windows NT 10.0; Win64; x64) AppleWebKit/537.36 (KHTML, like Gecko) Chrome/120.0.0.0 Safari/537.36"
157.55.39.49 - - [01/Jul/2026:23:56:33 +0000] "GET /products/406658131/ HTTP/2" 200 25740 "-" "Mozilla/5.0 AppleWebKit/537.36 (KHTML, like Gecko; compatible; bingbot/2.0; +http://www.bing.com/bingbot.htm) Chrome/116.0.1938.76 Safari/537.36"
20.78.158.75 - - [01/Jul/2026:23:56:34 +0000] "GET /cron.php HTTP/1.1" 404 33750 "-" "Mozilla/5.0 (Windows NT 10.0; Win64; x64) AppleWebKit/537.36 (KHTML, like Gecko) Chrome/120.0.0.0 Safari/537.36"
157.55.39.49 - - [01/Jul/2026:23:56:36 +0000] "GET /products/464223331/ HTTP/2" 200 26945 "-" "Mozilla/5.0 AppleWebKit/537.36 (KHTML, like Gecko; compatible; bingbot/2.0; +http://www.bing.com/bingbot.htm) Chrome/116.0.1938.76 Safari/537.36"
20.78.158.75 - - [01/Jul/2026:23:56:35 +0000] "GET /edit.php HTTP/1.1" 404 33752 "-" "Mozilla/5.0 (Windows NT 10.0; Win64; x64) AppleWebKit/537.36 (KHTML, like Gecko) Chrome/120.0.0.0 Safari/537.36"
20.78.158.75 - - [01/Jul/2026:23:56:36 +0000] "GET /gecko-new.php HTTP/1.1" 404 33750 "-" "Mozilla/5.0 (Windows NT 10.0; Win64; x64) AppleWebKit/537.36 (KHTML, like Gecko) Chrome/120.0.0.0 Safari/537.36"
157.55.39.49 - - [01/Jul/2026:23:56:39 +0000] "GET /products/496253431/ HTTP/2" 200 25501 "-" "Mozilla/5.0 AppleWebKit/537.36 (KHTML, like Gecko; compatible; bingbot/2.0; +http://www.bing.com/bingbot.htm) Chrome/116.0.1938.76 Safari/537.36"
20.78.158.75 - - [01/Jul/2026:23:56:38 +0000] "GET /cookie.php HTTP/1.1" 404 33750 "-" "Mozilla/5.0 (Windows NT 10.0; Win64; x64) AppleWebKit/537.36 (KHTML, like Gecko) Chrome/120.0.0.0 Safari/537.36"
20.78.158.75 - - [01/Jul/2026:23:56:39 +0000] "GET /xleet.php HTTP/1.1" 404 33750 "-" "Mozilla/5.0 (Windows NT 10.0; Win64; x64) AppleWebKit/537.36 (KHTML, like Gecko) Chrome/120.0.0.0 Safari/537.36"
157.55.39.49 - - [01/Jul/2026:23:56:42 +0000] "GET /products/36557158/ HTTP/2" 200 25397 "-" "Mozilla/5.0 AppleWebKit/537.36 (KHTML, like Gecko; compatible; bingbot/2.0; +http://www.bing.com/bingbot.htm) Chrome/116.0.1938.76 Safari/537.36"
20.78.158.75 - - [01/Jul/2026:23:56:41 +0000] "GET /root.php HTTP/1.1" 404 33752 "-" "Mozilla/5.0 (Windows NT 10.0; Win64; x64) AppleWebKit/537.36 (KHTML, like Gecko) Chrome/120.0.0.0 Safari/537.36"
20.78.158.75 - - [01/Jul/2026:23:56:42 +0000] "GET /menu.php HTTP/1.1" 404 33752 "-" "Mozilla/5.0 (Windows NT 10.0; Win64; x64) AppleWebKit/537.36 (KHTML, like Gecko) Chrome/120.0.0.0 Safari/537.36"
20.78.158.75 - - [01/Jul/2026:23:56:44 +0000] "GET /plugin.php HTTP/1.1" 404 33750 "-" "Mozilla/5.0 (Windows NT 10.0; Win64; x64) AppleWebKit/537.36 (KHTML, like Gecko) Chrome/120.0.0.0 Safari/537.36"
157.55.39.49 - - [01/Jul/2026:23:56:45 +0000] "GET /products/106781231/ HTTP/2" 200 25848 "-" "Mozilla/5.0 AppleWebKit/537.36 (KHTML, like Gecko; compatible; bingbot/2.0; +http://www.bing.com/bingbot.htm) Chrome/116.0.1938.76 Safari/537.36"
20.89.17.85 - - [01/Jul/2026:23:56:45 +0000] "GET /a.php HTTP/1.1" 404 33752 "-" "Mozilla/5.0 (Windows NT 10.0; Win64; x64) AppleWebKit/537.36 (KHTML, like Gecko) Chrome/120.0.0.0 Safari/537.36"
20.78.158.75 - - [01/Jul/2026:23:56:45 +0000] "GET /cloud.php HTTP/1.1" 404 33750 "-" "Mozilla/5.0 (Windows NT 10.0; Win64; x64) AppleWebKit/537.36 (KHTML, like Gecko) Chrome/120.0.0.0 Safari/537.36"
20.89.17.85 - - [01/Jul/2026:23:56:47 +0000] "GET /aa.php HTTP/1.1" 404 33751 "-" "Mozilla/5.0 (Windows NT 10.0; Win64; x64) AppleWebKit/537.36 (KHTML, like Gecko) Chrome/120.0.0.0 Safari/537.36"
20.78.158.75 - - [01/Jul/2026:23:56:48 +0000] "GET /configs.php HTTP/1.1" 404 33750 "-" "Mozilla/5.0 (Windows NT 10.0; Win64; x64) AppleWebKit/537.36 (KHTML, like Gecko) Chrome/120.0.0.0 Safari/537.36"
20.89.17.85 - - [01/Jul/2026:23:56:50 +0000] "GET /aaa.php HTTP/1.1" 404 33752 "-" "Mozilla/5.0 (Windows NT 10.0; Win64; x64) AppleWebKit/537.36 (KHTML, like Gecko) Chrome/120.0.0.0 Safari/537.36"
20.78.158.75 - - [01/Jul/2026:23:56:50 +0000] "GET /wp-configs.php HTTP/1.1" 404 33750 "-" "Mozilla/5.0 (Windows NT 10.0; Win64; x64) AppleWebKit/537.36 (KHTML, like Gecko) Chrome/120.0.0.0 Safari/537.36"
20.89.17.85 - - [01/Jul/2026:23:56:51 +0000] "GET /ab.php HTTP/1.1" 404 33752 "-" "Mozilla/5.0 (Windows NT 10.0; Win64; x64) AppleWebKit/537.36 (KHTML, like Gecko) Chrome/120.0.0.0 Safari/537.36"
20.78.158.75 - - [01/Jul/2026:23:56:52 +0000] "GET /update.php HTTP/1.1" 404 33750 "-" "Mozilla/5.0 (Windows NT 10.0; Win64; x64) AppleWebKit/537.36 (KHTML, like Gecko) Chrome/120.0.0.0 Safari/537.36"
20.89.17.85 - - [01/Jul/2026:23:56:53 +0000] "GET /lock360.php HTTP/1.1" 404 33752 "-" "Mozilla/5.0 (Windows NT 10.0; Win64; x64) AppleWebKit/537.36 (KHTML, like Gecko) Chrome/120.0.0.0 Safari/537.36"
20.78.158.75 - - [01/Jul/2026:23:56:54 +0000] "GET /2.php HTTP/1.1" 404 33750 "-" "Mozilla/5.0 (Windows NT 10.0; Win64; x64) AppleWebKit/537.36 (KHTML, like Gecko) Chrome/120.0.0.0 Safari/537.36"
20.89.17.85 - - [01/Jul/2026:23:56:55 +0000] "GET /anonse/lock360.php HTTP/1.1" 404 33752 "-" "Mozilla/5.0 (Windows NT 10.0; Win64; x64) AppleWebKit/537.36 (KHTML, like Gecko) Chrome/120.0.0.0 Safari/537.36"
20.78.158.75 - - [01/Jul/2026:23:56:55 +0000] "GET /input.php HTTP/1.1" 404 33752 "-" "Mozilla/5.0 (Windows NT 10.0; Win64; x64) AppleWebKit/537.36 (KHTML, like Gecko) Chrome/120.0.0.0 Safari/537.36"
20.89.17.85 - - [01/Jul/2026:23:56:57 +0000] "GET /file5.php HTTP/1.1" 404 33752 "-" "Mozilla/5.0 (Windows NT 10.0; Win64; x64) AppleWebKit/537.36 (KHTML, like Gecko) Chrome/120.0.0.0 Safari/537.36"
20.78.158.75 - - [01/Jul/2026:23:56:57 +0000] "GET /aaa.php HTTP/1.1" 404 33752 "-" "Mozilla/5.0 (Windows NT 10.0; Win64; x64) AppleWebKit/537.36 (KHTML, like Gecko) Chrome/120.0.0.0 Safari/537.36"
20.89.17.85 - - [01/Jul/2026:23:56:58 +0000] "GET /sitemaps.php HTTP/1.1" 404 33751 "-" "Mozilla/5.0 (Windows NT 10.0; Win64; x64) AppleWebKit/537.36 (KHTML, like Gecko) Chrome/120.0.0.0 Safari/537.36"
20.78.158.75 - - [01/Jul/2026:23:56:59 +0000] "GET /spip.php HTTP/1.1" 404 33750 "-" "Mozilla/5.0 (Windows NT 10.0; Win64; x64) AppleWebKit/537.36 (KHTML, like Gecko) Chrome/120.0.0.0 Safari/537.36"
20.89.17.85 - - [01/Jul/2026:23:57:00 +0000] "GET /ioxi-o.php HTTP/1.1" 404 33752 "-" "Mozilla/5.0 (Windows NT 10.0; Win64; x64) AppleWebKit/537.36 (KHTML, like Gecko) Chrome/120.0.0.0 Safari/537.36"
157.55.39.49 - - [01/Jul/2026:23:56:09 +0000] "GET /products/128581031/ HTTP/2" 200 26189 "-" "Mozilla/5.0 AppleWebKit/537.36 (KHTML, like Gecko; compatible; bingbot/2.0; +http://www.bing.com/bingbot.htm) Chrome/116.0.1938.76 Safari/537.36"
157.55.39.49 - - [01/Jul/2026:23:56:11 +0000] "GET /products/270999758/ HTTP/2" 200 26316 "-" "Mozilla/5.0 AppleWebKit/537.36 (KHTML, like Gecko; compatible; bingbot/2.0; +http://www.bing.com/bingbot.htm) Chrome/116.0.1938.76 Safari/537.36"
66.249.73.14 - - [01/Jul/2026:23:56:17 +0000] "GET /products/13805829994 HTTP/1.1" 200 25342 "-" "Mozilla/5.0 (Linux; Android 6.0.1; Nexus 5X Build/MMB29P) AppleWebKit/537.36 (KHTML, like Gecko) Chrome/149.0.7827.200 Mobile Safari/537.36 (compatible; Googlebot/2.1; +http://www.google.com/bot.html)"
114.119.136.137 - - [01/Jul/2026:23:56:17 +0000] "GET /?sitemap28.xml HTTP/1.1" 301 0 "-" "Mozilla/5.0 (Linux; Android 7.0;) AppleWebKit/537.36 (KHTML, like Gecko) Mobile Safari/537.36 (compatible; PetalBot;+https://webmaster.petalsearch.com/site/petalbot)"
114.119.136.137 - - [01/Jul/2026:23:56:20 +0000] "GET /?sitemap28_xml HTTP/1.1" 200 49740 "-" "Mozilla/5.0 (Linux; Android 7.0;) AppleWebKit/537.36 (KHTML, like Gecko) Mobile Safari/537.36 (compatible; PetalBot;+https://webmaster.petalsearch.com/site/petalbot)"
52.167.144.197 - - [01/Jul/2026:23:56:51 +0000] "GET /products/357703831/ HTTP/2" 200 25913 "-" "Mozilla/5.0 AppleWebKit/537.36 (KHTML, like Gecko; compatible; bingbot/2.0; +http://www.bing.com/bingbot.htm) Chrome/116.0.1938.76 Safari/537.36"
52.167.144.197 - - [01/Jul/2026:23:56:53 +0000] "GET /products/396982031/ HTTP/2" 200 25540 "-" "Mozilla/5.0 AppleWebKit/537.36 (KHTML, like Gecko; compatible; bingbot/2.0; +http://www.bing.com/bingbot.htm) Chrome/116.0.1938.76 Safari/537.36"
52.167.144.197 - - [01/Jul/2026:23:56:57 +0000] "GET /products/306447331/ HTTP/2" 200 25711 "-" "Mozilla/5.0 AppleWebKit/537.36 (KHTML, like Gecko; compatible; bingbot/2.0; +http://www.bing.com/bingbot.htm) Chrome/116.0.1938.76 Safari/537.36"
52.167.144.197 - - [01/Jul/2026:23:56:59 +0000] "GET /products/127764731/ HTTP/2" 200 26057 "-" "Mozilla/5.0 AppleWebKit/537.36 (KHTML, like Gecko; compatible; bingbot/2.0; +http://www.bing.com/bingbot.htm) Chrome/116.0.1938.76 Safari/537.36"
40.77.167.11 - - [01/Jul/2026:23:57:02 +0000] "GET /products/71739231/ HTTP/2" 200 26058 "-" "Mozilla/5.0 AppleWebKit/537.36 (KHTML, like Gecko; compatible; bingbot/2.0; +http://www.bing.com/bingbot.htm) Chrome/116.0.1938.76 Safari/537.36"
40.77.167.11 - - [01/Jul/2026:23:57:05 +0000] "GET /products/266544431/ HTTP/2" 200 26911 "-" "Mozilla/5.0 AppleWebKit/537.36 (KHTML, like Gecko; compatible; bingbot/2.0; +http://www.bing.com/bingbot.htm) Chrome/116.0.1938.76 Safari/537.36"
40.77.167.11 - - [01/Jul/2026:23:57:08 +0000] "GET /products/258177958/ HTTP/2" 200 26532 "-" "Mozilla/5.0 AppleWebKit/537.36 (KHTML, like Gecko; compatible; bingbot/2.0; +http://www.bing.com/bingbot.htm) Chrome/116.0.1938.76 Safari/537.36"
40.77.167.11 - - [01/Jul/2026:23:57:11 +0000] "GET /pages.php?products/661853/ HTTP/2" 200 25830 "-" "Mozilla/5.0 AppleWebKit/537.36 (KHTML, like Gecko; compatible; bingbot/2.0; +http://www.bing.com/bingbot.htm) Chrome/116.0.1938.76 Safari/537.36"
66.249.74.33 - - [01/Jul/2026:23:57:11 +0000] "GET /products/22241324132 HTTP/1.1" 200 26785 "-" "Mozilla/5.0 (Linux; Android 6.0.1; Nexus 5X Build/MMB29P) AppleWebKit/537.36 (KHTML, like Gecko) Chrome/149.0.7827.200 Mobile Safari/537.36 (compatible; Googlebot/2.1; +http://www.google.com/bot.html)"
40.77.167.11 - - [01/Jul/2026:23:57:14 +0000] "GET /pages.php?products/2584631/ HTTP/2" 200 26664 "-" "Mozilla/5.0 AppleWebKit/537.36 (KHTML, like Gecko; compatible; bingbot/2.0; +http://www.bing.com/bingbot.htm) Chrome/116.0.1938.76 Safari/537.36"
