85.208.98.198 - - [01/Jul/2026:21:20:15 +0000] "GET / HTTP/1.1" 200 274993 "-" "Mozilla/5.0 (compatible; SiteAuditBot/0.97; +http://www.semrush.com/bot.html)"
85.208.98.196 - - [01/Jul/2026:21:20:26 +0000] "GET /robots.txt HTTP/1.1" 200 78 "-" "Mozilla/5.0 (compatible; SiteAuditBot/0.97; +http://www.semrush.com/bot.html)"
85.208.98.196 - - [01/Jul/2026:21:20:27 +0000] "GET / HTTP/1.1" 301 0 "-" "Mozilla/5.0 (compatible; SiteAuditBot/0.97; +http://www.semrush.com/bot.html)"
66.249.74.33 - - [01/Jul/2026:21:20:47 +0000] "GET /products/500046131/ HTTP/1.1" 200 26838 "-" "Mozilla/5.0 (Linux; Android 6.0.1; Nexus 5X Build/MMB29P) AppleWebKit/537.36 (KHTML, like Gecko) Chrome/149.0.7827.200 Mobile Safari/537.36 (compatible; Googlebot/2.1; +http://www.google.com/bot.html)"
85.208.98.198 - - [01/Jul/2026:21:20:55 +0000] "GET /wp-content/uploads/2021/02/banner-3.jpg HTTP/1.1" 200 218476 "-" "Mozilla/5.0 (compatible; SiteAuditBot/0.97; +http://www.semrush.com/bot.html)"
85.208.98.198 - - [01/Jul/2026:21:20:56 +0000] "GET /wp-content/uploads/2018/12/banner1.jpg HTTP/1.1" 200 69550 "-" "Mozilla/5.0 (compatible; SiteAuditBot/0.97; +http://www.semrush.com/bot.html)"
85.208.98.198 - - [01/Jul/2026:21:20:57 +0000] "GET /wp-content/uploads/2021/01/vip-unique-76-250x200.jpg HTTP/1.1" 200 13179 "-" "Mozilla/5.0 (compatible; SiteAuditBot/0.97; +http://www.semrush.com/bot.html)"
85.208.98.198 - - [01/Jul/2026:21:20:58 +0000] "GET /wp-content/uploads/2021/02/profile-14-250x200.jpg HTTP/1.1" 200 22761 "-" "Mozilla/5.0 (compatible; SiteAuditBot/0.97; +http://www.semrush.com/bot.html)"
85.208.98.198 - - [01/Jul/2026:21:21:03 +0000] "GET /wp-content/uploads/2021/02/20210208_022851.jpg HTTP/1.1" 200 196099 "-" "Mozilla/5.0 (compatible; SiteAuditBot/0.97; +http://www.semrush.com/bot.html)"
85.208.98.198 - - [01/Jul/2026:21:21:04 +0000] "GET /wp-content/uploads/2018/12/cropped-91-80900-56510-20201223_230619-e1609684525819-removebg-preview.png HTTP/1.1" 200 116767 "-" "Mozilla/5.0 (compatible; SiteAuditBot/0.97; +http://www.semrush.com/bot.html)"
85.208.98.198 - - [01/Jul/2026:21:21:06 +0000] "GET /wp-content/uploads/2021/01/white-1-250x200.jpg HTTP/1.1" 200 12551 "-" "Mozilla/5.0 (compatible; SiteAuditBot/0.97; +http://www.semrush.com/bot.html)"
85.208.98.198 - - [01/Jul/2026:21:21:09 +0000] "GET /wp-content/uploads/2021/01/cropped-91-80900-56510-20201223_230619-e1609684525819.jpg HTTP/1.1" 200 23706 "-" "Mozilla/5.0 (compatible; SiteAuditBot/0.97; +http://www.semrush.com/bot.html)"
85.208.98.198 - - [01/Jul/2026:21:21:14 +0000] "GET /wp-content/uploads/2021/01/418EH7YJkML-250x200.jpg HTTP/1.1" 200 6708 "-" "Mozilla/5.0 (compatible; SiteAuditBot/0.97; +http://www.semrush.com/bot.html)"
85.208.98.198 - - [01/Jul/2026:21:21:29 +0000] "GET /wp-content/uploads/2021/02/profile-11-250x200.jpg HTTP/1.1" 200 14941 "-" "Mozilla/5.0 (compatible; SiteAuditBot/0.97; +http://www.semrush.com/bot.html)"
85.208.98.198 - - [01/Jul/2026:21:21:31 +0000] "GET /wp-content/uploads/2021/01/1-143-250x200.jpg HTTP/1.1" 200 13868 "-" "Mozilla/5.0 (compatible; SiteAuditBot/0.97; +http://www.semrush.com/bot.html)"
85.208.98.198 - - [01/Jul/2026:21:21:32 +0000] "GET /wp-content/uploads/2021/02/profile-15-250x200.jpg HTTP/1.1" 200 23861 "-" "Mozilla/5.0 (compatible; SiteAuditBot/0.97; +http://www.semrush.com/bot.html)"
85.208.98.198 - - [01/Jul/2026:21:21:35 +0000] "GET /wp-content/uploads/2021/02/profile-12-250x200.jpg HTTP/1.1" 200 14208 "-" "Mozilla/5.0 (compatible; SiteAuditBot/0.97; +http://www.semrush.com/bot.html)"
85.208.98.198 - - [01/Jul/2026:21:21:01 +0000] "GET /wp-content/uploads/2021/02/profile-13-250x200.jpg HTTP/1.1" 200 16333 "-" "Mozilla/5.0 (compatible; SiteAuditBot/0.97; +http://www.semrush.com/bot.html)"
85.208.98.198 - - [01/Jul/2026:21:21:02 +0000] "GET /wp-content/uploads/2021/01/vbfbfhg-250x200.jpg HTTP/1.1" 200 16620 "-" "Mozilla/5.0 (compatible; SiteAuditBot/0.97; +http://www.semrush.com/bot.html)"
85.208.98.198 - - [01/Jul/2026:21:21:07 +0000] "GET /wp-content/uploads/2018/12/banner3.jpg HTTP/1.1" 200 43802 "-" "Mozilla/5.0 (compatible; SiteAuditBot/0.97; +http://www.semrush.com/bot.html)"
85.208.98.198 - - [01/Jul/2026:21:21:11 +0000] "GET /wp-content/uploads/2021/02/profile-5-250x200.jpg HTTP/1.1" 200 18440 "-" "Mozilla/5.0 (compatible; SiteAuditBot/0.97; +http://www.semrush.com/bot.html)"
85.208.98.198 - - [01/Jul/2026:21:21:15 +0000] "GET /wp-content/uploads/2021/02/profile-10-250x200.jpg HTTP/1.1" 200 17095 "-" "Mozilla/5.0 (compatible; SiteAuditBot/0.97; +http://www.semrush.com/bot.html)"
85.208.98.198 - - [01/Jul/2026:21:21:25 +0000] "GET /wp-content/uploads/2021/01/bccbcvbc-250x200.jpg HTTP/1.1" 200 16698 "-" "Mozilla/5.0 (compatible; SiteAuditBot/0.97; +http://www.semrush.com/bot.html)"
85.208.98.198 - - [01/Jul/2026:21:21:28 +0000] "GET /wp-content/uploads/2021/01/vip-frenchi-pro-brief-1-1-250x200.jpg HTTP/1.1" 200 15585 "-" "Mozilla/5.0 (compatible; SiteAuditBot/0.97; +http://www.semrush.com/bot.html)"
85.208.98.198 - - [01/Jul/2026:21:21:30 +0000] "GET /wp-content/uploads/2021/01/61Vkn2yWCuL._UL1500_-250x200.jpg HTTP/1.1" 200 14708 "-" "Mozilla/5.0 (compatible; SiteAuditBot/0.97; +http://www.semrush.com/bot.html)"
85.208.98.198 - - [01/Jul/2026:21:21:33 +0000] "GET /wp-content/uploads/2021/02/profile-6-250x200.jpg HTTP/1.1" 200 13959 "-" "Mozilla/5.0 (compatible; SiteAuditBot/0.97; +http://www.semrush.com/bot.html)"
85.208.98.198 - - [01/Jul/2026:21:21:34 +0000] "GET /wp-content/uploads/2018/12/banner2.jpg HTTP/1.1" 200 44771 "-" "Mozilla/5.0 (compatible; SiteAuditBot/0.97; +http://www.semrush.com/bot.html)"
85.208.98.198 - - [01/Jul/2026:21:21:36 +0000] "GET /wp-content/uploads/2021/01/11007-profile-250x200.jpg HTTP/1.1" 200 15796 "-" "Mozilla/5.0 (compatible; SiteAuditBot/0.97; +http://www.semrush.com/bot.html)"
85.208.98.198 - - [01/Jul/2026:21:21:46 +0000] "GET /wp-content/themes/woovina/assets/css/style.min.css?ver=2.3 HTTP/1.1" 200 23275 "-" "Mozilla/5.0 (compatible; SiteAuditBot/0.97; +http://www.semrush.com/bot.html)"
85.208.98.198 - - [01/Jul/2026:21:21:48 +0000] "GET /wp-content/plugins/cancel-order-request-woocommerce/public/css/jquery.toast.min.css?ver=1.3.4.32 HTTP/1.1" 200 2461 "-" "Mozilla/5.0 (compatible; SiteAuditBot/0.97; +http://www.semrush.com/bot.html)"
85.208.98.198 - - [01/Jul/2026:21:21:49 +0000] "GET /wp-content/themes/houseware/assets/css/houseware-01.css?ver=7.0 HTTP/1.1" 200 17487 "-" "Mozilla/5.0 (compatible; SiteAuditBot/0.97; +http://www.semrush.com/bot.html)"
85.208.98.198 - - [01/Jul/2026:21:21:50 +0000] "GET /wp-content/themes/houseware/assets/css/fontello.css?ver=7.0 HTTP/1.1" 200 7945 "-" "Mozilla/5.0 (compatible; SiteAuditBot/0.97; +http://www.semrush.com/bot.html)"
85.208.98.198 - - [01/Jul/2026:21:21:51 +0000] "GET /wp-content/plugins/elementor/assets/css/frontend.min.css?ver=4.1.4 HTTP/1.1" 200 7269 "-" "Mozilla/5.0 (compatible; SiteAuditBot/0.97; +http://www.semrush.com/bot.html)"
85.208.98.198 - - [01/Jul/2026:21:21:55 +0000] "GET /wp-content/plugins/cancel-order-request-woocommerce/public/css/magnific-popup.css?ver=1.3.4.32 HTTP/1.1" 200 1823 "-" "Mozilla/5.0 (compatible; SiteAuditBot/0.97; +http://www.semrush.com/bot.html)"
85.208.98.198 - - [01/Jul/2026:21:21:56 +0000] "GET /wp-content/uploads/elementor/css/post-4320.css?ver=1782784230 HTTP/1.1" 200 1352 "-" "Mozilla/5.0 (compatible; SiteAuditBot/0.97; +http://www.semrush.com/bot.html)"
85.208.98.198 - - [01/Jul/2026:21:21:37 +0000] "GET /wp-includes/css/dashicons.min.css?ver=7.0 HTTP/1.1" 200 35591 "-" "Mozilla/5.0 (compatible; SiteAuditBot/0.97; +http://www.semrush.com/bot.html)"
85.208.98.198 - - [01/Jul/2026:21:21:38 +0000] "GET /wp-content/plugins/woovina-extra/includes/menu-icons/includes/library/icon-selector/css/types/foundation-icons.min.css?ver=3.0 HTTP/1.1" 200 3411 "-" "Mozilla/5.0 (compatible; SiteAuditBot/0.97; +http://www.semrush.com/bot.html)"
85.208.98.198 - - [01/Jul/2026:21:21:39 +0000] "GET /wp-content/plugins/woovina-extra/includes/menu-icons/includes/library/icon-selector/css/types/genericons.min.css?ver=3.4 HTTP/1.1" 200 15876 "-" "Mozilla/5.0 (compatible; SiteAuditBot/0.97; +http://www.semrush.com/bot.html)"
85.208.98.198 - - [01/Jul/2026:21:21:40 +0000] "GET /wp-content/plugins/cancel-order-request-woocommerce/public/css/cancel-order-request-woocommerce-public.css?ver=1.3.4.32 HTTP/1.1" 200 460 "-" "Mozilla/5.0 (compatible; SiteAuditBot/0.97; +http://www.semrush.com/bot.html)"
85.208.98.198 - - [01/Jul/2026:21:21:42 +0000] "GET /wp-content/uploads/2021/01/profile-11002-250x200.jpg HTTP/1.1" 200 16721 "-" "Mozilla/5.0 (compatible; SiteAuditBot/0.97; +http://www.semrush.com/bot.html)"
85.208.98.198 - - [01/Jul/2026:21:21:43 +0000] "GET /wp-content/plugins/check-pincodezipcode-for-shipping-woocommerce/includes/css/wczp_front_style.css?ver=1.0.0 HTTP/1.1" 200 1785 "-" "Mozilla/5.0 (compatible; SiteAuditBot/0.97; +http://www.semrush.com/bot.html)"
85.208.98.198 - - [01/Jul/2026:21:21:44 +0000] "GET /wp-content/plugins/woo-variation-gallery/assets/css/slick.min.css?ver=1.8.1 HTTP/1.1" 200 1101 "-" "Mozilla/5.0 (compatible; SiteAuditBot/0.97; +http://www.semrush.com/bot.html)"
85.208.98.198 - - [01/Jul/2026:21:21:45 +0000] "GET /wp-content/uploads/2021/02/profile-16-250x200.jpg HTTP/1.1" 200 21638 "-" "Mozilla/5.0 (compatible; SiteAuditBot/0.97; +http://www.semrush.com/bot.html)"
85.208.98.198 - - [01/Jul/2026:21:22:11 +0000] "GET /wp-content/themes/woovina/assets/css/third/animate.css?ver=3.5.1 HTTP/1.1" 200 4434 "-" "Mozilla/5.0 (compatible; SiteAuditBot/0.97; +http://www.semrush.com/bot.html)"
85.208.98.198 - - [01/Jul/2026:21:22:12 +0000] "GET /wp-content/themes/woovina/assets/css/third/simple-line-icons.min.css?ver=2.4.0 HTTP/1.1" 200 2430 "-" "Mozilla/5.0 (compatible; SiteAuditBot/0.97; +http://www.semrush.com/bot.html)"
85.208.98.198 - - [01/Jul/2026:21:22:13 +0000] "GET /wp-content/themes/woovina/assets/css/third/font-awesome.min.css?ver=4.7.0 HTTP/1.1" 200 7002 "-" "Mozilla/5.0 (compatible; SiteAuditBot/0.97; +http://www.semrush.com/bot.html)"
85.208.98.198 - - [01/Jul/2026:21:22:14 +0000] "GET /wp-content/themes/woovina/assets/css/third/material-design-iconic-font.min.css?ver=2.2.0 HTTP/1.1" 200 7950 "-" "Mozilla/5.0 (compatible; SiteAuditBot/0.97; +http://www.semrush.com/bot.html)"
85.208.98.198 - - [01/Jul/2026:21:22:15 +0000] "GET /wp-content/themes/woovina/assets/css/third/magnific-popup.min.css?ver=1.0.0 HTTP/1.1" 200 1572 "-" "Mozilla/5.0 (compatible; SiteAuditBot/0.97; +http://www.semrush.com/bot.html)"
85.208.98.198 - - [01/Jul/2026:21:22:16 +0000] "GET /wp-content/themes/woovina/assets/css/third/ionicons.min.css?ver=2.2.0 HTTP/1.1" 200 8275 "-" "Mozilla/5.0 (compatible; SiteAuditBot/0.97; +http://www.semrush.com/bot.html)"
85.208.98.198 - - [01/Jul/2026:21:22:17 +0000] "GET /wp-content/themes/woovina/assets/fonts/fontawesome/css/all.min.css?ver=5.15.1 HTTP/1.1" 200 12836 "-" "Mozilla/5.0 (compatible; SiteAuditBot/0.97; +http://www.semrush.com/bot.html)"
85.208.98.198 - - [01/Jul/2026:21:22:18 +0000] "GET /wp-content/themes/woovina/assets/css/third/hamburgers/types/slider.css?ver=2.3 HTTP/1.1" 200 288 "-" "Mozilla/5.0 (compatible; SiteAuditBot/0.97; +http://www.semrush.com/bot.html)"
57.141.0.55 - - [01/Jul/2026:21:22:17 +0000] "GET /products/013056697004 HTTP/2" 404 155047 "-" "meta-externalagent/1.1 (+https://developers.facebook.com/docs/sharing/webmasters/crawler)"
85.208.98.198 - - [01/Jul/2026:21:22:19 +0000] "GET /wp-content/uploads/elementor/css/post-5103.css?ver=1782784230 HTTP/1.1" 200 432 "-" "Mozilla/5.0 (compatible; SiteAuditBot/0.97; +http://www.semrush.com/bot.html)"
85.208.98.198 - - [01/Jul/2026:21:22:20 +0000] "GET /wp-content/plugins/woovina-elementor-widgets/assets/css/wew-frontend.min.css?ver=7.0 HTTP/1.1" 200 862 "-" "Mozilla/5.0 (compatible; SiteAuditBot/0.97; +http://www.semrush.com/bot.html)"
85.208.98.198 - - [01/Jul/2026:21:22:22 +0000] "GET /wp-content/plugins/elementor/assets/lib/font-awesome/css/all.min.css?ver=4.1.4 HTTP/1.1" 200 12839 "-" "Mozilla/5.0 (compatible; SiteAuditBot/0.97; +http://www.semrush.com/bot.html)"
85.208.98.198 - - [01/Jul/2026:21:22:23 +0000] "GET /wp-content/plugins/elementor/assets/lib/font-awesome/css/v4-shims.min.css?ver=4.1.4 HTTP/1.1" 200 4189 "-" "Mozilla/5.0 (compatible; SiteAuditBot/0.97; +http://www.semrush.com/bot.html)"
85.208.98.198 - - [01/Jul/2026:21:22:24 +0000] "GET /wp-content/plugins/elementor/assets/lib/eicons/css/elementor-icons.min.css?ver=5.50.0 HTTP/1.1" 200 4449 "-" "Mozilla/5.0 (compatible; SiteAuditBot/0.97; +http://www.semrush.com/bot.html)"
85.208.98.198 - - [01/Jul/2026:21:22:25 +0000] "GET /wp-content/plugins/elementor/assets/lib/swiper/v8/css/swiper.min.css?ver=8.4.5 HTTP/1.1" 200 4588 "-" "Mozilla/5.0 (compatible; SiteAuditBot/0.97; +http://www.semrush.com/bot.html)"
85.208.98.198 - - [01/Jul/2026:21:22:26 +0000] "GET /wp-content/plugins/elementor/assets/css/conditionals/e-swiper.min.css?ver=4.1.4 HTTP/1.1" 200 798 "-" "Mozilla/5.0 (compatible; SiteAuditBot/0.97; +http://www.semrush.com/bot.html)"
85.208.98.198 - - [01/Jul/2026:21:22:27 +0000] "GET /wp-content/plugins/elementor/assets/css/widget-image-carousel.min.css?ver=4.1.4 HTTP/1.1" 200 184 "-" "Mozilla/5.0 (compatible; SiteAuditBot/0.97; +http://www.semrush.com/bot.html)"
85.208.98.198 - - [01/Jul/2026:21:22:28 +0000] "GET /wp-content/themes/woovina/assets/css/third/hamburgers/hamburgers.min.css?ver=2.3 HTTP/1.1" 200 335 "-" "Mozilla/5.0 (compatible; SiteAuditBot/0.97; +http://www.semrush.com/bot.html)"
85.208.98.198 - - [01/Jul/2026:21:22:29 +0000] "GET /wp-content/plugins/woovina-elementor-widgets/assets/css/animated-heading/style.min.css?ver=7.0 HTTP/1.1" 200 229 "-" "Mozilla/5.0 (compatible; SiteAuditBot/0.97; +http://www.semrush.com/bot.html)"
85.208.98.198 - - [01/Jul/2026:21:22:30 +0000] "GET /wp-content/plugins/elementor/assets/lib/animations/styles/flash.min.css?ver=4.1.4 HTTP/1.1" 200 86 "-" "Mozilla/5.0 (compatible; SiteAuditBot/0.97; +http://www.semrush.com/bot.html)"
85.208.98.198 - - [01/Jul/2026:21:22:32 +0000] "GET /wp-content/plugins/woovina-elementor-widgets/assets/css/buttons/style.min.css?ver=7.0 HTTP/1.1" 200 237 "-" "Mozilla/5.0 (compatible; SiteAuditBot/0.97; +http://www.semrush.com/bot.html)"
85.208.98.198 - - [01/Jul/2026:21:22:33 +0000] "GET /wp-content/plugins/woovina-elementor-widgets/assets/css/tabs/style.min.css?ver=7.0 HTTP/1.1" 200 549 "-" "Mozilla/5.0 (compatible; SiteAuditBot/0.97; +http://www.semrush.com/bot.html)"
85.208.98.198 - - [01/Jul/2026:21:22:34 +0000] "GET /wp-content/plugins/elementor/assets/lib/animations/styles/e-animation-wobble-horizontal.min.css?ver=4.1.4 HTTP/1.1" 200 213 "-" "Mozilla/5.0 (compatible; SiteAuditBot/0.97; +http://www.semrush.com/bot.html)"
85.208.98.198 - - [01/Jul/2026:21:22:35 +0000] "GET /wp-content/plugins/elementor/assets/css/widget-icon-box.min.css?ver=4.1.4 HTTP/1.1" 200 434 "-" "Mozilla/5.0 (compatible; SiteAuditBot/0.97; +http://www.semrush.com/bot.html)"
85.208.98.198 - - [01/Jul/2026:21:22:36 +0000] "GET /wp-content/plugins/woovina-elementor-widgets/assets/css/banner/style.min.css?ver=7.0 HTTP/1.1" 200 2888 "-" "Mozilla/5.0 (compatible; SiteAuditBot/0.97; +http://www.semrush.com/bot.html)"
85.208.98.198 - - [01/Jul/2026:21:22:37 +0000] "GET /wp-content/themes/woovina/assets/css/third/mobile-navbar.css?ver=1.0.0 HTTP/1.1" 200 663 "-" "Mozilla/5.0 (compatible; SiteAuditBot/0.97; +http://www.semrush.com/bot.html)"
85.208.98.198 - - [01/Jul/2026:21:22:38 +0000] "GET /wp-content/plugins/elementor/assets/css/widget-heading.min.css?ver=4.1.4 HTTP/1.1" 200 160 "-" "Mozilla/5.0 (compatible; SiteAuditBot/0.97; +http://www.semrush.com/bot.html)"
85.208.98.198 - - [01/Jul/2026:21:22:39 +0000] "GET /wp-content/plugins/woovina-elementor-widgets/assets/css/woo-addtocart/style.min.css?ver=7.0 HTTP/1.1" 200 539 "-" "Mozilla/5.0 (compatible; SiteAuditBot/0.97; +http://www.semrush.com/bot.html)"
85.208.98.198 - - [01/Jul/2026:21:22:40 +0000] "GET /wp-content/plugins/elementor/assets/lib/animations/styles/bounce.min.css?ver=4.1.4 HTTP/1.1" 200 204 "-" "Mozilla/5.0 (compatible; SiteAuditBot/0.97; +http://www.semrush.com/bot.html)"
85.208.98.198 - - [01/Jul/2026:21:22:41 +0000] "GET /wp-content/plugins/elementor/assets/lib/animations/styles/fadeInDown.min.css?ver=4.1.4 HTTP/1.1" 200 137 "-" "Mozilla/5.0 (compatible; SiteAuditBot/0.97; +http://www.semrush.com/bot.html)"
85.208.98.198 - - [01/Jul/2026:21:22:42 +0000] "GET /wp-content/uploads/elementor/css/post-1803.css?ver=1782784314 HTTP/1.1" 200 2382 "-" "Mozilla/5.0 (compatible; SiteAuditBot/0.97; +http://www.semrush.com/bot.html)"
85.208.98.198 - - [01/Jul/2026:21:22:43 +0000] "GET /wp-content/plugins/woovina-extra/assets/css/widgets.css?ver=7.0 HTTP/1.1" 200 4692 "-" "Mozilla/5.0 (compatible; SiteAuditBot/0.97; +http://www.semrush.com/bot.html)"
85.208.98.198 - - [01/Jul/2026:21:22:44 +0000] "GET /wp-content/plugins/elementor/assets/lib/animations/styles/zoomIn.min.css?ver=4.1.4 HTTP/1.1" 200 106 "-" "Mozilla/5.0 (compatible; SiteAuditBot/0.97; +http://www.semrush.com/bot.html)"
85.208.98.198 - - [01/Jul/2026:21:22:45 +0000] "GET /wp-includes/js/jquery/jquery.min.js?ver=3.7.1 HTTP/1.1" 200 30412 "-" "Mozilla/5.0 (compatible; SiteAuditBot/0.97; +http://www.semrush.com/bot.html)"
85.208.98.198 - - [01/Jul/2026:21:22:46 +0000] "GET /wp-includes/js/jquery/jquery-migrate.min.js?ver=3.4.1 HTTP/1.1" 200 4870 "-" "Mozilla/5.0 (compatible; SiteAuditBot/0.97; +http://www.semrush.com/bot.html)"
85.208.98.198 - - [01/Jul/2026:21:22:47 +0000] "GET /wp-content/plugins/cancel-order-request-woocommerce/public/js/jquery.magnific-popup.min.js?ver=1.3.4.32 HTTP/1.1" 200 7379 "-" "Mozilla/5.0 (compatible; SiteAuditBot/0.97; +http://www.semrush.com/bot.html)"
85.208.98.198 - - [01/Jul/2026:21:22:48 +0000] "GET /wp-content/plugins/cancel-order-request-woocommerce/public/js/jquery.toast.min.js?ver=1.3.4.32 HTTP/1.1" 200 1790 "-" "Mozilla/5.0 (compatible; SiteAuditBot/0.97; +http://www.semrush.com/bot.html)"
85.208.98.198 - - [01/Jul/2026:21:22:49 +0000] "GET /wp-content/plugins/cancel-order-request-woocommerce/public/js/cancel-order-request-woocommerce-public.js?ver=1.3.4.32 HTTP/1.1" 200 994 "-" "Mozilla/5.0 (compatible; SiteAuditBot/0.97; +http://www.semrush.com/bot.html)"
85.208.98.198 - - [01/Jul/2026:21:22:50 +0000] "GET /wp-content/plugins/woocommerce/assets/js/jquery-blockui/jquery.blockUI.min.js?ver=2.7.0-wc.10.9.1 HTTP/1.1" 200 3540 "-" "Mozilla/5.0 (compatible; SiteAuditBot/0.97; +http://www.semrush.com/bot.html)"
85.208.98.198 - - [01/Jul/2026:21:22:51 +0000] "GET /wp-content/plugins/woocommerce/assets/js/frontend/add-to-cart.min.js?ver=10.9.1 HTTP/1.1" 200 1435 "-" "Mozilla/5.0 (compatible; SiteAuditBot/0.97; +http://www.semrush.com/bot.html)"
85.208.98.198 - - [01/Jul/2026:21:22:52 +0000] "GET /wp-content/plugins/woocommerce/assets/js/js-cookie/js.cookie.min.js?ver=2.1.4-wc.10.9.1 HTTP/1.1" 200 832 "-" "Mozilla/5.0 (compatible; SiteAuditBot/0.97; +http://www.semrush.com/bot.html)"
85.208.98.198 - - [01/Jul/2026:21:22:53 +0000] "GET /wp-content/uploads/elementor/css/post-4299.css?ver=1782784230 HTTP/1.1" 200 381 "-" "Mozilla/5.0 (compatible; SiteAuditBot/0.97; +http://www.semrush.com/bot.html)"
85.208.98.198 - - [01/Jul/2026:21:22:54 +0000] "GET /wp-content/plugins/woocommerce/assets/js/frontend/woocommerce.min.js?ver=10.9.1 HTTP/1.1" 200 1579 "-" "Mozilla/5.0 (compatible; SiteAuditBot/0.97; +http://www.semrush.com/bot.html)"
85.208.98.198 - - [01/Jul/2026:21:22:55 +0000] "GET /wp-content/plugins/check-pincodezipcode-for-shipping-woocommerce/includes/js/wczp_front_script.js?ver=1.0.0 HTTP/1.1" 200 1612 "-" "Mozilla/5.0 (compatible; SiteAuditBot/0.97; +http://www.semrush.com/bot.html)"
85.208.98.198 - - [01/Jul/2026:21:22:56 +0000] "GET /wp-includes/js/wp-util.min.js?ver=7.0 HTTP/1.1" 200 757 "-" "Mozilla/5.0 (compatible; SiteAuditBot/0.97; +http://www.semrush.com/bot.html)"
85.208.98.198 - - [01/Jul/2026:21:22:57 +0000] "GET /wp-content/plugins/elementor/assets/lib/font-awesome/js/v4-shims.min.js?ver=4.1.4 HTTP/1.1" 200 4169 "-" "Mozilla/5.0 (compatible; SiteAuditBot/0.97; +http://www.semrush.com/bot.html)"
85.208.98.198 - - [01/Jul/2026:21:22:58 +0000] "GET /wp-includes/js/underscore.min.js?ver=1.13.8 HTTP/1.1" 200 7384 "-" "Mozilla/5.0 (compatible; SiteAuditBot/0.97; +http://www.semrush.com/bot.html)"
85.208.98.198 - - [01/Jul/2026:21:22:59 +0000] "GET /wp-content/plugins/woovina-elementor-widgets/assets/css/search/style.min.css?ver=7.0 HTTP/1.1" 200 954 "-" "Mozilla/5.0 (compatible; SiteAuditBot/0.97; +http://www.semrush.com/bot.html)"
85.208.98.198 - - [01/Jul/2026:21:23:00 +0000] "GET /wp-content/plugins/woovina-elementor-widgets/assets/css/eicons-bc/style.min.css?ver=7.0 HTTP/1.1" 200 174 "-" "Mozilla/5.0 (compatible; SiteAuditBot/0.97; +http://www.semrush.com/bot.html)"
85.208.98.198 - - [01/Jul/2026:21:23:01 +0000] "GET /wp-content/plugins/woovina-elementor-widgets/assets/css/woo-menucart/style.min.css?ver=7.0 HTTP/1.1" 200 1572 "-" "Mozilla/5.0 (compatible; SiteAuditBot/0.97; +http://www.semrush.com/bot.html)"
85.208.98.198 - - [01/Jul/2026:21:23:02 +0000] "GET /wp-content/plugins/woocommerce/assets/js/flexslider/jquery.flexslider.min.js?ver=2.7.2-wc.10.9.1 HTTP/1.1" 200 6213 "-" "Mozilla/5.0 (compatible; SiteAuditBot/0.97; +http://www.semrush.com/bot.html)"
85.208.98.198 - - [01/Jul/2026:21:23:03 +0000] "GET /wp-content/plugins/woocommerce/assets/client/blocks/wc-blocks.css?ver=wc-10.9.1 HTTP/1.1" 200 2599 "-" "Mozilla/5.0 (compatible; SiteAuditBot/0.97; +http://www.semrush.com/bot.html)"
85.208.98.198 - - [01/Jul/2026:21:23:05 +0000] "GET /wp-content/plugins/elementor/assets/css/widget-icon-list.min.css?ver=4.1.4 HTTP/1.1" 200 1022 "-" "Mozilla/5.0 (compatible; SiteAuditBot/0.97; +http://www.semrush.com/bot.html)"
85.208.98.198 - - [01/Jul/2026:21:23:06 +0000] "GET /wp-content/plugins/elementor/assets/css/widget-social-icons.min.css?ver=4.1.4 HTTP/1.1" 200 1130 "-" "Mozilla/5.0 (compatible; SiteAuditBot/0.97; +http://www.semrush.com/bot.html)"
85.208.98.198 - - [01/Jul/2026:21:23:07 +0000] "GET /wp-content/plugins/elementor/assets/css/conditionals/apple-webkit.min.css?ver=4.1.4 HTTP/1.1" 200 542 "-" "Mozilla/5.0 (compatible; SiteAuditBot/0.97; +http://www.semrush.com/bot.html)"
85.208.98.198 - - [01/Jul/2026:21:23:08 +0000] "GET /wp-content/plugins/woocommerce/assets/css/select2.css?ver=10.9.1 HTTP/1.1" 200 1923 "-" "Mozilla/5.0 (compatible; SiteAuditBot/0.97; +http://www.semrush.com/bot.html)"
85.208.98.198 - - [01/Jul/2026:21:23:09 +0000] "GET /wp-content/plugins/woo-variation-gallery/assets/js/slick.min.js?ver=1.8.1 HTTP/1.1" 200 10647 "-" "Mozilla/5.0 (compatible; SiteAuditBot/0.97; +http://www.semrush.com/bot.html)"
85.208.98.198 - - [01/Jul/2026:21:23:10 +0000] "GET /wp-content/plugins/woovina-elementor-widgets/assets/css/countdown/style.min.css?ver=7.0 HTTP/1.1" 200 432 "-" "Mozilla/5.0 (compatible; SiteAuditBot/0.97; +http://www.semrush.com/bot.html)"
85.208.98.198 - - [01/Jul/2026:21:23:11 +0000] "GET /wp-includes/js/imagesloaded.min.js?ver=5.0.0 HTTP/1.1" 200 1801 "-" "Mozilla/5.0 (compatible; SiteAuditBot/0.97; +http://www.semrush.com/bot.html)"
85.208.98.198 - - [01/Jul/2026:21:23:12 +0000] "GET /wp-content/plugins/woocommerce/assets/js/frontend/add-to-cart-variation.min.js?ver=10.9.1 HTTP/1.1" 200 4367 "-" "Mozilla/5.0 (compatible; SiteAuditBot/0.97; +http://www.semrush.com/bot.html)"
85.208.98.198 - - [01/Jul/2026:21:23:13 +0000] "GET /wp-content/plugins/woo-variation-gallery/assets/js/frontend.min.js?ver=1782446701 HTTP/1.1" 200 4754 "-" "Mozilla/5.0 (compatible; SiteAuditBot/0.97; +http://www.semrush.com/bot.html)"
85.208.98.198 - - [01/Jul/2026:21:23:14 +0000] "GET /wp-content/themes/houseware/assets/js/houseware.js?ver=7.0 HTTP/1.1" 200 1095 "-" "Mozilla/5.0 (compatible; SiteAuditBot/0.97; +http://www.semrush.com/bot.html)"
85.208.98.198 - - [01/Jul/2026:21:23:15 +0000] "GET /wp-content/themes/woovina/assets/js/third/woo/woo-cat-widget.min.js?ver=2.3 HTTP/1.1" 200 343 "-" "Mozilla/5.0 (compatible; SiteAuditBot/0.97; +http://www.semrush.com/bot.html)"
85.208.98.198 - - [01/Jul/2026:21:23:16 +0000] "GET /wp-content/themes/woovina/assets/js/third/woo/woo-mini-cart.min.js?ver=2.3 HTTP/1.1" 200 367 "-" "Mozilla/5.0 (compatible; SiteAuditBot/0.97; +http://www.semrush.com/bot.html)"
85.208.98.198 - - [01/Jul/2026:21:23:17 +0000] "GET /wp-content/themes/woovina/assets/js/third/woo/woo-scripts.min.js?ver=2.3 HTTP/1.1" 200 1262 "-" "Mozilla/5.0 (compatible; SiteAuditBot/0.97; +http://www.semrush.com/bot.html)"
85.208.98.198 - - [01/Jul/2026:21:23:18 +0000] "GET /wp-content/themes/woovina/assets/js/third/magnific-popup.min.js?ver=2.3 HTTP/1.1" 200 7157 "-" "Mozilla/5.0 (compatible; SiteAuditBot/0.97; +http://www.semrush.com/bot.html)"
85.208.98.198 - - [01/Jul/2026:21:23:19 +0000] "GET /wp-content/plugins/elementor/assets/css/widget-image.min.css?ver=4.1.4 HTTP/1.1" 200 134 "-" "Mozilla/5.0 (compatible; SiteAuditBot/0.97; +http://www.semrush.com/bot.html)"
85.208.98.198 - - [01/Jul/2026:21:23:20 +0000] "GET /wp-content/themes/woovina/assets/js/third/woo/woo-quick-view.min.js?ver=2.3 HTTP/1.1" 200 1373 "-" "Mozilla/5.0 (compatible; SiteAuditBot/0.97; +http://www.semrush.com/bot.html)"
85.208.98.198 - - [01/Jul/2026:21:23:21 +0000] "GET /wp-content/themes/woovina/assets/js/third/lightbox.min.js?ver=2.3 HTTP/1.1" 200 561 "-" "Mozilla/5.0 (compatible; SiteAuditBot/0.97; +http://www.semrush.com/bot.html)"
85.208.98.198 - - [01/Jul/2026:21:23:22 +0000] "GET /wp-content/themes/woovina/assets/js/third/jquery.plugin.min.js?ver=2.3 HTTP/1.1" 200 1472 "-" "Mozilla/5.0 (compatible; SiteAuditBot/0.97; +http://www.semrush.com/bot.html)"
85.208.98.198 - - [01/Jul/2026:21:23:23 +0000] "GET /wp-content/themes/woovina/assets/js/third/jquery.countdown.js?ver=2.3 HTTP/1.1" 200 10481 "-" "Mozilla/5.0 (compatible; SiteAuditBot/0.97; +http://www.semrush.com/bot.html)"
85.208.98.198 - - [01/Jul/2026:21:23:24 +0000] "GET /wp-content/themes/woovina/assets/js/third/mobile-navbar.js?ver=2.3 HTTP/1.1" 200 233 "-" "Mozilla/5.0 (compatible; SiteAuditBot/0.97; +http://www.semrush.com/bot.html)"
85.208.98.198 - - [01/Jul/2026:21:23:25 +0000] "GET /wp-content/themes/woovina/assets/js/main.min.js?ver=2.3 HTTP/1.1" 200 33215 "-" "Mozilla/5.0 (compatible; SiteAuditBot/0.97; +http://www.semrush.com/bot.html)"
85.208.98.198 - - [01/Jul/2026:21:23:26 +0000] "GET /wp-content/plugins/woocommerce/assets/js/sourcebuster/sourcebuster.min.js?ver=10.9.1 HTTP/1.1" 200 4814 "-" "Mozilla/5.0 (compatible; SiteAuditBot/0.97; +http://www.semrush.com/bot.html)"
85.208.98.198 - - [01/Jul/2026:21:23:27 +0000] "GET /wp-content/plugins/woocommerce/assets/js/frontend/order-attribution.min.js?ver=10.9.1 HTTP/1.1" 200 1142 "-" "Mozilla/5.0 (compatible; SiteAuditBot/0.97; +http://www.semrush.com/bot.html)"
85.208.98.198 - - [01/Jul/2026:21:23:28 +0000] "GET /wp-content/plugins/elementor/assets/lib/swiper/v8/swiper.min.js?ver=8.4.5 HTTP/1.1" 200 39761 "-" "Mozilla/5.0 (compatible; SiteAuditBot/0.97; +http://www.semrush.com/bot.html)"
85.208.98.198 - - [01/Jul/2026:21:23:29 +0000] "GET /wp-content/plugins/elementor/assets/js/webpack.runtime.min.js?ver=4.1.4 HTTP/1.1" 200 2547 "-" "Mozilla/5.0 (compatible; SiteAuditBot/0.97; +http://www.semrush.com/bot.html)"
85.208.98.198 - - [01/Jul/2026:21:23:30 +0000] "GET /wp-content/plugins/elementor/assets/js/frontend-modules.min.js?ver=4.1.4 HTTP/1.1" 200 15915 "-" "Mozilla/5.0 (compatible; SiteAuditBot/0.97; +http://www.semrush.com/bot.html)"
85.208.98.198 - - [01/Jul/2026:21:23:31 +0000] "GET /wp-includes/js/jquery/ui/core.min.js?ver=1.13.3 HTTP/1.1" 200 7104 "-" "Mozilla/5.0 (compatible; SiteAuditBot/0.97; +http://www.semrush.com/bot.html)"
85.208.98.198 - - [01/Jul/2026:21:23:32 +0000] "GET /wp-content/plugins/elementor/assets/js/frontend.min.js?ver=4.1.4 HTTP/1.1" 200 10435 "-" "Mozilla/5.0 (compatible; SiteAuditBot/0.97; +http://www.semrush.com/bot.html)"
85.208.98.198 - - [01/Jul/2026:21:23:33 +0000] "GET /wp-content/plugins/woovina-elementor-widgets/assets/js/morphext.min.js?ver=7.0 HTTP/1.1" 200 515 "-" "Mozilla/5.0 (compatible; SiteAuditBot/0.97; +http://www.semrush.com/bot.html)"
85.208.98.198 - - [01/Jul/2026:21:23:34 +0000] "GET /wp-content/plugins/woovina-elementor-widgets/assets/js/typed.min.js?ver=7.0 HTTP/1.1" 200 3471 "-" "Mozilla/5.0 (compatible; SiteAuditBot/0.97; +http://www.semrush.com/bot.html)"
85.208.98.198 - - [01/Jul/2026:21:23:35 +0000] "GET /wp-content/plugins/woovina-elementor-widgets/assets/js/tabs.min.js?ver=7.0 HTTP/1.1" 200 317 "-" "Mozilla/5.0 (compatible; SiteAuditBot/0.97; +http://www.semrush.com/bot.html)"
85.208.98.198 - - [01/Jul/2026:21:23:37 +0000] "GET /wp-content/plugins/woovina-elementor-widgets/assets/js/countdown.min.js?ver=7.0 HTTP/1.1" 200 455 "-" "Mozilla/5.0 (compatible; SiteAuditBot/0.97; +http://www.semrush.com/bot.html)"
85.208.98.198 - - [01/Jul/2026:21:23:37 +0000] "GET /wp-content/plugins/woocommerce/assets/js/selectWoo/selectWoo.full.min.js?ver=1.0.9-wc.10.9.1 HTTP/1.1" 200 21904 "-" "Mozilla/5.0 (compatible; SiteAuditBot/0.97; +http://www.semrush.com/bot.html)"
85.208.98.198 - - [01/Jul/2026:21:23:39 +0000] "GET /wp-content/plugins/woocommerce/assets/js/frontend/cart-fragments.min.js?ver=10.9.1 HTTP/1.1" 200 1045 "-" "Mozilla/5.0 (compatible; SiteAuditBot/0.97; +http://www.semrush.com/bot.html)"
85.208.98.198 - - [01/Jul/2026:21:23:40 +0000] "GET /wp-content/plugins/woovina-elementor-widgets/assets/js/search.min.js?ver=7.0 HTTP/1.1" 200 523 "-" "Mozilla/5.0 (compatible; SiteAuditBot/0.97; +http://www.semrush.com/bot.html)"
85.208.98.198 - - [01/Jul/2026:21:23:41 +0000] "GET /wp-content/plugins/woovina-elementor-widgets/assets/js/wew-frontend.min.js?ver=3.0.0 HTTP/1.1" 200 9010 "-" "Mozilla/5.0 (compatible; SiteAuditBot/0.97; +http://www.semrush.com/bot.html)"
85.208.98.198 - - [01/Jul/2026:21:23:42 +0000] "GET /wp-content/uploads/2021/01/911kU3sHjFL._UL1500_-250x200.jpg HTTP/1.1" 200 7670 "-" "Mozilla/5.0 (compatible; SiteAuditBot/0.97; +http://www.semrush.com/bot.html)"
85.208.98.198 - - [01/Jul/2026:21:23:43 +0000] "GET /wp-content/uploads/2021/01/h6576-250x200.jpg HTTP/1.1" 200 17099 "-" "Mozilla/5.0 (compatible; SiteAuditBot/0.97; +http://www.semrush.com/bot.html)"
85.208.98.198 - - [01/Jul/2026:21:23:44 +0000] "GET /wp-content/uploads/2021/01/1-89-250x200.jpg HTTP/1.1" 200 7352 "-" "Mozilla/5.0 (compatible; SiteAuditBot/0.97; +http://www.semrush.com/bot.html)"
85.208.98.198 - - [01/Jul/2026:21:23:45 +0000] "GET /wp-content/uploads/2021/01/1-49-250x200.jpg HTTP/1.1" 200 6914 "-" "Mozilla/5.0 (compatible; SiteAuditBot/0.97; +http://www.semrush.com/bot.html)"
85.208.98.198 - - [01/Jul/2026:21:23:46 +0000] "GET /wp-content/uploads/2021/01/Untitled-1-250x200.jpg HTTP/1.1" 200 13976 "-" "Mozilla/5.0 (compatible; SiteAuditBot/0.97; +http://www.semrush.com/bot.html)"
85.208.98.198 - - [01/Jul/2026:21:23:47 +0000] "GET /wp-content/uploads/2021/01/1-127-1-250x200.jpg HTTP/1.1" 200 17753 "-" "Mozilla/5.0 (compatible; SiteAuditBot/0.97; +http://www.semrush.com/bot.html)"
85.208.98.198 - - [01/Jul/2026:21:23:49 +0000] "GET /wp-content/uploads/2021/02/6666-250x200.jpg HTTP/1.1" 200 17285 "-" "Mozilla/5.0 (compatible; SiteAuditBot/0.97; +http://www.semrush.com/bot.html)"
85.208.98.198 - - [01/Jul/2026:21:21:57 +0000] "GET /wp-content/plugins/woo-variation-gallery/assets/css/frontend.min.css?ver=1782446701 HTTP/1.1" 200 5649 "-" "Mozilla/5.0 (compatible; SiteAuditBot/0.97; +http://www.semrush.com/bot.html)"
85.208.98.198 - - [01/Jul/2026:21:21:58 +0000] "GET /wp-content/uploads/elementor/css/post-4326.css?ver=1782784230 HTTP/1.1" 200 1274 "-" "Mozilla/5.0 (compatible; SiteAuditBot/0.97; +http://www.semrush.com/bot.html)"
216.73.217.139 - - [01/Jul/2026:21:21:57 +0000] "GET /products/012134774154 HTTP/2" 404 33750 "-" "Mozilla/5.0 AppleWebKit/537.36 (KHTML, like Gecko; compatible; ClaudeBot/1.0; +claudebot@anthropic.com)"
85.208.98.198 - - [01/Jul/2026:21:21:59 +0000] "GET /wp-content/uploads/elementor/css/post-4586.css?ver=1782784230 HTTP/1.1" 200 360 "-" "Mozilla/5.0 (compatible; SiteAuditBot/0.97; +http://www.semrush.com/bot.html)"
85.208.98.198 - - [01/Jul/2026:21:22:04 +0000] "GET /wp-content/themes/woovina/assets/css/woo/woocommerce.min.css?ver=7.0 HTTP/1.1" 200 14222 "-" "Mozilla/5.0 (compatible; SiteAuditBot/0.97; +http://www.semrush.com/bot.html)"
85.208.98.198 - - [01/Jul/2026:21:22:05 +0000] "GET /wp-content/themes/woovina/assets/css/woo/woo-quick-view.min.css?ver=7.0 HTTP/1.1" 200 1390 "-" "Mozilla/5.0 (compatible; SiteAuditBot/0.97; +http://www.semrush.com/bot.html)"
85.208.98.198 - - [01/Jul/2026:21:22:06 +0000] "GET /wp-content/themes/houseware/style.css?ver=7.0 HTTP/1.1" 200 359 "-" "Mozilla/5.0 (compatible; SiteAuditBot/0.97; +http://www.semrush.com/bot.html)"
85.208.98.198 - - [01/Jul/2026:21:22:08 +0000] "GET /wp-content/themes/woovina/assets/css/woo/woo-star-font.min.css?ver=7.0 HTTP/1.1" 200 605 "-" "Mozilla/5.0 (compatible; SiteAuditBot/0.97; +http://www.semrush.com/bot.html)"
85.208.98.198 - - [01/Jul/2026:21:22:09 +0000] "GET /wp-content/themes/woovina/assets/fonts/fontawesome/css/v4-shims.min.css?ver=5.15.1 HTTP/1.1" 200 4189 "-" "Mozilla/5.0 (compatible; SiteAuditBot/0.97; +http://www.semrush.com/bot.html)"
85.208.98.198 - - [01/Jul/2026:21:22:10 +0000] "GET /wp-content/uploads/2021/01/61aGBS9jYVL._UL1500_-1-250x200.jpg HTTP/1.1" 200 15401 "-" "Mozilla/5.0 (compatible; SiteAuditBot/0.97; +http://www.semrush.com/bot.html)"
181.26.185.126 - - [01/Jul/2026:21:23:23 +0000] "GET /?r=list-24124958 HTTP/2" 301 0 "https://www.rearbear.com" "Mozilla/5.0 (Macintosh; Intel Mac OS X 10_15_7) AppleWebKit/537.36 (KHTML, like Gecko) Chrome/145.0.0.0 Safari/537.36"
57.141.0.49 - - [01/Jul/2026:21:23:25 +0000] "GET /products/01440932786 HTTP/2" 404 155047 "-" "meta-externalagent/1.1 (+https://developers.facebook.com/docs/sharing/webmasters/crawler)"
94.49.199.77 - - [01/Jul/2026:21:23:26 +0000] "GET /?r=list-24124958 HTTP/2" 200 41575 "https://www.rearbear.com/?r=list-24124958" "Mozilla/5.0 (Macintosh; Intel Mac OS X 10_15_7) AppleWebKit/537.36 (KHTML, like Gecko) Chrome/145.0.0.0 Safari/537.36"
85.208.98.198 - - [01/Jul/2026:21:23:48 +0000] "GET /wp-content/uploads/2021/01/1-129-250x200.jpg HTTP/1.1" 200 17327 "-" "Mozilla/5.0 (compatible; SiteAuditBot/0.97; +http://www.semrush.com/bot.html)"
85.208.98.198 - - [01/Jul/2026:21:23:51 +0000] "GET /wp-content/uploads/2021/01/profile-1-250x200.jpg HTTP/1.1" 200 15081 "-" "Mozilla/5.0 (compatible; SiteAuditBot/0.97; +http://www.semrush.com/bot.html)"
85.208.98.198 - - [01/Jul/2026:21:23:52 +0000] "GET /wp-content/uploads/2021/01/612ViuvCaUL._UL1500_-250x200.jpg HTTP/1.1" 200 3860 "-" "Mozilla/5.0 (compatible; SiteAuditBot/0.97; +http://www.semrush.com/bot.html)"
85.208.98.198 - - [01/Jul/2026:21:23:53 +0000] "GET /wp-content/uploads/2021/01/Navy-New-Red-2-250x200.jpg HTTP/1.1" 200 6043 "-" "Mozilla/5.0 (compatible; SiteAuditBot/0.97; +http://www.semrush.com/bot.html)"
85.208.98.198 - - [01/Jul/2026:21:23:56 +0000] "GET /wp-content/uploads/2021/01/1-125-250x200.jpg HTTP/1.1" 200 16599 "-" "Mozilla/5.0 (compatible; SiteAuditBot/0.97; +http://www.semrush.com/bot.html)"
85.208.98.198 - - [01/Jul/2026:21:23:50 +0000] "GET /wp-content/uploads/2021/01/61BDoSpX0kL._UL1500_-250x200.jpg HTTP/1.1" 200 3907 "-" "Mozilla/5.0 (compatible; SiteAuditBot/0.97; +http://www.semrush.com/bot.html)"
85.208.98.198 - - [01/Jul/2026:21:23:54 +0000] "GET /wp-content/uploads/2021/01/profile-5-250x200.jpg HTTP/1.1" 200 16029 "-" "Mozilla/5.0 (compatible; SiteAuditBot/0.97; +http://www.semrush.com/bot.html)"
85.208.98.198 - - [01/Jul/2026:21:24:07 +0000] "GET /wp-content/uploads/2021/01/41bkhjOeuvL-1-250x200.jpg HTTP/1.1" 200 18483 "-" "Mozilla/5.0 (compatible; SiteAuditBot/0.97; +http://www.semrush.com/bot.html)"
85.208.98.198 - - [01/Jul/2026:21:24:08 +0000] "GET /wp-content/plugins/woocommerce/assets/css/photoswipe/photoswipe.min.css?ver=10.9.1 HTTP/1.1" 200 973 "-" "Mozilla/5.0 (compatible; SiteAuditBot/0.97; +http://www.semrush.com/bot.html)"
85.208.98.198 - - [01/Jul/2026:21:24:09 +0000] "GET /wp-content/themes/woovina/assets/css/woo/woo-floating-bar.min.css?ver=7.0 HTTP/1.1" 200 747 "-" "Mozilla/5.0 (compatible; SiteAuditBot/0.97; +http://www.semrush.com/bot.html)"
85.208.98.198 - - [01/Jul/2026:21:24:10 +0000] "GET /wp-content/uploads/2021/02/profile-10-100x100.jpg HTTP/1.1" 200 8574 "-" "Mozilla/5.0 (compatible; SiteAuditBot/0.97; +http://www.semrush.com/bot.html)"
85.208.98.198 - - [01/Jul/2026:21:24:11 +0000] "GET /wp-content/plugins/woocommerce/assets/js/photoswipe/photoswipe-ui-default.min.js?ver=4.1.1-wc.10.9.1 HTTP/1.1" 200 3681 "-" "Mozilla/5.0 (compatible; SiteAuditBot/0.97; +http://www.semrush.com/bot.html)"
85.208.98.198 - - [01/Jul/2026:21:24:12 +0000] "GET /wp-content/plugins/woocommerce/assets/js/zoom/jquery.zoom.min.js?ver=1.7.21-wc.10.9.1 HTTP/1.1" 200 1189 "-" "Mozilla/5.0 (compatible; SiteAuditBot/0.97; +http://www.semrush.com/bot.html)"
85.208.98.198 - - [01/Jul/2026:21:24:13 +0000] "GET /wp-content/plugins/woocommerce/assets/js/photoswipe/photoswipe.min.js?ver=4.1.1-wc.10.9.1 HTTP/1.1" 200 12060 "-" "Mozilla/5.0 (compatible; SiteAuditBot/0.97; +http://www.semrush.com/bot.html)"
85.208.98.198 - - [01/Jul/2026:21:24:14 +0000] "GET /wp-content/themes/woovina/assets/js/third/woo/woo-floating-bar.min.js?ver=2.3 HTTP/1.1" 200 924 "-" "Mozilla/5.0 (compatible; SiteAuditBot/0.97; +http://www.semrush.com/bot.html)"
85.208.98.198 - - [01/Jul/2026:21:24:15 +0000] "GET /wp-content/plugins/woocommerce/assets/js/frontend/single-product.min.js?ver=10.9.1 HTTP/1.1" 200 2925 "-" "Mozilla/5.0 (compatible; SiteAuditBot/0.97; +http://www.semrush.com/bot.html)"
85.208.98.198 - - [01/Jul/2026:21:24:16 +0000] "GET /wp-content/themes/woovina/assets/js/third/woo/woo-ajax-add-to-cart.min.js?ver=2.3 HTTP/1.1" 200 799 "-" "Mozilla/5.0 (compatible; SiteAuditBot/0.97; +http://www.semrush.com/bot.html)"
209.42.21.221 - - [01/Jul/2026:21:24:16 +0000] "GET /wp-login.php HTTP/2" 200 1975 "-" "Mozilla/5.0 (Windows NT 10.0; Win64; x64) AppleWebKit/537.36 (KHTML, like Gecko) Chrome/120.0.0.0 Safari/537.36"
209.42.21.221 - - [01/Jul/2026:21:24:16 +0000] "POST /wp-login.php HTTP/2" 200 2154 "https://rearbear.com/wp-login.php" "Mozilla/5.0 (Windows NT 10.0; Win64; x64) AppleWebKit/537.36 (KHTML, like Gecko) Chrome/120.0.0.0 Safari/537.36"
85.208.98.198 - - [01/Jul/2026:21:24:17 +0000] "GET /wp-includes/js/comment-reply.min.js?ver=7.0 HTTP/1.1" 200 1374 "-" "Mozilla/5.0 (compatible; SiteAuditBot/0.97; +http://www.semrush.com/bot.html)"
52.167.144.196 - - [01/Jul/2026:21:24:17 +0000] "GET /products/351873431/ HTTP/2" 200 26503 "-" "Mozilla/5.0 AppleWebKit/537.36 (KHTML, like Gecko; compatible; bingbot/2.0; +http://www.bing.com/bingbot.htm) Chrome/116.0.1938.76 Safari/537.36"
85.208.98.198 - - [01/Jul/2026:21:24:18 +0000] "GET /wp-content/uploads/2021/01/red-n-black-250x200.jpg HTTP/1.1" 200 5565 "-" "Mozilla/5.0 (compatible; SiteAuditBot/0.97; +http://www.semrush.com/bot.html)"
85.208.98.198 - - [01/Jul/2026:21:24:19 +0000] "GET /wp-content/uploads/2021/01/cbcbcbbbc-250x200.jpg HTTP/1.1" 200 12774 "-" "Mozilla/5.0 (compatible; SiteAuditBot/0.97; +http://www.semrush.com/bot.html)"
85.208.98.198 - - [01/Jul/2026:21:23:57 +0000] "GET /wp-content/uploads/2021/01/profile-11-250x200.jpg HTTP/1.1" 200 14455 "-" "Mozilla/5.0 (compatible; SiteAuditBot/0.97; +http://www.semrush.com/bot.html)"
85.208.98.198 - - [01/Jul/2026:21:23:58 +0000] "GET /wp-includes/css/dist/block-library/style.min.css?ver=7.0 HTTP/1.1" 200 17355 "-" "Mozilla/5.0 (compatible; SiteAuditBot/0.97; +http://www.semrush.com/bot.html)"
85.208.98.198 - - [01/Jul/2026:21:23:59 +0000] "GET /wp-content/themes/woovina/assets/js/third/woo/woo-off-canvas.min.js?ver=2.3 HTTP/1.1" 200 283 "-" "Mozilla/5.0 (compatible; SiteAuditBot/0.97; +http://www.semrush.com/bot.html)"
85.208.98.198 - - [01/Jul/2026:21:24:00 +0000] "GET /wp-content/plugins/woovina-elementor-widgets/assets/js/jquery.sticky.min.js?ver=3.0.0 HTTP/1.1" 200 1875 "-" "Mozilla/5.0 (compatible; SiteAuditBot/0.97; +http://www.semrush.com/bot.html)"
85.208.98.198 - - [01/Jul/2026:21:24:01 +0000] "GET /wp-includes/js/jquery/ui/mouse.min.js?ver=1.13.3 HTTP/1.1" 200 1096 "-" "Mozilla/5.0 (compatible; SiteAuditBot/0.97; +http://www.semrush.com/bot.html)"
85.208.98.198 - - [01/Jul/2026:21:24:02 +0000] "GET /wp-includes/js/jquery/ui/slider.min.js?ver=1.13.3 HTTP/1.1" 200 3138 "-" "Mozilla/5.0 (compatible; SiteAuditBot/0.97; +http://www.semrush.com/bot.html)"
85.208.98.198 - - [01/Jul/2026:21:24:03 +0000] "GET /wp-content/plugins/woocommerce/assets/js/jquery-ui-touch-punch/jquery-ui-touch-punch.min.js?ver=10.9.1 HTTP/1.1" 200 597 "-" "Mozilla/5.0 (compatible; SiteAuditBot/0.97; +http://www.semrush.com/bot.html)"
85.208.98.198 - - [01/Jul/2026:21:24:04 +0000] "GET /wp-content/plugins/woocommerce/assets/js/accounting/accounting.min.js?ver=0.4.2 HTTP/1.1" 200 1409 "-" "Mozilla/5.0 (compatible; SiteAuditBot/0.97; +http://www.semrush.com/bot.html)"
85.208.98.198 - - [01/Jul/2026:21:24:05 +0000] "GET /wp-content/plugins/woocommerce/assets/js/frontend/price-slider.min.js?ver=10.9.1 HTTP/1.1" 200 602 "-" "Mozilla/5.0 (compatible; SiteAuditBot/0.97; +http://www.semrush.com/bot.html)"
85.208.98.198 - - [01/Jul/2026:21:24:06 +0000] "GET /wp-content/uploads/2021/02/profile-12.jpg HTTP/1.1" 200 13733 "-" "Mozilla/5.0 (compatible; SiteAuditBot/0.97; +http://www.semrush.com/bot.html)"
40.77.167.67 - - [01/Jul/2026:21:24:09 +0000] "GET /products/464566031/ HTTP/2" 200 25498 "-" "Mozilla/5.0 AppleWebKit/537.36 (KHTML, like Gecko; compatible; bingbot/2.0; +http://www.bing.com/bingbot.htm) Chrome/116.0.1938.76 Safari/537.36"
40.77.167.67 - - [01/Jul/2026:21:24:12 +0000] "GET /products/214279131/ HTTP/2" 200 26572 "-" "Mozilla/5.0 AppleWebKit/537.36 (KHTML, like Gecko; compatible; bingbot/2.0; +http://www.bing.com/bingbot.htm) Chrome/116.0.1938.76 Safari/537.36"
40.77.167.67 - - [01/Jul/2026:21:24:15 +0000] "GET /pages.php?products/5742119/ HTTP/2" 200 25454 "-" "Mozilla/5.0 AppleWebKit/537.36 (KHTML, like Gecko; compatible; bingbot/2.0; +http://www.bing.com/bingbot.htm) Chrome/116.0.1938.76 Safari/537.36"
66.249.74.33 - - [01/Jul/2026:21:24:17 +0000] "GET /products/18195958/ HTTP/1.1" 200 25368 "-" "Mozilla/5.0 (Linux; Android 6.0.1; Nexus 5X Build/MMB29P) AppleWebKit/537.36 (KHTML, like Gecko) Chrome/149.0.7827.200 Mobile Safari/537.36 (compatible; Googlebot/2.1; +http://www.google.com/bot.html)"
85.208.98.198 - - [01/Jul/2026:21:24:20 +0000] "GET /wp-content/uploads/2021/01/profile-13-250x200.jpg HTTP/1.1" 200 15084 "-" "Mozilla/5.0 (compatible; SiteAuditBot/0.97; +http://www.semrush.com/bot.html)"
85.208.98.198 - - [01/Jul/2026:21:24:23 +0000] "GET /wp-content/uploads/2021/01/81jE999VDNL._UL1500_-250x200.jpg HTTP/1.1" 200 4833 "-" "Mozilla/5.0 (compatible; SiteAuditBot/0.97; +http://www.semrush.com/bot.html)"
85.208.98.198 - - [01/Jul/2026:21:24:26 +0000] "GET /wp-content/uploads/2021/02/bbfdcfgrfhthg-250x200.jpg HTTP/1.1" 200 19517 "-" "Mozilla/5.0 (compatible; SiteAuditBot/0.97; +http://www.semrush.com/bot.html)"
40.77.167.67 - - [01/Jul/2026:21:24:27 +0000] "GET /products/179364531/ HTTP/2" 200 26272 "-" "Mozilla/5.0 AppleWebKit/537.36 (KHTML, like Gecko; compatible; bingbot/2.0; +http://www.bing.com/bingbot.htm) Chrome/116.0.1938.76 Safari/537.36"
85.208.98.198 - - [01/Jul/2026:21:24:28 +0000] "GET /wp-content/uploads/2021/01/profile-3-250x200.jpg HTTP/1.1" 200 15044 "-" "Mozilla/5.0 (compatible; SiteAuditBot/0.97; +http://www.semrush.com/bot.html)"
85.208.98.198 - - [01/Jul/2026:21:24:29 +0000] "GET /color/pink-champagne/ HTTP/1.1" 200 41015 "-" "Mozilla/5.0 (compatible; SiteAuditBot/0.97; +http://www.semrush.com/bot.html)"
40.77.167.67 - - [01/Jul/2026:21:24:30 +0000] "GET /products/198498231/ HTTP/2" 200 25868 "-" "Mozilla/5.0 AppleWebKit/537.36 (KHTML, like Gecko; compatible; bingbot/2.0; +http://www.bing.com/bingbot.htm) Chrome/116.0.1938.76 Safari/537.36"
85.208.98.198 - - [01/Jul/2026:21:24:31 +0000] "GET /wp-content/uploads/2021/02/profile-16.jpg HTTP/1.1" 200 20542 "-" "Mozilla/5.0 (compatible; SiteAuditBot/0.97; +http://www.semrush.com/bot.html)"
85.208.98.198 - - [01/Jul/2026:21:24:32 +0000] "GET /wp-content/plugins/woocommerce/assets/css/photoswipe/default-skin/default-skin.min.css?ver=10.9.1 HTTP/1.1" 200 1940 "-" "Mozilla/5.0 (compatible; SiteAuditBot/0.97; +http://www.semrush.com/bot.html)"
85.208.98.198 - - [01/Jul/2026:21:24:33 +0000] "GET /wp-content/uploads/2021/01/gfuyfruuy-250x200.jpg HTTP/1.1" 200 17094 "-" "Mozilla/5.0 (compatible; SiteAuditBot/0.97; +http://www.semrush.com/bot.html)"
40.77.167.67 - - [01/Jul/2026:21:24:33 +0000] "GET /products/438751931/ HTTP/2" 200 25548 "-" "Mozilla/5.0 AppleWebKit/537.36 (KHTML, like Gecko; compatible; bingbot/2.0; +http://www.bing.com/bingbot.htm) Chrome/116.0.1938.76 Safari/537.36"
85.208.98.198 - - [01/Jul/2026:21:24:35 +0000] "GET /wp-content/uploads/2021/02/61X0RkQBswL._UL1463_-1-250x200.jpg HTTP/1.1" 200 7791 "-" "Mozilla/5.0 (compatible; SiteAuditBot/0.97; +http://www.semrush.com/bot.html)"
85.208.98.198 - - [01/Jul/2026:21:24:36 +0000] "GET /wp-content/uploads/2021/01/vip-frenchi-pro-brief-1-1-100x100.jpg HTTP/1.1" 200 8126 "-" "Mozilla/5.0 (compatible; SiteAuditBot/0.97; +http://www.semrush.com/bot.html)"
40.77.167.67 - - [01/Jul/2026:21:24:36 +0000] "GET /products/302148531/ HTTP/2" 200 26466 "-" "Mozilla/5.0 AppleWebKit/537.36 (KHTML, like Gecko; compatible; bingbot/2.0; +http://www.bing.com/bingbot.htm) Chrome/116.0.1938.76 Safari/537.36"
85.208.98.198 - - [01/Jul/2026:21:24:39 +0000] "GET /wp-content/uploads/2021/01/vip-unique-76.jpg HTTP/1.1" 200 29495 "-" "Mozilla/5.0 (compatible; SiteAuditBot/0.97; +http://www.semrush.com/bot.html)"
40.77.167.67 - - [01/Jul/2026:21:24:39 +0000] "GET /products/53186931/ HTTP/2" 200 26890 "-" "Mozilla/5.0 AppleWebKit/537.36 (KHTML, like Gecko; compatible; bingbot/2.0; +http://www.bing.com/bingbot.htm) Chrome/116.0.1938.76 Safari/537.36"
85.208.98.198 - - [01/Jul/2026:21:24:41 +0000] "GET /wp-content/uploads/2021/01/619CnhZlEJL._UL1500_-600x900.jpg HTTP/1.1" 200 54267 "-" "Mozilla/5.0 (compatible; SiteAuditBot/0.97; +http://www.semrush.com/bot.html)"
85.208.98.198 - - [01/Jul/2026:21:24:45 +0000] "GET /wp-content/uploads/2021/01/61ARUrFiCLL._UL1500_-600x900.jpg HTTP/1.1" 200 53783 "-" "Mozilla/5.0 (compatible; SiteAuditBot/0.97; +http://www.semrush.com/bot.html)"
85.208.98.199 - - [01/Jul/2026:21:24:46 +0000] "GET /wp-content/uploads/2021/01/profile-4-250x200.jpg HTTP/1.1" 200 15500 "-" "Mozilla/5.0 (compatible; SiteAuditBot/0.97; +http://www.semrush.com/bot.html)"
85.208.98.199 - - [01/Jul/2026:21:24:47 +0000] "GET /wp-content/uploads/2021/01/61Vkn2yWCuL._UL1500_-100x100.jpg HTTP/1.1" 200 7963 "-" "Mozilla/5.0 (compatible; SiteAuditBot/0.97; +http://www.semrush.com/bot.html)"
85.208.98.199 - - [01/Jul/2026:21:24:52 +0000] "GET /wp-content/uploads/2021/01/profile-11002-100x100.jpg HTTP/1.1" 200 8381 "-" "Mozilla/5.0 (compatible; SiteAuditBot/0.97; +http://www.semrush.com/bot.html)"
52.167.144.196 - - [01/Jul/2026:21:24:21 +0000] "GET /products/121891531/ HTTP/2" 200 26721 "-" "Mozilla/5.0 AppleWebKit/537.36 (KHTML, like Gecko; compatible; bingbot/2.0; +http://www.bing.com/bingbot.htm) Chrome/116.0.1938.76 Safari/537.36"
85.208.98.198 - - [01/Jul/2026:21:24:21 +0000] "GET /wp-content/uploads/2021/01/profile-7-250x200.jpg HTTP/1.1" 200 15224 "-" "Mozilla/5.0 (compatible; SiteAuditBot/0.97; +http://www.semrush.com/bot.html)"
52.167.144.196 - - [01/Jul/2026:21:24:23 +0000] "GET /products/147641631/ HTTP/2" 200 26125 "-" "Mozilla/5.0 AppleWebKit/537.36 (KHTML, like Gecko; compatible; bingbot/2.0; +http://www.bing.com/bingbot.htm) Chrome/116.0.1938.76 Safari/537.36"
85.208.98.198 - - [01/Jul/2026:21:24:24 +0000] "GET /wp-content/uploads/2021/01/main-43-250x200.jpg HTTP/1.1" 200 15883 "-" "Mozilla/5.0 (compatible; SiteAuditBot/0.97; +http://www.semrush.com/bot.html)"
85.208.98.198 - - [01/Jul/2026:21:24:25 +0000] "GET /wp-content/uploads/2021/01/profile-12-250x200.jpg HTTP/1.1" 200 16159 "-" "Mozilla/5.0 (compatible; SiteAuditBot/0.97; +http://www.semrush.com/bot.html)"
85.208.98.198 - - [01/Jul/2026:21:24:27 +0000] "GET /wp-content/uploads/2021/02/717152i5xL._UL1500_-1-250x200.jpg HTTP/1.1" 200 18880 "-" "Mozilla/5.0 (compatible; SiteAuditBot/0.97; +http://www.semrush.com/bot.html)"
85.208.98.198 - - [01/Jul/2026:21:24:34 +0000] "GET /wp-content/uploads/2021/01/911kU3sHjFL._UL1500_-100x100.jpg HTTP/1.1" 200 2569 "-" "Mozilla/5.0 (compatible; SiteAuditBot/0.97; +http://www.semrush.com/bot.html)"
85.208.98.198 - - [01/Jul/2026:21:24:38 +0000] "GET /wp-content/uploads/2021/01/61oL0mwZaDL._UL1500_-100x100.jpg HTTP/1.1" 200 2412 "-" "Mozilla/5.0 (compatible; SiteAuditBot/0.97; +http://www.semrush.com/bot.html)"
85.208.98.198 - - [01/Jul/2026:21:24:40 +0000] "GET /wp-content/uploads/2021/01/profile-2-250x200.jpg HTTP/1.1" 200 15939 "-" "Mozilla/5.0 (compatible; SiteAuditBot/0.97; +http://www.semrush.com/bot.html)"
85.208.98.198 - - [01/Jul/2026:21:24:42 +0000] "GET /wp-content/uploads/2021/01/11007-profile-100x100.jpg HTTP/1.1" 200 8107 "-" "Mozilla/5.0 (compatible; SiteAuditBot/0.97; +http://www.semrush.com/bot.html)"
40.77.167.67 - - [01/Jul/2026:21:24:42 +0000] "GET /products/432613331/ HTTP/2" 200 26504 "-" "Mozilla/5.0 AppleWebKit/537.36 (KHTML, like Gecko; compatible; bingbot/2.0; +http://www.bing.com/bingbot.htm) Chrome/116.0.1938.76 Safari/537.36"
85.208.98.198 - - [01/Jul/2026:21:24:43 +0000] "GET /wp-content/uploads/2021/01/61LD4vYR1oL._UL1500_-600x900.jpg HTTP/1.1" 200 63391 "-" "Mozilla/5.0 (compatible; SiteAuditBot/0.97; +http://www.semrush.com/bot.html)"
85.208.98.198 - - [01/Jul/2026:21:24:44 +0000] "GET /wp-content/uploads/2021/01/61oL0mwZaDL._UL1500_-600x900.jpg HTTP/1.1" 200 51717 "-" "Mozilla/5.0 (compatible; SiteAuditBot/0.97; +http://www.semrush.com/bot.html)"
