34.123.170.104 - - [01/Jul/2026:22:41:37 +0000] "GET /wp-content/themes/houseware/assets/font/fontello.woff?44223191 HTTP/2" 200 0 "https://rearbear.com/wp-content/themes/houseware/assets/css/fontello.css?ver=7.0" "Mozilla/5.0 (X11; Linux x86_64) AppleWebKit/537.36 (KHTML, like Gecko) HeadlessChrome/125.0.6422.60 Safari/537.36"
34.123.170.104 - - [01/Jul/2026:22:41:37 +0000] "GET /wp-content/plugins/woovina-elementor-widgets/assets/css/eicons-bc/fonts/eicons-bc.woff?1.0.0 HTTP/2" 200 0 "https://rearbear.com/wp-content/plugins/woovina-elementor-widgets/assets/css/eicons-bc/style.min.css?ver=7.0" "Mozilla/5.0 (X11; Linux x86_64) AppleWebKit/537.36 (KHTML, like Gecko) HeadlessChrome/125.0.6422.60 Safari/537.36"
34.123.170.104 - - [01/Jul/2026:22:41:37 +0000] "GET /wp-content/themes/woovina/assets/fonts/simple-line-icons/Simple-Line-Icons.ttf?v=2.4.0 HTTP/2" 200 0 "https://rearbear.com/wp-content/themes/woovina/assets/css/third/simple-line-icons.min.css?ver=2.4.0" "Mozilla/5.0 (X11; Linux x86_64) AppleWebKit/537.36 (KHTML, like Gecko) HeadlessChrome/125.0.6422.60 Safari/537.36"
34.123.170.104 - - [01/Jul/2026:22:41:37 +0000] "GET /wp-content/plugins/elementor/assets/lib/font-awesome/webfonts/fa-brands-400.woff HTTP/2" 200 65500 "https://rearbear.com/wp-content/plugins/elementor/assets/lib/font-awesome/css/all.min.css?ver=4.1.4" "Mozilla/5.0 (X11; Linux x86_64) AppleWebKit/537.36 (KHTML, like Gecko) HeadlessChrome/125.0.6422.60 Safari/537.36"
34.123.170.104 - - [01/Jul/2026:22:41:37 +0000] "GET /wp-content/plugins/elementor/assets/lib/eicons/fonts/eicons.woff?5.50.0 HTTP/2" 200 0 "https://rearbear.com/wp-content/plugins/elementor/assets/lib/eicons/css/elementor-icons.min.css?ver=5.50.0" "Mozilla/5.0 (X11; Linux x86_64) AppleWebKit/537.36 (KHTML, like Gecko) HeadlessChrome/125.0.6422.60 Safari/537.36"
34.123.170.104 - - [01/Jul/2026:22:41:37 +0000] "GET /wp-content/themes/houseware/assets/font/fontello.ttf?44223191 HTTP/2" 200 122193 "https://rearbear.com/wp-content/themes/houseware/assets/css/fontello.css?ver=7.0" "Mozilla/5.0 (X11; Linux x86_64) AppleWebKit/537.36 (KHTML, like Gecko) HeadlessChrome/125.0.6422.60 Safari/537.36"
34.123.170.104 - - [01/Jul/2026:22:41:37 +0000] "GET /wp-content/themes/woovina/assets/fonts/simple-line-icons/Simple-Line-Icons.woff?v=2.4.0 HTTP/2" 200 81332 "https://rearbear.com/wp-content/themes/woovina/assets/css/third/simple-line-icons.min.css?ver=2.4.0" "Mozilla/5.0 (X11; Linux x86_64) AppleWebKit/537.36 (KHTML, like Gecko) HeadlessChrome/125.0.6422.60 Safari/537.36"
34.123.170.104 - - [01/Jul/2026:22:41:37 +0000] "GET /wp-content/plugins/woovina-elementor-widgets/assets/css/eicons-bc/fonts/eicons-bc.ttf?1.0.0 HTTP/2" 200 4439 "https://rearbear.com/wp-content/plugins/woovina-elementor-widgets/assets/css/eicons-bc/style.min.css?ver=7.0" "Mozilla/5.0 (X11; Linux x86_64) AppleWebKit/537.36 (KHTML, like Gecko) HeadlessChrome/125.0.6422.60 Safari/537.36"
34.123.170.104 - - [01/Jul/2026:22:41:37 +0000] "GET /wp-content/plugins/elementor/assets/lib/font-awesome/webfonts/fa-brands-400.ttf HTTP/2" 200 81875 "https://rearbear.com/wp-content/plugins/elementor/assets/lib/font-awesome/css/all.min.css?ver=4.1.4" "Mozilla/5.0 (X11; Linux x86_64) AppleWebKit/537.36 (KHTML, like Gecko) HeadlessChrome/125.0.6422.60 Safari/537.36"
34.123.170.104 - - [01/Jul/2026:22:41:37 +0000] "GET /wp-content/plugins/elementor/assets/lib/eicons/fonts/eicons.ttf?5.50.0 HTTP/2" 200 0 "https://rearbear.com/wp-content/plugins/elementor/assets/lib/eicons/css/elementor-icons.min.css?ver=5.50.0" "Mozilla/5.0 (X11; Linux x86_64) AppleWebKit/537.36 (KHTML, like Gecko) HeadlessChrome/125.0.6422.60 Safari/537.36"
34.123.170.104 - - [01/Jul/2026:22:41:37 +0000] "GET /wp-content/themes/woovina/assets/fonts/fontawesome/webfonts/fa-brands-400.woff2 HTTP/2" 200 78460 "https://rearbear.com/wp-content/themes/woovina/assets/fonts/fontawesome/css/all.min.css?ver=5.15.1" "Mozilla/5.0 (X11; Linux x86_64) AppleWebKit/537.36 (KHTML, like Gecko) HeadlessChrome/125.0.6422.60 Safari/537.36"
34.123.170.104 - - [01/Jul/2026:22:41:38 +0000] "GET /wp-content/themes/woovina/assets/fonts/fontawesome/webfonts/fa-brands-400.woff HTTP/2" 200 92136 "https://rearbear.com/wp-content/themes/woovina/assets/fonts/fontawesome/css/all.min.css?ver=5.15.1" "Mozilla/5.0 (X11; Linux x86_64) AppleWebKit/537.36 (KHTML, like Gecko) HeadlessChrome/125.0.6422.60 Safari/537.36"
34.123.170.104 - - [01/Jul/2026:22:41:38 +0000] "GET /wp-content/themes/woovina/assets/fonts/fontawesome/webfonts/fa-brands-400.ttf HTTP/2" 200 90888 "https://rearbear.com/wp-content/themes/woovina/assets/fonts/fontawesome/css/all.min.css?ver=5.15.1" "Mozilla/5.0 (X11; Linux x86_64) AppleWebKit/537.36 (KHTML, like Gecko) HeadlessChrome/125.0.6422.60 Safari/537.36"
207.46.13.157 - - [01/Jul/2026:22:41:38 +0000] "GET /products/323360931/ HTTP/2" 200 26226 "-" "Mozilla/5.0 AppleWebKit/537.36 (KHTML, like Gecko; compatible; bingbot/2.0; +http://www.bing.com/bingbot.htm) Chrome/116.0.1938.76 Safari/537.36"
34.123.170.104 - - [01/Jul/2026:22:41:37 +0000] "POST /wp-admin/admin-ajax.php HTTP/2" 200 167 "http://rearbear.com/" "Mozilla/5.0 (X11; Linux x86_64) AppleWebKit/537.36 (KHTML, like Gecko) HeadlessChrome/125.0.6422.60 Safari/537.36"
146.19.125.66 - - [01/Jul/2026:22:41:38 +0000] "GET /my-account-2/ HTTP/1.0" 200 176437 "https://rearbear.com/my-account-2/" "Mozilla/5.0 (Windows NT 10.0; Win64; x64) AppleWebKit/537.36 (KHTML, like Gecko) Chrome/130.0.0.0 Safari/537.36 CCleaner/130.0.0.0"
40.77.167.57 - - [01/Jul/2026:22:41:40 +0000] "GET /products/146295031/ HTTP/2" 200 26037 "-" "Mozilla/5.0 AppleWebKit/537.36 (KHTML, like Gecko; compatible; bingbot/2.0; +http://www.bing.com/bingbot.htm) Chrome/116.0.1938.76 Safari/537.36"
34.123.170.104 - - [01/Jul/2026:22:41:40 +0000] "OPTIONS /wp-json/metaalpha-macroalter-eb65f86b68ae/v1/5d3ad32a4eb1 HTTP/2" 200 159 "http://rearbear.com/" "Mozilla/5.0 (X11; Linux x86_64) AppleWebKit/537.36 (KHTML, like Gecko) HeadlessChrome/125.0.6422.60 Safari/537.36"
34.123.170.104 - - [01/Jul/2026:22:41:41 +0000] "POST /wp-json/metaalpha-macroalter-eb65f86b68ae/v1/5d3ad32a4eb1 HTTP/2" 400 41 "http://rearbear.com/" "Mozilla/5.0 (X11; Linux x86_64) AppleWebKit/537.36 (KHTML, like Gecko) HeadlessChrome/125.0.6422.60 Safari/537.36"
34.123.170.104 - - [01/Jul/2026:22:41:43 +0000] "OPTIONS /wp-json/metaalpha-macroalter-eb65f86b68ae/v1/5d3ad32a4eb1 HTTP/2" 200 159 "http://rearbear.com/" "Mozilla/5.0 (X11; Linux x86_64) AppleWebKit/537.36 (KHTML, like Gecko) HeadlessChrome/125.0.6422.60 Safari/537.36"
34.123.170.104 - - [01/Jul/2026:22:41:44 +0000] "POST /wp-json/metaalpha-macroalter-eb65f86b68ae/v1/5d3ad32a4eb1 HTTP/2" 400 41 "http://rearbear.com/" "Mozilla/5.0 (X11; Linux x86_64) AppleWebKit/537.36 (KHTML, like Gecko) HeadlessChrome/125.0.6422.60 Safari/537.36"
40.77.167.57 - - [01/Jul/2026:22:41:46 +0000] "GET /products/374450531/ HTTP/2" 200 27766 "-" "Mozilla/5.0 AppleWebKit/537.36 (KHTML, like Gecko; compatible; bingbot/2.0; +http://www.bing.com/bingbot.htm) Chrome/116.0.1938.76 Safari/537.36"
34.123.170.104 - - [01/Jul/2026:22:41:47 +0000] "OPTIONS /wp-json/metaalpha-macroalter-eb65f86b68ae/v1/5d3ad32a4eb1 HTTP/2" 200 159 "http://rearbear.com/" "Mozilla/5.0 (X11; Linux x86_64) AppleWebKit/537.36 (KHTML, like Gecko) HeadlessChrome/125.0.6422.60 Safari/537.36"
40.77.167.57 - - [01/Jul/2026:22:41:49 +0000] "GET /products/41955731/ HTTP/2" 200 26963 "-" "Mozilla/5.0 AppleWebKit/537.36 (KHTML, like Gecko; compatible; bingbot/2.0; +http://www.bing.com/bingbot.htm) Chrome/116.0.1938.76 Safari/537.36"
34.123.170.104 - - [01/Jul/2026:22:41:48 +0000] "POST /wp-json/metaalpha-macroalter-eb65f86b68ae/v1/5d3ad32a4eb1 HTTP/2" 400 41 "http://rearbear.com/" "Mozilla/5.0 (X11; Linux x86_64) AppleWebKit/537.36 (KHTML, like Gecko) HeadlessChrome/125.0.6422.60 Safari/537.36"
34.123.170.104 - - [01/Jul/2026:22:41:50 +0000] "GET /wp-content/plugins/elementor/assets/lib/font-awesome/webfonts/fa-solid-900.woff2 HTTP/2" 200 78196 "https://rearbear.com/wp-content/plugins/elementor/assets/lib/font-awesome/css/all.min.css?ver=4.1.4" "Mozilla/5.0 (X11; Linux x86_64) AppleWebKit/537.36 (KHTML, like Gecko) HeadlessChrome/125.0.6422.60 Safari/537.36"
34.123.170.104 - - [01/Jul/2026:22:41:50 +0000] "GET /wp-content/plugins/elementor/assets/lib/font-awesome/webfonts/fa-solid-900.woff HTTP/2" 200 101652 "https://rearbear.com/wp-content/plugins/elementor/assets/lib/font-awesome/css/all.min.css?ver=4.1.4" "Mozilla/5.0 (X11; Linux x86_64) AppleWebKit/537.36 (KHTML, like Gecko) HeadlessChrome/125.0.6422.60 Safari/537.36"
34.123.170.104 - - [01/Jul/2026:22:41:50 +0000] "GET /wp-content/plugins/elementor/assets/lib/font-awesome/webfonts/fa-solid-900.ttf HTTP/2" 200 99067 "https://rearbear.com/wp-content/plugins/elementor/assets/lib/font-awesome/css/all.min.css?ver=4.1.4" "Mozilla/5.0 (X11; Linux x86_64) AppleWebKit/537.36 (KHTML, like Gecko) HeadlessChrome/125.0.6422.60 Safari/537.36"
40.77.167.57 - - [01/Jul/2026:22:41:51 +0000] "GET /products/57509953/ HTTP/2" 200 26405 "-" "Mozilla/5.0 AppleWebKit/537.36 (KHTML, like Gecko; compatible; bingbot/2.0; +http://www.bing.com/bingbot.htm) Chrome/116.0.1938.76 Safari/537.36"
34.123.170.104 - - [01/Jul/2026:22:41:53 +0000] "OPTIONS /wp-json/metaalpha-macroalter-eb65f86b68ae/v1/5d3ad32a4eb1 HTTP/2" 200 159 "http://rearbear.com/" "Mozilla/5.0 (X11; Linux x86_64) AppleWebKit/537.36 (KHTML, like Gecko) HeadlessChrome/125.0.6422.60 Safari/537.36"
40.77.167.57 - - [01/Jul/2026:22:41:54 +0000] "GET /products/432790831/ HTTP/2" 200 25727 "-" "Mozilla/5.0 AppleWebKit/537.36 (KHTML, like Gecko; compatible; bingbot/2.0; +http://www.bing.com/bingbot.htm) Chrome/116.0.1938.76 Safari/537.36"
104.197.69.115 - - [01/Jul/2026:22:41:37 +0000] "GET /wp-content/uploads/2018/12/cropped-91-80900-56510-20201223_230619-e1609684525819-removebg-preview.png HTTP/2" 200 116767 "http://rearbear.com/" "Mozilla/5.0 (X11; Linux x86_64) AppleWebKit/537.36 (KHTML, like Gecko) HeadlessChrome/125.0.6422.60 Safari/537.36"
104.197.69.115 - - [01/Jul/2026:22:41:37 +0000] "GET /wp-content/plugins/elementor/assets/js/section-frontend-handlers.d85ab872da118940910d.bundle.min.js HTTP/2" 200 229 "http://rearbear.com/" "Mozilla/5.0 (X11; Linux x86_64) AppleWebKit/537.36 (KHTML, like Gecko) HeadlessChrome/125.0.6422.60 Safari/537.36"
104.197.69.115 - - [01/Jul/2026:22:41:37 +0000] "GET /wp-content/plugins/elementor/assets/js/shared-frontend-handlers.03caa53373b56d3bab67.bundle.min.js HTTP/2" 200 2511 "http://rearbear.com/" "Mozilla/5.0 (X11; Linux x86_64) AppleWebKit/537.36 (KHTML, like Gecko) HeadlessChrome/125.0.6422.60 Safari/537.36"
104.197.69.115 - - [01/Jul/2026:22:41:37 +0000] "GET /wp-content/plugins/elementor/assets/js/image-carousel.6167d20b95b33386757b.bundle.min.js HTTP/2" 200 229 "http://rearbear.com/" "Mozilla/5.0 (X11; Linux x86_64) AppleWebKit/537.36 (KHTML, like Gecko) HeadlessChrome/125.0.6422.60 Safari/537.36"
104.197.69.115 - - [01/Jul/2026:22:41:37 +0000] "GET /wp-content/uploads/2018/12/hot-deal-bg.jpg HTTP/2" 200 89162 "https://rearbear.com/wp-content/uploads/elementor/css/post-1803.css?ver=1782784314" "Mozilla/5.0 (X11; Linux x86_64) AppleWebKit/537.36 (KHTML, like Gecko) HeadlessChrome/125.0.6422.60 Safari/537.36"
104.197.69.115 - - [01/Jul/2026:22:41:37 +0000] "GET /wp-content/plugins/elementor/assets/js/text-editor.45609661e409413f1cef.bundle.min.js HTTP/2" 200 592 "http://rearbear.com/" "Mozilla/5.0 (X11; Linux x86_64) AppleWebKit/537.36 (KHTML, like Gecko) HeadlessChrome/125.0.6422.60 Safari/537.36"
104.197.69.115 - - [01/Jul/2026:22:41:37 +0000] "GET /wp-includes/js/wp-emoji-release.min.js?ver=7.0 HTTP/2" 200 4949 "http://rearbear.com/" "Mozilla/5.0 (X11; Linux x86_64) AppleWebKit/537.36 (KHTML, like Gecko) HeadlessChrome/125.0.6422.60 Safari/537.36"
38.49.216.231 - - [01/Jul/2026:22:41:39 +0000] "POST /wp-admin/admin-ajax.php?action=as_async_request_queue_runner&nonce=87f0a7c25b HTTP/1.1" 200 0 "-" "WordPress/7.0; https://rearbear.com"
66.249.74.43 - - [01/Jul/2026:22:42:02 +0000] "GET /products/407851531/ HTTP/1.1" 200 26026 "-" "Mozilla/5.0 (Linux; Android 6.0.1; Nexus 5X Build/MMB29P) AppleWebKit/537.36 (KHTML, like Gecko) Chrome/149.0.7827.200 Mobile Safari/537.36 (compatible; Googlebot/2.1; +http://www.google.com/bot.html)"
40.77.167.57 - - [01/Jul/2026:22:42:09 +0000] "GET /pages.php?ctg/search/similarImageSearchResultView/?ctgItemCd=79788919 HTTP/2" 200 25686 "-" "Mozilla/5.0 AppleWebKit/537.36 (KHTML, like Gecko; compatible; bingbot/2.0; +http://www.bing.com/bingbot.htm) Chrome/116.0.1938.76 Safari/537.36"
40.77.167.57 - - [01/Jul/2026:22:42:12 +0000] "GET /products/285321731/ HTTP/2" 200 25407 "-" "Mozilla/5.0 AppleWebKit/537.36 (KHTML, like Gecko; compatible; bingbot/2.0; +http://www.bing.com/bingbot.htm) Chrome/116.0.1938.76 Safari/537.36"
209.87.169.23 - - [01/Jul/2026:22:42:15 +0000] "POST /wp-login.php HTTP/1.1" 200 2368 "-" "Mozilla/5.0 (Windows NT 10.0; Win64; x64) AppleWebKit/537.36 Chrome/129.0.0.0 Safari/537.36"
40.77.167.57 - - [01/Jul/2026:22:42:16 +0000] "GET /products/75353158/ HTTP/2" 200 25744 "-" "Mozilla/5.0 AppleWebKit/537.36 (KHTML, like Gecko; compatible; bingbot/2.0; +http://www.bing.com/bingbot.htm) Chrome/116.0.1938.76 Safari/537.36"
40.77.167.57 - - [01/Jul/2026:22:42:19 +0000] "GET /products/374239731/ HTTP/2" 200 25495 "-" "Mozilla/5.0 AppleWebKit/537.36 (KHTML, like Gecko; compatible; bingbot/2.0; +http://www.bing.com/bingbot.htm) Chrome/116.0.1938.76 Safari/537.36"
66.249.74.32 - - [01/Jul/2026:22:42:21 +0000] "GET /products/279447731/ HTTP/1.1" 200 26140 "-" "Mozilla/5.0 (Linux; Android 6.0.1; Nexus 5X Build/MMB29P) AppleWebKit/537.36 (KHTML, like Gecko) Chrome/149.0.7827.200 Mobile Safari/537.36 (compatible; Googlebot/2.1; +http://www.google.com/bot.html)"
34.123.170.104 - - [01/Jul/2026:22:41:55 +0000] "POST /wp-json/metaalpha-macroalter-eb65f86b68ae/v1/5d3ad32a4eb1 HTTP/2" 400 41 "http://rearbear.com/" "Mozilla/5.0 (X11; Linux x86_64) AppleWebKit/537.36 (KHTML, like Gecko) HeadlessChrome/125.0.6422.60 Safari/537.36"
207.46.13.157 - - [01/Jul/2026:22:41:57 +0000] "GET /products/179845058/ HTTP/2" 200 26665 "-" "Mozilla/5.0 AppleWebKit/537.36 (KHTML, like Gecko; compatible; bingbot/2.0; +http://www.bing.com/bingbot.htm) Chrome/116.0.1938.76 Safari/537.36"
207.46.13.157 - - [01/Jul/2026:22:42:00 +0000] "GET /products/82377231/ HTTP/2" 200 25500 "-" "Mozilla/5.0 AppleWebKit/537.36 (KHTML, like Gecko; compatible; bingbot/2.0; +http://www.bing.com/bingbot.htm) Chrome/116.0.1938.76 Safari/537.36"
207.46.13.157 - - [01/Jul/2026:22:42:04 +0000] "GET /products/182459231/ HTTP/2" 200 25910 "-" "Mozilla/5.0 AppleWebKit/537.36 (KHTML, like Gecko; compatible; bingbot/2.0; +http://www.bing.com/bingbot.htm) Chrome/116.0.1938.76 Safari/537.36"
207.46.13.157 - - [01/Jul/2026:22:42:06 +0000] "GET /products/203927631/ HTTP/2" 200 26642 "-" "Mozilla/5.0 AppleWebKit/537.36 (KHTML, like Gecko; compatible; bingbot/2.0; +http://www.bing.com/bingbot.htm) Chrome/116.0.1938.76 Safari/537.36"
69.171.230.5 - - [01/Jul/2026:22:42:08 +0000] "GET /robots.txt HTTP/2" 206 78 "-" "facebookexternalhit/1.1 (+http://www.facebook.com/externalhit_uatext.php)"
34.123.170.104 - - [01/Jul/2026:22:42:10 +0000] "GET /wp-content/themes/woovina/assets/fonts/fontawesome/webfonts/fa-solid-900.woff2 HTTP/2" 200 80300 "https://rearbear.com/wp-content/themes/woovina/assets/fonts/fontawesome/css/all.min.css?ver=5.15.1" "Mozilla/5.0 (X11; Linux x86_64) AppleWebKit/537.36 (KHTML, like Gecko) HeadlessChrome/125.0.6422.60 Safari/537.36"
34.123.170.104 - - [01/Jul/2026:22:42:11 +0000] "GET /wp-content/themes/woovina/assets/fonts/fontawesome/webfonts/fa-solid-900.woff HTTP/2" 200 104280 "https://rearbear.com/wp-content/themes/woovina/assets/fonts/fontawesome/css/all.min.css?ver=5.15.1" "Mozilla/5.0 (X11; Linux x86_64) AppleWebKit/537.36 (KHTML, like Gecko) HeadlessChrome/125.0.6422.60 Safari/537.36"
34.123.170.104 - - [01/Jul/2026:22:42:11 +0000] "GET /wp-content/themes/woovina/assets/fonts/fontawesome/webfonts/fa-solid-900.ttf HTTP/2" 200 101460 "https://rearbear.com/wp-content/themes/woovina/assets/fonts/fontawesome/css/all.min.css?ver=5.15.1" "Mozilla/5.0 (X11; Linux x86_64) AppleWebKit/537.36 (KHTML, like Gecko) HeadlessChrome/125.0.6422.60 Safari/537.36"
207.46.13.157 - - [01/Jul/2026:22:42:24 +0000] "GET /products/311153131/ HTTP/2" 200 25392 "-" "Mozilla/5.0 AppleWebKit/537.36 (KHTML, like Gecko; compatible; bingbot/2.0; +http://www.bing.com/bingbot.htm) Chrome/116.0.1938.76 Safari/537.36"
207.46.13.157 - - [01/Jul/2026:22:42:27 +0000] "GET /pages.php?products/9253319/ HTTP/2" 200 25985 "-" "Mozilla/5.0 AppleWebKit/537.36 (KHTML, like Gecko; compatible; bingbot/2.0; +http://www.bing.com/bingbot.htm) Chrome/116.0.1938.76 Safari/537.36"
207.46.13.157 - - [01/Jul/2026:22:42:30 +0000] "GET /products/393109431/ HTTP/2" 200 26405 "-" "Mozilla/5.0 AppleWebKit/537.36 (KHTML, like Gecko; compatible; bingbot/2.0; +http://www.bing.com/bingbot.htm) Chrome/116.0.1938.76 Safari/537.36"
207.46.13.157 - - [01/Jul/2026:22:42:34 +0000] "GET /products/208886631/ HTTP/2" 200 25482 "-" "Mozilla/5.0 AppleWebKit/537.36 (KHTML, like Gecko; compatible; bingbot/2.0; +http://www.bing.com/bingbot.htm) Chrome/116.0.1938.76 Safari/537.36"
66.249.74.32 - - [01/Jul/2026:22:42:21 +0000] "GET /products/288208631/ HTTP/1.1" 200 26948 "-" "Mozilla/5.0 (Linux; Android 6.0.1; Nexus 5X Build/MMB29P) AppleWebKit/537.36 (KHTML, like Gecko) Chrome/149.0.7827.200 Mobile Safari/537.36 (compatible; Googlebot/2.1; +http://www.google.com/bot.html)"
40.77.167.57 - - [01/Jul/2026:22:42:22 +0000] "GET /products/383382831/ HTTP/2" 200 25868 "-" "Mozilla/5.0 AppleWebKit/537.36 (KHTML, like Gecko; compatible; bingbot/2.0; +http://www.bing.com/bingbot.htm) Chrome/116.0.1938.76 Safari/537.36"
57.141.0.48 - - [01/Jul/2026:22:42:52 +0000] "GET /products/013832067652 HTTP/2" 404 155047 "-" "meta-externalagent/1.1 (+https://developers.facebook.com/docs/sharing/webmasters/crawler)"
207.46.13.157 - - [01/Jul/2026:22:42:58 +0000] "GET /products/39130831/ HTTP/2" 200 25194 "-" "Mozilla/5.0 AppleWebKit/537.36 (KHTML, like Gecko; compatible; bingbot/2.0; +http://www.bing.com/bingbot.htm) Chrome/116.0.1938.76 Safari/537.36"
207.46.13.157 - - [01/Jul/2026:22:43:01 +0000] "GET /products/180553931/ HTTP/2" 200 25567 "-" "Mozilla/5.0 AppleWebKit/537.36 (KHTML, like Gecko; compatible; bingbot/2.0; +http://www.bing.com/bingbot.htm) Chrome/116.0.1938.76 Safari/537.36"
40.77.167.57 - - [01/Jul/2026:22:43:03 +0000] "GET /products/227744158/ HTTP/2" 200 28610 "-" "Mozilla/5.0 AppleWebKit/537.36 (KHTML, like Gecko; compatible; bingbot/2.0; +http://www.bing.com/bingbot.htm) Chrome/116.0.1938.76 Safari/537.36"
52.167.144.23 - - [01/Jul/2026:22:43:10 +0000] "GET /products/273391631/ HTTP/2" 200 25842 "-" "Mozilla/5.0 AppleWebKit/537.36 (KHTML, like Gecko; compatible; bingbot/2.0; +http://www.bing.com/bingbot.htm) Chrome/116.0.1938.76 Safari/537.36"
52.167.144.23 - - [01/Jul/2026:22:43:12 +0000] "GET /products/64304653/ HTTP/2" 200 26199 "-" "Mozilla/5.0 AppleWebKit/537.36 (KHTML, like Gecko; compatible; bingbot/2.0; +http://www.bing.com/bingbot.htm) Chrome/116.0.1938.76 Safari/537.36"
52.167.144.23 - - [01/Jul/2026:22:43:16 +0000] "GET /products/204755531/ HTTP/2" 200 25757 "-" "Mozilla/5.0 AppleWebKit/537.36 (KHTML, like Gecko; compatible; bingbot/2.0; +http://www.bing.com/bingbot.htm) Chrome/116.0.1938.76 Safari/537.36"
52.167.144.23 - - [01/Jul/2026:22:43:18 +0000] "GET /products/239186658/ HTTP/2" 200 25775 "-" "Mozilla/5.0 AppleWebKit/537.36 (KHTML, like Gecko; compatible; bingbot/2.0; +http://www.bing.com/bingbot.htm) Chrome/116.0.1938.76 Safari/537.36"
52.167.144.23 - - [01/Jul/2026:22:43:21 +0000] "GET /products/393313931/ HTTP/2" 200 25517 "-" "Mozilla/5.0 AppleWebKit/537.36 (KHTML, like Gecko; compatible; bingbot/2.0; +http://www.bing.com/bingbot.htm) Chrome/116.0.1938.76 Safari/537.36"
52.167.144.23 - - [01/Jul/2026:22:43:24 +0000] "GET /products/263507731/ HTTP/2" 200 25589 "-" "Mozilla/5.0 AppleWebKit/537.36 (KHTML, like Gecko; compatible; bingbot/2.0; +http://www.bing.com/bingbot.htm) Chrome/116.0.1938.76 Safari/537.36"
52.167.144.23 - - [01/Jul/2026:22:43:27 +0000] "GET /products/33188258/ HTTP/2" 200 25641 "-" "Mozilla/5.0 AppleWebKit/537.36 (KHTML, like Gecko; compatible; bingbot/2.0; +http://www.bing.com/bingbot.htm) Chrome/116.0.1938.76 Safari/537.36"
52.167.144.23 - - [01/Jul/2026:22:43:30 +0000] "GET /products/422767531/ HTTP/2" 200 26666 "-" "Mozilla/5.0 AppleWebKit/537.36 (KHTML, like Gecko; compatible; bingbot/2.0; +http://www.bing.com/bingbot.htm) Chrome/116.0.1938.76 Safari/537.36"
52.167.144.23 - - [01/Jul/2026:22:43:33 +0000] "GET /products/195009331/ HTTP/2" 200 25516 "-" "Mozilla/5.0 AppleWebKit/537.36 (KHTML, like Gecko; compatible; bingbot/2.0; +http://www.bing.com/bingbot.htm) Chrome/116.0.1938.76 Safari/537.36"
52.167.144.23 - - [01/Jul/2026:22:43:36 +0000] "GET /products/225476231/ HTTP/2" 200 26144 "-" "Mozilla/5.0 AppleWebKit/537.36 (KHTML, like Gecko; compatible; bingbot/2.0; +http://www.bing.com/bingbot.htm) Chrome/116.0.1938.76 Safari/537.36"
52.167.144.23 - - [01/Jul/2026:22:43:40 +0000] "GET /products/402377031/ HTTP/2" 200 25378 "-" "Mozilla/5.0 AppleWebKit/537.36 (KHTML, like Gecko; compatible; bingbot/2.0; +http://www.bing.com/bingbot.htm) Chrome/116.0.1938.76 Safari/537.36"
52.167.144.23 - - [01/Jul/2026:22:43:42 +0000] "GET /products/303627931/ HTTP/2" 200 25749 "-" "Mozilla/5.0 AppleWebKit/537.36 (KHTML, like Gecko; compatible; bingbot/2.0; +http://www.bing.com/bingbot.htm) Chrome/116.0.1938.76 Safari/537.36"
52.167.144.23 - - [01/Jul/2026:22:43:45 +0000] "GET /pages.php?products/3700508/ HTTP/2" 200 26689 "-" "Mozilla/5.0 AppleWebKit/537.36 (KHTML, like Gecko; compatible; bingbot/2.0; +http://www.bing.com/bingbot.htm) Chrome/116.0.1938.76 Safari/537.36"
207.46.13.157 - - [01/Jul/2026:22:42:36 +0000] "GET /products/139966931/ HTTP/2" 200 25302 "-" "Mozilla/5.0 AppleWebKit/537.36 (KHTML, like Gecko; compatible; bingbot/2.0; +http://www.bing.com/bingbot.htm) Chrome/116.0.1938.76 Safari/537.36"
207.46.13.157 - - [01/Jul/2026:22:42:39 +0000] "GET /products/262692831/ HTTP/2" 200 27102 "-" "Mozilla/5.0 AppleWebKit/537.36 (KHTML, like Gecko; compatible; bingbot/2.0; +http://www.bing.com/bingbot.htm) Chrome/116.0.1938.76 Safari/537.36"
207.46.13.157 - - [01/Jul/2026:22:42:42 +0000] "GET /products/375696131/ HTTP/2" 200 25881 "-" "Mozilla/5.0 AppleWebKit/537.36 (KHTML, like Gecko; compatible; bingbot/2.0; +http://www.bing.com/bingbot.htm) Chrome/116.0.1938.76 Safari/537.36"
207.46.13.157 - - [01/Jul/2026:22:42:45 +0000] "GET /products/23163158/ HTTP/2" 200 25687 "-" "Mozilla/5.0 AppleWebKit/537.36 (KHTML, like Gecko; compatible; bingbot/2.0; +http://www.bing.com/bingbot.htm) Chrome/116.0.1938.76 Safari/537.36"
207.46.13.157 - - [01/Jul/2026:22:42:48 +0000] "GET /products/44478853/ HTTP/2" 200 25841 "-" "Mozilla/5.0 AppleWebKit/537.36 (KHTML, like Gecko; compatible; bingbot/2.0; +http://www.bing.com/bingbot.htm) Chrome/116.0.1938.76 Safari/537.36"
207.46.13.157 - - [01/Jul/2026:22:42:52 +0000] "GET /products/79942158/ HTTP/2" 200 26115 "-" "Mozilla/5.0 AppleWebKit/537.36 (KHTML, like Gecko; compatible; bingbot/2.0; +http://www.bing.com/bingbot.htm) Chrome/116.0.1938.76 Safari/537.36"
207.46.13.157 - - [01/Jul/2026:22:42:54 +0000] "GET /products/378280731/ HTTP/2" 200 26580 "-" "Mozilla/5.0 AppleWebKit/537.36 (KHTML, like Gecko; compatible; bingbot/2.0; +http://www.bing.com/bingbot.htm) Chrome/116.0.1938.76 Safari/537.36"
209.87.169.27 - - [01/Jul/2026:22:43:11 +0000] "POST /wp-login.php HTTP/1.1" 200 2368 "-" "Mozilla/5.0 (Windows NT 10.0; Win64; x64) AppleWebKit/537.36 Chrome/129.0.0.0 Safari/537.36"
66.249.74.43 - - [01/Jul/2026:22:43:54 +0000] "GET /products/307501631/ HTTP/1.1" 200 27359 "-" "Mozilla/5.0 (Linux; Android 6.0.1; Nexus 5X Build/MMB29P) AppleWebKit/537.36 (KHTML, like Gecko) Chrome/149.0.7827.200 Mobile Safari/537.36 (compatible; Googlebot/2.1; +http://www.google.com/bot.html)"
51.68.111.214 - - [01/Jul/2026:22:43:55 +0000] "GET /robots.txt HTTP/1.1" 200 78 "-" "Mozilla/5.0 (compatible; MJ12bot/v2.0.5; http://mj12bot.com/)"
51.68.111.214 - - [01/Jul/2026:22:43:55 +0000] "GET / HTTP/1.1" 200 41575 "-" "Mozilla/5.0 (compatible; MJ12bot/v2.0.5; http://mj12bot.com/)"
66.249.74.43 - - [01/Jul/2026:22:44:23 +0000] "GET /products/46976158/ HTTP/1.1" 200 25933 "-" "Mozilla/5.0 (Linux; Android 6.0.1; Nexus 5X Build/MMB29P) AppleWebKit/537.36 (KHTML, like Gecko) Chrome/149.0.7827.200 Mobile Safari/537.36 (compatible; Googlebot/2.1; +http://www.google.com/bot.html)"
209.87.169.8 - - [01/Jul/2026:22:44:58 +0000] "POST /wp-login.php HTTP/1.1" 200 2368 "-" "Mozilla/5.0 (Macintosh; Intel Mac OS X 10_15_7) AppleWebKit/605.1.15 Version/17.0 Safari/605.1.15"
57.141.0.23 - - [01/Jul/2026:22:45:49 +0000] "GET /products/013651676506 HTTP/2" 404 155047 "-" "meta-externalagent/1.1 (+https://developers.facebook.com/docs/sharing/webmasters/crawler)"
57.141.0.1 - - [01/Jul/2026:22:46:40 +0000] "GET /products/011773752854 HTTP/2" 404 155047 "-" "meta-externalagent/1.1 (+https://developers.facebook.com/docs/sharing/webmasters/crawler)"
66.249.74.32 - - [01/Jul/2026:22:46:50 +0000] "GET /products/259079431/ HTTP/1.1" 200 26673 "-" "Mozilla/5.0 (Linux; Android 6.0.1; Nexus 5X Build/MMB29P) AppleWebKit/537.36 (KHTML, like Gecko) Chrome/149.0.7827.200 Mobile Safari/537.36 (compatible; Googlebot/2.1; +http://www.google.com/bot.html)"
209.87.169.192 - - [01/Jul/2026:22:46:54 +0000] "POST /wp-login.php HTTP/1.1" 200 2368 "-" "Mozilla/5.0 (Windows NT 10.0; Win64; rv:143.0) Gecko/20100101 Firefox/143.0"
57.141.0.1 - - [01/Jul/2026:22:47:13 +0000] "GET /products/012156523669 HTTP/2" 404 155047 "-" "meta-externalagent/1.1 (+https://developers.facebook.com/docs/sharing/webmasters/crawler)"
52.167.144.23 - - [01/Jul/2026:22:43:48 +0000] "GET /products/208320358/ HTTP/2" 200 25357 "-" "Mozilla/5.0 AppleWebKit/537.36 (KHTML, like Gecko; compatible; bingbot/2.0; +http://www.bing.com/bingbot.htm) Chrome/116.0.1938.76 Safari/537.36"
52.167.144.23 - - [01/Jul/2026:22:43:52 +0000] "GET /products/119901558/ HTTP/2" 200 26654 "-" "Mozilla/5.0 AppleWebKit/537.36 (KHTML, like Gecko; compatible; bingbot/2.0; +http://www.bing.com/bingbot.htm) Chrome/116.0.1938.76 Safari/537.36"
52.167.144.23 - - [01/Jul/2026:22:43:54 +0000] "GET /pages.php?products/4440364/ HTTP/2" 200 26011 "-" "Mozilla/5.0 AppleWebKit/537.36 (KHTML, like Gecko; compatible; bingbot/2.0; +http://www.bing.com/bingbot.htm) Chrome/116.0.1938.76 Safari/537.36"
185.198.240.250 - - [01/Jul/2026:22:44:03 +0000] "POST /wp-login.php HTTP/1.1" 200 2368 "-" "Mozilla/5.0 (Windows NT 10.0; Win64; x64) AppleWebKit/537.36 Chrome/129.0.0.0 Safari/537.36"
57.141.0.16 - - [01/Jul/2026:22:44:31 +0000] "GET /products/013912338261 HTTP/2" 404 155047 "-" "meta-externalagent/1.1 (+https://developers.facebook.com/docs/sharing/webmasters/crawler)"
57.141.0.23 - - [01/Jul/2026:22:44:50 +0000] "GET /products/012049975054 HTTP/2" 404 155047 "-" "meta-externalagent/1.1 (+https://developers.facebook.com/docs/sharing/webmasters/crawler)"
66.249.74.43 - - [01/Jul/2026:22:45:23 +0000] "GET /products/360235631/ HTTP/1.1" 200 25675 "-" "Mozilla/5.0 (Linux; Android 6.0.1; Nexus 5X Build/MMB29P) AppleWebKit/537.36 (KHTML, like Gecko) Chrome/149.0.7827.200 Mobile Safari/537.36 (compatible; Googlebot/2.1; +http://www.google.com/bot.html)"
185.198.240.233 - - [01/Jul/2026:22:45:52 +0000] "POST /wp-login.php HTTP/1.1" 200 2368 "-" "Mozilla/5.0 (Macintosh; Intel Mac OS X 10_15_7) AppleWebKit/605.1.15 Version/17.0 Safari/605.1.15"
57.141.0.62 - - [01/Jul/2026:22:46:05 +0000] "GET /products/012212126860 HTTP/2" 404 155047 "-" "meta-externalagent/1.1 (+https://developers.facebook.com/docs/sharing/webmasters/crawler)"
209.87.169.186 - - [01/Jul/2026:22:47:47 +0000] "POST /wp-login.php HTTP/1.1" 200 2368 "-" "Mozilla/5.0 (Windows NT 10.0; Win64; x64) AppleWebKit/537.36 Chrome/129.0.0.0 Safari/537.36"
66.249.74.43 - - [01/Jul/2026:22:47:51 +0000] "GET /products/175345331/ HTTP/1.1" 200 26464 "-" "Mozilla/5.0 (Linux; Android 6.0.1; Nexus 5X Build/MMB29P) AppleWebKit/537.36 (KHTML, like Gecko) Chrome/149.0.7827.200 Mobile Safari/537.36 (compatible; Googlebot/2.1; +http://www.google.com/bot.html)"
52.167.144.23 - - [01/Jul/2026:22:50:13 +0000] "GET /pages.php?products/6237242/ HTTP/2" 200 27064 "-" "Mozilla/5.0 AppleWebKit/537.36 (KHTML, like Gecko; compatible; bingbot/2.0; +http://www.bing.com/bingbot.htm) Chrome/116.0.1938.76 Safari/537.36"
66.249.74.33 - - [01/Jul/2026:22:50:14 +0000] "GET /products/404560731/ HTTP/1.1" 200 25473 "-" "Mozilla/5.0 (Linux; Android 6.0.1; Nexus 5X Build/MMB29P) AppleWebKit/537.36 (KHTML, like Gecko) Chrome/149.0.7827.200 Mobile Safari/537.36 (compatible; Googlebot/2.1; +http://www.google.com/bot.html)"
52.167.144.23 - - [01/Jul/2026:22:50:16 +0000] "GET /products/474474131/ HTTP/2" 200 26437 "-" "Mozilla/5.0 AppleWebKit/537.36 (KHTML, like Gecko; compatible; bingbot/2.0; +http://www.bing.com/bingbot.htm) Chrome/116.0.1938.76 Safari/537.36"
52.167.144.23 - - [01/Jul/2026:22:50:19 +0000] "GET /products/318766731/ HTTP/2" 200 25602 "-" "Mozilla/5.0 AppleWebKit/537.36 (KHTML, like Gecko; compatible; bingbot/2.0; +http://www.bing.com/bingbot.htm) Chrome/116.0.1938.76 Safari/537.36"
52.167.144.23 - - [01/Jul/2026:22:50:27 +0000] "GET /products/209509131/ HTTP/2" 200 25579 "-" "Mozilla/5.0 AppleWebKit/537.36 (KHTML, like Gecko; compatible; bingbot/2.0; +http://www.bing.com/bingbot.htm) Chrome/116.0.1938.76 Safari/537.36"
57.141.0.44 - - [01/Jul/2026:22:50:28 +0000] "GET /products/012569176125 HTTP/2" 404 155047 "-" "meta-externalagent/1.1 (+https://developers.facebook.com/docs/sharing/webmasters/crawler)"
52.167.144.23 - - [01/Jul/2026:22:50:30 +0000] "GET /products/356986331/ HTTP/2" 200 25900 "-" "Mozilla/5.0 AppleWebKit/537.36 (KHTML, like Gecko; compatible; bingbot/2.0; +http://www.bing.com/bingbot.htm) Chrome/116.0.1938.76 Safari/537.36"
185.198.240.247 - - [01/Jul/2026:22:50:33 +0000] "POST /wp-login.php HTTP/1.1" 200 2368 "-" "Mozilla/5.0 (Windows NT 10.0; Win64; x64) AppleWebKit/537.36 Chrome/129.0.0.0 Safari/537.36"
157.55.39.16 - - [01/Jul/2026:22:50:33 +0000] "GET /products/353638131/ HTTP/2" 200 26396 "-" "Mozilla/5.0 AppleWebKit/537.36 (KHTML, like Gecko; compatible; bingbot/2.0; +http://www.bing.com/bingbot.htm) Chrome/116.0.1938.76 Safari/537.36"
157.55.39.16 - - [01/Jul/2026:22:50:36 +0000] "GET /products/145243831/ HTTP/2" 200 26425 "-" "Mozilla/5.0 AppleWebKit/537.36 (KHTML, like Gecko; compatible; bingbot/2.0; +http://www.bing.com/bingbot.htm) Chrome/116.0.1938.76 Safari/537.36"
157.55.39.16 - - [01/Jul/2026:22:50:40 +0000] "GET /products/148181231/ HTTP/2" 200 25038 "-" "Mozilla/5.0 AppleWebKit/537.36 (KHTML, like Gecko; compatible; bingbot/2.0; +http://www.bing.com/bingbot.htm) Chrome/116.0.1938.76 Safari/537.36"
157.55.39.16 - - [01/Jul/2026:22:50:42 +0000] "GET /products/163122631/ HTTP/2" 200 26027 "-" "Mozilla/5.0 AppleWebKit/537.36 (KHTML, like Gecko; compatible; bingbot/2.0; +http://www.bing.com/bingbot.htm) Chrome/116.0.1938.76 Safari/537.36"
157.55.39.16 - - [01/Jul/2026:22:50:45 +0000] "GET /products/85200031/ HTTP/2" 200 26470 "-" "Mozilla/5.0 AppleWebKit/537.36 (KHTML, like Gecko; compatible; bingbot/2.0; +http://www.bing.com/bingbot.htm) Chrome/116.0.1938.76 Safari/537.36"
52.167.144.23 - - [01/Jul/2026:22:50:57 +0000] "GET /products/100388758/ HTTP/2" 200 26212 "-" "Mozilla/5.0 AppleWebKit/537.36 (KHTML, like Gecko; compatible; bingbot/2.0; +http://www.bing.com/bingbot.htm) Chrome/116.0.1938.76 Safari/537.36"
52.167.144.23 - - [01/Jul/2026:22:51:00 +0000] "GET /products/95002931/ HTTP/2" 200 25890 "-" "Mozilla/5.0 AppleWebKit/537.36 (KHTML, like Gecko; compatible; bingbot/2.0; +http://www.bing.com/bingbot.htm) Chrome/116.0.1938.76 Safari/537.36"
52.167.144.23 - - [01/Jul/2026:22:51:03 +0000] "GET /products/293811331/ HTTP/2" 200 25254 "-" "Mozilla/5.0 AppleWebKit/537.36 (KHTML, like Gecko; compatible; bingbot/2.0; +http://www.bing.com/bingbot.htm) Chrome/116.0.1938.76 Safari/537.36"
52.167.144.23 - - [01/Jul/2026:22:51:06 +0000] "GET /products/498100031/ HTTP/2" 200 26588 "-" "Mozilla/5.0 AppleWebKit/537.36 (KHTML, like Gecko; compatible; bingbot/2.0; +http://www.bing.com/bingbot.htm) Chrome/116.0.1938.76 Safari/537.36"
52.167.144.23 - - [01/Jul/2026:22:51:09 +0000] "GET /products/209682331/ HTTP/2" 200 26806 "-" "Mozilla/5.0 AppleWebKit/537.36 (KHTML, like Gecko; compatible; bingbot/2.0; +http://www.bing.com/bingbot.htm) Chrome/116.0.1938.76 Safari/537.36"
52.167.144.23 - - [01/Jul/2026:22:51:12 +0000] "GET /products/182400531/ HTTP/2" 200 25731 "-" "Mozilla/5.0 AppleWebKit/537.36 (KHTML, like Gecko; compatible; bingbot/2.0; +http://www.bing.com/bingbot.htm) Chrome/116.0.1938.76 Safari/537.36"
52.167.144.166 - - [01/Jul/2026:22:51:15 +0000] "GET /products/189437031/ HTTP/2" 200 26426 "-" "Mozilla/5.0 AppleWebKit/537.36 (KHTML, like Gecko; compatible; bingbot/2.0; +http://www.bing.com/bingbot.htm) Chrome/116.0.1938.76 Safari/537.36"
157.55.39.16 - - [01/Jul/2026:22:51:15 +0000] "GET /products/426845931/ HTTP/2" 200 26391 "-" "Mozilla/5.0 AppleWebKit/537.36 (KHTML, like Gecko; compatible; bingbot/2.0; +http://www.bing.com/bingbot.htm) Chrome/116.0.1938.76 Safari/537.36"
52.167.144.166 - - [01/Jul/2026:22:51:18 +0000] "GET /products/184893131/ HTTP/2" 200 26538 "-" "Mozilla/5.0 AppleWebKit/537.36 (KHTML, like Gecko; compatible; bingbot/2.0; +http://www.bing.com/bingbot.htm) Chrome/116.0.1938.76 Safari/537.36"
52.167.144.166 - - [01/Jul/2026:22:51:21 +0000] "GET /products/410287931/ HTTP/2" 200 25536 "-" "Mozilla/5.0 AppleWebKit/537.36 (KHTML, like Gecko; compatible; bingbot/2.0; +http://www.bing.com/bingbot.htm) Chrome/116.0.1938.76 Safari/537.36"
66.249.74.43 - - [01/Jul/2026:22:48:37 +0000] "GET /products/12914531/ HTTP/1.1" 200 26473 "-" "Mozilla/5.0 (Linux; Android 6.0.1; Nexus 5X Build/MMB29P) AppleWebKit/537.36 (KHTML, like Gecko) Chrome/149.0.7827.200 Mobile Safari/537.36 (compatible; Googlebot/2.1; +http://www.google.com/bot.html)"
209.87.169.10 - - [01/Jul/2026:22:48:41 +0000] "POST /wp-login.php HTTP/1.1" 200 2368 "-" "Mozilla/5.0 (Macintosh; Intel Mac OS X 10_15_7) AppleWebKit/605.1.15 Version/17.0 Safari/605.1.15"
57.141.0.19 - - [01/Jul/2026:22:49:19 +0000] "GET /products/014191263751 HTTP/2" 404 155047 "-" "meta-externalagent/1.1 (+https://developers.facebook.com/docs/sharing/webmasters/crawler)"
66.249.74.32 - - [01/Jul/2026:22:49:25 +0000] "GET /products/25443953/ HTTP/1.1" 200 25158 "-" "Mozilla/5.0 (Linux; Android 6.0.1; Nexus 5X Build/MMB29P) AppleWebKit/537.36 (KHTML, like Gecko) Chrome/149.0.7827.200 Mobile Safari/537.36 (compatible; Googlebot/2.1; +http://www.google.com/bot.html)"
209.87.169.183 - - [01/Jul/2026:22:49:37 +0000] "POST /wp-login.php HTTP/1.1" 200 2368 "-" "Mozilla/5.0 (Windows NT 10.0; Win64; rv:143.0) Gecko/20100101 Firefox/143.0"
57.141.0.4 - - [01/Jul/2026:22:49:58 +0000] "GET /products/012635514317 HTTP/2" 404 155047 "-" "meta-externalagent/1.1 (+https://developers.facebook.com/docs/sharing/webmasters/crawler)"
57.141.0.1 - - [01/Jul/2026:22:50:11 +0000] "GET /products/011246539799 HTTP/2" 404 155047 "-" "meta-externalagent/1.1 (+https://developers.facebook.com/docs/sharing/webmasters/crawler)"
52.167.144.166 - - [01/Jul/2026:22:50:22 +0000] "GET /products/479271831/ HTTP/2" 200 25667 "-" "Mozilla/5.0 AppleWebKit/537.36 (KHTML, like Gecko; compatible; bingbot/2.0; +http://www.bing.com/bingbot.htm) Chrome/116.0.1938.76 Safari/537.36"
66.249.73.14 - - [01/Jul/2026:22:50:55 +0000] "GET /products/321082731/ HTTP/1.1" 200 26380 "-" "Mozilla/5.0 (Linux; Android 6.0.1; Nexus 5X Build/MMB29P) AppleWebKit/537.36 (KHTML, like Gecko) Chrome/149.0.7827.200 Mobile Safari/537.36 (compatible; Googlebot/2.1; +http://www.google.com/bot.html)"
66.249.74.33 - - [01/Jul/2026:22:51:01 +0000] "GET /products/62440953/ HTTP/1.1" 200 26180 "-" "Mozilla/5.0 (Linux; Android 6.0.1; Nexus 5X Build/MMB29P) AppleWebKit/537.36 (KHTML, like Gecko) Chrome/149.0.7827.200 Mobile Safari/537.36 (compatible; Googlebot/2.1; +http://www.google.com/bot.html)"
209.87.169.18 - - [01/Jul/2026:22:52:24 +0000] "POST /wp-login.php HTTP/1.1" 200 2368 "-" "Mozilla/5.0 (Windows NT 10.0; Win64; x64) AppleWebKit/537.36 Chrome/129.0.0.0 Safari/537.36"
57.141.0.37 - - [01/Jul/2026:22:52:29 +0000] "GET /products/014171041884 HTTP/2" 404 155047 "-" "meta-externalagent/1.1 (+https://developers.facebook.com/docs/sharing/webmasters/crawler)"
185.198.240.245 - - [01/Jul/2026:22:53:21 +0000] "POST /wp-login.php HTTP/1.1" 200 2368 "-" "Mozilla/5.0 (Windows NT 10.0; Win64; rv:143.0) Gecko/20100101 Firefox/143.0"
66.249.74.33 - - [01/Jul/2026:22:55:03 +0000] "GET /products/15234653/ HTTP/1.1" 200 26608 "-" "Mozilla/5.0 (Linux; Android 6.0.1; Nexus 5X Build/MMB29P) AppleWebKit/537.36 (KHTML, like Gecko) Chrome/149.0.7827.200 Mobile Safari/537.36 (compatible; Googlebot/2.1; +http://www.google.com/bot.html)"
216.73.217.139 - - [01/Jul/2026:22:55:09 +0000] "GET /robots.txt HTTP/2" 200 78 "-" "Mozilla/5.0 AppleWebKit/537.36 (KHTML, like Gecko; compatible; ClaudeBot/1.0; +claudebot@anthropic.com)"
216.73.217.139 - - [01/Jul/2026:22:55:09 +0000] "GET /sitemap.xml HTTP/2" 301 0 "-" "Mozilla/5.0 AppleWebKit/537.36 (KHTML, like Gecko; compatible; ClaudeBot/1.0; +claudebot@anthropic.com)"
216.73.217.139 - - [01/Jul/2026:22:55:11 +0000] "GET /wp-sitemap.xml HTTP/2" 200 295 "https://rearbear.com/sitemap.xml" "Mozilla/5.0 AppleWebKit/537.36 (KHTML, like Gecko; compatible; ClaudeBot/1.0; +claudebot@anthropic.com)"
185.198.240.240 - - [01/Jul/2026:22:56:05 +0000] "POST /wp-login.php HTTP/1.1" 200 2368 "-" "Mozilla/5.0 (Windows NT 10.0; Win64; rv:143.0) Gecko/20100101 Firefox/143.0"
52.167.144.166 - - [01/Jul/2026:22:51:24 +0000] "GET /products/198442731/ HTTP/2" 200 25754 "-" "Mozilla/5.0 AppleWebKit/537.36 (KHTML, like Gecko; compatible; bingbot/2.0; +http://www.bing.com/bingbot.htm) Chrome/116.0.1938.76 Safari/537.36"
209.87.169.27 - - [01/Jul/2026:22:51:28 +0000] "POST /wp-login.php HTTP/1.1" 200 2368 "-" "Mozilla/5.0 (Windows NT 10.0; Win64; rv:143.0) Gecko/20100101 Firefox/143.0"
157.55.39.16 - - [01/Jul/2026:22:51:29 +0000] "GET /products/306343231/ HTTP/2" 200 25476 "-" "Mozilla/5.0 AppleWebKit/537.36 (KHTML, like Gecko; compatible; bingbot/2.0; +http://www.bing.com/bingbot.htm) Chrome/116.0.1938.76 Safari/537.36"
157.55.39.16 - - [01/Jul/2026:22:51:32 +0000] "GET /products/470932431/ HTTP/2" 200 25706 "-" "Mozilla/5.0 AppleWebKit/537.36 (KHTML, like Gecko; compatible; bingbot/2.0; +http://www.bing.com/bingbot.htm) Chrome/116.0.1938.76 Safari/537.36"
52.167.144.166 - - [01/Jul/2026:22:51:34 +0000] "GET /products/64530531/ HTTP/2" 200 25826 "-" "Mozilla/5.0 AppleWebKit/537.36 (KHTML, like Gecko; compatible; bingbot/2.0; +http://www.bing.com/bingbot.htm) Chrome/116.0.1938.76 Safari/537.36"
209.87.169.18 - - [01/Jul/2026:22:54:15 +0000] "POST /wp-login.php HTTP/1.1" 200 2368 "-" "Mozilla/5.0 (Macintosh; Intel Mac OS X 10_15_7) AppleWebKit/605.1.15 Version/17.0 Safari/605.1.15"
57.141.0.66 - - [01/Jul/2026:22:54:38 +0000] "GET /products/013138114018 HTTP/2" 404 155047 "-" "meta-externalagent/1.1 (+https://developers.facebook.com/docs/sharing/webmasters/crawler)"
57.141.0.1 - - [01/Jul/2026:22:55:00 +0000] "GET /sitemap838.xml HTTP/2" 404 155047 "-" "meta-externalagent/1.1 (+https://developers.facebook.com/docs/sharing/webmasters/crawler)"
209.87.169.197 - - [01/Jul/2026:22:55:10 +0000] "POST /wp-login.php HTTP/1.1" 200 2368 "-" "Mozilla/5.0 (Windows NT 10.0; Win64; x64) AppleWebKit/537.36 Chrome/129.0.0.0 Safari/537.36"
95.217.206.147 - - [01/Jul/2026:22:55:22 +0000] "GET /wp-login.php HTTP/2" 200 1975 "-" "Mozilla/5.0 (X11; Fedora; Linux x86_64) AppleWebKit/537.36 (KHTML, like Gecko) Chrome/133.0.0.0 Safari/537.36"
95.217.206.147 - - [01/Jul/2026:22:55:23 +0000] "POST /wp-login.php HTTP/2" 200 2154 "https://rearbear.com/wp-login.php" "Mozilla/5.0 (X11; Fedora; Linux x86_64) AppleWebKit/537.36 (KHTML, like Gecko) Chrome/133.0.0.0 Safari/537.36"
47.128.115.63 - - [01/Jul/2026:22:56:16 +0000] "GET /product-tag/jockey-brief/ HTTP/2" 200 36291 "-" "Mozilla/5.0 (Linux; Android 5.0) AppleWebKit/537.36 (KHTML, like Gecko) Mobile Safari/537.36 (compatible; TikTokSpider; ttspider-feedback@tiktok.com)"
209.87.169.9 - - [01/Jul/2026:22:57:02 +0000] "POST /wp-login.php HTTP/1.1" 200 2368 "-" "Mozilla/5.0 (Macintosh; Intel Mac OS X 10_15_7) AppleWebKit/605.1.15 Version/17.0 Safari/605.1.15"
66.249.74.43 - - [01/Jul/2026:22:57:20 +0000] "GET /products/456151431/ HTTP/1.1" 200 25777 "-" "Mozilla/5.0 (Linux; Android 6.0.1; Nexus 5X Build/MMB29P) AppleWebKit/537.36 (KHTML, like Gecko) Chrome/149.0.7827.200 Mobile Safari/537.36 (compatible; Googlebot/2.1; +http://www.google.com/bot.html)"
207.46.13.111 - - [01/Jul/2026:22:57:32 +0000] "GET /products/212889531/ HTTP/2" 200 26048 "-" "Mozilla/5.0 AppleWebKit/537.36 (KHTML, like Gecko; compatible; bingbot/2.0; +http://www.bing.com/bingbot.htm) Chrome/116.0.1938.76 Safari/537.36"
207.46.13.111 - - [01/Jul/2026:22:57:34 +0000] "GET /products/339173031/ HTTP/2" 200 25498 "-" "Mozilla/5.0 AppleWebKit/537.36 (KHTML, like Gecko; compatible; bingbot/2.0; +http://www.bing.com/bingbot.htm) Chrome/116.0.1938.76 Safari/537.36"
207.46.13.111 - - [01/Jul/2026:22:57:37 +0000] "GET /pages.php?products/13284042/ HTTP/2" 200 26382 "-" "Mozilla/5.0 AppleWebKit/537.36 (KHTML, like Gecko; compatible; bingbot/2.0; +http://www.bing.com/bingbot.htm) Chrome/116.0.1938.76 Safari/537.36"
160.187.68.132 - - [01/Jul/2026:22:56:12 +0000] "GET /wp-login.php HTTP/2" 200 1975 "-" "Mozilla/5.0 (X11; Linux x86_64; rv:133.0) Gecko/20100101 Firefox/133.0"
114.119.151.119 - - [01/Jul/2026:22:56:13 +0000] "GET /shade/beet-red HTTP/1.1" 301 0 "https://rearbear.com/shade/beet-red" "Mozilla/5.0 (Linux; Android 7.0;) AppleWebKit/537.36 (HTML, like Gecko) Mobile Safari/537.36 (compatible; PetalBot;+https://webmaster.petalsearch.com/site/petalbot)"
114.119.151.119 - - [01/Jul/2026:22:56:15 +0000] "GET /shade/beet-red/ HTTP/1.1" 200 36062 "https://rearbear.com/shade/beet-red" "Mozilla/5.0 (Linux; Android 7.0;) AppleWebKit/537.36 (HTML, like Gecko) Mobile Safari/537.36 (compatible; PetalBot;+https://webmaster.petalsearch.com/site/petalbot)"
160.187.68.132 - - [01/Jul/2026:22:56:15 +0000] "POST /wp-login.php HTTP/2" 200 2151 "https://rearbear.com/wp-login.php" "Mozilla/5.0 (X11; Linux x86_64; rv:133.0) Gecko/20100101 Firefox/133.0"
66.249.74.32 - - [01/Jul/2026:22:57:01 +0000] "GET /products/342738831/ HTTP/1.1" 200 26787 "-" "Mozilla/5.0 (Linux; Android 6.0.1; Nexus 5X Build/MMB29P) AppleWebKit/537.36 (KHTML, like Gecko) Chrome/149.0.7827.200 Mobile Safari/537.36 (compatible; Googlebot/2.1; +http://www.google.com/bot.html)"
57.141.0.66 - - [01/Jul/2026:22:57:25 +0000] "GET /products/012368518187 HTTP/2" 404 155047 "-" "meta-externalagent/1.1 (+https://developers.facebook.com/docs/sharing/webmasters/crawler)"
157.55.39.16 - - [01/Jul/2026:22:57:32 +0000] "GET /products/17190253/ HTTP/2" 200 25859 "-" "Mozilla/5.0 AppleWebKit/537.36 (KHTML, like Gecko; compatible; bingbot/2.0; +http://www.bing.com/bingbot.htm) Chrome/116.0.1938.76 Safari/537.36"
40.77.167.2 - - [01/Jul/2026:22:57:42 +0000] "GET /products/49605131/ HTTP/2" 200 26679 "-" "Mozilla/5.0 AppleWebKit/537.36 (KHTML, like Gecko; compatible; bingbot/2.0; +http://www.bing.com/bingbot.htm) Chrome/116.0.1938.76 Safari/537.36"
40.77.167.2 - - [01/Jul/2026:22:57:47 +0000] "GET /products/219284431/ HTTP/2" 200 26078 "-" "Mozilla/5.0 AppleWebKit/537.36 (KHTML, like Gecko; compatible; bingbot/2.0; +http://www.bing.com/bingbot.htm) Chrome/116.0.1938.76 Safari/537.36"
57.141.0.52 - - [01/Jul/2026:22:57:49 +0000] "GET /products/011864460306 HTTP/2" 404 155047 "-" "meta-externalagent/1.1 (+https://developers.facebook.com/docs/sharing/webmasters/crawler)"
40.77.167.2 - - [01/Jul/2026:22:57:51 +0000] "GET /products/289497631/ HTTP/2" 200 25534 "-" "Mozilla/5.0 AppleWebKit/537.36 (KHTML, like Gecko; compatible; bingbot/2.0; +http://www.bing.com/bingbot.htm) Chrome/116.0.1938.76 Safari/537.36"
40.77.167.2 - - [01/Jul/2026:22:57:53 +0000] "GET /products/269951231/ HTTP/2" 200 25553 "-" "Mozilla/5.0 AppleWebKit/537.36 (KHTML, like Gecko; compatible; bingbot/2.0; +http://www.bing.com/bingbot.htm) Chrome/116.0.1938.76 Safari/537.36"
209.87.169.181 - - [01/Jul/2026:22:57:55 +0000] "POST /wp-login.php HTTP/1.1" 200 2368 "-" "Mozilla/5.0 (Macintosh; Intel Mac OS X 10_15_7) AppleWebKit/605.1.15 Version/17.0 Safari/605.1.15"
40.77.167.2 - - [01/Jul/2026:22:57:56 +0000] "GET /products/64026731/ HTTP/2" 200 25885 "-" "Mozilla/5.0 AppleWebKit/537.36 (KHTML, like Gecko; compatible; bingbot/2.0; +http://www.bing.com/bingbot.htm) Chrome/116.0.1938.76 Safari/537.36"
40.77.167.2 - - [01/Jul/2026:22:57:59 +0000] "GET /products/15116531/ HTTP/2" 200 25714 "-" "Mozilla/5.0 AppleWebKit/537.36 (KHTML, like Gecko; compatible; bingbot/2.0; +http://www.bing.com/bingbot.htm) Chrome/116.0.1938.76 Safari/537.36"
52.167.144.197 - - [01/Jul/2026:22:58:06 +0000] "GET /products/392753031/ HTTP/2" 200 25227 "-" "Mozilla/5.0 AppleWebKit/537.36 (KHTML, like Gecko; compatible; bingbot/2.0; +http://www.bing.com/bingbot.htm) Chrome/116.0.1938.76 Safari/537.36"
52.167.144.197 - - [01/Jul/2026:22:58:10 +0000] "GET /products/216581431/ HTTP/2" 200 25266 "-" "Mozilla/5.0 AppleWebKit/537.36 (KHTML, like Gecko; compatible; bingbot/2.0; +http://www.bing.com/bingbot.htm) Chrome/116.0.1938.76 Safari/537.36"
52.167.144.197 - - [01/Jul/2026:22:58:12 +0000] "GET /pages.php?products/3865075/ HTTP/2" 200 25874 "-" "Mozilla/5.0 AppleWebKit/537.36 (KHTML, like Gecko; compatible; bingbot/2.0; +http://www.bing.com/bingbot.htm) Chrome/116.0.1938.76 Safari/537.36"
52.167.144.197 - - [01/Jul/2026:22:58:15 +0000] "GET /products/23035553/ HTTP/2" 200 26101 "-" "Mozilla/5.0 AppleWebKit/537.36 (KHTML, like Gecko; compatible; bingbot/2.0; +http://www.bing.com/bingbot.htm) Chrome/116.0.1938.76 Safari/537.36"
52.167.144.197 - - [01/Jul/2026:22:58:18 +0000] "GET /products/122120131/ HTTP/2" 200 25700 "-" "Mozilla/5.0 AppleWebKit/537.36 (KHTML, like Gecko; compatible; bingbot/2.0; +http://www.bing.com/bingbot.htm) Chrome/116.0.1938.76 Safari/537.36"
52.167.144.197 - - [01/Jul/2026:22:58:21 +0000] "GET /products/378569431/ HTTP/2" 200 25492 "-" "Mozilla/5.0 AppleWebKit/537.36 (KHTML, like Gecko; compatible; bingbot/2.0; +http://www.bing.com/bingbot.htm) Chrome/116.0.1938.76 Safari/537.36"
207.46.13.111 - - [01/Jul/2026:22:58:25 +0000] "GET /products/335603431/ HTTP/2" 200 26367 "-" "Mozilla/5.0 AppleWebKit/537.36 (KHTML, like Gecko; compatible; bingbot/2.0; +http://www.bing.com/bingbot.htm) Chrome/116.0.1938.76 Safari/537.36"
207.46.13.111 - - [01/Jul/2026:22:58:28 +0000] "GET /products/500255031/ HTTP/2" 200 25975 "-" "Mozilla/5.0 AppleWebKit/537.36 (KHTML, like Gecko; compatible; bingbot/2.0; +http://www.bing.com/bingbot.htm) Chrome/116.0.1938.76 Safari/537.36"
207.46.13.111 - - [01/Jul/2026:22:58:32 +0000] "GET /products/231074158/ HTTP/2" 200 25882 "-" "Mozilla/5.0 AppleWebKit/537.36 (KHTML, like Gecko; compatible; bingbot/2.0; +http://www.bing.com/bingbot.htm) Chrome/116.0.1938.76 Safari/537.36"
207.46.13.111 - - [01/Jul/2026:22:58:34 +0000] "GET /products/355072831/ HTTP/2" 200 26769 "-" "Mozilla/5.0 AppleWebKit/537.36 (KHTML, like Gecko; compatible; bingbot/2.0; +http://www.bing.com/bingbot.htm) Chrome/116.0.1938.76 Safari/537.36"
66.249.74.32 - - [01/Jul/2026:22:58:43 +0000] "GET /products/274526131/ HTTP/1.1" 200 26496 "-" "Mozilla/5.0 (Linux; Android 6.0.1; Nexus 5X Build/MMB29P) AppleWebKit/537.36 (KHTML, like Gecko) Chrome/149.0.7827.200 Mobile Safari/537.36 (compatible; Googlebot/2.1; +http://www.google.com/bot.html)"
114.119.150.64 - - [01/Jul/2026:22:57:36 +0000] "GET /product/van-heusen-mens-antibacterial-brief-pack-of-3/ HTTP/1.1" 200 40923 "https://rearbear.com/product-tag/van-heusen-11005-bra?products-per-page=24" "Mozilla/5.0 (Linux; Android 7.0;) AppleWebKit/537.36 (HTML, like Gecko) Mobile Safari/537.36 (compatible; PetalBot;+https://webmaster.petalsearch.com/site/petalbot)"
207.46.13.111 - - [01/Jul/2026:22:57:41 +0000] "GET /products/163672931/ HTTP/2" 200 25513 "-" "Mozilla/5.0 AppleWebKit/537.36 (KHTML, like Gecko; compatible; bingbot/2.0; +http://www.bing.com/bingbot.htm) Chrome/116.0.1938.76 Safari/537.36"
66.249.74.33 - - [01/Jul/2026:22:58:33 +0000] "GET /products/374016731/ HTTP/1.1" 200 26707 "-" "Mozilla/5.0 (Linux; Android 6.0.1; Nexus 5X Build/MMB29P) AppleWebKit/537.36 (KHTML, like Gecko) Chrome/149.0.7827.200 Mobile Safari/537.36 (compatible; Googlebot/2.1; +http://www.google.com/bot.html)"
114.119.150.64 - - [01/Jul/2026:22:58:59 +0000] "GET /product/lux-venus-vest-rn/ HTTP/1.1" 200 40347 "https://rearbear.com/product/rupa-jon-mens-cotton-vest/" "Mozilla/5.0 (Linux; Android 7.0;) AppleWebKit/537.36 (HTML, like Gecko) Mobile Safari/537.36 (compatible; PetalBot;+https://webmaster.petalsearch.com/site/petalbot)"
57.141.0.50 - - [01/Jul/2026:22:59:53 +0000] "GET /products/011467875400 HTTP/2" 404 155047 "-" "meta-externalagent/1.1 (+https://developers.facebook.com/docs/sharing/webmasters/crawler)"
114.119.152.148 - - [01/Jul/2026:23:00:22 +0000] "GET /product-tag/softskin-tshirt-bra/?products-per-page=24 HTTP/1.1" 200 35828 "https://rearbear.com/product-tag/softskin-tshirt-bra?products-per-page=12" "Mozilla/5.0 (Linux; Android 7.0;) AppleWebKit/537.36 (HTML, like Gecko) Mobile Safari/537.36 (compatible; PetalBot;+https://webmaster.petalsearch.com/site/petalbot)"
167.233.44.241 - - [01/Jul/2026:23:00:38 +0000] "GET /wp-login.php HTTP/2" 200 1975 "-" "Mozilla/5.0 (X11; Fedora; Linux x86_64) AppleWebKit/537.36 (KHTML, like Gecko) Chrome/133.0.0.0 Safari/537.36"
