52.138.3.29 - - [01/Jul/2026:20:06:15 +0000] "GET /k.php HTTP/1.1" 401 36 "-" "-"
37.186.41.197 - - [01/Jul/2026:20:06:17 +0000] "POST /xmlrpc.php HTTP/1.1" 200 403 "-" "Jetpack by WordPress.com (Jetpack 12.0; WordPress 6.2)"
37.186.41.197 - - [01/Jul/2026:20:06:27 +0000] "POST /xmlrpc.php HTTP/1.1" 200 403 "-" "WordPress.com; https://wordpress.com"
102.129.148.148 - - [01/Jul/2026:20:08:31 +0000] "GET /wp-login.php HTTP/2" 200 1975 "-" "Mozilla/5.0 (Macintosh; Intel Mac OS X 10_15_7) AppleWebKit/537.36 (KHTML, like Gecko) Chrome/133.0.0.0 Safari/537.36 Edg/133.0.0.0"
102.129.148.148 - - [01/Jul/2026:20:08:33 +0000] "POST /wp-login.php HTTP/2" 200 2154 "https://rearbear.com/wp-login.php" "Mozilla/5.0 (Macintosh; Intel Mac OS X 10_15_7) AppleWebKit/537.36 (KHTML, like Gecko) Chrome/133.0.0.0 Safari/537.36 Edg/133.0.0.0"
34.123.188.205 - - [01/Jul/2026:20:08:34 +0000] "GET /product/dixcy-scott-uno-rocker-vest HTTP/2" 301 0 "-" "Lightpanda/1.0"
34.123.188.205 - - [01/Jul/2026:20:08:37 +0000] "GET /product/dixcy-scott-uno-rocker-vest/ HTTP/2" 200 40533 "-" "Lightpanda/1.0"
34.123.188.205 - - [01/Jul/2026:20:08:41 +0000] "GET /wp-includes/js/jquery/jquery.min.js?ver=3.7.1 HTTP/2" 200 29744 "https://rearbear.com/product/dixcy-scott-uno-rocker-vest/" "Lightpanda/1.0"
34.123.188.205 - - [01/Jul/2026:20:08:42 +0000] "GET /wp-includes/js/jquery/jquery-migrate.min.js?ver=3.4.1 HTTP/2" 200 4678 "https://rearbear.com/product/dixcy-scott-uno-rocker-vest/" "Lightpanda/1.0"
34.123.188.205 - - [01/Jul/2026:20:08:42 +0000] "GET /wp-content/plugins/cancel-order-request-woocommerce/public/js/jquery.magnific-popup.min.js?ver=1.3.4.32 HTTP/2" 200 7046 "https://rearbear.com/product/dixcy-scott-uno-rocker-vest/" "Lightpanda/1.0"
34.123.188.205 - - [01/Jul/2026:20:08:42 +0000] "GET /wp-content/plugins/cancel-order-request-woocommerce/public/js/jquery.toast.min.js?ver=1.3.4.32 HTTP/2" 200 1665 "https://rearbear.com/product/dixcy-scott-uno-rocker-vest/" "Lightpanda/1.0"
34.123.188.205 - - [01/Jul/2026:20:08:42 +0000] "GET /wp-content/plugins/cancel-order-request-woocommerce/public/js/cancel-order-request-woocommerce-public.js?ver=1.3.4.32 HTTP/2" 200 892 "https://rearbear.com/product/dixcy-scott-uno-rocker-vest/" "Lightpanda/1.0"
34.123.188.205 - - [01/Jul/2026:20:08:42 +0000] "GET /wp-content/plugins/woocommerce/assets/js/jquery-blockui/jquery.blockUI.min.js?ver=2.7.0-wc.10.9.1 HTTP/2" 200 3277 "https://rearbear.com/product/dixcy-scott-uno-rocker-vest/" "Lightpanda/1.0"
34.123.188.205 - - [01/Jul/2026:20:08:42 +0000] "GET /wp-content/plugins/woocommerce/assets/js/frontend/add-to-cart.min.js?ver=10.9.1 HTTP/2" 200 1296 "https://rearbear.com/product/dixcy-scott-uno-rocker-vest/" "Lightpanda/1.0"
34.123.188.205 - - [01/Jul/2026:20:08:42 +0000] "GET /wp-content/plugins/woocommerce/assets/js/zoom/jquery.zoom.min.js?ver=1.7.21-wc.10.9.1 HTTP/2" 200 1052 "https://rearbear.com/product/dixcy-scott-uno-rocker-vest/" "Lightpanda/1.0"
34.123.188.205 - - [01/Jul/2026:20:08:42 +0000] "GET /wp-content/plugins/woocommerce/assets/js/photoswipe/photoswipe-ui-default.min.js?ver=4.1.1-wc.10.9.1 HTTP/2" 200 3478 "https://rearbear.com/product/dixcy-scott-uno-rocker-vest/" "Lightpanda/1.0"
34.123.188.205 - - [01/Jul/2026:20:08:42 +0000] "GET /wp-content/plugins/woocommerce/assets/js/frontend/single-product.min.js?ver=10.9.1 HTTP/2" 200 2700 "https://rearbear.com/product/dixcy-scott-uno-rocker-vest/" "Lightpanda/1.0"
34.123.188.205 - - [01/Jul/2026:20:08:42 +0000] "GET /wp-content/plugins/woocommerce/assets/js/js-cookie/js.cookie.min.js?ver=2.1.4-wc.10.9.1 HTTP/2" 200 760 "https://rearbear.com/product/dixcy-scott-uno-rocker-vest/" "Lightpanda/1.0"
34.123.188.205 - - [01/Jul/2026:20:08:42 +0000] "GET /wp-content/plugins/woocommerce/assets/js/frontend/woocommerce.min.js?ver=10.9.1 HTTP/2" 200 1384 "https://rearbear.com/product/dixcy-scott-uno-rocker-vest/" "Lightpanda/1.0"
34.123.188.205 - - [01/Jul/2026:20:08:42 +0000] "GET /wp-content/plugins/check-pincodezipcode-for-shipping-woocommerce/includes/js/wczp_front_script.js?ver=1.0.0 HTTP/2" 200 1462 "https://rearbear.com/product/dixcy-scott-uno-rocker-vest/" "Lightpanda/1.0"
34.123.188.205 - - [01/Jul/2026:20:08:42 +0000] "GET /wp-content/plugins/woocommerce/assets/js/flexslider/jquery.flexslider.min.js?ver=2.7.2-wc.10.9.1 HTTP/2" 200 6017 "https://rearbear.com/product/dixcy-scott-uno-rocker-vest/" "Lightpanda/1.0"
34.123.188.205 - - [01/Jul/2026:20:08:42 +0000] "GET /wp-content/plugins/woocommerce/assets/js/photoswipe/photoswipe.min.js?ver=4.1.1-wc.10.9.1 HTTP/2" 200 11652 "https://rearbear.com/product/dixcy-scott-uno-rocker-vest/" "Lightpanda/1.0"
34.123.188.205 - - [01/Jul/2026:20:08:42 +0000] "GET /wp-includes/js/underscore.min.js?ver=1.13.8 HTTP/2" 200 7228 "https://rearbear.com/product/dixcy-scott-uno-rocker-vest/" "Lightpanda/1.0"
34.123.188.205 - - [01/Jul/2026:20:08:42 +0000] "GET /wp-includes/js/wp-util.min.js?ver=7.0 HTTP/2" 200 693 "https://rearbear.com/product/dixcy-scott-uno-rocker-vest/" "Lightpanda/1.0"
34.123.188.205 - - [01/Jul/2026:20:08:42 +0000] "GET /wp-content/plugins/woo-variation-gallery/assets/js/slick.min.js?ver=1.8.1 HTTP/2" 200 10320 "https://rearbear.com/product/dixcy-scott-uno-rocker-vest/" "Lightpanda/1.0"
34.123.188.205 - - [01/Jul/2026:20:08:42 +0000] "GET /wp-includes/js/imagesloaded.min.js?ver=5.0.0 HTTP/2" 200 1687 "https://rearbear.com/product/dixcy-scott-uno-rocker-vest/" "Lightpanda/1.0"
34.123.188.205 - - [01/Jul/2026:20:08:42 +0000] "GET /wp-content/plugins/woocommerce/assets/js/frontend/add-to-cart-variation.min.js?ver=10.9.1 HTTP/2" 200 4131 "https://rearbear.com/product/dixcy-scott-uno-rocker-vest/" "Lightpanda/1.0"
34.123.188.205 - - [01/Jul/2026:20:08:42 +0000] "GET /wp-content/plugins/woo-variation-gallery/assets/js/frontend.min.js?ver=1782446701 HTTP/2" 200 4509 "https://rearbear.com/product/dixcy-scott-uno-rocker-vest/" "Lightpanda/1.0"
34.123.188.205 - - [01/Jul/2026:20:08:42 +0000] "GET /wp-content/themes/houseware/assets/js/houseware.js?ver=7.0 HTTP/2" 200 995 "https://rearbear.com/product/dixcy-scott-uno-rocker-vest/" "Lightpanda/1.0"
34.123.188.205 - - [01/Jul/2026:20:08:42 +0000] "GET /wp-content/themes/woovina/assets/js/third/woo/woo-cat-widget.min.js?ver=2.3 HTTP/2" 200 294 "https://rearbear.com/product/dixcy-scott-uno-rocker-vest/" "Lightpanda/1.0"
34.123.188.205 - - [01/Jul/2026:20:08:42 +0000] "GET /wp-content/themes/woovina/assets/js/third/woo/woo-quick-view.min.js?ver=2.3 HTTP/2" 200 1235 "https://rearbear.com/product/dixcy-scott-uno-rocker-vest/" "Lightpanda/1.0"
34.123.188.205 - - [01/Jul/2026:20:08:43 +0000] "GET /wp-content/themes/woovina/assets/js/third/woo/woo-ajax-add-to-cart.min.js?ver=2.3 HTTP/2" 200 693 "https://rearbear.com/product/dixcy-scott-uno-rocker-vest/" "Lightpanda/1.0"
34.123.188.205 - - [01/Jul/2026:20:08:43 +0000] "GET /wp-content/themes/woovina/assets/js/third/woo/woo-floating-bar.min.js?ver=2.3 HTTP/2" 200 820 "https://rearbear.com/product/dixcy-scott-uno-rocker-vest/" "Lightpanda/1.0"
34.123.188.205 - - [01/Jul/2026:20:08:43 +0000] "GET /wp-content/themes/woovina/assets/js/third/woo/woo-mini-cart.min.js?ver=2.3 HTTP/2" 200 308 "https://rearbear.com/product/dixcy-scott-uno-rocker-vest/" "Lightpanda/1.0"
34.123.188.205 - - [01/Jul/2026:20:08:43 +0000] "GET /wp-includes/js/comment-reply.min.js?ver=7.0 HTTP/2" 200 1247 "https://rearbear.com/product/dixcy-scott-uno-rocker-vest/" "Lightpanda/1.0"
34.123.188.205 - - [01/Jul/2026:20:08:43 +0000] "GET /wp-content/themes/woovina/assets/js/third/woo/woo-scripts.min.js?ver=2.3 HTTP/2" 200 1134 "https://rearbear.com/product/dixcy-scott-uno-rocker-vest/" "Lightpanda/1.0"
34.123.188.205 - - [01/Jul/2026:20:08:43 +0000] "GET /wp-content/themes/woovina/assets/js/third/magnific-popup.min.js?ver=2.3 HTTP/2" 200 6862 "https://rearbear.com/product/dixcy-scott-uno-rocker-vest/" "Lightpanda/1.0"
34.123.188.205 - - [01/Jul/2026:20:08:43 +0000] "GET /wp-content/themes/woovina/assets/js/third/lightbox.min.js?ver=2.3 HTTP/2" 200 507 "https://rearbear.com/product/dixcy-scott-uno-rocker-vest/" "Lightpanda/1.0"
34.123.188.205 - - [01/Jul/2026:20:08:43 +0000] "GET /wp-content/themes/woovina/assets/js/third/jquery.plugin.min.js?ver=2.3 HTTP/2" 200 1366 "https://rearbear.com/product/dixcy-scott-uno-rocker-vest/" "Lightpanda/1.0"
34.123.188.205 - - [01/Jul/2026:20:08:43 +0000] "GET /wp-content/themes/woovina/assets/js/third/jquery.countdown.js?ver=2.3 HTTP/2" 200 9936 "https://rearbear.com/product/dixcy-scott-uno-rocker-vest/" "Lightpanda/1.0"
34.123.188.205 - - [01/Jul/2026:20:08:43 +0000] "GET /wp-content/themes/woovina/assets/js/third/mobile-navbar.js?ver=2.3 HTTP/2" 200 185 "https://rearbear.com/product/dixcy-scott-uno-rocker-vest/" "Lightpanda/1.0"
34.123.188.205 - - [01/Jul/2026:20:08:43 +0000] "GET /wp-content/themes/woovina/assets/js/main.min.js?ver=2.3 HTTP/2" 200 32152 "https://rearbear.com/product/dixcy-scott-uno-rocker-vest/" "Lightpanda/1.0"
34.123.188.205 - - [01/Jul/2026:20:08:43 +0000] "GET /wp-content/plugins/woocommerce/assets/js/sourcebuster/sourcebuster.min.js?ver=10.9.1 HTTP/2" 200 4609 "https://rearbear.com/product/dixcy-scott-uno-rocker-vest/" "Lightpanda/1.0"
34.123.188.205 - - [01/Jul/2026:20:08:43 +0000] "GET /wp-content/plugins/woocommerce/assets/js/frontend/order-attribution.min.js?ver=10.9.1 HTTP/2" 200 1020 "https://rearbear.com/product/dixcy-scott-uno-rocker-vest/" "Lightpanda/1.0"
34.123.188.205 - - [01/Jul/2026:20:08:43 +0000] "GET /wp-content/plugins/woovina-elementor-widgets/assets/js/search.min.js?ver=7.0 HTTP/2" 200 453 "https://rearbear.com/product/dixcy-scott-uno-rocker-vest/" "Lightpanda/1.0"
34.123.188.205 - - [01/Jul/2026:20:08:43 +0000] "GET /wp-content/plugins/elementor/assets/js/webpack.runtime.min.js?ver=4.1.4 HTTP/2" 200 2338 "https://rearbear.com/product/dixcy-scott-uno-rocker-vest/" "Lightpanda/1.0"
34.123.188.205 - - [01/Jul/2026:20:08:43 +0000] "GET /wp-content/plugins/elementor/assets/js/frontend-modules.min.js?ver=4.1.4 HTTP/2" 200 15445 "https://rearbear.com/product/dixcy-scott-uno-rocker-vest/" "Lightpanda/1.0"
34.123.188.205 - - [01/Jul/2026:20:08:43 +0000] "GET /wp-includes/js/jquery/ui/core.min.js?ver=1.13.3 HTTP/2" 200 6812 "https://rearbear.com/product/dixcy-scott-uno-rocker-vest/" "Lightpanda/1.0"
34.123.188.205 - - [01/Jul/2026:20:08:43 +0000] "GET /wp-content/plugins/elementor/assets/js/frontend.min.js?ver=4.1.4 HTTP/2" 200 10124 "https://rearbear.com/product/dixcy-scott-uno-rocker-vest/" "Lightpanda/1.0"
34.123.188.205 - - [01/Jul/2026:20:08:44 +0000] "GET /wp-content/plugins/woocommerce/assets/js/selectWoo/selectWoo.full.min.js?ver=1.0.9-wc.10.9.1 HTTP/2" 200 20246 "https://rearbear.com/product/dixcy-scott-uno-rocker-vest/" "Lightpanda/1.0"
34.123.188.205 - - [01/Jul/2026:20:08:44 +0000] "GET /wp-content/plugins/elementor/assets/lib/swiper/v8/swiper.min.js?ver=8.4.5 HTTP/2" 200 38152 "https://rearbear.com/product/dixcy-scott-uno-rocker-vest/" "Lightpanda/1.0"
34.123.188.205 - - [01/Jul/2026:20:08:44 +0000] "GET /wp-content/plugins/woocommerce/assets/js/frontend/cart-fragments.min.js?ver=10.9.1 HTTP/2" 200 943 "https://rearbear.com/product/dixcy-scott-uno-rocker-vest/" "Lightpanda/1.0"
34.123.188.205 - - [01/Jul/2026:20:08:44 +0000] "GET /wp-content/plugins/elementor/assets/lib/font-awesome/js/v4-shims.min.js?ver=4.1.4 HTTP/2" 200 4042 "https://rearbear.com/product/dixcy-scott-uno-rocker-vest/" "Lightpanda/1.0"
34.123.188.205 - - [01/Jul/2026:20:08:44 +0000] "GET /wp-content/plugins/woovina-elementor-widgets/assets/js/jquery.sticky.min.js?ver=3.0.0 HTTP/2" 200 1743 "https://rearbear.com/product/dixcy-scott-uno-rocker-vest/" "Lightpanda/1.0"
34.123.188.205 - - [01/Jul/2026:20:08:44 +0000] "GET /wp-content/plugins/woovina-elementor-widgets/assets/js/wew-frontend.min.js?ver=3.0.0 HTTP/2" 200 8610 "https://rearbear.com/product/dixcy-scott-uno-rocker-vest/" "Lightpanda/1.0"
34.123.188.205 - - [01/Jul/2026:20:08:44 +0000] "POST /wp-admin/admin-ajax.php HTTP/2" 200 0 "https://rearbear.com/product/dixcy-scott-uno-rocker-vest/" "Lightpanda/1.0"
34.123.188.205 - - [01/Jul/2026:20:08:44 +0000] "POST /?wc-ajax=get_default_gallery HTTP/2" 200 0 "https://rearbear.com/product/dixcy-scott-uno-rocker-vest/" "Lightpanda/1.0"
34.123.188.205 - - [01/Jul/2026:20:08:44 +0000] "POST /?wc-ajax=get_variation_gallery HTTP/2" 200 0 "https://rearbear.com/product/dixcy-scott-uno-rocker-vest/" "Lightpanda/1.0"
34.123.188.205 - - [01/Jul/2026:20:08:44 +0000] "POST /?wc-ajax=get_refreshed_fragments HTTP/2" 200 0 "https://rearbear.com/product/dixcy-scott-uno-rocker-vest/" "Lightpanda/1.0"
57.141.0.15 - - [01/Jul/2026:20:09:51 +0000] "GET /products/011644403038 HTTP/2" 404 155047 "-" "meta-externalagent/1.1 (+https://developers.facebook.com/docs/sharing/webmasters/crawler)"
40.77.167.6 - - [01/Jul/2026:20:09:53 +0000] "GET /products/425963731/ HTTP/2" 200 25826 "-" "Mozilla/5.0 AppleWebKit/537.36 (KHTML, like Gecko; compatible; bingbot/2.0; +http://www.bing.com/bingbot.htm) Chrome/116.0.1938.76 Safari/537.36"
40.77.167.6 - - [01/Jul/2026:20:09:57 +0000] "GET /products/39539658/ HTTP/2" 200 26260 "-" "Mozilla/5.0 AppleWebKit/537.36 (KHTML, like Gecko; compatible; bingbot/2.0; +http://www.bing.com/bingbot.htm) Chrome/116.0.1938.76 Safari/537.36"
40.77.167.6 - - [01/Jul/2026:20:09:59 +0000] "GET /products/260149558/ HTTP/2" 200 26381 "-" "Mozilla/5.0 AppleWebKit/537.36 (KHTML, like Gecko; compatible; bingbot/2.0; +http://www.bing.com/bingbot.htm) Chrome/116.0.1938.76 Safari/537.36"
70.111.211.108 - - [01/Jul/2026:20:04:41 +0000] "GET /products/37944631/ HTTP/1.1" 301 0 "-" "Opera/9.17.(X11; Linux x86_64; nn-NO) Presto/2.9.190 Version/10.00"
74.80.146.93 - - [01/Jul/2026:20:04:50 +0000] "GET /products/37944631/ HTTP/1.1" 404 33743 "-" "Mozilla/5.0 (Android 2.2.1; Mobile; rv:43.0) Gecko/43.0 Firefox/43.0"
57.141.0.26 - - [01/Jul/2026:20:05:15 +0000] "GET /products/01789203176 HTTP/2" 404 155047 "-" "meta-externalagent/1.1 (+https://developers.facebook.com/docs/sharing/webmasters/crawler)"
57.141.0.39 - - [01/Jul/2026:20:05:31 +0000] "GET /products/012919725817 HTTP/2" 404 155047 "-" "meta-externalagent/1.1 (+https://developers.facebook.com/docs/sharing/webmasters/crawler)"
66.249.74.43 - - [01/Jul/2026:20:06:01 +0000] "GET /products/165235358/ HTTP/1.1" 200 25388 "-" "Mozilla/5.0 (Linux; Android 6.0.1; Nexus 5X Build/MMB29P) AppleWebKit/537.36 (KHTML, like Gecko) Chrome/149.0.7827.200 Mobile Safari/537.36 (compatible; Googlebot/2.1; +http://www.google.com/bot.html)"
57.141.0.28 - - [01/Jul/2026:20:06:41 +0000] "GET /products/012710826697 HTTP/2" 404 155047 "-" "meta-externalagent/1.1 (+https://developers.facebook.com/docs/sharing/webmasters/crawler)"
57.141.0.36 - - [01/Jul/2026:20:06:50 +0000] "GET /products/012455524418 HTTP/2" 404 155047 "-" "meta-externalagent/1.1 (+https://developers.facebook.com/docs/sharing/webmasters/crawler)"
66.249.74.33 - - [01/Jul/2026:20:07:18 +0000] "GET /products/132885031/ HTTP/1.1" 200 25744 "-" "Mozilla/5.0 (Linux; Android 6.0.1; Nexus 5X Build/MMB29P) AppleWebKit/537.36 (KHTML, like Gecko) Chrome/149.0.7827.200 Mobile Safari/537.36 (compatible; Googlebot/2.1; +http://www.google.com/bot.html)"
169.38.102.162 - - [01/Jul/2026:20:07:23 +0000] "GET /wp-login.php HTTP/2" 200 1975 "-" "Mozilla/5.0 (Windows NT 10.0; Win64; x64; rv:133.0) Gecko/20100101 Firefox/133.0"
169.38.102.162 - - [01/Jul/2026:20:07:25 +0000] "POST /wp-login.php HTTP/2" 200 2151 "https://rearbear.com/wp-login.php" "Mozilla/5.0 (Windows NT 10.0; Win64; x64; rv:133.0) Gecko/20100101 Firefox/133.0"
66.249.74.43 - - [01/Jul/2026:20:07:31 +0000] "GET /products/237802758/ HTTP/1.1" 200 25638 "-" "Mozilla/5.0 (Linux; Android 6.0.1; Nexus 5X Build/MMB29P) AppleWebKit/537.36 (KHTML, like Gecko) Chrome/149.0.7827.200 Mobile Safari/537.36 (compatible; Googlebot/2.1; +http://www.google.com/bot.html)"
57.141.0.21 - - [01/Jul/2026:20:07:42 +0000] "GET /products/011512583454 HTTP/2" 404 155047 "-" "meta-externalagent/1.1 (+https://developers.facebook.com/docs/sharing/webmasters/crawler)"
207.46.13.154 - - [01/Jul/2026:20:09:45 +0000] "GET /products/99183331/ HTTP/2" 200 25393 "-" "Mozilla/5.0 AppleWebKit/537.36 (KHTML, like Gecko; compatible; bingbot/2.0; +http://www.bing.com/bingbot.htm) Chrome/116.0.1938.76 Safari/537.36"
207.46.13.154 - - [01/Jul/2026:20:09:49 +0000] "GET /products/63554231/ HTTP/2" 200 25930 "-" "Mozilla/5.0 AppleWebKit/537.36 (KHTML, like Gecko; compatible; bingbot/2.0; +http://www.bing.com/bingbot.htm) Chrome/116.0.1938.76 Safari/537.36"
66.249.74.43 - - [01/Jul/2026:20:09:51 +0000] "GET /products/19004231/ HTTP/1.1" 200 26365 "-" "Mozilla/5.0 (Linux; Android 6.0.1; Nexus 5X Build/MMB29P) AppleWebKit/537.36 (KHTML, like Gecko) Chrome/149.0.7827.200 Mobile Safari/537.36 (compatible; Googlebot/2.1; +http://www.google.com/bot.html)"
207.46.13.154 - - [01/Jul/2026:20:09:51 +0000] "GET /products/190470831/ HTTP/2" 200 25879 "-" "Mozilla/5.0 AppleWebKit/537.36 (KHTML, like Gecko; compatible; bingbot/2.0; +http://www.bing.com/bingbot.htm) Chrome/116.0.1938.76 Safari/537.36"
52.167.144.214 - - [01/Jul/2026:20:09:53 +0000] "GET /products/71264858/ HTTP/2" 200 25752 "-" "Mozilla/5.0 AppleWebKit/537.36 (KHTML, like Gecko; compatible; bingbot/2.0; +http://www.bing.com/bingbot.htm) Chrome/116.0.1938.76 Safari/537.36"
207.46.13.154 - - [01/Jul/2026:20:10:40 +0000] "GET /products/135427631/ HTTP/2" 200 25963 "-" "Mozilla/5.0 AppleWebKit/537.36 (KHTML, like Gecko; compatible; bingbot/2.0; +http://www.bing.com/bingbot.htm) Chrome/116.0.1938.76 Safari/537.36"
207.46.13.154 - - [01/Jul/2026:20:10:44 +0000] "GET /products/127004131/ HTTP/2" 200 27000 "-" "Mozilla/5.0 AppleWebKit/537.36 (KHTML, like Gecko; compatible; bingbot/2.0; +http://www.bing.com/bingbot.htm) Chrome/116.0.1938.76 Safari/537.36"
207.46.13.154 - - [01/Jul/2026:20:10:46 +0000] "GET /products/67064031/ HTTP/2" 200 26075 "-" "Mozilla/5.0 AppleWebKit/537.36 (KHTML, like Gecko; compatible; bingbot/2.0; +http://www.bing.com/bingbot.htm) Chrome/116.0.1938.76 Safari/537.36"
207.46.13.154 - - [01/Jul/2026:20:10:49 +0000] "GET /products/441908931/ HTTP/2" 200 26743 "-" "Mozilla/5.0 AppleWebKit/537.36 (KHTML, like Gecko; compatible; bingbot/2.0; +http://www.bing.com/bingbot.htm) Chrome/116.0.1938.76 Safari/537.36"
207.46.13.154 - - [01/Jul/2026:20:10:52 +0000] "GET /products/97547258/ HTTP/2" 200 26648 "-" "Mozilla/5.0 AppleWebKit/537.36 (KHTML, like Gecko; compatible; bingbot/2.0; +http://www.bing.com/bingbot.htm) Chrome/116.0.1938.76 Safari/537.36"
207.46.13.154 - - [01/Jul/2026:20:10:55 +0000] "GET /products/14811031/ HTTP/2" 200 27510 "-" "Mozilla/5.0 AppleWebKit/537.36 (KHTML, like Gecko; compatible; bingbot/2.0; +http://www.bing.com/bingbot.htm) Chrome/116.0.1938.76 Safari/537.36"
40.77.167.6 - - [01/Jul/2026:20:10:02 +0000] "GET /products/12207153/ HTTP/2" 200 27145 "-" "Mozilla/5.0 AppleWebKit/537.36 (KHTML, like Gecko; compatible; bingbot/2.0; +http://www.bing.com/bingbot.htm) Chrome/116.0.1938.76 Safari/537.36"
40.77.167.6 - - [01/Jul/2026:20:10:05 +0000] "GET /products/358842031/ HTTP/2" 200 26793 "-" "Mozilla/5.0 AppleWebKit/537.36 (KHTML, like Gecko; compatible; bingbot/2.0; +http://www.bing.com/bingbot.htm) Chrome/116.0.1938.76 Safari/537.36"
40.77.167.6 - - [01/Jul/2026:20:10:08 +0000] "GET /products/433687731/ HTTP/2" 200 26046 "-" "Mozilla/5.0 AppleWebKit/537.36 (KHTML, like Gecko; compatible; bingbot/2.0; +http://www.bing.com/bingbot.htm) Chrome/116.0.1938.76 Safari/537.36"
40.77.167.6 - - [01/Jul/2026:20:10:11 +0000] "GET /products/63297253/ HTTP/2" 200 26339 "-" "Mozilla/5.0 AppleWebKit/537.36 (KHTML, like Gecko; compatible; bingbot/2.0; +http://www.bing.com/bingbot.htm) Chrome/116.0.1938.76 Safari/537.36"
40.77.167.6 - - [01/Jul/2026:20:10:14 +0000] "GET /products/399486731/ HTTP/2" 200 26340 "-" "Mozilla/5.0 AppleWebKit/537.36 (KHTML, like Gecko; compatible; bingbot/2.0; +http://www.bing.com/bingbot.htm) Chrome/116.0.1938.76 Safari/537.36"
66.249.74.43 - - [01/Jul/2026:20:10:18 +0000] "GET /products/463933631/ HTTP/1.1" 200 25879 "-" "Mozilla/5.0 (Linux; Android 6.0.1; Nexus 5X Build/MMB29P) AppleWebKit/537.36 (KHTML, like Gecko) Chrome/149.0.7827.200 Mobile Safari/537.36 (compatible; Googlebot/2.1; +http://www.google.com/bot.html)"
40.77.167.6 - - [01/Jul/2026:20:10:20 +0000] "GET /products/316921431/ HTTP/2" 200 25711 "-" "Mozilla/5.0 AppleWebKit/537.36 (KHTML, like Gecko; compatible; bingbot/2.0; +http://www.bing.com/bingbot.htm) Chrome/116.0.1938.76 Safari/537.36"
52.167.144.214 - - [01/Jul/2026:20:10:26 +0000] "GET /products/501383731/ HTTP/2" 200 26977 "-" "Mozilla/5.0 AppleWebKit/537.36 (KHTML, like Gecko; compatible; bingbot/2.0; +http://www.bing.com/bingbot.htm) Chrome/116.0.1938.76 Safari/537.36"
52.167.144.214 - - [01/Jul/2026:20:10:28 +0000] "GET /products/156047258/ HTTP/2" 200 25975 "-" "Mozilla/5.0 AppleWebKit/537.36 (KHTML, like Gecko; compatible; bingbot/2.0; +http://www.bing.com/bingbot.htm) Chrome/116.0.1938.76 Safari/537.36"
52.167.144.214 - - [01/Jul/2026:20:10:31 +0000] "GET /products/307390131/ HTTP/2" 200 27056 "-" "Mozilla/5.0 AppleWebKit/537.36 (KHTML, like Gecko; compatible; bingbot/2.0; +http://www.bing.com/bingbot.htm) Chrome/116.0.1938.76 Safari/537.36"
52.167.144.214 - - [01/Jul/2026:20:10:34 +0000] "GET /products/27747453/ HTTP/2" 200 25677 "-" "Mozilla/5.0 AppleWebKit/537.36 (KHTML, like Gecko; compatible; bingbot/2.0; +http://www.bing.com/bingbot.htm) Chrome/116.0.1938.76 Safari/537.36"
52.167.144.214 - - [01/Jul/2026:20:10:37 +0000] "GET /products/129182331/ HTTP/2" 200 24860 "-" "Mozilla/5.0 AppleWebKit/537.36 (KHTML, like Gecko; compatible; bingbot/2.0; +http://www.bing.com/bingbot.htm) Chrome/116.0.1938.76 Safari/537.36"
57.141.0.32 - - [01/Jul/2026:20:10:53 +0000] "GET /products/01556705500 HTTP/2" 404 155047 "-" "meta-externalagent/1.1 (+https://developers.facebook.com/docs/sharing/webmasters/crawler)"
40.77.167.151 - - [01/Jul/2026:20:11:12 +0000] "GET /products/51707453/ HTTP/2" 200 26157 "-" "Mozilla/5.0 AppleWebKit/537.36 (KHTML, like Gecko; compatible; bingbot/2.0; +http://www.bing.com/bingbot.htm) Chrome/116.0.1938.76 Safari/537.36"
66.249.74.33 - - [01/Jul/2026:20:12:00 +0000] "GET /products/242341958/ HTTP/1.1" 200 26680 "-" "Mozilla/5.0 (Linux; Android 6.0.1; Nexus 5X Build/MMB29P) AppleWebKit/537.36 (KHTML, like Gecko) Chrome/149.0.7827.200 Mobile Safari/537.36 (compatible; Googlebot/2.1; +http://www.google.com/bot.html)"
57.141.0.51 - - [01/Jul/2026:20:13:17 +0000] "GET /products/014144672446 HTTP/2" 404 155047 "-" "meta-externalagent/1.1 (+https://developers.facebook.com/docs/sharing/webmasters/crawler)"
57.141.0.24 - - [01/Jul/2026:20:13:33 +0000] "GET /products/012173337824 HTTP/2" 404 155047 "-" "meta-externalagent/1.1 (+https://developers.facebook.com/docs/sharing/webmasters/crawler)"
66.249.74.32 - - [01/Jul/2026:20:13:36 +0000] "GET /products/263360077267 HTTP/1.1" 200 26665 "-" "Mozilla/5.0 (Linux; Android 6.0.1; Nexus 5X Build/MMB29P) AppleWebKit/537.36 (KHTML, like Gecko) Chrome/149.0.7827.200 Mobile Safari/537.36 (compatible; Googlebot/2.1; +http://www.google.com/bot.html)"
66.249.74.43 - - [01/Jul/2026:20:13:51 +0000] "GET /products/338964431/ HTTP/1.1" 200 25580 "-" "Mozilla/5.0 (Linux; Android 6.0.1; Nexus 5X Build/MMB29P) AppleWebKit/537.36 (KHTML, like Gecko) Chrome/149.0.7827.200 Mobile Safari/537.36 (compatible; Googlebot/2.1; +http://www.google.com/bot.html)"
66.249.74.43 - - [01/Jul/2026:20:14:18 +0000] "GET /products/477969331/ HTTP/1.1" 200 25934 "-" "Mozilla/5.0 (Linux; Android 6.0.1; Nexus 5X Build/MMB29P) AppleWebKit/537.36 (KHTML, like Gecko) Chrome/149.0.7827.200 Mobile Safari/537.36 (compatible; Googlebot/2.1; +http://www.google.com/bot.html)"
57.141.0.37 - - [01/Jul/2026:20:16:13 +0000] "GET /products/012040748984 HTTP/2" 404 155047 "-" "meta-externalagent/1.1 (+https://developers.facebook.com/docs/sharing/webmasters/crawler)"
57.141.0.25 - - [01/Jul/2026:20:16:55 +0000] "GET /products/013704577264 HTTP/2" 404 155047 "-" "meta-externalagent/1.1 (+https://developers.facebook.com/docs/sharing/webmasters/crawler)"
52.167.144.214 - - [01/Jul/2026:20:18:29 +0000] "GET /products/306884831/ HTTP/2" 200 26547 "-" "Mozilla/5.0 AppleWebKit/537.36 (KHTML, like Gecko; compatible; bingbot/2.0; +http://www.bing.com/bingbot.htm) Chrome/116.0.1938.76 Safari/537.36"
146.19.125.66 - - [01/Jul/2026:20:19:54 +0000] "GET /my-account-2/ HTTP/1.0" 200 176437 "https://rearbear.com/my-account-2/" "Mozilla/5.0 (Windows NT 10.0; Win64; x64) AppleWebKit/537.36 (KHTML, like Gecko) Chrome/131.0.0.0 Safari/537.36"
223.109.252.210 - - [01/Jul/2026:20:20:27 +0000] "GET /product/enamor-ab75-bra/ HTTP/1.1" 200 48529 "-" "Sogou web spider/4.0(+http://www.sogou.com/docs/help/webmasters.htm#07)"
40.77.167.75 - - [01/Jul/2026:20:21:07 +0000] "GET /products/194351031/ HTTP/2" 200 26008 "-" "Mozilla/5.0 AppleWebKit/537.36 (KHTML, like Gecko; compatible; bingbot/2.0; +http://www.bing.com/bingbot.htm) Chrome/116.0.1938.76 Safari/537.36"
40.77.167.75 - - [01/Jul/2026:20:21:11 +0000] "GET /products/450790231/ HTTP/2" 200 26320 "-" "Mozilla/5.0 AppleWebKit/537.36 (KHTML, like Gecko; compatible; bingbot/2.0; +http://www.bing.com/bingbot.htm) Chrome/116.0.1938.76 Safari/537.36"
40.77.167.75 - - [01/Jul/2026:20:21:13 +0000] "GET /products/73787658/ HTTP/2" 200 25585 "-" "Mozilla/5.0 AppleWebKit/537.36 (KHTML, like Gecko; compatible; bingbot/2.0; +http://www.bing.com/bingbot.htm) Chrome/116.0.1938.76 Safari/537.36"
40.77.167.75 - - [01/Jul/2026:20:21:15 +0000] "GET /products/485814931/ HTTP/2" 200 26366 "-" "Mozilla/5.0 AppleWebKit/537.36 (KHTML, like Gecko; compatible; bingbot/2.0; +http://www.bing.com/bingbot.htm) Chrome/116.0.1938.76 Safari/537.36"
40.77.167.75 - - [01/Jul/2026:20:21:18 +0000] "GET /products/129055231/ HTTP/2" 200 26201 "-" "Mozilla/5.0 AppleWebKit/537.36 (KHTML, like Gecko; compatible; bingbot/2.0; +http://www.bing.com/bingbot.htm) Chrome/116.0.1938.76 Safari/537.36"
207.46.13.155 - - [01/Jul/2026:20:21:22 +0000] "GET /products/390240531/ HTTP/2" 200 27184 "-" "Mozilla/5.0 AppleWebKit/537.36 (KHTML, like Gecko; compatible; bingbot/2.0; +http://www.bing.com/bingbot.htm) Chrome/116.0.1938.76 Safari/537.36"
207.46.13.155 - - [01/Jul/2026:20:21:25 +0000] "GET /products/94047458/ HTTP/2" 200 25755 "-" "Mozilla/5.0 AppleWebKit/537.36 (KHTML, like Gecko; compatible; bingbot/2.0; +http://www.bing.com/bingbot.htm) Chrome/116.0.1938.76 Safari/537.36"
207.46.13.155 - - [01/Jul/2026:20:21:28 +0000] "GET /pages.php?products/5269286/ HTTP/2" 200 26525 "-" "Mozilla/5.0 AppleWebKit/537.36 (KHTML, like Gecko; compatible; bingbot/2.0; +http://www.bing.com/bingbot.htm) Chrome/116.0.1938.76 Safari/537.36"
207.46.13.155 - - [01/Jul/2026:20:21:31 +0000] "GET /products/247845531/ HTTP/2" 200 26767 "-" "Mozilla/5.0 AppleWebKit/537.36 (KHTML, like Gecko; compatible; bingbot/2.0; +http://www.bing.com/bingbot.htm) Chrome/116.0.1938.76 Safari/537.36"
207.46.13.155 - - [01/Jul/2026:20:21:34 +0000] "GET /products/196429258/ HTTP/2" 200 25500 "-" "Mozilla/5.0 AppleWebKit/537.36 (KHTML, like Gecko; compatible; bingbot/2.0; +http://www.bing.com/bingbot.htm) Chrome/116.0.1938.76 Safari/537.36"
207.46.13.155 - - [01/Jul/2026:20:21:37 +0000] "GET /products/464948131/ HTTP/2" 200 26319 "-" "Mozilla/5.0 AppleWebKit/537.36 (KHTML, like Gecko; compatible; bingbot/2.0; +http://www.bing.com/bingbot.htm) Chrome/116.0.1938.76 Safari/537.36"
57.141.0.26 - - [01/Jul/2026:20:21:37 +0000] "GET /products/012458901091 HTTP/2" 404 155047 "-" "meta-externalagent/1.1 (+https://developers.facebook.com/docs/sharing/webmasters/crawler)"
40.77.167.75 - - [01/Jul/2026:20:21:40 +0000] "GET /products/243684358/ HTTP/2" 200 25390 "-" "Mozilla/5.0 AppleWebKit/537.36 (KHTML, like Gecko; compatible; bingbot/2.0; +http://www.bing.com/bingbot.htm) Chrome/116.0.1938.76 Safari/537.36"
40.77.167.75 - - [01/Jul/2026:20:21:43 +0000] "GET /products/365600631/ HTTP/2" 200 28695 "-" "Mozilla/5.0 AppleWebKit/537.36 (KHTML, like Gecko; compatible; bingbot/2.0; +http://www.bing.com/bingbot.htm) Chrome/116.0.1938.76 Safari/537.36"
57.141.0.22 - - [01/Jul/2026:20:21:43 +0000] "GET /products/012510242209 HTTP/2" 404 155047 "-" "meta-externalagent/1.1 (+https://developers.facebook.com/docs/sharing/webmasters/crawler)"
40.77.167.75 - - [01/Jul/2026:20:21:45 +0000] "GET /products/432340931/ HTTP/2" 200 25625 "-" "Mozilla/5.0 AppleWebKit/537.36 (KHTML, like Gecko; compatible; bingbot/2.0; +http://www.bing.com/bingbot.htm) Chrome/116.0.1938.76 Safari/537.36"
40.77.167.75 - - [01/Jul/2026:20:21:48 +0000] "GET /products/356339931/ HTTP/2" 200 26044 "-" "Mozilla/5.0 AppleWebKit/537.36 (KHTML, like Gecko; compatible; bingbot/2.0; +http://www.bing.com/bingbot.htm) Chrome/116.0.1938.76 Safari/537.36"
207.46.13.155 - - [01/Jul/2026:20:21:52 +0000] "GET /products/489124031/ HTTP/2" 200 26390 "-" "Mozilla/5.0 AppleWebKit/537.36 (KHTML, like Gecko; compatible; bingbot/2.0; +http://www.bing.com/bingbot.htm) Chrome/116.0.1938.76 Safari/537.36"
207.46.13.155 - - [01/Jul/2026:20:21:56 +0000] "GET /products/258866331/ HTTP/2" 200 27158 "-" "Mozilla/5.0 AppleWebKit/537.36 (KHTML, like Gecko; compatible; bingbot/2.0; +http://www.bing.com/bingbot.htm) Chrome/116.0.1938.76 Safari/537.36"
66.249.74.43 - - [01/Jul/2026:20:21:56 +0000] "GET /products/23048631/ HTTP/1.1" 200 25521 "-" "Mozilla/5.0 (Linux; Android 6.0.1; Nexus 5X Build/MMB29P) AppleWebKit/537.36 (KHTML, like Gecko) Chrome/149.0.7827.200 Mobile Safari/537.36 (compatible; Googlebot/2.1; +http://www.google.com/bot.html)"
207.46.13.155 - - [01/Jul/2026:20:21:58 +0000] "GET /products/149084131/ HTTP/2" 200 25722 "-" "Mozilla/5.0 AppleWebKit/537.36 (KHTML, like Gecko; compatible; bingbot/2.0; +http://www.bing.com/bingbot.htm) Chrome/116.0.1938.76 Safari/537.36"
207.46.13.155 - - [01/Jul/2026:20:22:01 +0000] "GET /products/95357131/ HTTP/2" 200 25768 "-" "Mozilla/5.0 AppleWebKit/537.36 (KHTML, like Gecko; compatible; bingbot/2.0; +http://www.bing.com/bingbot.htm) Chrome/116.0.1938.76 Safari/537.36"
207.46.13.155 - - [01/Jul/2026:20:22:04 +0000] "GET /products/36892131/ HTTP/2" 200 26803 "-" "Mozilla/5.0 AppleWebKit/537.36 (KHTML, like Gecko; compatible; bingbot/2.0; +http://www.bing.com/bingbot.htm) Chrome/116.0.1938.76 Safari/537.36"
138.246.253.24 - - [01/Jul/2026:20:13:32 +0000] "GET /robots.txt HTTP/1.1" 400 52 "-" "Mozilla/5.0 (Windows NT 10.0; Win64; x64) AppleWebKit/537.36 (KHTML, like Gecko) Chrome/103.0.5060.134 Safari/537.36"
20.194.4.121 - - [01/Jul/2026:20:13:36 +0000] "GET /wp-content/plugins/fix/up.php HTTP/1.1" 404 38485 "-" "Mozilla/5.0 (Windows NT 10.0; Win64; x64) AppleWebKit/537.36 (KHTML, like Gecko) Chrome/85.0.4183.102 Safari/537.36"
66.249.74.33 - - [01/Jul/2026:20:14:12 +0000] "GET /products/141678031/ HTTP/1.1" 200 25825 "-" "Mozilla/5.0 (Linux; Android 6.0.1; Nexus 5X Build/MMB29P) AppleWebKit/537.36 (KHTML, like Gecko) Chrome/149.0.7827.200 Mobile Safari/537.36 (compatible; Googlebot/2.1; +http://www.google.com/bot.html)"
66.249.74.43 - - [01/Jul/2026:20:15:45 +0000] "GET /products/44496631/ HTTP/1.1" 200 25567 "-" "Mozilla/5.0 (Linux; Android 6.0.1; Nexus 5X Build/MMB29P) AppleWebKit/537.36 (KHTML, like Gecko) Chrome/149.0.7827.200 Mobile Safari/537.36 (compatible; Googlebot/2.1; +http://www.google.com/bot.html)"
66.249.74.32 - - [01/Jul/2026:20:17:19 +0000] "GET /products/70506353/ HTTP/1.1" 200 25507 "-" "Mozilla/5.0 (Linux; Android 6.0.1; Nexus 5X Build/MMB29P) AppleWebKit/537.36 (KHTML, like Gecko) Chrome/149.0.7827.200 Mobile Safari/537.36 (compatible; Googlebot/2.1; +http://www.google.com/bot.html)"
112.86.225.104 - - [01/Jul/2026:20:17:53 +0000] "GET /product/enamor-cr02-pantiespack-of-3/ HTTP/1.1" 200 46662 "-" "Sogou web spider/4.0(+http://www.sogou.com/docs/help/webmasters.htm#07)"
66.249.74.43 - - [01/Jul/2026:20:17:59 +0000] "GET /products/124335031/ HTTP/1.1" 200 27122 "-" "Mozilla/5.0 (Linux; Android 6.0.1; Nexus 5X Build/MMB29P) AppleWebKit/537.36 (KHTML, like Gecko) Chrome/149.0.7827.200 Mobile Safari/537.36 (compatible; Googlebot/2.1; +http://www.google.com/bot.html)"
112.86.225.95 - - [01/Jul/2026:20:19:04 +0000] "GET /product-tag/macroman/?products-per-page=12 HTTP/1.1" 200 42111 "-" "Sogou web spider/4.0(+http://www.sogou.com/docs/help/webmasters.htm#07)"
112.86.225.185 - - [01/Jul/2026:20:20:31 +0000] "GET /privacy-policy-2/ HTTP/1.1" 200 46570 "-" "Sogou web spider/4.0(+http://www.sogou.com/docs/help/webmasters.htm#07)"
52.167.144.193 - - [01/Jul/2026:20:20:55 +0000] "GET /products/349884631/ HTTP/2" 200 25284 "-" "Mozilla/5.0 AppleWebKit/537.36 (KHTML, like Gecko; compatible; bingbot/2.0; +http://www.bing.com/bingbot.htm) Chrome/116.0.1938.76 Safari/537.36"
52.167.144.193 - - [01/Jul/2026:20:20:57 +0000] "GET /products/91595958/ HTTP/2" 200 25864 "-" "Mozilla/5.0 AppleWebKit/537.36 (KHTML, like Gecko; compatible; bingbot/2.0; +http://www.bing.com/bingbot.htm) Chrome/116.0.1938.76 Safari/537.36"
131.72.171.229 - - [01/Jul/2026:20:20:59 +0000] "GET /product-tag/vip-regel/ HTTP/1.1" 200 41144 "-" "Mozilla/5.0 (Macintosh; Intel Mac OS X 14_4_1) AppleWebKit/537.36 (KHTML, like Gecko) Chrome/124.0.6367.207 Safari/537.36"
52.167.144.193 - - [01/Jul/2026:20:21:00 +0000] "GET /products/32056731/ HTTP/2" 200 26592 "-" "Mozilla/5.0 AppleWebKit/537.36 (KHTML, like Gecko; compatible; bingbot/2.0; +http://www.bing.com/bingbot.htm) Chrome/116.0.1938.76 Safari/537.36"
52.167.144.193 - - [01/Jul/2026:20:21:03 +0000] "GET /products/58873958/ HTTP/2" 200 26434 "-" "Mozilla/5.0 AppleWebKit/537.36 (KHTML, like Gecko; compatible; bingbot/2.0; +http://www.bing.com/bingbot.htm) Chrome/116.0.1938.76 Safari/537.36"
66.249.74.32 - - [01/Jul/2026:20:21:44 +0000] "GET /products/285971331/ HTTP/1.1" 200 26225 "-" "Mozilla/5.0 (Linux; Android 6.0.1; Nexus 5X Build/MMB29P) AppleWebKit/537.36 (KHTML, like Gecko) Chrome/149.0.7827.200 Mobile Safari/537.36 (compatible; Googlebot/2.1; +http://www.google.com/bot.html)"
52.167.144.193 - - [01/Jul/2026:20:22:06 +0000] "GET /products/161078131/ HTTP/2" 200 25709 "-" "Mozilla/5.0 AppleWebKit/537.36 (KHTML, like Gecko; compatible; bingbot/2.0; +http://www.bing.com/bingbot.htm) Chrome/116.0.1938.76 Safari/537.36"
52.167.144.193 - - [01/Jul/2026:20:22:10 +0000] "GET /products/239497358/ HTTP/2" 200 26697 "-" "Mozilla/5.0 AppleWebKit/537.36 (KHTML, like Gecko; compatible; bingbot/2.0; +http://www.bing.com/bingbot.htm) Chrome/116.0.1938.76 Safari/537.36"
52.167.144.193 - - [01/Jul/2026:20:22:13 +0000] "GET /products/189319131/ HTTP/2" 200 25595 "-" "Mozilla/5.0 AppleWebKit/537.36 (KHTML, like Gecko; compatible; bingbot/2.0; +http://www.bing.com/bingbot.htm) Chrome/116.0.1938.76 Safari/537.36"
52.167.144.193 - - [01/Jul/2026:20:22:16 +0000] "GET /products/228141258/ HTTP/2" 200 26565 "-" "Mozilla/5.0 AppleWebKit/537.36 (KHTML, like Gecko; compatible; bingbot/2.0; +http://www.bing.com/bingbot.htm) Chrome/116.0.1938.76 Safari/537.36"
52.167.144.193 - - [01/Jul/2026:20:22:19 +0000] "GET /products/390054331/ HTTP/2" 200 26171 "-" "Mozilla/5.0 AppleWebKit/537.36 (KHTML, like Gecko; compatible; bingbot/2.0; +http://www.bing.com/bingbot.htm) Chrome/116.0.1938.76 Safari/537.36"
52.167.144.193 - - [01/Jul/2026:20:22:22 +0000] "GET /products/89279831/ HTTP/2" 200 26356 "-" "Mozilla/5.0 AppleWebKit/537.36 (KHTML, like Gecko; compatible; bingbot/2.0; +http://www.bing.com/bingbot.htm) Chrome/116.0.1938.76 Safari/537.36"
52.167.144.193 - - [01/Jul/2026:20:22:25 +0000] "GET /products/99040831/ HTTP/2" 200 26158 "-" "Mozilla/5.0 AppleWebKit/537.36 (KHTML, like Gecko; compatible; bingbot/2.0; +http://www.bing.com/bingbot.htm) Chrome/116.0.1938.76 Safari/537.36"
52.167.144.193 - - [01/Jul/2026:20:22:28 +0000] "GET /products/130332531/ HTTP/2" 200 26594 "-" "Mozilla/5.0 AppleWebKit/537.36 (KHTML, like Gecko; compatible; bingbot/2.0; +http://www.bing.com/bingbot.htm) Chrome/116.0.1938.76 Safari/537.36"
52.167.144.193 - - [01/Jul/2026:20:22:31 +0000] "GET /products/41908653/ HTTP/2" 200 25598 "-" "Mozilla/5.0 AppleWebKit/537.36 (KHTML, like Gecko; compatible; bingbot/2.0; +http://www.bing.com/bingbot.htm) Chrome/116.0.1938.76 Safari/537.36"
52.167.144.193 - - [01/Jul/2026:20:22:34 +0000] "GET /products/422766831/ HTTP/2" 200 26985 "-" "Mozilla/5.0 AppleWebKit/537.36 (KHTML, like Gecko; compatible; bingbot/2.0; +http://www.bing.com/bingbot.htm) Chrome/116.0.1938.76 Safari/537.36"
66.249.74.33 - - [01/Jul/2026:20:23:19 +0000] "GET /products/441382837924 HTTP/1.1" 200 25984 "-" "Mozilla/5.0 (Linux; Android 6.0.1; Nexus 5X Build/MMB29P) AppleWebKit/537.36 (KHTML, like Gecko) Chrome/149.0.7827.200 Mobile Safari/537.36 (compatible; Googlebot/2.1; +http://www.google.com/bot.html)"
57.141.0.18 - - [01/Jul/2026:20:23:23 +0000] "GET /products/011388493578 HTTP/2" 404 155047 "-" "meta-externalagent/1.1 (+https://developers.facebook.com/docs/sharing/webmasters/crawler)"
39.34.163.79 - - [01/Jul/2026:20:24:43 +0000] "GET /?r=list-156095358 HTTP/2" 301 0 "https://www.rearbear.com" "Mozilla/5.0 (Macintosh; Intel Mac OS X 10_15_7) AppleWebKit/537.36 (KHTML, like Gecko) Chrome/144.0.0.0 Safari/537.36"
176.109.173.143 - - [01/Jul/2026:20:25:01 +0000] "GET /?r=list-156095358 HTTP/2" 200 0 "https://www.rearbear.com/?r=list-156095358#sidr-id-mobile-mainmenu" "Mozilla/5.0 (Macintosh; Intel Mac OS X 10_15_7) AppleWebKit/537.36 (KHTML, like Gecko) Chrome/144.0.0.0 Safari/537.36"
207.46.13.155 - - [01/Jul/2026:20:25:09 +0000] "GET /products/371240131/ HTTP/2" 200 26757 "-" "Mozilla/5.0 AppleWebKit/537.36 (KHTML, like Gecko; compatible; bingbot/2.0; +http://www.bing.com/bingbot.htm) Chrome/116.0.1938.76 Safari/537.36"
213.5.254.87 - - [01/Jul/2026:20:25:10 +0000] "GET /?r=list-156095358 HTTP/2" 301 0 "https://www.rearbear.com" "Mozilla/5.0 (Macintosh; Intel Mac OS X 10_15_7) AppleWebKit/537.36 (KHTML, like Gecko) Chrome/144.0.0.0 Safari/537.36"
40.77.167.75 - - [01/Jul/2026:20:25:14 +0000] "GET /products/254216258/ HTTP/2" 200 26417 "-" "Mozilla/5.0 AppleWebKit/537.36 (KHTML, like Gecko; compatible; bingbot/2.0; +http://www.bing.com/bingbot.htm) Chrome/116.0.1938.76 Safari/537.36"
113.160.142.119 - - [01/Jul/2026:20:22:08 +0000] "GET /wp-login.php HTTP/2" 200 1975 "-" "Mozilla/5.0 (Macintosh; Intel Mac OS X 11_7_10) AppleWebKit/537.36 (KHTML, like Gecko) Chrome/133.0.0.0 Safari/537.36"
113.160.142.119 - - [01/Jul/2026:20:22:09 +0000] "POST /wp-login.php HTTP/2" 200 2154 "https://rearbear.com/wp-login.php" "Mozilla/5.0 (Macintosh; Intel Mac OS X 11_7_10) AppleWebKit/537.36 (KHTML, like Gecko) Chrome/133.0.0.0 Safari/537.36"
52.167.144.193 - - [01/Jul/2026:20:22:37 +0000] "GET /products/169248331/ HTTP/2" 200 25782 "-" "Mozilla/5.0 AppleWebKit/537.36 (KHTML, like Gecko; compatible; bingbot/2.0; +http://www.bing.com/bingbot.htm) Chrome/116.0.1938.76 Safari/537.36"
57.141.0.32 - - [01/Jul/2026:20:24:15 +0000] "GET /products/013106435241 HTTP/2" 404 155047 "-" "meta-externalagent/1.1 (+https://developers.facebook.com/docs/sharing/webmasters/crawler)"
207.46.13.155 - - [01/Jul/2026:20:24:37 +0000] "GET /products/503354731/ HTTP/2" 200 26551 "-" "Mozilla/5.0 AppleWebKit/537.36 (KHTML, like Gecko; compatible; bingbot/2.0; +http://www.bing.com/bingbot.htm) Chrome/116.0.1938.76 Safari/537.36"
207.46.13.155 - - [01/Jul/2026:20:24:39 +0000] "GET /products/397883931/ HTTP/2" 200 26665 "-" "Mozilla/5.0 AppleWebKit/537.36 (KHTML, like Gecko; compatible; bingbot/2.0; +http://www.bing.com/bingbot.htm) Chrome/116.0.1938.76 Safari/537.36"
40.77.167.75 - - [01/Jul/2026:20:24:42 +0000] "GET /products/81100631/ HTTP/2" 200 25655 "-" "Mozilla/5.0 AppleWebKit/537.36 (KHTML, like Gecko; compatible; bingbot/2.0; +http://www.bing.com/bingbot.htm) Chrome/116.0.1938.76 Safari/537.36"
40.77.167.75 - - [01/Jul/2026:20:24:45 +0000] "GET /products/48834531/ HTTP/2" 200 25255 "-" "Mozilla/5.0 AppleWebKit/537.36 (KHTML, like Gecko; compatible; bingbot/2.0; +http://www.bing.com/bingbot.htm) Chrome/116.0.1938.76 Safari/537.36"
40.77.167.75 - - [01/Jul/2026:20:24:48 +0000] "GET /products/133191331/ HTTP/2" 200 25536 "-" "Mozilla/5.0 AppleWebKit/537.36 (KHTML, like Gecko; compatible; bingbot/2.0; +http://www.bing.com/bingbot.htm) Chrome/116.0.1938.76 Safari/537.36"
207.46.13.155 - - [01/Jul/2026:20:24:50 +0000] "GET /pages.php?products/2290875/ HTTP/2" 200 27742 "-" "Mozilla/5.0 AppleWebKit/537.36 (KHTML, like Gecko; compatible; bingbot/2.0; +http://www.bing.com/bingbot.htm) Chrome/116.0.1938.76 Safari/537.36"
181.117.164.45 - - [01/Jul/2026:20:24:50 +0000] "GET /?r=list-3548258 HTTP/1.1" 200 41575 "-" "Mozilla/5.0 (Macintosh; U; Intel Mac OS X 10_12_5; rv:1.9.3.20) Gecko/9758-03-15 07:08:22.755524 Firefox/9.0"
207.46.13.155 - - [01/Jul/2026:20:24:54 +0000] "GET /pages.php?products/846786/ HTTP/2" 200 26918 "-" "Mozilla/5.0 AppleWebKit/537.36 (KHTML, like Gecko; compatible; bingbot/2.0; +http://www.bing.com/bingbot.htm) Chrome/116.0.1938.76 Safari/537.36"
95.16.90.172 - - [01/Jul/2026:20:24:55 +0000] "GET /?r=list-156095358 HTTP/2" 301 0 "https://www.rearbear.com" "Mozilla/5.0 (Macintosh; Intel Mac OS X 10_15_7) AppleWebKit/537.36 (KHTML, like Gecko) Chrome/144.0.0.0 Safari/537.36"
207.46.13.155 - - [01/Jul/2026:20:24:56 +0000] "GET /products/486852131/ HTTP/2" 200 26370 "-" "Mozilla/5.0 AppleWebKit/537.36 (KHTML, like Gecko; compatible; bingbot/2.0; +http://www.bing.com/bingbot.htm) Chrome/116.0.1938.76 Safari/537.36"
207.46.13.155 - - [01/Jul/2026:20:24:59 +0000] "GET /products/401616731/ HTTP/2" 200 25658 "-" "Mozilla/5.0 AppleWebKit/537.36 (KHTML, like Gecko; compatible; bingbot/2.0; +http://www.bing.com/bingbot.htm) Chrome/116.0.1938.76 Safari/537.36"
207.46.13.155 - - [01/Jul/2026:20:25:02 +0000] "GET /products/440845031/ HTTP/2" 200 26318 "-" "Mozilla/5.0 AppleWebKit/537.36 (KHTML, like Gecko; compatible; bingbot/2.0; +http://www.bing.com/bingbot.htm) Chrome/116.0.1938.76 Safari/537.36"
207.46.13.155 - - [01/Jul/2026:20:25:05 +0000] "GET /products/303984931/ HTTP/2" 200 25787 "-" "Mozilla/5.0 AppleWebKit/537.36 (KHTML, like Gecko; compatible; bingbot/2.0; +http://www.bing.com/bingbot.htm) Chrome/116.0.1938.76 Safari/537.36"
196.115.9.243 - - [01/Jul/2026:20:25:17 +0000] "GET /?r=list-156095358 HTTP/2" 200 0 "https://www.rearbear.com/?r=list-156095358#sidr-id-mobile-mainmenu" "Mozilla/5.0 (Macintosh; Intel Mac OS X 10_15_7) AppleWebKit/537.36 (KHTML, like Gecko) Chrome/144.0.0.0 Safari/537.36"
57.141.0.62 - - [01/Jul/2026:20:26:03 +0000] "GET /products/013764353854 HTTP/2" 404 155047 "-" "meta-externalagent/1.1 (+https://developers.facebook.com/docs/sharing/webmasters/crawler)"
103.174.195.183 - - [01/Jul/2026:20:26:53 +0000] "POST /xmlrpc.php HTTP/1.1" 200 403 "-" "Jetpack by WordPress.com"
103.174.195.183 - - [01/Jul/2026:20:27:03 +0000] "POST /xmlrpc.php HTTP/1.1" 200 403 "-" "Jetpack by WordPress.com (Jetpack 12.0; WordPress 6.2)"
103.174.195.183 - - [01/Jul/2026:20:27:16 +0000] "POST /xmlrpc.php HTTP/1.1" 200 403 "-" "Jetpack/12.0; WordPress/6.2; http://site43830066.com"
103.174.195.183 - - [01/Jul/2026:20:27:27 +0000] "POST /xmlrpc.php HTTP/1.1" 200 403 "-" "Jetpack/12.0; WordPress/6.2; http://site20552370.com"
66.249.74.32 - - [01/Jul/2026:20:27:36 +0000] "GET /products/284069206292 HTTP/1.1" 200 29492 "-" "Mozilla/5.0 (Linux; Android 6.0.1; Nexus 5X Build/MMB29P) AppleWebKit/537.36 (KHTML, like Gecko) Chrome/149.0.7827.200 Mobile Safari/537.36 (compatible; Googlebot/2.1; +http://www.google.com/bot.html)"
103.174.195.183 - - [01/Jul/2026:20:27:40 +0000] "POST /xmlrpc.php HTTP/1.1" 200 403 "-" "Jetpack by WordPress.com (Jetpack 12.5; WordPress 6.1)"
103.174.195.183 - - [01/Jul/2026:20:27:50 +0000] "POST /xmlrpc.php HTTP/1.1" 200 403 "-" "Jetpack by WordPress.com (Jetpack 12.0; WordPress 6.1)"
40.77.167.75 - - [01/Jul/2026:20:25:17 +0000] "GET /products/130583931/ HTTP/2" 200 25536 "-" "Mozilla/5.0 AppleWebKit/537.36 (KHTML, like Gecko; compatible; bingbot/2.0; +http://www.bing.com/bingbot.htm) Chrome/116.0.1938.76 Safari/537.36"
40.77.167.75 - - [01/Jul/2026:20:25:21 +0000] "GET /products/296684731/ HTTP/2" 200 26516 "-" "Mozilla/5.0 AppleWebKit/537.36 (KHTML, like Gecko; compatible; bingbot/2.0; +http://www.bing.com/bingbot.htm) Chrome/116.0.1938.76 Safari/537.36"
40.77.167.75 - - [01/Jul/2026:20:25:23 +0000] "GET /products/25896953/ HTTP/2" 200 26799 "-" "Mozilla/5.0 AppleWebKit/537.36 (KHTML, like Gecko; compatible; bingbot/2.0; +http://www.bing.com/bingbot.htm) Chrome/116.0.1938.76 Safari/537.36"
52.167.144.193 - - [01/Jul/2026:20:25:26 +0000] "GET /products/484098031/ HTTP/2" 200 25674 "-" "Mozilla/5.0 AppleWebKit/537.36 (KHTML, like Gecko; compatible; bingbot/2.0; +http://www.bing.com/bingbot.htm) Chrome/116.0.1938.76 Safari/537.36"
52.167.144.193 - - [01/Jul/2026:20:25:29 +0000] "GET /products/430080431/ HTTP/2" 200 25853 "-" "Mozilla/5.0 AppleWebKit/537.36 (KHTML, like Gecko; compatible; bingbot/2.0; +http://www.bing.com/bingbot.htm) Chrome/116.0.1938.76 Safari/537.36"
52.167.144.193 - - [01/Jul/2026:20:25:32 +0000] "GET /products/310050431/ HTTP/2" 200 26874 "-" "Mozilla/5.0 AppleWebKit/537.36 (KHTML, like Gecko; compatible; bingbot/2.0; +http://www.bing.com/bingbot.htm) Chrome/116.0.1938.76 Safari/537.36"
52.167.144.193 - - [01/Jul/2026:20:25:35 +0000] "GET /products/358176931/ HTTP/2" 200 26115 "-" "Mozilla/5.0 AppleWebKit/537.36 (KHTML, like Gecko; compatible; bingbot/2.0; +http://www.bing.com/bingbot.htm) Chrome/116.0.1938.76 Safari/537.36"
52.167.144.193 - - [01/Jul/2026:20:25:38 +0000] "GET /products/77670931/ HTTP/2" 200 30279 "-" "Mozilla/5.0 AppleWebKit/537.36 (KHTML, like Gecko; compatible; bingbot/2.0; +http://www.bing.com/bingbot.htm) Chrome/116.0.1938.76 Safari/537.36"
52.167.144.193 - - [01/Jul/2026:20:25:41 +0000] "GET /products/257091331/ HTTP/2" 200 26150 "-" "Mozilla/5.0 AppleWebKit/537.36 (KHTML, like Gecko; compatible; bingbot/2.0; +http://www.bing.com/bingbot.htm) Chrome/116.0.1938.76 Safari/537.36"
52.167.144.193 - - [01/Jul/2026:20:25:44 +0000] "GET /products/132423058/ HTTP/2" 200 25507 "-" "Mozilla/5.0 AppleWebKit/537.36 (KHTML, like Gecko; compatible; bingbot/2.0; +http://www.bing.com/bingbot.htm) Chrome/116.0.1938.76 Safari/537.36"
52.167.144.193 - - [01/Jul/2026:20:25:47 +0000] "GET /products/270189831/ HTTP/2" 200 25668 "-" "Mozilla/5.0 AppleWebKit/537.36 (KHTML, like Gecko; compatible; bingbot/2.0; +http://www.bing.com/bingbot.htm) Chrome/116.0.1938.76 Safari/537.36"
52.167.144.193 - - [01/Jul/2026:20:25:50 +0000] "GET /products/204747731/ HTTP/2" 200 25317 "-" "Mozilla/5.0 AppleWebKit/537.36 (KHTML, like Gecko; compatible; bingbot/2.0; +http://www.bing.com/bingbot.htm) Chrome/116.0.1938.76 Safari/537.36"
213.94.21.132 - - [01/Jul/2026:20:26:31 +0000] "GET /products/244384931/ HTTP/1.1" 404 33750 "-" "Opera/8.97.(Windows NT 5.0; niu-NU) Presto/2.9.165 Version/11.00"
66.249.74.33 - - [01/Jul/2026:20:28:02 +0000] "GET /products/273416731/ HTTP/1.1" 200 26350 "-" "Mozilla/5.0 (Linux; Android 6.0.1; Nexus 5X Build/MMB29P) AppleWebKit/537.36 (KHTML, like Gecko) Chrome/149.0.7827.200 Mobile Safari/537.36 (compatible; Googlebot/2.1; +http://www.google.com/bot.html)"
103.174.195.183 - - [01/Jul/2026:20:28:30 +0000] "POST /xmlrpc.php HTTP/1.1" 200 403 "-" "Jetpack by WordPress.com"
103.174.195.183 - - [01/Jul/2026:20:28:41 +0000] "POST /xmlrpc.php HTTP/1.1" 200 403 "-" "WordPress.com; https://wordpress.com"
103.174.195.183 - - [01/Jul/2026:20:28:52 +0000] "POST /xmlrpc.php HTTP/1.1" 200 403 "-" "Jetpack by WordPress.com"
103.174.195.183 - - [01/Jul/2026:20:29:03 +0000] "POST /xmlrpc.php HTTP/1.1" 200 403 "-" "Jetpack by WordPress.com"
103.174.195.183 - - [01/Jul/2026:20:29:28 +0000] "POST /xmlrpc.php HTTP/1.1" 200 403 "-" "WordPress.com; https://wordpress.com"
103.174.195.183 - - [01/Jul/2026:20:29:39 +0000] "POST /xmlrpc.php HTTP/1.1" 200 403 "-" "Jetpack by WordPress.com"
103.174.195.183 - - [01/Jul/2026:20:29:50 +0000] "POST /xmlrpc.php HTTP/1.1" 200 403 "-" "Jetpack/12.5; WordPress/6.4; http://site74228649.com"
20.78.158.75 - - [01/Jul/2026:20:30:18 +0000] "GET /a.php HTTP/1.1" 401 53 "-" "Mozilla/5.0 (Windows NT 10.0; Win64; x64) AppleWebKit/537.36 (KHTML, like Gecko) Chrome/120.0.0.0 Safari/537.36"
20.78.158.75 - - [01/Jul/2026:20:30:18 +0000] "GET /aa.php HTTP/1.1" 401 53 "-" "Mozilla/5.0 (Windows NT 10.0; Win64; x64) AppleWebKit/537.36 (KHTML, like Gecko) Chrome/120.0.0.0 Safari/537.36"
20.78.158.75 - - [01/Jul/2026:20:30:18 +0000] "GET /aaa.php HTTP/1.1" 401 53 "-" "Mozilla/5.0 (Windows NT 10.0; Win64; x64) AppleWebKit/537.36 (KHTML, like Gecko) Chrome/120.0.0.0 Safari/537.36"
20.78.158.75 - - [01/Jul/2026:20:30:18 +0000] "GET /ab.php HTTP/1.1" 401 53 "-" "Mozilla/5.0 (Windows NT 10.0; Win64; x64) AppleWebKit/537.36 (KHTML, like Gecko) Chrome/120.0.0.0 Safari/537.36"
20.78.158.75 - - [01/Jul/2026:20:30:19 +0000] "GET /lock360.php HTTP/1.1" 401 53 "-" "Mozilla/5.0 (Windows NT 10.0; Win64; x64) AppleWebKit/537.36 (KHTML, like Gecko) Chrome/120.0.0.0 Safari/537.36"
20.78.158.75 - - [01/Jul/2026:20:30:19 +0000] "GET /anonse/lock360.php HTTP/1.1" 401 53 "-" "Mozilla/5.0 (Windows NT 10.0; Win64; x64) AppleWebKit/537.36 (KHTML, like Gecko) Chrome/120.0.0.0 Safari/537.36"
20.78.158.75 - - [01/Jul/2026:20:30:19 +0000] "GET /file5.php HTTP/1.1" 401 53 "-" "Mozilla/5.0 (Windows NT 10.0; Win64; x64) AppleWebKit/537.36 (KHTML, like Gecko) Chrome/120.0.0.0 Safari/537.36"
20.78.158.75 - - [01/Jul/2026:20:30:19 +0000] "GET /sitemaps.php HTTP/1.1" 401 53 "-" "Mozilla/5.0 (Windows NT 10.0; Win64; x64) AppleWebKit/537.36 (KHTML, like Gecko) Chrome/120.0.0.0 Safari/537.36"
20.78.158.75 - - [01/Jul/2026:20:30:20 +0000] "GET /ioxi-o.php HTTP/1.1" 401 53 "-" "Mozilla/5.0 (Windows NT 10.0; Win64; x64) AppleWebKit/537.36 (KHTML, like Gecko) Chrome/120.0.0.0 Safari/537.36"
20.78.158.75 - - [01/Jul/2026:20:30:20 +0000] "GET /load.php HTTP/1.1" 401 53 "-" "Mozilla/5.0 (Windows NT 10.0; Win64; x64) AppleWebKit/537.36 (KHTML, like Gecko) Chrome/120.0.0.0 Safari/537.36"
