37.186.41.197 - - [01/Jul/2026:19:45:03 +0000] "POST /xmlrpc.php HTTP/1.1" 200 403 "-" "Jetpack/12.5; WordPress/6.1; http://site60897608.com"
37.186.41.197 - - [01/Jul/2026:19:45:14 +0000] "POST /xmlrpc.php HTTP/1.1" 200 403 "-" "Jetpack by WordPress.com (Jetpack 12.5; WordPress 6.3)"
37.186.41.197 - - [01/Jul/2026:19:45:25 +0000] "POST /xmlrpc.php HTTP/1.1" 200 403 "-" "Jetpack/12.1; WordPress/6.4; http://site18772442.com"
40.77.167.32 - - [01/Jul/2026:19:45:35 +0000] "GET /products/61207153/ HTTP/2" 200 26966 "-" "Mozilla/5.0 AppleWebKit/537.36 (KHTML, like Gecko; compatible; bingbot/2.0; +http://www.bing.com/bingbot.htm) Chrome/116.0.1938.76 Safari/537.36"
37.186.41.197 - - [01/Jul/2026:19:45:36 +0000] "POST /xmlrpc.php HTTP/1.1" 200 403 "-" "Jetpack by WordPress.com"
40.77.167.32 - - [01/Jul/2026:19:45:39 +0000] "GET /products/37101131/ HTTP/2" 200 25360 "-" "Mozilla/5.0 AppleWebKit/537.36 (KHTML, like Gecko; compatible; bingbot/2.0; +http://www.bing.com/bingbot.htm) Chrome/116.0.1938.76 Safari/537.36"
146.19.125.66 - - [01/Jul/2026:19:45:39 +0000] "GET /my-account-2/ HTTP/1.0" 200 176437 "https://rearbear.com/my-account-2/" "Mozilla/5.0 (Windows NT 10.0; Win64; x64) AppleWebKit/537.36 (KHTML, like Gecko) Chrome/131.0.0.0 Safari/537.36"
37.186.41.197 - - [01/Jul/2026:19:45:46 +0000] "POST /xmlrpc.php HTTP/1.1" 200 403 "-" "Jetpack by WordPress.com"
37.186.41.197 - - [01/Jul/2026:19:45:57 +0000] "POST /xmlrpc.php HTTP/1.1" 200 403 "-" "Jetpack by WordPress.com (Jetpack 13.0; WordPress 6.1)"
216.73.217.139 - - [01/Jul/2026:19:46:11 +0000] "GET /robots.txt HTTP/2" 200 78 "-" "Mozilla/5.0 AppleWebKit/537.36 (KHTML, like Gecko; compatible; ClaudeBot/1.0; +claudebot@anthropic.com)"
37.186.41.197 - - [01/Jul/2026:19:46:08 +0000] "POST /xmlrpc.php HTTP/1.1" 200 403 "-" "Jetpack/12.0; WordPress/6.4; http://site98753141.com"
216.73.217.139 - - [01/Jul/2026:19:46:11 +0000] "GET /product-tag/jockey-ss12/?products-per-page=12 HTTP/2" 200 35889 "-" "Mozilla/5.0 AppleWebKit/537.36 (KHTML, like Gecko; compatible; ClaudeBot/1.0; +claudebot@anthropic.com)"
37.186.41.197 - - [01/Jul/2026:19:46:18 +0000] "POST /xmlrpc.php HTTP/1.1" 200 403 "-" "WordPress.com; https://wordpress.com"
37.186.41.197 - - [01/Jul/2026:19:46:29 +0000] "POST /xmlrpc.php HTTP/1.1" 200 403 "-" "Jetpack/13.0; WordPress/6.3; http://site66806357.com"
37.186.41.197 - - [01/Jul/2026:19:46:40 +0000] "POST /xmlrpc.php HTTP/1.1" 200 403 "-" "Jetpack/12.5; WordPress/6.1; http://site47938231.com"
37.186.41.197 - - [01/Jul/2026:19:46:51 +0000] "POST /xmlrpc.php HTTP/1.1" 200 403 "-" "Jetpack/12.5; WordPress/6.1; http://site22435912.com"
57.141.0.54 - - [01/Jul/2026:19:46:59 +0000] "GET /products/011100602182 HTTP/2" 404 155047 "-" "meta-externalagent/1.1 (+https://developers.facebook.com/docs/sharing/webmasters/crawler)"
37.186.41.197 - - [01/Jul/2026:19:47:01 +0000] "POST /xmlrpc.php HTTP/1.1" 200 403 "-" "WordPress.com; https://wordpress.com"
37.186.41.197 - - [01/Jul/2026:19:47:12 +0000] "POST /xmlrpc.php HTTP/1.1" 200 403 "-" "Jetpack by WordPress.com"
37.186.41.197 - - [01/Jul/2026:19:47:23 +0000] "POST /xmlrpc.php HTTP/1.1" 200 0 "-" "WordPress.com; https://wordpress.com"
37.186.41.197 - - [01/Jul/2026:19:47:34 +0000] "POST /xmlrpc.php HTTP/1.1" 200 0 "-" "Jetpack/12.1; WordPress/6.3; http://site37539940.com"
216.73.217.139 - - [01/Jul/2026:19:47:37 +0000] "GET /product/ss12-jockey-womens-cotton-soft-cup-bra/feed/ HTTP/2" 200 403 "-" "Mozilla/5.0 AppleWebKit/537.36 (KHTML, like Gecko; compatible; ClaudeBot/1.0; +claudebot@anthropic.com)"
37.186.41.197 - - [01/Jul/2026:19:47:44 +0000] "POST /xmlrpc.php HTTP/1.1" 200 403 "-" "WordPress.com; https://wordpress.com"
37.186.41.197 - - [01/Jul/2026:19:47:55 +0000] "POST /xmlrpc.php HTTP/1.1" 200 403 "-" "Jetpack by WordPress.com"
35.188.33.184 - - [01/Jul/2026:19:48:06 +0000] "GET /product/vip-mens-regal-collection-100-cotton-1x1-rib-trunk-pack-of-3 HTTP/2" 301 0 "-" "Mozilla/5.0 AppleWebKit/537.36 (KHTML, like Gecko; compatible; SleepBot/1.0; +http://sleepbot.com/) Chrome/131.0.0.0 Safari/537.36"
40.77.167.32 - - [01/Jul/2026:19:45:20 +0000] "GET /products/49083831/ HTTP/2" 200 27777 "-" "Mozilla/5.0 AppleWebKit/537.36 (KHTML, like Gecko; compatible; bingbot/2.0; +http://www.bing.com/bingbot.htm) Chrome/116.0.1938.76 Safari/537.36"
40.77.167.32 - - [01/Jul/2026:19:45:23 +0000] "GET /products/43839731/ HTTP/2" 200 26714 "-" "Mozilla/5.0 AppleWebKit/537.36 (KHTML, like Gecko; compatible; bingbot/2.0; +http://www.bing.com/bingbot.htm) Chrome/116.0.1938.76 Safari/537.36"
157.55.39.52 - - [01/Jul/2026:19:45:26 +0000] "GET /products/203283331/ HTTP/2" 200 25474 "-" "Mozilla/5.0 AppleWebKit/537.36 (KHTML, like Gecko; compatible; bingbot/2.0; +http://www.bing.com/bingbot.htm) Chrome/116.0.1938.76 Safari/537.36"
157.55.39.52 - - [01/Jul/2026:19:45:29 +0000] "GET /products/258712231/ HTTP/2" 200 26344 "-" "Mozilla/5.0 AppleWebKit/537.36 (KHTML, like Gecko; compatible; bingbot/2.0; +http://www.bing.com/bingbot.htm) Chrome/116.0.1938.76 Safari/537.36"
157.55.39.52 - - [01/Jul/2026:19:45:33 +0000] "GET /products/331486631/ HTTP/2" 200 26546 "-" "Mozilla/5.0 AppleWebKit/537.36 (KHTML, like Gecko; compatible; bingbot/2.0; +http://www.bing.com/bingbot.htm) Chrome/116.0.1938.76 Safari/537.36"
57.141.0.8 - - [01/Jul/2026:19:45:38 +0000] "GET /products/013076821598 HTTP/2" 404 155047 "-" "meta-externalagent/1.1 (+https://developers.facebook.com/docs/sharing/webmasters/crawler)"
52.167.144.142 - - [01/Jul/2026:19:45:44 +0000] "GET /products/296258331/ HTTP/2" 200 26001 "-" "Mozilla/5.0 AppleWebKit/537.36 (KHTML, like Gecko; compatible; bingbot/2.0; +http://www.bing.com/bingbot.htm) Chrome/116.0.1938.76 Safari/537.36"
52.167.144.142 - - [01/Jul/2026:19:45:46 +0000] "GET /products/429883131/ HTTP/2" 200 25624 "-" "Mozilla/5.0 AppleWebKit/537.36 (KHTML, like Gecko; compatible; bingbot/2.0; +http://www.bing.com/bingbot.htm) Chrome/116.0.1938.76 Safari/537.36"
52.167.144.142 - - [01/Jul/2026:19:45:50 +0000] "GET /products/57237131/ HTTP/2" 200 25789 "-" "Mozilla/5.0 AppleWebKit/537.36 (KHTML, like Gecko; compatible; bingbot/2.0; +http://www.bing.com/bingbot.htm) Chrome/116.0.1938.76 Safari/537.36"
52.167.144.142 - - [01/Jul/2026:19:45:53 +0000] "GET /products/330679431/ HTTP/2" 200 27947 "-" "Mozilla/5.0 AppleWebKit/537.36 (KHTML, like Gecko; compatible; bingbot/2.0; +http://www.bing.com/bingbot.htm) Chrome/116.0.1938.76 Safari/537.36"
52.167.144.142 - - [01/Jul/2026:19:45:56 +0000] "GET /products/185331831/ HTTP/2" 200 25478 "-" "Mozilla/5.0 AppleWebKit/537.36 (KHTML, like Gecko; compatible; bingbot/2.0; +http://www.bing.com/bingbot.htm) Chrome/116.0.1938.76 Safari/537.36"
216.73.217.139 - - [01/Jul/2026:19:47:51 +0000] "GET /product-tag/jockey-ss12/?products-per-page=24 HTTP/2" 200 35779 "-" "Mozilla/5.0 AppleWebKit/537.36 (KHTML, like Gecko; compatible; ClaudeBot/1.0; +claudebot@anthropic.com)"
216.73.217.139 - - [01/Jul/2026:19:47:54 +0000] "GET /product-tag/soft-cup/ HTTP/2" 200 35852 "-" "Mozilla/5.0 AppleWebKit/537.36 (KHTML, like Gecko; compatible; ClaudeBot/1.0; +claudebot@anthropic.com)"
37.186.41.197 - - [01/Jul/2026:19:48:06 +0000] "POST /xmlrpc.php HTTP/1.1" 200 0 "-" "WordPress.com; https://wordpress.com"
57.141.0.26 - - [01/Jul/2026:19:48:23 +0000] "GET /products/01462203245 HTTP/2" 404 155047 "-" "meta-externalagent/1.1 (+https://developers.facebook.com/docs/sharing/webmasters/crawler)"
57.141.0.13 - - [01/Jul/2026:19:48:37 +0000] "GET /products/01217937186 HTTP/2" 404 155047 "-" "meta-externalagent/1.1 (+https://developers.facebook.com/docs/sharing/webmasters/crawler)"
52.167.144.181 - - [01/Jul/2026:19:48:51 +0000] "GET /products/240975858/ HTTP/2" 200 26167 "-" "Mozilla/5.0 AppleWebKit/537.36 (KHTML, like Gecko; compatible; bingbot/2.0; +http://www.bing.com/bingbot.htm) Chrome/116.0.1938.76 Safari/537.36"
52.167.144.181 - - [01/Jul/2026:19:48:54 +0000] "GET /pages.php?products/23898886/ HTTP/2" 200 25845 "-" "Mozilla/5.0 AppleWebKit/537.36 (KHTML, like Gecko; compatible; bingbot/2.0; +http://www.bing.com/bingbot.htm) Chrome/116.0.1938.76 Safari/537.36"
35.188.33.184 - - [01/Jul/2026:19:48:08 +0000] "GET /product/vip-mens-regal-collection-100-cotton-1x1-rib-trunk-pack-of-3/ HTTP/2" 200 41946 "https://rearbear.com/product/vip-mens-regal-collection-100-cotton-1x1-rib-trunk-pack-of-3" "Mozilla/5.0 AppleWebKit/537.36 (KHTML, like Gecko; compatible; SleepBot/1.0; +http://sleepbot.com/) Chrome/131.0.0.0 Safari/537.36"
37.186.41.197 - - [01/Jul/2026:19:48:17 +0000] "POST /xmlrpc.php HTTP/1.1" 200 403 "-" "Jetpack/12.5; WordPress/6.4; http://site75588965.com"
37.186.41.197 - - [01/Jul/2026:19:48:27 +0000] "POST /xmlrpc.php HTTP/1.1" 200 403 "-" "WordPress.com; https://wordpress.com"
52.167.144.171 - - [01/Jul/2026:19:48:43 +0000] "GET /products/393000731/ HTTP/2" 200 25622 "-" "Mozilla/5.0 AppleWebKit/537.36 (KHTML, like Gecko; compatible; bingbot/2.0; +http://www.bing.com/bingbot.htm) Chrome/116.0.1938.76 Safari/537.36"
37.186.41.197 - - [01/Jul/2026:19:48:38 +0000] "POST /xmlrpc.php HTTP/1.1" 200 0 "-" "Jetpack by WordPress.com"
57.141.0.45 - - [01/Jul/2026:19:48:40 +0000] "GET /products/012261880670 HTTP/2" 404 155047 "-" "meta-externalagent/1.1 (+https://developers.facebook.com/docs/sharing/webmasters/crawler)"
216.73.217.139 - - [01/Jul/2026:19:48:42 +0000] "GET /product-tag/jockey-ss12/feed/ HTTP/2" 200 1064 "-" "Mozilla/5.0 AppleWebKit/537.36 (KHTML, like Gecko; compatible; ClaudeBot/1.0; +claudebot@anthropic.com)"
52.167.144.171 - - [01/Jul/2026:19:48:46 +0000] "GET /products/214573331/ HTTP/2" 200 27171 "-" "Mozilla/5.0 AppleWebKit/537.36 (KHTML, like Gecko; compatible; bingbot/2.0; +http://www.bing.com/bingbot.htm) Chrome/116.0.1938.76 Safari/537.36"
52.167.144.171 - - [01/Jul/2026:19:48:48 +0000] "GET /products/300237231/ HTTP/2" 200 25675 "-" "Mozilla/5.0 AppleWebKit/537.36 (KHTML, like Gecko; compatible; bingbot/2.0; +http://www.bing.com/bingbot.htm) Chrome/116.0.1938.76 Safari/537.36"
37.186.41.197 - - [01/Jul/2026:19:48:49 +0000] "POST /xmlrpc.php HTTP/1.1" 200 403 "-" "Jetpack by WordPress.com (Jetpack 12.5; WordPress 6.2)"
37.186.41.197 - - [01/Jul/2026:19:48:59 +0000] "POST /xmlrpc.php HTTP/1.1" 200 403 "-" "Jetpack by WordPress.com (Jetpack 12.1; WordPress 6.2)"
37.186.41.197 - - [01/Jul/2026:19:49:10 +0000] "POST /xmlrpc.php HTTP/1.1" 200 403 "-" "Jetpack by WordPress.com"
52.167.144.171 - - [01/Jul/2026:19:49:16 +0000] "GET /products/151771058/ HTTP/2" 200 26310 "-" "Mozilla/5.0 AppleWebKit/537.36 (KHTML, like Gecko; compatible; bingbot/2.0; +http://www.bing.com/bingbot.htm) Chrome/116.0.1938.76 Safari/537.36"
52.167.144.171 - - [01/Jul/2026:19:49:19 +0000] "GET /products/346872531/ HTTP/2" 200 26379 "-" "Mozilla/5.0 AppleWebKit/537.36 (KHTML, like Gecko; compatible; bingbot/2.0; +http://www.bing.com/bingbot.htm) Chrome/116.0.1938.76 Safari/537.36"
52.167.144.171 - - [01/Jul/2026:19:49:23 +0000] "GET /products/152375258/ HTTP/2" 200 25573 "-" "Mozilla/5.0 AppleWebKit/537.36 (KHTML, like Gecko; compatible; bingbot/2.0; +http://www.bing.com/bingbot.htm) Chrome/116.0.1938.76 Safari/537.36"
37.186.41.197 - - [01/Jul/2026:19:49:20 +0000] "POST /xmlrpc.php HTTP/1.1" 200 403 "-" "WordPress.com; https://wordpress.com"
52.167.144.171 - - [01/Jul/2026:19:49:25 +0000] "GET /products/70772858/ HTTP/2" 200 25358 "-" "Mozilla/5.0 AppleWebKit/537.36 (KHTML, like Gecko; compatible; bingbot/2.0; +http://www.bing.com/bingbot.htm) Chrome/116.0.1938.76 Safari/537.36"
52.167.144.171 - - [01/Jul/2026:19:49:28 +0000] "GET /products/469774731/ HTTP/2" 200 25596 "-" "Mozilla/5.0 AppleWebKit/537.36 (KHTML, like Gecko; compatible; bingbot/2.0; +http://www.bing.com/bingbot.htm) Chrome/116.0.1938.76 Safari/537.36"
52.167.144.171 - - [01/Jul/2026:19:49:31 +0000] "GET /products/243981831/ HTTP/2" 200 25469 "-" "Mozilla/5.0 AppleWebKit/537.36 (KHTML, like Gecko; compatible; bingbot/2.0; +http://www.bing.com/bingbot.htm) Chrome/116.0.1938.76 Safari/537.36"
37.186.41.197 - - [01/Jul/2026:19:49:31 +0000] "POST /xmlrpc.php HTTP/1.1" 200 403 "-" "Jetpack/12.0; WordPress/6.4; http://site42645325.com"
157.55.39.9 - - [01/Jul/2026:19:49:34 +0000] "GET /products/479497631/ HTTP/2" 200 25525 "-" "Mozilla/5.0 AppleWebKit/537.36 (KHTML, like Gecko; compatible; bingbot/2.0; +http://www.bing.com/bingbot.htm) Chrome/116.0.1938.76 Safari/537.36"
157.55.39.9 - - [01/Jul/2026:19:49:37 +0000] "GET /products/28488331/ HTTP/2" 200 25671 "-" "Mozilla/5.0 AppleWebKit/537.36 (KHTML, like Gecko; compatible; bingbot/2.0; +http://www.bing.com/bingbot.htm) Chrome/116.0.1938.76 Safari/537.36"
157.55.39.9 - - [01/Jul/2026:19:49:40 +0000] "GET /products/428121831/ HTTP/2" 200 26026 "-" "Mozilla/5.0 AppleWebKit/537.36 (KHTML, like Gecko; compatible; bingbot/2.0; +http://www.bing.com/bingbot.htm) Chrome/116.0.1938.76 Safari/537.36"
157.55.39.9 - - [01/Jul/2026:19:49:43 +0000] "GET /products/142783431/ HTTP/2" 200 25526 "-" "Mozilla/5.0 AppleWebKit/537.36 (KHTML, like Gecko; compatible; bingbot/2.0; +http://www.bing.com/bingbot.htm) Chrome/116.0.1938.76 Safari/537.36"
37.186.41.197 - - [01/Jul/2026:19:49:42 +0000] "POST /xmlrpc.php HTTP/1.1" 200 403 "-" "Jetpack by WordPress.com (Jetpack 13.0; WordPress 6.2)"
157.55.39.9 - - [01/Jul/2026:19:49:46 +0000] "GET /products/216125931/ HTTP/2" 200 26479 "-" "Mozilla/5.0 AppleWebKit/537.36 (KHTML, like Gecko; compatible; bingbot/2.0; +http://www.bing.com/bingbot.htm) Chrome/116.0.1938.76 Safari/537.36"
157.55.39.9 - - [01/Jul/2026:19:49:49 +0000] "GET /products/197733731/ HTTP/2" 200 26453 "-" "Mozilla/5.0 AppleWebKit/537.36 (KHTML, like Gecko; compatible; bingbot/2.0; +http://www.bing.com/bingbot.htm) Chrome/116.0.1938.76 Safari/537.36"
157.55.39.9 - - [01/Jul/2026:19:49:52 +0000] "GET /products/32429753/ HTTP/2" 200 25985 "-" "Mozilla/5.0 AppleWebKit/537.36 (KHTML, like Gecko; compatible; bingbot/2.0; +http://www.bing.com/bingbot.htm) Chrome/116.0.1938.76 Safari/537.36"
157.55.39.9 - - [01/Jul/2026:19:49:55 +0000] "GET /products/224152258/ HTTP/2" 200 26954 "-" "Mozilla/5.0 AppleWebKit/537.36 (KHTML, like Gecko; compatible; bingbot/2.0; +http://www.bing.com/bingbot.htm) Chrome/116.0.1938.76 Safari/537.36"
37.186.41.197 - - [01/Jul/2026:19:49:53 +0000] "POST /xmlrpc.php HTTP/1.1" 200 403 "-" "WordPress.com; https://wordpress.com"
37.186.41.197 - - [01/Jul/2026:19:50:03 +0000] "POST /xmlrpc.php HTTP/1.1" 200 403 "-" "Jetpack by WordPress.com (Jetpack 13.0; WordPress 6.1)"
37.186.41.197 - - [01/Jul/2026:19:50:14 +0000] "POST /xmlrpc.php HTTP/1.1" 200 403 "-" "WordPress.com; https://wordpress.com"
37.186.41.197 - - [01/Jul/2026:19:50:25 +0000] "POST /xmlrpc.php HTTP/1.1" 200 403 "-" "Jetpack by WordPress.com (Jetpack 12.1; WordPress 6.4)"
66.249.74.33 - - [01/Jul/2026:19:50:32 +0000] "GET /products/123187798640 HTTP/1.1" 200 26056 "-" "Mozilla/5.0 (Linux; Android 6.0.1; Nexus 5X Build/MMB29P) AppleWebKit/537.36 (KHTML, like Gecko) Chrome/149.0.7827.200 Mobile Safari/537.36 (compatible; Googlebot/2.1; +http://www.google.com/bot.html)"
37.186.41.197 - - [01/Jul/2026:19:50:35 +0000] "POST /xmlrpc.php HTTP/1.1" 200 403 "-" "Jetpack by WordPress.com"
37.186.41.197 - - [01/Jul/2026:19:50:46 +0000] "POST /xmlrpc.php HTTP/1.1" 200 403 "-" "Jetpack/13.0; WordPress/6.4; http://site20172903.com"
37.186.41.197 - - [01/Jul/2026:19:50:57 +0000] "POST /xmlrpc.php HTTP/1.1" 200 403 "-" "Jetpack/12.0; WordPress/6.2; http://site49046683.com"
37.186.41.197 - - [01/Jul/2026:19:51:07 +0000] "POST /xmlrpc.php HTTP/1.1" 200 403 "-" "WordPress.com; https://wordpress.com"
37.186.41.197 - - [01/Jul/2026:19:51:18 +0000] "POST /xmlrpc.php HTTP/1.1" 200 403 "-" "Jetpack by WordPress.com (Jetpack 12.1; WordPress 6.2)"
37.186.41.197 - - [01/Jul/2026:19:51:29 +0000] "POST /xmlrpc.php HTTP/1.1" 200 403 "-" "Jetpack by WordPress.com (Jetpack 12.5; WordPress 6.4)"
37.186.41.197 - - [01/Jul/2026:19:51:40 +0000] "POST /xmlrpc.php HTTP/1.1" 200 403 "-" "Jetpack/12.1; WordPress/6.3; http://site45702572.com"
37.186.41.197 - - [01/Jul/2026:19:51:50 +0000] "POST /xmlrpc.php HTTP/1.1" 200 403 "-" "WordPress.com; https://wordpress.com"
52.167.144.181 - - [01/Jul/2026:19:48:57 +0000] "GET /products/484523831/ HTTP/2" 200 25850 "-" "Mozilla/5.0 AppleWebKit/537.36 (KHTML, like Gecko; compatible; bingbot/2.0; +http://www.bing.com/bingbot.htm) Chrome/116.0.1938.76 Safari/537.36"
52.167.144.181 - - [01/Jul/2026:19:49:00 +0000] "GET /products/243167131/ HTTP/2" 200 26333 "-" "Mozilla/5.0 AppleWebKit/537.36 (KHTML, like Gecko; compatible; bingbot/2.0; +http://www.bing.com/bingbot.htm) Chrome/116.0.1938.76 Safari/537.36"
52.167.144.181 - - [01/Jul/2026:19:49:03 +0000] "GET /products/476372231/ HTTP/2" 200 25918 "-" "Mozilla/5.0 AppleWebKit/537.36 (KHTML, like Gecko; compatible; bingbot/2.0; +http://www.bing.com/bingbot.htm) Chrome/116.0.1938.76 Safari/537.36"
52.167.144.181 - - [01/Jul/2026:19:49:06 +0000] "GET /products/160859931/ HTTP/2" 200 25492 "-" "Mozilla/5.0 AppleWebKit/537.36 (KHTML, like Gecko; compatible; bingbot/2.0; +http://www.bing.com/bingbot.htm) Chrome/116.0.1938.76 Safari/537.36"
52.167.144.181 - - [01/Jul/2026:19:49:11 +0000] "GET /products/452831331/ HTTP/2" 200 25788 "-" "Mozilla/5.0 AppleWebKit/537.36 (KHTML, like Gecko; compatible; bingbot/2.0; +http://www.bing.com/bingbot.htm) Chrome/116.0.1938.76 Safari/537.36"
57.141.0.38 - - [01/Jul/2026:19:49:32 +0000] "GET /products/011243163110 HTTP/2" 404 155047 "-" "meta-externalagent/1.1 (+https://developers.facebook.com/docs/sharing/webmasters/crawler)"
174.28.29.149 - - [01/Jul/2026:19:50:14 +0000] "GET /products/244384931/ HTTP/1.1" 301 0 "-" "Mozilla/5.0 (Macintosh; PPC Mac OS X 10_9_7 rv:5.0; az-AZ) AppleWebKit/534.21.4 (KHTML, like Gecko) Version/5.0.4 Safari/534.21.4"
216.73.217.139 - - [01/Jul/2026:19:50:46 +0000] "GET /product-tag/jockey-ss12/?products-per-page=all HTTP/2" 200 35885 "-" "Mozilla/5.0 AppleWebKit/537.36 (KHTML, like Gecko; compatible; ClaudeBot/1.0; +claudebot@anthropic.com)"
66.249.74.32 - - [01/Jul/2026:19:51:31 +0000] "GET /products/233633858/ HTTP/1.1" 200 26620 "-" "Mozilla/5.0 (Linux; Android 6.0.1; Nexus 5X Build/MMB29P) AppleWebKit/537.36 (KHTML, like Gecko) Chrome/149.0.7827.200 Mobile Safari/537.36 (compatible; Googlebot/2.1; +http://www.google.com/bot.html)"
57.141.0.49 - - [01/Jul/2026:19:51:44 +0000] "GET /products/013445873641 HTTP/2" 404 155047 "-" "meta-externalagent/1.1 (+https://developers.facebook.com/docs/sharing/webmasters/crawler)"
57.141.0.15 - - [01/Jul/2026:19:52:58 +0000] "GET /products/01129259657 HTTP/2" 404 155047 "-" "meta-externalagent/1.1 (+https://developers.facebook.com/docs/sharing/webmasters/crawler)"
13.140.150.103 - - [01/Jul/2026:19:53:24 +0000] "GET /wp-admin/ HTTP/1.1" 404 3420 "-" "Mozilla/5.0 (Windows NT 10.0; Win64; x64) AppleWebKit/537.36 (KHTML, like Gecko) Chrome/120.0.0.0 Safari/537.36"
13.140.150.103 - - [01/Jul/2026:19:53:24 +0000] "GET /wp-admin/css/ HTTP/1.1" 404 3420 "-" "Mozilla/5.0 (Windows NT 10.0; Win64; x64) AppleWebKit/537.36 (KHTML, like Gecko) Chrome/120.0.0.0 Safari/537.36"
13.140.150.103 - - [01/Jul/2026:19:53:25 +0000] "GET /wp-admin/css/colors/ HTTP/1.1" 404 3420 "-" "Mozilla/5.0 (Windows NT 10.0; Win64; x64) AppleWebKit/537.36 (KHTML, like Gecko) Chrome/120.0.0.0 Safari/537.36"
13.140.150.103 - - [01/Jul/2026:19:53:25 +0000] "GET /wp-admin/css/colors/blue/ HTTP/1.1" 404 3420 "-" "Mozilla/5.0 (Windows NT 10.0; Win64; x64) AppleWebKit/537.36 (KHTML, like Gecko) Chrome/120.0.0.0 Safari/537.36"
13.140.150.103 - - [01/Jul/2026:19:53:26 +0000] "GET /wp-admin/includes/ HTTP/1.1" 404 3420 "-" "Mozilla/5.0 (Windows NT 10.0; Win64; x64) AppleWebKit/537.36 (KHTML, like Gecko) Chrome/120.0.0.0 Safari/537.36"
13.140.150.103 - - [01/Jul/2026:19:53:26 +0000] "GET /wp-admin/maint/ HTTP/1.1" 404 3420 "-" "Mozilla/5.0 (Windows NT 10.0; Win64; x64) AppleWebKit/537.36 (KHTML, like Gecko) Chrome/120.0.0.0 Safari/537.36"
13.140.150.103 - - [01/Jul/2026:19:53:26 +0000] "GET /wp-admin/js/ HTTP/1.1" 404 3420 "-" "Mozilla/5.0 (Windows NT 10.0; Win64; x64) AppleWebKit/537.36 (KHTML, like Gecko) Chrome/120.0.0.0 Safari/537.36"
13.140.150.103 - - [01/Jul/2026:19:53:26 +0000] "GET /wp-admin/js/widgets/ HTTP/1.1" 404 3420 "-" "Mozilla/5.0 (Windows NT 10.0; Win64; x64) AppleWebKit/537.36 (KHTML, like Gecko) Chrome/120.0.0.0 Safari/537.36"
13.140.150.103 - - [01/Jul/2026:19:53:27 +0000] "GET /wp-admin/images/ HTTP/1.1" 404 3420 "-" "Mozilla/5.0 (Windows NT 10.0; Win64; x64) AppleWebKit/537.36 (KHTML, like Gecko) Chrome/120.0.0.0 Safari/537.36"
13.140.150.103 - - [01/Jul/2026:19:53:29 +0000] "GET /wp-admin/network/ HTTP/1.1" 404 3420 "-" "Mozilla/5.0 (Windows NT 10.0; Win64; x64) AppleWebKit/537.36 (KHTML, like Gecko) Chrome/120.0.0.0 Safari/537.36"
13.140.150.103 - - [01/Jul/2026:19:53:29 +0000] "GET /wp-admin/user/ HTTP/1.1" 404 3420 "-" "Mozilla/5.0 (Windows NT 10.0; Win64; x64) AppleWebKit/537.36 (KHTML, like Gecko) Chrome/120.0.0.0 Safari/537.36"
13.140.150.103 - - [01/Jul/2026:19:53:30 +0000] "GET /wp-includes/ HTTP/1.1" 404 3420 "-" "Mozilla/5.0 (Windows NT 10.0; Win64; x64) AppleWebKit/537.36 (KHTML, like Gecko) Chrome/120.0.0.0 Safari/537.36"
13.140.150.103 - - [01/Jul/2026:19:53:30 +0000] "GET /wp-includes/Text/ HTTP/1.1" 404 3420 "-" "Mozilla/5.0 (Windows NT 10.0; Win64; x64) AppleWebKit/537.36 (KHTML, like Gecko) Chrome/120.0.0.0 Safari/537.36"
13.140.150.103 - - [01/Jul/2026:19:53:31 +0000] "GET /wp-includes/Text/Diff/ HTTP/1.1" 404 3420 "-" "Mozilla/5.0 (Windows NT 10.0; Win64; x64) AppleWebKit/537.36 (KHTML, like Gecko) Chrome/120.0.0.0 Safari/537.36"
13.140.150.103 - - [01/Jul/2026:19:53:31 +0000] "GET /wp-includes/css/ HTTP/1.1" 404 3420 "-" "Mozilla/5.0 (Windows NT 10.0; Win64; x64) AppleWebKit/537.36 (KHTML, like Gecko) Chrome/120.0.0.0 Safari/537.36"
13.140.150.103 - - [01/Jul/2026:19:53:31 +0000] "GET /wp-includes/css/dist/ HTTP/1.1" 404 3420 "-" "Mozilla/5.0 (Windows NT 10.0; Win64; x64) AppleWebKit/537.36 (KHTML, like Gecko) Chrome/120.0.0.0 Safari/537.36"
13.140.150.103 - - [01/Jul/2026:19:53:32 +0000] "GET /wp-includes/fonts/ HTTP/1.1" 404 3420 "-" "Mozilla/5.0 (Windows NT 10.0; Win64; x64) AppleWebKit/537.36 (KHTML, like Gecko) Chrome/120.0.0.0 Safari/537.36"
13.140.150.103 - - [01/Jul/2026:19:53:33 +0000] "GET /wp-includes/ID3/ HTTP/1.1" 404 3420 "-" "Mozilla/5.0 (Windows NT 10.0; Win64; x64) AppleWebKit/537.36 (KHTML, like Gecko) Chrome/120.0.0.0 Safari/537.36"
13.140.150.103 - - [01/Jul/2026:19:53:34 +0000] "GET /wp-includes/sitemaps/ HTTP/1.1" 404 3420 "-" "Mozilla/5.0 (Windows NT 10.0; Win64; x64) AppleWebKit/537.36 (KHTML, like Gecko) Chrome/120.0.0.0 Safari/537.36"
13.140.150.103 - - [01/Jul/2026:19:53:35 +0000] "GET /wp-includes/sitemaps/providers/ HTTP/1.1" 404 3420 "-" "Mozilla/5.0 (Windows NT 10.0; Win64; x64) AppleWebKit/537.36 (KHTML, like Gecko) Chrome/120.0.0.0 Safari/537.36"
13.140.150.103 - - [01/Jul/2026:19:53:36 +0000] "GET /wp-includes/IXR/ HTTP/1.1" 404 3420 "-" "Mozilla/5.0 (Windows NT 10.0; Win64; x64) AppleWebKit/537.36 (KHTML, like Gecko) Chrome/120.0.0.0 Safari/537.36"
13.140.150.103 - - [01/Jul/2026:19:53:36 +0000] "GET /wp-includes/images/ HTTP/1.1" 404 3420 "-" "Mozilla/5.0 (Windows NT 10.0; Win64; x64) AppleWebKit/537.36 (KHTML, like Gecko) Chrome/120.0.0.0 Safari/537.36"
13.140.150.103 - - [01/Jul/2026:19:53:36 +0000] "GET /wp-includes/PHPMailer/ HTTP/1.1" 404 3420 "-" "Mozilla/5.0 (Windows NT 10.0; Win64; x64) AppleWebKit/537.36 (KHTML, like Gecko) Chrome/120.0.0.0 Safari/537.36"
13.140.150.103 - - [01/Jul/2026:19:53:36 +0000] "GET /wp-includes/pomo/ HTTP/1.1" 404 3420 "-" "Mozilla/5.0 (Windows NT 10.0; Win64; x64) AppleWebKit/537.36 (KHTML, like Gecko) Chrome/120.0.0.0 Safari/537.36"
13.140.150.103 - - [01/Jul/2026:19:53:37 +0000] "GET /wp-includes/blocks/ HTTP/1.1" 404 3420 "-" "Mozilla/5.0 (Windows NT 10.0; Win64; x64) AppleWebKit/537.36 (KHTML, like Gecko) Chrome/120.0.0.0 Safari/537.36"
13.140.150.103 - - [01/Jul/2026:19:53:37 +0000] "GET /wp-includes/js/ HTTP/1.1" 404 3420 "-" "Mozilla/5.0 (Windows NT 10.0; Win64; x64) AppleWebKit/537.36 (KHTML, like Gecko) Chrome/120.0.0.0 Safari/537.36"
13.140.150.103 - - [01/Jul/2026:19:53:37 +0000] "GET /wp-includes/js/codemirror/ HTTP/1.1" 404 3420 "-" "Mozilla/5.0 (Windows NT 10.0; Win64; x64) AppleWebKit/537.36 (KHTML, like Gecko) Chrome/120.0.0.0 Safari/537.36"
216.73.217.139 - - [01/Jul/2026:19:53:36 +0000] "GET /product-tag/soft-cup/?products-per-page=12 HTTP/2" 200 35837 "-" "Mozilla/5.0 AppleWebKit/537.36 (KHTML, like Gecko; compatible; ClaudeBot/1.0; +claudebot@anthropic.com)"
13.140.150.103 - - [01/Jul/2026:19:53:38 +0000] "GET /wp-includes/js/plupload/ HTTP/1.1" 404 3420 "-" "Mozilla/5.0 (Windows NT 10.0; Win64; x64) AppleWebKit/537.36 (KHTML, like Gecko) Chrome/120.0.0.0 Safari/537.36"
13.140.150.103 - - [01/Jul/2026:19:53:38 +0000] "GET /wp-includes/widgets/ HTTP/1.1" 404 3420 "-" "Mozilla/5.0 (Windows NT 10.0; Win64; x64) AppleWebKit/537.36 (KHTML, like Gecko) Chrome/120.0.0.0 Safari/537.36"
13.140.150.103 - - [01/Jul/2026:19:53:39 +0000] "GET /wp-content/ HTTP/1.1" 404 3420 "-" "Mozilla/5.0 (Windows NT 10.0; Win64; x64) AppleWebKit/537.36 (KHTML, like Gecko) Chrome/120.0.0.0 Safari/537.36"
13.140.150.103 - - [01/Jul/2026:19:53:39 +0000] "GET /wp-content/languages/ HTTP/1.1" 404 3420 "-" "Mozilla/5.0 (Windows NT 10.0; Win64; x64) AppleWebKit/537.36 (KHTML, like Gecko) Chrome/120.0.0.0 Safari/537.36"
13.140.150.103 - - [01/Jul/2026:19:53:39 +0000] "GET /wp-content/IXR/ HTTP/1.1" 404 3420 "-" "Mozilla/5.0 (Windows NT 10.0; Win64; x64) AppleWebKit/537.36 (KHTML, like Gecko) Chrome/120.0.0.0 Safari/537.36"
13.140.150.103 - - [01/Jul/2026:19:53:40 +0000] "GET /wp-content/uploads/ HTTP/1.1" 404 3420 "-" "Mozilla/5.0 (Windows NT 10.0; Win64; x64) AppleWebKit/537.36 (KHTML, like Gecko) Chrome/120.0.0.0 Safari/537.36"
13.140.150.103 - - [01/Jul/2026:19:53:41 +0000] "GET /wp-content/upgrade/ HTTP/1.1" 404 3420 "-" "Mozilla/5.0 (Windows NT 10.0; Win64; x64) AppleWebKit/537.36 (KHTML, like Gecko) Chrome/120.0.0.0 Safari/537.36"
13.140.150.103 - - [01/Jul/2026:19:53:41 +0000] "GET /wp-content/plugins/ HTTP/1.1" 404 3420 "-" "Mozilla/5.0 (Windows NT 10.0; Win64; x64) AppleWebKit/537.36 (KHTML, like Gecko) Chrome/120.0.0.0 Safari/537.36"
13.140.150.103 - - [01/Jul/2026:19:53:42 +0000] "GET /wp-content/themes/ HTTP/1.1" 404 3420 "-" "Mozilla/5.0 (Windows NT 10.0; Win64; x64) AppleWebKit/537.36 (KHTML, like Gecko) Chrome/120.0.0.0 Safari/537.36"
13.140.150.103 - - [01/Jul/2026:19:53:42 +0000] "GET /.well-known/ HTTP/1.1" 404 3420 "-" "Mozilla/5.0 (Windows NT 10.0; Win64; x64) AppleWebKit/537.36 (KHTML, like Gecko) Chrome/120.0.0.0 Safari/537.36"
13.140.150.103 - - [01/Jul/2026:19:53:42 +0000] "GET /uploads/ HTTP/1.1" 404 3420 "-" "Mozilla/5.0 (Windows NT 10.0; Win64; x64) AppleWebKit/537.36 (KHTML, like Gecko) Chrome/120.0.0.0 Safari/537.36"
13.140.150.103 - - [01/Jul/2026:19:53:43 +0000] "GET /files/ HTTP/1.1" 404 3420 "-" "Mozilla/5.0 (Windows NT 10.0; Win64; x64) AppleWebKit/537.36 (KHTML, like Gecko) Chrome/120.0.0.0 Safari/537.36"
13.140.150.103 - - [01/Jul/2026:19:53:43 +0000] "GET /file/ HTTP/1.1" 404 3420 "-" "Mozilla/5.0 (Windows NT 10.0; Win64; x64) AppleWebKit/537.36 (KHTML, like Gecko) Chrome/120.0.0.0 Safari/537.36"
13.140.150.103 - - [01/Jul/2026:19:53:44 +0000] "GET /images/ HTTP/1.1" 200 12498 "-" "Mozilla/5.0 (Windows NT 10.0; Win64; x64) AppleWebKit/537.36 (KHTML, like Gecko) Chrome/120.0.0.0 Safari/537.36"
13.140.150.103 - - [01/Jul/2026:19:53:44 +0000] "GET /admin/ HTTP/1.1" 404 3420 "-" "Mozilla/5.0 (Windows NT 10.0; Win64; x64) AppleWebKit/537.36 (KHTML, like Gecko) Chrome/120.0.0.0 Safari/537.36"
13.140.150.103 - - [01/Jul/2026:19:53:44 +0000] "GET /cgi-bin/ HTTP/1.1" 401 12509 "-" "Mozilla/5.0 (Windows NT 10.0; Win64; x64) AppleWebKit/537.36 (KHTML, like Gecko) Chrome/120.0.0.0 Safari/537.36"
13.140.150.103 - - [01/Jul/2026:19:53:45 +0000] "GET /.tmb/ HTTP/1.1" 404 3420 "-" "Mozilla/5.0 (Windows NT 10.0; Win64; x64) AppleWebKit/537.36 (KHTML, like Gecko) Chrome/120.0.0.0 Safari/537.36"
216.73.217.139 - - [01/Jul/2026:19:54:31 +0000] "GET /product-tag/ss12/?products-per-page=all HTTP/2" 200 35791 "-" "Mozilla/5.0 AppleWebKit/537.36 (KHTML, like Gecko; compatible; ClaudeBot/1.0; +claudebot@anthropic.com)"
66.249.74.33 - - [01/Jul/2026:19:54:36 +0000] "GET /products/100164131/ HTTP/1.1" 200 25287 "-" "Mozilla/5.0 (Linux; Android 6.0.1; Nexus 5X Build/MMB29P) AppleWebKit/537.36 (KHTML, like Gecko) Chrome/149.0.7827.200 Mobile Safari/537.36 (compatible; Googlebot/2.1; +http://www.google.com/bot.html)"
66.249.73.14 - - [01/Jul/2026:19:54:37 +0000] "GET /products/311057731/ HTTP/1.1" 200 25434 "-" "Mozilla/5.0 (Linux; Android 6.0.1; Nexus 5X Build/MMB29P) AppleWebKit/537.36 (KHTML, like Gecko) Chrome/149.0.7827.200 Mobile Safari/537.36 (compatible; Googlebot/2.1; +http://www.google.com/bot.html)"
37.186.41.197 - - [01/Jul/2026:19:52:01 +0000] "POST /xmlrpc.php HTTP/1.1" 200 403 "-" "WordPress.com; https://wordpress.com"
37.186.41.197 - - [01/Jul/2026:19:52:12 +0000] "POST /xmlrpc.php HTTP/1.1" 200 403 "-" "Jetpack/12.5; WordPress/6.3; http://site17098921.com"
37.186.41.197 - - [01/Jul/2026:19:52:23 +0000] "POST /xmlrpc.php HTTP/1.1" 200 403 "-" "Jetpack/12.1; WordPress/6.1; http://site81304010.com"
37.186.41.197 - - [01/Jul/2026:19:52:33 +0000] "POST /xmlrpc.php HTTP/1.1" 200 403 "-" "Jetpack/12.1; WordPress/6.4; http://site21469115.com"
37.186.41.197 - - [01/Jul/2026:19:52:44 +0000] "POST /xmlrpc.php HTTP/1.1" 200 403 "-" "Jetpack by WordPress.com (Jetpack 12.1; WordPress 6.3)"
37.186.41.197 - - [01/Jul/2026:19:52:55 +0000] "POST /xmlrpc.php HTTP/1.1" 200 403 "-" "Jetpack by WordPress.com (Jetpack 12.0; WordPress 6.4)"
216.73.217.139 - - [01/Jul/2026:19:52:55 +0000] "GET /product-tag/soft-cup/?products-per-page=all HTTP/2" 200 35837 "-" "Mozilla/5.0 AppleWebKit/537.36 (KHTML, like Gecko; compatible; ClaudeBot/1.0; +claudebot@anthropic.com)"
37.186.41.197 - - [01/Jul/2026:19:53:05 +0000] "POST /xmlrpc.php HTTP/1.1" 200 403 "-" "Jetpack by WordPress.com (Jetpack 13.0; WordPress 6.3)"
37.186.41.197 - - [01/Jul/2026:19:53:16 +0000] "POST /xmlrpc.php HTTP/1.1" 200 403 "-" "WordPress.com; https://wordpress.com"
37.186.41.197 - - [01/Jul/2026:19:53:27 +0000] "POST /xmlrpc.php HTTP/1.1" 200 403 "-" "Jetpack by WordPress.com"
37.186.41.197 - - [01/Jul/2026:19:53:37 +0000] "POST /xmlrpc.php HTTP/1.1" 200 403 "-" "Jetpack/12.1; WordPress/6.1; http://site20966293.com"
37.186.41.197 - - [01/Jul/2026:19:53:48 +0000] "POST /xmlrpc.php HTTP/1.1" 200 403 "-" "Jetpack by WordPress.com"
37.186.41.197 - - [01/Jul/2026:19:53:59 +0000] "POST /xmlrpc.php HTTP/1.1" 200 403 "-" "WordPress.com; https://wordpress.com"
57.141.0.13 - - [01/Jul/2026:19:54:05 +0000] "GET /products/014057438988 HTTP/2" 404 155047 "-" "meta-externalagent/1.1 (+https://developers.facebook.com/docs/sharing/webmasters/crawler)"
37.186.41.197 - - [01/Jul/2026:19:54:10 +0000] "POST /xmlrpc.php HTTP/1.1" 200 403 "-" "Jetpack by WordPress.com (Jetpack 13.0; WordPress 6.4)"
37.186.41.197 - - [01/Jul/2026:19:54:20 +0000] "POST /xmlrpc.php HTTP/1.1" 200 403 "-" "WordPress.com; https://wordpress.com"
216.73.217.139 - - [01/Jul/2026:19:54:26 +0000] "GET /product-tag/soft-cup/?products-per-page=24 HTTP/2" 200 35838 "-" "Mozilla/5.0 AppleWebKit/537.36 (KHTML, like Gecko; compatible; ClaudeBot/1.0; +claudebot@anthropic.com)"
37.186.41.197 - - [01/Jul/2026:19:54:31 +0000] "POST /xmlrpc.php HTTP/1.1" 200 403 "-" "Jetpack by WordPress.com (Jetpack 12.0; WordPress 6.3)"
37.186.41.197 - - [01/Jul/2026:19:54:42 +0000] "POST /xmlrpc.php HTTP/1.1" 200 403 "-" "Jetpack by WordPress.com"
37.186.41.197 - - [01/Jul/2026:19:54:52 +0000] "POST /xmlrpc.php HTTP/1.1" 200 403 "-" "Jetpack/13.0; WordPress/6.3; http://site87362394.com"
37.186.41.197 - - [01/Jul/2026:19:55:03 +0000] "POST /xmlrpc.php HTTP/1.1" 200 403 "-" "Jetpack/12.1; WordPress/6.1; http://site91251734.com"
37.186.41.197 - - [01/Jul/2026:19:55:14 +0000] "POST /xmlrpc.php HTTP/1.1" 200 403 "-" "Jetpack/12.5; WordPress/6.4; http://site67870490.com"
37.186.41.197 - - [01/Jul/2026:19:55:25 +0000] "POST /xmlrpc.php HTTP/1.1" 200 403 "-" "WordPress.com; https://wordpress.com"
37.186.41.197 - - [01/Jul/2026:19:55:35 +0000] "POST /xmlrpc.php HTTP/1.1" 200 403 "-" "Jetpack by WordPress.com (Jetpack 12.5; WordPress 6.3)"
37.186.41.197 - - [01/Jul/2026:19:55:46 +0000] "POST /xmlrpc.php HTTP/1.1" 200 403 "-" "Jetpack by WordPress.com (Jetpack 12.5; WordPress 6.3)"
37.186.41.197 - - [01/Jul/2026:19:55:57 +0000] "POST /xmlrpc.php HTTP/1.1" 200 403 "-" "Jetpack/12.1; WordPress/6.2; http://site77071548.com"
37.186.41.197 - - [01/Jul/2026:19:56:08 +0000] "POST /xmlrpc.php HTTP/1.1" 200 403 "-" "WordPress.com; https://wordpress.com"
37.186.41.197 - - [01/Jul/2026:19:56:18 +0000] "POST /xmlrpc.php HTTP/1.1" 200 403 "-" "Jetpack by WordPress.com"
216.73.217.139 - - [01/Jul/2026:19:56:18 +0000] "GET /product-tag/ss12/?products-per-page=24 HTTP/2" 200 35790 "-" "Mozilla/5.0 AppleWebKit/537.36 (KHTML, like Gecko; compatible; ClaudeBot/1.0; +claudebot@anthropic.com)"
37.186.41.197 - - [01/Jul/2026:19:56:29 +0000] "POST /xmlrpc.php HTTP/1.1" 200 403 "-" "Jetpack by WordPress.com (Jetpack 12.1; WordPress 6.1)"
37.186.41.197 - - [01/Jul/2026:19:56:40 +0000] "POST /xmlrpc.php HTTP/1.1" 200 403 "-" "WordPress.com; https://wordpress.com"
37.186.41.197 - - [01/Jul/2026:19:56:50 +0000] "POST /xmlrpc.php HTTP/1.1" 200 403 "-" "WordPress.com; https://wordpress.com"
37.186.41.197 - - [01/Jul/2026:19:57:01 +0000] "POST /xmlrpc.php HTTP/1.1" 200 403 "-" "Jetpack by WordPress.com"
216.73.217.139 - - [01/Jul/2026:19:57:03 +0000] "GET /product-tag/soft-cup/feed/ HTTP/2" 200 1065 "-" "Mozilla/5.0 AppleWebKit/537.36 (KHTML, like Gecko; compatible; ClaudeBot/1.0; +claudebot@anthropic.com)"
57.141.0.34 - - [01/Jul/2026:19:57:03 +0000] "GET /products/012078228632 HTTP/2" 404 155047 "-" "meta-externalagent/1.1 (+https://developers.facebook.com/docs/sharing/webmasters/crawler)"
37.186.41.197 - - [01/Jul/2026:19:57:12 +0000] "POST /xmlrpc.php HTTP/1.1" 200 403 "-" "Jetpack/12.5; WordPress/6.4; http://site80294584.com"
35.224.18.204 - - [01/Jul/2026:19:57:14 +0000] "HEAD /products/56994658 HTTP/2" 404 0 "-" "Mozilla/5.0 AppleWebKit/537.36 (KHTML, like Gecko); compatible; ShapBot/0.1.0"
37.186.41.197 - - [01/Jul/2026:19:57:22 +0000] "POST /xmlrpc.php HTTP/1.1" 200 403 "-" "Jetpack/12.5; WordPress/6.1; http://site93500418.com"
54.39.136.250 - - [01/Jul/2026:19:57:27 +0000] "GET /wp-sitemap.xml HTTP/2" 200 12303 "-" "Mozilla/5.0 (compatible; AhrefsBot/7.0; +http://ahrefs.com/robot/)"
37.186.41.197 - - [01/Jul/2026:19:57:33 +0000] "POST /xmlrpc.php HTTP/1.1" 200 403 "-" "WordPress.com; https://wordpress.com"
57.141.0.8 - - [01/Jul/2026:19:57:38 +0000] "GET /products/011788683726 HTTP/2" 404 155047 "-" "meta-externalagent/1.1 (+https://developers.facebook.com/docs/sharing/webmasters/crawler)"
37.186.41.197 - - [01/Jul/2026:19:57:44 +0000] "POST /xmlrpc.php HTTP/1.1" 200 403 "-" "Jetpack/13.0; WordPress/6.3; http://site88465116.com"
57.141.0.53 - - [01/Jul/2026:19:57:53 +0000] "GET /products/012340709423 HTTP/2" 404 155047 "-" "meta-externalagent/1.1 (+https://developers.facebook.com/docs/sharing/webmasters/crawler)"
37.186.41.197 - - [01/Jul/2026:19:57:54 +0000] "POST /xmlrpc.php HTTP/1.1" 200 403 "-" "WordPress.com; https://wordpress.com"
37.186.41.197 - - [01/Jul/2026:19:58:05 +0000] "POST /xmlrpc.php HTTP/1.1" 200 403 "-" "WordPress.com; https://wordpress.com"
66.249.74.33 - - [01/Jul/2026:19:58:12 +0000] "GET /products/241145698092 HTTP/1.1" 200 25581 "-" "Mozilla/5.0 (Linux; Android 6.0.1; Nexus 5X Build/MMB29P) AppleWebKit/537.36 (KHTML, like Gecko) Chrome/149.0.7827.200 Mobile Safari/537.36 (compatible; Googlebot/2.1; +http://www.google.com/bot.html)"
37.186.41.197 - - [01/Jul/2026:19:58:16 +0000] "POST /xmlrpc.php HTTP/1.1" 200 403 "-" "Jetpack/12.5; WordPress/6.1; http://site38928977.com"
37.186.41.197 - - [01/Jul/2026:19:58:26 +0000] "POST /xmlrpc.php HTTP/1.1" 200 403 "-" "Jetpack by WordPress.com (Jetpack 12.0; WordPress 6.4)"
37.186.41.197 - - [01/Jul/2026:19:58:37 +0000] "POST /xmlrpc.php HTTP/1.1" 200 403 "-" "Jetpack by WordPress.com (Jetpack 12.5; WordPress 6.2)"
37.186.41.197 - - [01/Jul/2026:19:58:48 +0000] "POST /xmlrpc.php HTTP/1.1" 200 403 "-" "WordPress.com; https://wordpress.com"
37.186.41.197 - - [01/Jul/2026:19:58:59 +0000] "POST /xmlrpc.php HTTP/1.1" 200 403 "-" "WordPress.com; https://wordpress.com"
37.186.41.197 - - [01/Jul/2026:19:59:09 +0000] "POST /xmlrpc.php HTTP/1.1" 200 403 "-" "Jetpack/12.1; WordPress/6.2; http://site94745565.com"
37.186.41.197 - - [01/Jul/2026:19:59:20 +0000] "POST /xmlrpc.php HTTP/1.1" 200 403 "-" "WordPress.com; https://wordpress.com"
37.186.41.197 - - [01/Jul/2026:19:59:31 +0000] "POST /xmlrpc.php HTTP/1.1" 200 403 "-" "Jetpack by WordPress.com (Jetpack 12.0; WordPress 6.3)"
37.186.41.197 - - [01/Jul/2026:19:59:41 +0000] "POST /xmlrpc.php HTTP/1.1" 200 403 "-" "Jetpack by WordPress.com (Jetpack 12.5; WordPress 6.2)"
207.46.13.64 - - [01/Jul/2026:19:59:43 +0000] "GET /products/142627631/ HTTP/2" 200 25973 "-" "Mozilla/5.0 AppleWebKit/537.36 (KHTML, like Gecko; compatible; bingbot/2.0; +http://www.bing.com/bingbot.htm) Chrome/116.0.1938.76 Safari/537.36"
37.186.41.197 - - [01/Jul/2026:19:59:52 +0000] "POST /xmlrpc.php HTTP/1.1" 200 403 "-" "WordPress.com; https://wordpress.com"
37.186.41.197 - - [01/Jul/2026:20:00:03 +0000] "POST /xmlrpc.php HTTP/1.1" 200 403 "-" "Jetpack/12.0; WordPress/6.3; http://site21744060.com"
57.141.0.71 - - [01/Jul/2026:20:00:05 +0000] "GET /products/0181063288 HTTP/2" 404 155047 "-" "meta-externalagent/1.1 (+https://developers.facebook.com/docs/sharing/webmasters/crawler)"
37.186.41.197 - - [01/Jul/2026:20:00:13 +0000] "POST /xmlrpc.php HTTP/1.1" 200 403 "-" "Jetpack by WordPress.com"
37.186.41.197 - - [01/Jul/2026:20:00:24 +0000] "POST /xmlrpc.php HTTP/1.1" 200 403 "-" "Jetpack by WordPress.com"
57.141.0.5 - - [01/Jul/2026:20:00:33 +0000] "GET /products/013261294954 HTTP/2" 404 155047 "-" "meta-externalagent/1.1 (+https://developers.facebook.com/docs/sharing/webmasters/crawler)"
37.186.41.197 - - [01/Jul/2026:20:00:35 +0000] "POST /xmlrpc.php HTTP/1.1" 200 403 "-" "Jetpack/12.5; WordPress/6.3; http://site73775340.com"
57.141.0.62 - - [01/Jul/2026:20:00:41 +0000] "GET /products/014005306372 HTTP/2" 404 155047 "-" "meta-externalagent/1.1 (+https://developers.facebook.com/docs/sharing/webmasters/crawler)"
37.186.41.197 - - [01/Jul/2026:20:00:46 +0000] "POST /xmlrpc.php HTTP/1.1" 200 403 "-" "WordPress.com; https://wordpress.com"
37.186.41.197 - - [01/Jul/2026:20:00:56 +0000] "POST /xmlrpc.php HTTP/1.1" 200 403 "-" "Jetpack by WordPress.com"
37.186.41.197 - - [01/Jul/2026:20:01:07 +0000] "POST /xmlrpc.php HTTP/1.1" 200 403 "-" "Jetpack/12.5; WordPress/6.3; http://site43064830.com"
66.249.74.32 - - [01/Jul/2026:20:01:14 +0000] "GET /products/355151331/ HTTP/1.1" 200 26496 "-" "Mozilla/5.0 (Linux; Android 6.0.1; Nexus 5X Build/MMB29P) AppleWebKit/537.36 (KHTML, like Gecko) Chrome/149.0.7827.200 Mobile Safari/537.36 (compatible; Googlebot/2.1; +http://www.google.com/bot.html)"
37.186.41.197 - - [01/Jul/2026:20:01:18 +0000] "POST /xmlrpc.php HTTP/1.1" 200 403 "-" "Jetpack/12.0; WordPress/6.2; http://site34034594.com"
37.186.41.197 - - [01/Jul/2026:20:01:28 +0000] "POST /xmlrpc.php HTTP/1.1" 200 403 "-" "Jetpack by WordPress.com"
37.186.41.197 - - [01/Jul/2026:20:01:39 +0000] "POST /xmlrpc.php HTTP/1.1" 200 403 "-" "WordPress.com; https://wordpress.com"
195.142.108.235 - - [01/Jul/2026:19:55:00 +0000] "GET /wp-login.php HTTP/2" 200 1975 "-" "Mozilla/5.0 (X11; Linux x86_64; rv:133.0) Gecko/20100101 Firefox/133.0"
195.142.108.235 - - [01/Jul/2026:19:55:01 +0000] "POST /wp-login.php HTTP/2" 200 2154 "https://rearbear.com/wp-login.php" "Mozilla/5.0 (X11; Linux x86_64; rv:133.0) Gecko/20100101 Firefox/133.0"
66.249.74.33 - - [01/Jul/2026:19:55:28 +0000] "GET /products/463089931/ HTTP/1.1" 200 26739 "-" "Mozilla/5.0 (Linux; Android 6.0.1; Nexus 5X Build/MMB29P) AppleWebKit/537.36 (KHTML, like Gecko) Chrome/149.0.7827.200 Mobile Safari/537.36 (compatible; Googlebot/2.1; +http://www.google.com/bot.html)"
216.73.217.139 - - [01/Jul/2026:19:55:48 +0000] "GET /product-tag/ss12/?products-per-page=12 HTTP/2" 200 35767 "-" "Mozilla/5.0 AppleWebKit/537.36 (KHTML, like Gecko; compatible; ClaudeBot/1.0; +claudebot@anthropic.com)"
57.141.0.22 - - [01/Jul/2026:19:55:49 +0000] "GET /products/012129194557 HTTP/2" 404 155047 "-" "meta-externalagent/1.1 (+https://developers.facebook.com/docs/sharing/webmasters/crawler)"
216.73.217.139 - - [01/Jul/2026:19:55:50 +0000] "GET /product-tag/ss12/feed/ HTTP/2" 200 1058 "-" "Mozilla/5.0 AppleWebKit/537.36 (KHTML, like Gecko; compatible; ClaudeBot/1.0; +claudebot@anthropic.com)"
66.249.74.33 - - [01/Jul/2026:19:56:31 +0000] "GET /products/21621858/ HTTP/1.1" 200 25872 "-" "Mozilla/5.0 (Linux; Android 6.0.1; Nexus 5X Build/MMB29P) AppleWebKit/537.36 (KHTML, like Gecko) Chrome/149.0.7827.200 Mobile Safari/537.36 (compatible; Googlebot/2.1; +http://www.google.com/bot.html)"
66.249.73.13 - - [01/Jul/2026:19:56:54 +0000] "GET /products/68560631/ HTTP/1.1" 200 26399 "-" "Mozilla/5.0 (Linux; Android 6.0.1; Nexus 5X Build/MMB29P) AppleWebKit/537.36 (KHTML, like Gecko) Chrome/149.0.7827.200 Mobile Safari/537.36 (compatible; Googlebot/2.1; +http://www.google.com/bot.html)"
35.224.18.204 - - [01/Jul/2026:19:57:12 +0000] "HEAD /robots.txt HTTP/2" 200 0 "-" "Mozilla/5.0 (X11; Linux x86_64) AppleWebKit/537.36 (KHTML, like Gecko) Chrome/136.0.0.0 Safari/537.36"
35.224.18.204 - - [01/Jul/2026:19:57:12 +0000] "GET /robots.txt HTTP/2" 200 78 "-" "Mozilla/5.0 (X11; Linux x86_64) AppleWebKit/537.36 (KHTML, like Gecko) Chrome/136.0.0.0 Safari/537.36"
66.249.74.33 - - [01/Jul/2026:19:57:28 +0000] "GET /products/103882258/ HTTP/1.1" 200 26348 "-" "Mozilla/5.0 (Linux; Android 6.0.1; Nexus 5X Build/MMB29P) AppleWebKit/537.36 (KHTML, like Gecko) Chrome/149.0.7827.200 Mobile Safari/537.36 (compatible; Googlebot/2.1; +http://www.google.com/bot.html)"
57.141.0.21 - - [01/Jul/2026:19:58:09 +0000] "GET /products/012615930638 HTTP/2" 404 155047 "-" "meta-externalagent/1.1 (+https://developers.facebook.com/docs/sharing/webmasters/crawler)"
57.141.0.18 - - [01/Jul/2026:19:59:56 +0000] "GET /products/012012051433 HTTP/2" 404 155047 "-" "meta-externalagent/1.1 (+https://developers.facebook.com/docs/sharing/webmasters/crawler)"
57.141.0.69 - - [01/Jul/2026:20:01:09 +0000] "GET /products/01647479170 HTTP/2" 404 155047 "-" "meta-externalagent/1.1 (+https://developers.facebook.com/docs/sharing/webmasters/crawler)"
57.141.0.1 - - [01/Jul/2026:20:01:44 +0000] "GET /products/012734079927 HTTP/2" 404 155047 "-" "meta-externalagent/1.1 (+https://developers.facebook.com/docs/sharing/webmasters/crawler)"
57.141.0.19 - - [01/Jul/2026:20:02:15 +0000] "GET /products/01414988662 HTTP/2" 404 155047 "-" "meta-externalagent/1.1 (+https://developers.facebook.com/docs/sharing/webmasters/crawler)"
66.249.74.33 - - [01/Jul/2026:20:02:39 +0000] "GET /products/23551531/ HTTP/1.1" 200 26403 "-" "Mozilla/5.0 (Linux; Android 6.0.1; Nexus 5X Build/MMB29P) AppleWebKit/537.36 (KHTML, like Gecko) Chrome/149.0.7827.200 Mobile Safari/537.36 (compatible; Googlebot/2.1; +http://www.google.com/bot.html)"
57.141.0.32 - - [01/Jul/2026:20:04:36 +0000] "GET /products/013550839876 HTTP/2" 404 155047 "-" "meta-externalagent/1.1 (+https://developers.facebook.com/docs/sharing/webmasters/crawler)"
37.186.41.197 - - [01/Jul/2026:20:01:50 +0000] "POST /xmlrpc.php HTTP/1.1" 200 403 "-" "Jetpack by WordPress.com"
37.186.41.197 - - [01/Jul/2026:20:02:00 +0000] "POST /xmlrpc.php HTTP/1.1" 200 403 "-" "Jetpack/12.1; WordPress/6.4; http://site26959067.com"
37.186.41.197 - - [01/Jul/2026:20:02:11 +0000] "POST /xmlrpc.php HTTP/1.1" 200 403 "-" "Jetpack by WordPress.com"
37.186.41.197 - - [01/Jul/2026:20:02:22 +0000] "POST /xmlrpc.php HTTP/1.1" 200 403 "-" "WordPress.com; https://wordpress.com"
37.186.41.197 - - [01/Jul/2026:20:02:32 +0000] "POST /xmlrpc.php HTTP/1.1" 200 403 "-" "WordPress.com; https://wordpress.com"
57.141.0.19 - - [01/Jul/2026:20:02:35 +0000] "GET /products/014250195153 HTTP/2" 404 155047 "-" "meta-externalagent/1.1 (+https://developers.facebook.com/docs/sharing/webmasters/crawler)"
37.186.41.197 - - [01/Jul/2026:20:02:43 +0000] "POST /xmlrpc.php HTTP/1.1" 200 403 "-" "WordPress.com; https://wordpress.com"
146.19.125.66 - - [01/Jul/2026:20:02:43 +0000] "GET /my-account-2/ HTTP/1.0" 200 176437 "https://rearbear.com/my-account-2/" "Mozilla/5.0 (Windows NT 10.0; Win64; x64) AppleWebKit/537.36 (KHTML, like Gecko) Chrome/130.0.0.0 Safari/537.36"
37.186.41.197 - - [01/Jul/2026:20:02:54 +0000] "POST /xmlrpc.php HTTP/1.1" 200 403 "-" "Jetpack by WordPress.com"
37.186.41.197 - - [01/Jul/2026:20:03:05 +0000] "POST /xmlrpc.php HTTP/1.1" 200 403 "-" "Jetpack by WordPress.com (Jetpack 12.5; WordPress 6.4)"
37.186.41.197 - - [01/Jul/2026:20:03:15 +0000] "POST /xmlrpc.php HTTP/1.1" 200 403 "-" "Jetpack by WordPress.com"
57.141.0.46 - - [01/Jul/2026:20:03:15 +0000] "GET /products/012366027755 HTTP/2" 404 155047 "-" "meta-externalagent/1.1 (+https://developers.facebook.com/docs/sharing/webmasters/crawler)"
37.186.41.197 - - [01/Jul/2026:20:03:26 +0000] "POST /xmlrpc.php HTTP/1.1" 200 403 "-" "Jetpack/12.5; WordPress/6.2; http://site20975368.com"
37.186.41.197 - - [01/Jul/2026:20:03:37 +0000] "POST /xmlrpc.php HTTP/1.1" 200 403 "-" "WordPress.com; https://wordpress.com"
57.141.0.15 - - [01/Jul/2026:20:03:42 +0000] "GET /products/011061047702 HTTP/2" 404 155047 "-" "meta-externalagent/1.1 (+https://developers.facebook.com/docs/sharing/webmasters/crawler)"
37.186.41.197 - - [01/Jul/2026:20:03:48 +0000] "POST /xmlrpc.php HTTP/1.1" 200 403 "-" "Jetpack by WordPress.com"
57.141.0.66 - - [01/Jul/2026:20:03:52 +0000] "GET /products/013880004429 HTTP/2" 404 155047 "-" "meta-externalagent/1.1 (+https://developers.facebook.com/docs/sharing/webmasters/crawler)"
37.186.41.197 - - [01/Jul/2026:20:03:58 +0000] "POST /xmlrpc.php HTTP/1.1" 200 403 "-" "Jetpack by WordPress.com"
37.186.41.197 - - [01/Jul/2026:20:04:09 +0000] "POST /xmlrpc.php HTTP/1.1" 200 403 "-" "Jetpack/12.1; WordPress/6.3; http://site11121557.com"
37.186.41.197 - - [01/Jul/2026:20:04:20 +0000] "POST /xmlrpc.php HTTP/1.1" 200 403 "-" "Jetpack by WordPress.com (Jetpack 13.0; WordPress 6.4)"
37.186.41.197 - - [01/Jul/2026:20:04:30 +0000] "POST /xmlrpc.php HTTP/1.1" 200 403 "-" "WordPress.com; https://wordpress.com"
66.249.74.32 - - [01/Jul/2026:20:04:39 +0000] "GET /products/240031258/ HTTP/1.1" 200 26525 "-" "Mozilla/5.0 (Linux; Android 6.0.1; Nexus 5X Build/MMB29P) AppleWebKit/537.36 (KHTML, like Gecko) Chrome/149.0.7827.200 Mobile Safari/537.36 (compatible; Googlebot/2.1; +http://www.google.com/bot.html)"
37.186.41.197 - - [01/Jul/2026:20:04:41 +0000] "POST /xmlrpc.php HTTP/1.1" 200 403 "-" "Jetpack by WordPress.com"
37.186.41.197 - - [01/Jul/2026:20:04:52 +0000] "POST /xmlrpc.php HTTP/1.1" 200 403 "-" "Jetpack by WordPress.com"
37.186.41.197 - - [01/Jul/2026:20:05:02 +0000] "POST /xmlrpc.php HTTP/1.1" 200 403 "-" "Jetpack by WordPress.com (Jetpack 12.1; WordPress 6.1)"
37.186.41.197 - - [01/Jul/2026:20:05:13 +0000] "POST /xmlrpc.php HTTP/1.1" 200 403 "-" "Jetpack by WordPress.com (Jetpack 12.0; WordPress 6.4)"
37.186.41.197 - - [01/Jul/2026:20:05:23 +0000] "POST /xmlrpc.php HTTP/1.1" 200 403 "-" "WordPress.com; https://wordpress.com"
37.186.41.197 - - [01/Jul/2026:20:05:34 +0000] "POST /xmlrpc.php HTTP/1.1" 200 403 "-" "WordPress.com; https://wordpress.com"
85.209.206.207 - - [01/Jul/2026:20:05:40 +0000] "GET /products/187833531/ HTTP/1.1" 301 0 "-" "Mozilla/5.0 (iPod; U; CPU iPhone OS 3_1 like Mac OS X; iw-IL) AppleWebKit/531.39.2 (KHTML, like Gecko) Version/4.0.5 Mobile/8B114 Safari/6531.39.2"
37.186.41.197 - - [01/Jul/2026:20:05:45 +0000] "POST /xmlrpc.php HTTP/1.1" 200 403 "-" "WordPress.com; https://wordpress.com"
157.211.197.117 - - [01/Jul/2026:20:05:48 +0000] "GET /products/187833531/ HTTP/1.1" 404 33742 "-" "Mozilla/5.0 (iPod; U; CPU iPhone OS 4_2 like Mac OS X; gu-IN) AppleWebKit/535.32.4 (KHTML, like Gecko) Version/3.0.5 Mobile/8B115 Safari/6535.32.4"
66.249.74.43 - - [01/Jul/2026:20:05:50 +0000] "GET /products/121776731/ HTTP/1.1" 200 26334 "-" "Mozilla/5.0 (Linux; Android 6.0.1; Nexus 5X Build/MMB29P) AppleWebKit/537.36 (KHTML, like Gecko) Chrome/149.0.7827.200 Mobile Safari/537.36 (compatible; Googlebot/2.1; +http://www.google.com/bot.html)"
37.186.41.197 - - [01/Jul/2026:20:05:55 +0000] "POST /xmlrpc.php HTTP/1.1" 200 403 "-" "Jetpack/12.1; WordPress/6.3; http://site10307932.com"
37.186.41.197 - - [01/Jul/2026:20:06:06 +0000] "POST /xmlrpc.php HTTP/1.1" 200 403 "-" "Jetpack by WordPress.com (Jetpack 13.0; WordPress 6.3)"
52.138.3.29 - - [01/Jul/2026:20:06:12 +0000] "GET /wp-content/plugins/hellopress/wp_filemanager.php HTTP/1.1" 401 36 "-" "-"
52.138.3.29 - - [01/Jul/2026:20:06:13 +0000] "GET /this_is_a_new_hello_world.php HTTP/1.1" 401 36 "-" "-"
52.138.3.29 - - [01/Jul/2026:20:06:13 +0000] "GET /w.php HTTP/1.1" 401 36 "-" "-"
52.138.3.29 - - [01/Jul/2026:20:06:13 +0000] "GET /ccc.php HTTP/1.1" 401 36 "-" "-"
52.138.3.29 - - [01/Jul/2026:20:06:13 +0000] "GET /tiny.php HTTP/1.1" 401 36 "-" "-"
52.138.3.29 - - [01/Jul/2026:20:06:13 +0000] "GET /test.php HTTP/1.1" 401 36 "-" "-"
52.138.3.29 - - [01/Jul/2026:20:06:14 +0000] "GET /cilus.php HTTP/1.1" 401 36 "-" "-"
52.138.3.29 - - [01/Jul/2026:20:06:14 +0000] "GET /php8.php HTTP/1.1" 401 36 "-" "-"
52.138.3.29 - - [01/Jul/2026:20:06:14 +0000] "GET /wp-tivate.php HTTP/1.1" 401 36 "-" "-"
52.138.3.29 - - [01/Jul/2026:20:06:14 +0000] "GET /wp-load.php HTTP/1.1" 401 36 "-" "-"
52.138.3.29 - - [01/Jul/2026:20:06:14 +0000] "GET /wp-blink.php HTTP/1.1" 401 36 "-" "-"
52.138.3.29 - - [01/Jul/2026:20:06:14 +0000] "GET /BDKR28WP.php HTTP/1.1" 401 36 "-" "-"
52.138.3.29 - - [01/Jul/2026:20:06:14 +0000] "GET /adminfuns.php HTTP/1.1" 401 36 "-" "-"
