167.233.44.241 - - [01/Jul/2026:23:00:39 +0000] "POST /wp-login.php HTTP/2" 200 2154 "https://rearbear.com/wp-login.php" "Mozilla/5.0 (X11; Fedora; Linux x86_64) AppleWebKit/537.36 (KHTML, like Gecko) Chrome/133.0.0.0 Safari/537.36"
57.141.0.62 - - [01/Jul/2026:23:01:04 +0000] "GET /products/013294808520 HTTP/2" 404 155047 "-" "meta-externalagent/1.1 (+https://developers.facebook.com/docs/sharing/webmasters/crawler)"
66.249.74.33 - - [01/Jul/2026:23:01:27 +0000] "GET /products/35820553/ HTTP/1.1" 200 25900 "-" "Mozilla/5.0 (Linux; Android 6.0.1; Nexus 5X Build/MMB29P) AppleWebKit/537.36 (KHTML, like Gecko) Chrome/149.0.7827.200 Mobile Safari/537.36 (compatible; Googlebot/2.1; +http://www.google.com/bot.html)"
52.167.144.197 - - [01/Jul/2026:23:01:31 +0000] "GET /pages.php?products/4746897/ HTTP/2" 200 25550 "-" "Mozilla/5.0 AppleWebKit/537.36 (KHTML, like Gecko; compatible; bingbot/2.0; +http://www.bing.com/bingbot.htm) Chrome/116.0.1938.76 Safari/537.36"
52.167.144.197 - - [01/Jul/2026:23:01:35 +0000] "GET /products/220233531/ HTTP/2" 200 25687 "-" "Mozilla/5.0 AppleWebKit/537.36 (KHTML, like Gecko; compatible; bingbot/2.0; +http://www.bing.com/bingbot.htm) Chrome/116.0.1938.76 Safari/537.36"
52.167.144.197 - - [01/Jul/2026:23:01:37 +0000] "GET /products/232092831/ HTTP/2" 200 25510 "-" "Mozilla/5.0 AppleWebKit/537.36 (KHTML, like Gecko; compatible; bingbot/2.0; +http://www.bing.com/bingbot.htm) Chrome/116.0.1938.76 Safari/537.36"
52.167.144.197 - - [01/Jul/2026:23:01:40 +0000] "GET /products/217887131/ HTTP/2" 200 26630 "-" "Mozilla/5.0 AppleWebKit/537.36 (KHTML, like Gecko; compatible; bingbot/2.0; +http://www.bing.com/bingbot.htm) Chrome/116.0.1938.76 Safari/537.36"
52.167.144.197 - - [01/Jul/2026:23:01:43 +0000] "GET /products/370164131/ HTTP/2" 200 25306 "-" "Mozilla/5.0 AppleWebKit/537.36 (KHTML, like Gecko; compatible; bingbot/2.0; +http://www.bing.com/bingbot.htm) Chrome/116.0.1938.76 Safari/537.36"
52.167.144.197 - - [01/Jul/2026:23:01:46 +0000] "GET /products/33571131/ HTTP/2" 200 25398 "-" "Mozilla/5.0 AppleWebKit/537.36 (KHTML, like Gecko; compatible; bingbot/2.0; +http://www.bing.com/bingbot.htm) Chrome/116.0.1938.76 Safari/537.36"
52.167.144.197 - - [01/Jul/2026:23:01:49 +0000] "GET /products/245341631/ HTTP/2" 200 26546 "-" "Mozilla/5.0 AppleWebKit/537.36 (KHTML, like Gecko; compatible; bingbot/2.0; +http://www.bing.com/bingbot.htm) Chrome/116.0.1938.76 Safari/537.36"
40.77.167.2 - - [01/Jul/2026:23:01:52 +0000] "GET /pages.php?products/24686986/ HTTP/2" 200 26112 "-" "Mozilla/5.0 AppleWebKit/537.36 (KHTML, like Gecko; compatible; bingbot/2.0; +http://www.bing.com/bingbot.htm) Chrome/116.0.1938.76 Safari/537.36"
40.77.167.2 - - [01/Jul/2026:23:01:56 +0000] "GET /products/18231231/ HTTP/2" 200 25417 "-" "Mozilla/5.0 AppleWebKit/537.36 (KHTML, like Gecko; compatible; bingbot/2.0; +http://www.bing.com/bingbot.htm) Chrome/116.0.1938.76 Safari/537.36"
40.77.167.2 - - [01/Jul/2026:23:01:58 +0000] "GET /products/468406031/ HTTP/2" 200 26204 "-" "Mozilla/5.0 AppleWebKit/537.36 (KHTML, like Gecko; compatible; bingbot/2.0; +http://www.bing.com/bingbot.htm) Chrome/116.0.1938.76 Safari/537.36"
40.77.167.2 - - [01/Jul/2026:23:02:01 +0000] "GET /products/234563031/ HTTP/2" 200 26152 "-" "Mozilla/5.0 AppleWebKit/537.36 (KHTML, like Gecko; compatible; bingbot/2.0; +http://www.bing.com/bingbot.htm) Chrome/116.0.1938.76 Safari/537.36"
40.77.167.2 - - [01/Jul/2026:23:02:04 +0000] "GET /products/273754131/ HTTP/2" 200 26808 "-" "Mozilla/5.0 AppleWebKit/537.36 (KHTML, like Gecko; compatible; bingbot/2.0; +http://www.bing.com/bingbot.htm) Chrome/116.0.1938.76 Safari/537.36"
40.77.167.2 - - [01/Jul/2026:23:02:07 +0000] "GET /products/265661231/ HTTP/2" 200 27133 "-" "Mozilla/5.0 AppleWebKit/537.36 (KHTML, like Gecko; compatible; bingbot/2.0; +http://www.bing.com/bingbot.htm) Chrome/116.0.1938.76 Safari/537.36"
40.77.167.2 - - [01/Jul/2026:23:02:10 +0000] "GET /products/409469531/ HTTP/2" 200 25600 "-" "Mozilla/5.0 AppleWebKit/537.36 (KHTML, like Gecko; compatible; bingbot/2.0; +http://www.bing.com/bingbot.htm) Chrome/116.0.1938.76 Safari/537.36"
52.167.144.197 - - [01/Jul/2026:23:02:19 +0000] "GET /products/177454631/ HTTP/2" 200 26553 "-" "Mozilla/5.0 AppleWebKit/537.36 (KHTML, like Gecko; compatible; bingbot/2.0; +http://www.bing.com/bingbot.htm) Chrome/116.0.1938.76 Safari/537.36"
52.167.144.197 - - [01/Jul/2026:23:02:22 +0000] "GET /products/478351631/ HTTP/2" 200 25372 "-" "Mozilla/5.0 AppleWebKit/537.36 (KHTML, like Gecko; compatible; bingbot/2.0; +http://www.bing.com/bingbot.htm) Chrome/116.0.1938.76 Safari/537.36"
52.167.144.197 - - [01/Jul/2026:23:02:24 +0000] "GET /products/450137531/ HTTP/2" 200 26080 "-" "Mozilla/5.0 AppleWebKit/537.36 (KHTML, like Gecko; compatible; bingbot/2.0; +http://www.bing.com/bingbot.htm) Chrome/116.0.1938.76 Safari/537.36"
52.167.144.197 - - [01/Jul/2026:23:02:27 +0000] "GET /products/46023931/ HTTP/2" 200 25990 "-" "Mozilla/5.0 AppleWebKit/537.36 (KHTML, like Gecko; compatible; bingbot/2.0; +http://www.bing.com/bingbot.htm) Chrome/116.0.1938.76 Safari/537.36"
52.167.144.197 - - [01/Jul/2026:23:02:30 +0000] "GET /products/258377631/ HTTP/2" 200 26183 "-" "Mozilla/5.0 AppleWebKit/537.36 (KHTML, like Gecko; compatible; bingbot/2.0; +http://www.bing.com/bingbot.htm) Chrome/116.0.1938.76 Safari/537.36"
207.46.13.111 - - [01/Jul/2026:23:02:33 +0000] "GET /products/11742731/ HTTP/2" 200 25677 "-" "Mozilla/5.0 AppleWebKit/537.36 (KHTML, like Gecko; compatible; bingbot/2.0; +http://www.bing.com/bingbot.htm) Chrome/116.0.1938.76 Safari/537.36"
207.46.13.111 - - [01/Jul/2026:23:02:36 +0000] "GET /products/265835331/ HTTP/2" 200 26110 "-" "Mozilla/5.0 AppleWebKit/537.36 (KHTML, like Gecko; compatible; bingbot/2.0; +http://www.bing.com/bingbot.htm) Chrome/116.0.1938.76 Safari/537.36"
207.46.13.111 - - [01/Jul/2026:23:02:40 +0000] "GET /products/104289358/ HTTP/2" 200 26316 "-" "Mozilla/5.0 AppleWebKit/537.36 (KHTML, like Gecko; compatible; bingbot/2.0; +http://www.bing.com/bingbot.htm) Chrome/116.0.1938.76 Safari/537.36"
207.46.13.111 - - [01/Jul/2026:23:02:42 +0000] "GET /products/503359431/ HTTP/2" 200 25412 "-" "Mozilla/5.0 AppleWebKit/537.36 (KHTML, like Gecko; compatible; bingbot/2.0; +http://www.bing.com/bingbot.htm) Chrome/116.0.1938.76 Safari/537.36"
207.46.13.111 - - [01/Jul/2026:23:02:45 +0000] "GET /products/359425831/ HTTP/2" 200 26112 "-" "Mozilla/5.0 AppleWebKit/537.36 (KHTML, like Gecko; compatible; bingbot/2.0; +http://www.bing.com/bingbot.htm) Chrome/116.0.1938.76 Safari/537.36"
207.46.13.111 - - [01/Jul/2026:23:02:48 +0000] "GET /products/344119131/ HTTP/2" 200 26490 "-" "Mozilla/5.0 AppleWebKit/537.36 (KHTML, like Gecko; compatible; bingbot/2.0; +http://www.bing.com/bingbot.htm) Chrome/116.0.1938.76 Safari/537.36"
207.46.13.111 - - [01/Jul/2026:23:02:51 +0000] "GET /products/485705231/ HTTP/2" 200 25334 "-" "Mozilla/5.0 AppleWebKit/537.36 (KHTML, like Gecko; compatible; bingbot/2.0; +http://www.bing.com/bingbot.htm) Chrome/116.0.1938.76 Safari/537.36"
66.249.74.43 - - [01/Jul/2026:23:00:14 +0000] "GET /products/283039231/ HTTP/1.1" 200 25956 "-" "Mozilla/5.0 (Linux; Android 6.0.1; Nexus 5X Build/MMB29P) AppleWebKit/537.36 (KHTML, like Gecko) Chrome/149.0.7827.200 Mobile Safari/537.36 (compatible; Googlebot/2.1; +http://www.google.com/bot.html)"
57.141.0.62 - - [01/Jul/2026:23:00:33 +0000] "GET /products/011489263974 HTTP/2" 404 155047 "-" "meta-externalagent/1.1 (+https://developers.facebook.com/docs/sharing/webmasters/crawler)"
157.55.39.16 - - [01/Jul/2026:23:01:05 +0000] "GET /products/280347931/ HTTP/2" 200 26621 "-" "Mozilla/5.0 AppleWebKit/537.36 (KHTML, like Gecko; compatible; bingbot/2.0; +http://www.bing.com/bingbot.htm) Chrome/116.0.1938.76 Safari/537.36"
40.77.167.2 - - [01/Jul/2026:23:01:27 +0000] "GET /products/27758931/ HTTP/2" 200 26334 "-" "Mozilla/5.0 AppleWebKit/537.36 (KHTML, like Gecko; compatible; bingbot/2.0; +http://www.bing.com/bingbot.htm) Chrome/116.0.1938.76 Safari/537.36"
114.119.151.119 - - [01/Jul/2026:23:01:46 +0000] "GET /product-tag/half-sleeve/ HTTP/1.1" 200 36030 "https://rearbear.com/product/rupa-jon-mens-cotton-vest-half-sleevepack-of-2" "Mozilla/5.0 (Linux; Android 7.0;) AppleWebKit/537.36 (HTML, like Gecko) Mobile Safari/537.36 (compatible; PetalBot;+https://webmaster.petalsearch.com/site/petalbot)"
66.249.74.33 - - [01/Jul/2026:23:02:27 +0000] "GET /products/269898731/ HTTP/1.1" 200 26664 "-" "Mozilla/5.0 (Linux; Android 6.0.1; Nexus 5X Build/MMB29P) AppleWebKit/537.36 (KHTML, like Gecko) Chrome/149.0.7827.200 Mobile Safari/537.36 (compatible; Googlebot/2.1; +http://www.google.com/bot.html)"
207.46.13.111 - - [01/Jul/2026:23:03:04 +0000] "GET /products/271688531/ HTTP/2" 200 26759 "-" "Mozilla/5.0 AppleWebKit/537.36 (KHTML, like Gecko; compatible; bingbot/2.0; +http://www.bing.com/bingbot.htm) Chrome/116.0.1938.76 Safari/537.36"
207.46.13.111 - - [01/Jul/2026:23:03:06 +0000] "GET /products/52239131/ HTTP/2" 200 26385 "-" "Mozilla/5.0 AppleWebKit/537.36 (KHTML, like Gecko; compatible; bingbot/2.0; +http://www.bing.com/bingbot.htm) Chrome/116.0.1938.76 Safari/537.36"
114.119.129.237 - - [01/Jul/2026:23:03:13 +0000] "GET /product-tag/van-hesuen-11006?products-per-page=all HTTP/1.1" 301 0 "https://rearbear.com/product-tag/van-hesuen-11006?products-per-page=all" "Mozilla/5.0 (Linux; Android 7.0;) AppleWebKit/537.36 (HTML, like Gecko) Mobile Safari/537.36 (compatible; PetalBot;+https://webmaster.petalsearch.com/site/petalbot)"
66.249.74.43 - - [01/Jul/2026:23:03:18 +0000] "GET /products/437857631/ HTTP/1.1" 200 25717 "-" "Mozilla/5.0 (Linux; Android 6.0.1; Nexus 5X Build/MMB29P) AppleWebKit/537.36 (KHTML, like Gecko) Chrome/149.0.7827.200 Mobile Safari/537.36 (compatible; Googlebot/2.1; +http://www.google.com/bot.html)"
114.119.129.237 - - [01/Jul/2026:23:03:19 +0000] "GET /product-tag/van-hesuen-11006/?products-per-page=all HTTP/1.1" 200 35888 "https://rearbear.com/product-tag/van-hesuen-11006?products-per-page=all" "Mozilla/5.0 (Linux; Android 7.0;) AppleWebKit/537.36 (HTML, like Gecko) Mobile Safari/537.36 (compatible; PetalBot;+https://webmaster.petalsearch.com/site/petalbot)"
57.141.0.28 - - [01/Jul/2026:23:03:42 +0000] "GET /products/01926174363 HTTP/2" 404 155047 "-" "meta-externalagent/1.1 (+https://developers.facebook.com/docs/sharing/webmasters/crawler)"
66.249.74.33 - - [01/Jul/2026:23:04:18 +0000] "GET /products/139394831/ HTTP/1.1" 200 26955 "-" "Mozilla/5.0 (Linux; Android 6.0.1; Nexus 5X Build/MMB29P) AppleWebKit/537.36 (KHTML, like Gecko) Chrome/149.0.7827.200 Mobile Safari/537.36 (compatible; Googlebot/2.1; +http://www.google.com/bot.html)"
66.249.74.33 - - [01/Jul/2026:23:05:13 +0000] "GET /products/65632553/ HTTP/1.1" 200 26164 "-" "Mozilla/5.0 (Linux; Android 6.0.1; Nexus 5X Build/MMB29P) AppleWebKit/537.36 (KHTML, like Gecko) Chrome/149.0.7827.200 Mobile Safari/537.36 (compatible; Googlebot/2.1; +http://www.google.com/bot.html)"
57.141.0.8 - - [01/Jul/2026:23:05:17 +0000] "GET /products/012419027096 HTTP/2" 404 155047 "-" "meta-externalagent/1.1 (+https://developers.facebook.com/docs/sharing/webmasters/crawler)"
207.46.13.111 - - [01/Jul/2026:23:02:54 +0000] "GET /products/261816231/ HTTP/2" 200 26043 "-" "Mozilla/5.0 AppleWebKit/537.36 (KHTML, like Gecko; compatible; bingbot/2.0; +http://www.bing.com/bingbot.htm) Chrome/116.0.1938.76 Safari/537.36"
207.46.13.111 - - [01/Jul/2026:23:02:57 +0000] "GET /products/87897758/ HTTP/2" 200 26469 "-" "Mozilla/5.0 AppleWebKit/537.36 (KHTML, like Gecko; compatible; bingbot/2.0; +http://www.bing.com/bingbot.htm) Chrome/116.0.1938.76 Safari/537.36"
207.46.13.111 - - [01/Jul/2026:23:03:00 +0000] "GET /products/375547931/ HTTP/2" 200 26372 "-" "Mozilla/5.0 AppleWebKit/537.36 (KHTML, like Gecko; compatible; bingbot/2.0; +http://www.bing.com/bingbot.htm) Chrome/116.0.1938.76 Safari/537.36"
2.122.53.142 - - [01/Jul/2026:23:03:49 +0000] "GET /colour/deep-blue/ HTTP/1.1" 200 41339 "-" "Mozilla/5.0 (Macintosh; Intel Mac OS X 15.1; rv:126.0) Gecko/20100101 Firefox/126.0"
114.119.156.86 - - [01/Jul/2026:23:04:33 +0000] "GET /product/van-heusen-antibacterial-trunkpack2 HTTP/1.1" 301 0 "https://rearbear.com/product/van-heusen-antibacterial-trunkpack2" "Mozilla/5.0 (Linux; Android 7.0;) AppleWebKit/537.36 (HTML, like Gecko) Mobile Safari/537.36 (compatible; PetalBot;+https://webmaster.petalsearch.com/site/petalbot)"
57.141.0.12 - - [01/Jul/2026:23:04:34 +0000] "GET /products/013159565756 HTTP/2" 404 155047 "-" "meta-externalagent/1.1 (+https://developers.facebook.com/docs/sharing/webmasters/crawler)"
114.119.156.86 - - [01/Jul/2026:23:04:35 +0000] "GET /product/van-heusen-antibacterial-trunkpack2/ HTTP/1.1" 200 40960 "https://rearbear.com/product/van-heusen-antibacterial-trunkpack2" "Mozilla/5.0 (Linux; Android 7.0;) AppleWebKit/537.36 (HTML, like Gecko) Mobile Safari/537.36 (compatible; PetalBot;+https://webmaster.petalsearch.com/site/petalbot)"
114.119.151.119 - - [01/Jul/2026:23:05:56 +0000] "GET /product/dixcy-scott-mens-brief-underwear HTTP/1.1" 301 0 "https://rearbear.com/product/dixcy-scott-mens-brief-underwear" "Mozilla/5.0 (Linux; Android 7.0;) AppleWebKit/537.36 (HTML, like Gecko) Mobile Safari/537.36 (compatible; PetalBot;+https://webmaster.petalsearch.com/site/petalbot)"
114.119.151.119 - - [01/Jul/2026:23:05:58 +0000] "GET /product/dixcy-scott-mens-brief-underwear/ HTTP/1.1" 200 43254 "https://rearbear.com/product/dixcy-scott-mens-brief-underwear" "Mozilla/5.0 (Linux; Android 7.0;) AppleWebKit/537.36 (HTML, like Gecko) Mobile Safari/537.36 (compatible; PetalBot;+https://webmaster.petalsearch.com/site/petalbot)"
66.249.74.32 - - [01/Jul/2026:23:06:03 +0000] "GET /products/210003458/ HTTP/1.1" 200 25422 "-" "Mozilla/5.0 (Linux; Android 6.0.1; Nexus 5X Build/MMB29P) AppleWebKit/537.36 (KHTML, like Gecko) Chrome/149.0.7827.200 Mobile Safari/537.36 (compatible; Googlebot/2.1; +http://www.google.com/bot.html)"
195.96.139.161 - - [01/Jul/2026:23:06:38 +0000] "GET /cpanelwebcall/displaybrand HTTP/1.1" 400 6198 "-" "Mozilla/5.0 (compatible; InternetMeasurement/1.0; +https://internet-measurement.com/)"
195.96.139.161 - - [01/Jul/2026:23:06:38 +0000] "GET /cgi/version.cgi HTTP/1.1" 404 3417 "-" "Mozilla/5.0 (compatible; InternetMeasurement/1.0; +https://internet-measurement.com/)"
66.249.74.43 - - [01/Jul/2026:23:07:00 +0000] "GET /products/246910131/ HTTP/1.1" 200 25373 "-" "Mozilla/5.0 (Linux; Android 6.0.1; Nexus 5X Build/MMB29P) AppleWebKit/537.36 (KHTML, like Gecko) Chrome/149.0.7827.200 Mobile Safari/537.36 (compatible; Googlebot/2.1; +http://www.google.com/bot.html)"
17.246.23.110 - - [01/Jul/2026:23:07:14 +0000] "GET /wp-includes/js/jquery/jquery.min.js?ver=3.7.1 HTTP/2" 200 29744 "https://rearbear.com/shop/" "Mozilla/5.0 (Macintosh; Intel Mac OS X 10_15_7) AppleWebKit/605.1.15 (KHTML, like Gecko) Version/17.4 Safari/605.1.15 (Applebot/0.1; +http://www.apple.com/go/applebot)"
17.246.23.110 - - [01/Jul/2026:23:07:16 +0000] "GET /wp-includes/js/jquery/jquery-migrate.min.js?ver=3.4.1 HTTP/2" 200 4678 "https://rearbear.com/shop/" "Mozilla/5.0 (Macintosh; Intel Mac OS X 10_15_7) AppleWebKit/605.1.15 (KHTML, like Gecko) Version/17.4 Safari/605.1.15 (Applebot/0.1; +http://www.apple.com/go/applebot)"
17.246.23.110 - - [01/Jul/2026:23:07:17 +0000] "GET /wp-content/plugins/cancel-order-request-woocommerce/public/js/jquery.magnific-popup.min.js?ver=1.3.4.32 HTTP/2" 200 7046 "https://rearbear.com/shop/" "Mozilla/5.0 (Macintosh; Intel Mac OS X 10_15_7) AppleWebKit/605.1.15 (KHTML, like Gecko) Version/17.4 Safari/605.1.15 (Applebot/0.1; +http://www.apple.com/go/applebot)"
17.246.23.110 - - [01/Jul/2026:23:07:19 +0000] "GET /wp-content/plugins/cancel-order-request-woocommerce/public/js/jquery.toast.min.js?ver=1.3.4.32 HTTP/2" 200 1665 "https://rearbear.com/shop/" "Mozilla/5.0 (Macintosh; Intel Mac OS X 10_15_7) AppleWebKit/605.1.15 (KHTML, like Gecko) Version/17.4 Safari/605.1.15 (Applebot/0.1; +http://www.apple.com/go/applebot)"
17.246.23.110 - - [01/Jul/2026:23:07:20 +0000] "GET /wp-content/plugins/cancel-order-request-woocommerce/public/js/cancel-order-request-woocommerce-public.js?ver=1.3.4.32 HTTP/2" 200 892 "https://rearbear.com/shop/" "Mozilla/5.0 (Macintosh; Intel Mac OS X 10_15_7) AppleWebKit/605.1.15 (KHTML, like Gecko) Version/17.4 Safari/605.1.15 (Applebot/0.1; +http://www.apple.com/go/applebot)"
17.246.23.110 - - [01/Jul/2026:23:07:21 +0000] "GET /wp-content/plugins/woocommerce/assets/js/jquery-blockui/jquery.blockUI.min.js?ver=2.7.0-wc.10.9.1 HTTP/2" 200 3277 "https://rearbear.com/shop/" "Mozilla/5.0 (Macintosh; Intel Mac OS X 10_15_7) AppleWebKit/605.1.15 (KHTML, like Gecko) Version/17.4 Safari/605.1.15 (Applebot/0.1; +http://www.apple.com/go/applebot)"
17.246.23.110 - - [01/Jul/2026:23:07:23 +0000] "GET /wp-content/plugins/woocommerce/assets/js/frontend/add-to-cart.min.js?ver=10.9.1 HTTP/2" 200 1296 "https://rearbear.com/shop/" "Mozilla/5.0 (Macintosh; Intel Mac OS X 10_15_7) AppleWebKit/605.1.15 (KHTML, like Gecko) Version/17.4 Safari/605.1.15 (Applebot/0.1; +http://www.apple.com/go/applebot)"
17.246.23.110 - - [01/Jul/2026:23:07:24 +0000] "GET /wp-content/plugins/woocommerce/assets/js/js-cookie/js.cookie.min.js?ver=2.1.4-wc.10.9.1 HTTP/2" 200 760 "https://rearbear.com/shop/" "Mozilla/5.0 (Macintosh; Intel Mac OS X 10_15_7) AppleWebKit/605.1.15 (KHTML, like Gecko) Version/17.4 Safari/605.1.15 (Applebot/0.1; +http://www.apple.com/go/applebot)"
17.246.23.110 - - [01/Jul/2026:23:07:26 +0000] "GET /wp-content/plugins/woocommerce/assets/js/frontend/woocommerce.min.js?ver=10.9.1 HTTP/2" 200 1384 "https://rearbear.com/shop/" "Mozilla/5.0 (Macintosh; Intel Mac OS X 10_15_7) AppleWebKit/605.1.15 (KHTML, like Gecko) Version/17.4 Safari/605.1.15 (Applebot/0.1; +http://www.apple.com/go/applebot)"
17.246.23.110 - - [01/Jul/2026:23:07:27 +0000] "GET /wp-content/plugins/check-pincodezipcode-for-shipping-woocommerce/includes/js/wczp_front_script.js?ver=1.0.0 HTTP/2" 200 1462 "https://rearbear.com/shop/" "Mozilla/5.0 (Macintosh; Intel Mac OS X 10_15_7) AppleWebKit/605.1.15 (KHTML, like Gecko) Version/17.4 Safari/605.1.15 (Applebot/0.1; +http://www.apple.com/go/applebot)"
17.246.23.110 - - [01/Jul/2026:23:07:28 +0000] "GET /wp-includes/js/underscore.min.js?ver=1.13.8 HTTP/2" 200 7228 "https://rearbear.com/shop/" "Mozilla/5.0 (Macintosh; Intel Mac OS X 10_15_7) AppleWebKit/605.1.15 (KHTML, like Gecko) Version/17.4 Safari/605.1.15 (Applebot/0.1; +http://www.apple.com/go/applebot)"
17.246.23.110 - - [01/Jul/2026:23:07:30 +0000] "GET /wp-includes/js/wp-util.min.js?ver=7.0 HTTP/2" 200 693 "https://rearbear.com/shop/" "Mozilla/5.0 (Macintosh; Intel Mac OS X 10_15_7) AppleWebKit/605.1.15 (KHTML, like Gecko) Version/17.4 Safari/605.1.15 (Applebot/0.1; +http://www.apple.com/go/applebot)"
17.246.23.110 - - [01/Jul/2026:23:07:31 +0000] "GET /wp-content/plugins/woocommerce/assets/js/flexslider/jquery.flexslider.min.js?ver=2.7.2-wc.10.9.1 HTTP/2" 200 6017 "https://rearbear.com/shop/" "Mozilla/5.0 (Macintosh; Intel Mac OS X 10_15_7) AppleWebKit/605.1.15 (KHTML, like Gecko) Version/17.4 Safari/605.1.15 (Applebot/0.1; +http://www.apple.com/go/applebot)"
157.66.218.189 - - [01/Jul/2026:23:05:37 +0000] "GET /wp-login.php HTTP/2" 200 1975 "-" "Mozilla/5.0 (X11; Fedora; Linux x86_64) AppleWebKit/537.36 (KHTML, like Gecko) Chrome/133.0.0.0 Safari/537.36"
157.66.218.189 - - [01/Jul/2026:23:05:39 +0000] "POST /wp-login.php HTTP/2" 200 2154 "https://rearbear.com/wp-login.php" "Mozilla/5.0 (X11; Fedora; Linux x86_64) AppleWebKit/537.36 (KHTML, like Gecko) Chrome/133.0.0.0 Safari/537.36"
17.246.23.216 - - [01/Jul/2026:23:06:16 +0000] "GET /shop/ HTTP/2" 200 38270 "-" "Mozilla/5.0 (Macintosh; Intel Mac OS X 10_15_7) AppleWebKit/605.1.15 (KHTML, like Gecko) Version/17.4 Safari/605.1.15 (Applebot/0.1; +http://www.apple.com/go/applebot)"
195.96.139.161 - - [01/Jul/2026:23:06:37 +0000] "GET / HTTP/1.1" 200 12486 "http://cpanel.rearbear.com" "Mozilla/5.0 (compatible; InternetMeasurement/1.0; +https://internet-measurement.com/)"
195.96.139.165 - - [01/Jul/2026:23:06:39 +0000] "GET /favicon.ico HTTP/2" 200 12494 "-" "Mozilla/5.0 (compatible; InternetMeasurement/1.0; +https://internet-measurement.com/)"
66.249.74.43 - - [01/Jul/2026:23:06:48 +0000] "GET /products/104694058/ HTTP/1.1" 200 26292 "-" "Mozilla/5.0 (Linux; Android 6.0.1; Nexus 5X Build/MMB29P) AppleWebKit/537.36 (KHTML, like Gecko) Chrome/149.0.7827.200 Mobile Safari/537.36 (compatible; Googlebot/2.1; +http://www.google.com/bot.html)"
57.141.0.26 - - [01/Jul/2026:23:06:58 +0000] "GET /products/014090329832 HTTP/2" 404 155047 "-" "meta-externalagent/1.1 (+https://developers.facebook.com/docs/sharing/webmasters/crawler)"
114.119.156.86 - - [01/Jul/2026:23:07:20 +0000] "GET /wp-content/uploads/2021/01/61vB2KJSkYL._UL1500_.jpg HTTP/1.1" 200 75561 "https://rearbear.com/product/dixcy-scott-mens-regular-vest/" "Mozilla/5.0 (Linux; Android 7.0;) AppleWebKit/537.36 (HTML, like Gecko) Mobile Safari/537.36 (compatible; PetalBot;+https://webmaster.petalsearch.com/site/petalbot)"
17.246.23.110 - - [01/Jul/2026:23:07:33 +0000] "GET /wp-content/plugins/woo-variation-gallery/assets/js/slick.min.js?ver=1.8.1 HTTP/2" 200 10320 "https://rearbear.com/shop/" "Mozilla/5.0 (Macintosh; Intel Mac OS X 10_15_7) AppleWebKit/605.1.15 (KHTML, like Gecko) Version/17.4 Safari/605.1.15 (Applebot/0.1; +http://www.apple.com/go/applebot)"
17.246.23.110 - - [01/Jul/2026:23:07:34 +0000] "GET /wp-includes/js/imagesloaded.min.js?ver=5.0.0 HTTP/2" 200 1687 "https://rearbear.com/shop/" "Mozilla/5.0 (Macintosh; Intel Mac OS X 10_15_7) AppleWebKit/605.1.15 (KHTML, like Gecko) Version/17.4 Safari/605.1.15 (Applebot/0.1; +http://www.apple.com/go/applebot)"
17.246.23.110 - - [01/Jul/2026:23:07:35 +0000] "GET /wp-content/plugins/woocommerce/assets/js/frontend/add-to-cart-variation.min.js?ver=10.9.1 HTTP/2" 200 4131 "https://rearbear.com/shop/" "Mozilla/5.0 (Macintosh; Intel Mac OS X 10_15_7) AppleWebKit/605.1.15 (KHTML, like Gecko) Version/17.4 Safari/605.1.15 (Applebot/0.1; +http://www.apple.com/go/applebot)"
17.246.23.110 - - [01/Jul/2026:23:07:37 +0000] "GET /wp-content/plugins/woo-variation-gallery/assets/js/frontend.min.js?ver=1782446701 HTTP/2" 200 4509 "https://rearbear.com/shop/" "Mozilla/5.0 (Macintosh; Intel Mac OS X 10_15_7) AppleWebKit/605.1.15 (KHTML, like Gecko) Version/17.4 Safari/605.1.15 (Applebot/0.1; +http://www.apple.com/go/applebot)"
17.246.23.110 - - [01/Jul/2026:23:07:38 +0000] "GET /wp-content/themes/houseware/assets/js/houseware.js?ver=7.0 HTTP/2" 200 995 "https://rearbear.com/shop/" "Mozilla/5.0 (Macintosh; Intel Mac OS X 10_15_7) AppleWebKit/605.1.15 (KHTML, like Gecko) Version/17.4 Safari/605.1.15 (Applebot/0.1; +http://www.apple.com/go/applebot)"
17.246.23.110 - - [01/Jul/2026:23:07:40 +0000] "GET /wp-content/themes/woovina/assets/js/third/woo/woo-cat-widget.min.js?ver=2.3 HTTP/2" 200 294 "https://rearbear.com/shop/" "Mozilla/5.0 (Macintosh; Intel Mac OS X 10_15_7) AppleWebKit/605.1.15 (KHTML, like Gecko) Version/17.4 Safari/605.1.15 (Applebot/0.1; +http://www.apple.com/go/applebot)"
17.246.23.110 - - [01/Jul/2026:23:07:41 +0000] "GET /wp-content/themes/woovina/assets/js/third/woo/woo-quick-view.min.js?ver=2.3 HTTP/2" 200 1235 "https://rearbear.com/shop/" "Mozilla/5.0 (Macintosh; Intel Mac OS X 10_15_7) AppleWebKit/605.1.15 (KHTML, like Gecko) Version/17.4 Safari/605.1.15 (Applebot/0.1; +http://www.apple.com/go/applebot)"
17.246.23.110 - - [01/Jul/2026:23:07:43 +0000] "GET /wp-content/themes/woovina/assets/js/third/woo/woo-mini-cart.min.js?ver=2.3 HTTP/2" 200 308 "https://rearbear.com/shop/" "Mozilla/5.0 (Macintosh; Intel Mac OS X 10_15_7) AppleWebKit/605.1.15 (KHTML, like Gecko) Version/17.4 Safari/605.1.15 (Applebot/0.1; +http://www.apple.com/go/applebot)"
17.246.23.110 - - [01/Jul/2026:23:07:44 +0000] "GET /wp-content/themes/woovina/assets/js/third/woo/woo-scripts.min.js?ver=2.3 HTTP/2" 200 1134 "https://rearbear.com/shop/" "Mozilla/5.0 (Macintosh; Intel Mac OS X 10_15_7) AppleWebKit/605.1.15 (KHTML, like Gecko) Version/17.4 Safari/605.1.15 (Applebot/0.1; +http://www.apple.com/go/applebot)"
17.246.23.110 - - [01/Jul/2026:23:07:45 +0000] "GET /wp-content/themes/woovina/assets/js/third/magnific-popup.min.js?ver=2.3 HTTP/2" 200 6862 "https://rearbear.com/shop/" "Mozilla/5.0 (Macintosh; Intel Mac OS X 10_15_7) AppleWebKit/605.1.15 (KHTML, like Gecko) Version/17.4 Safari/605.1.15 (Applebot/0.1; +http://www.apple.com/go/applebot)"
17.246.23.110 - - [01/Jul/2026:23:07:47 +0000] "GET /wp-content/themes/woovina/assets/js/third/lightbox.min.js?ver=2.3 HTTP/2" 200 507 "https://rearbear.com/shop/" "Mozilla/5.0 (Macintosh; Intel Mac OS X 10_15_7) AppleWebKit/605.1.15 (KHTML, like Gecko) Version/17.4 Safari/605.1.15 (Applebot/0.1; +http://www.apple.com/go/applebot)"
66.249.74.43 - - [01/Jul/2026:23:07:47 +0000] "GET /products/321925531/ HTTP/1.1" 200 26073 "-" "Mozilla/5.0 (Linux; Android 6.0.1; Nexus 5X Build/MMB29P) AppleWebKit/537.36 (KHTML, like Gecko) Chrome/149.0.7827.200 Mobile Safari/537.36 (compatible; Googlebot/2.1; +http://www.google.com/bot.html)"
17.246.23.110 - - [01/Jul/2026:23:07:48 +0000] "GET /wp-content/themes/woovina/assets/js/third/jquery.plugin.min.js?ver=2.3 HTTP/2" 200 1366 "https://rearbear.com/shop/" "Mozilla/5.0 (Macintosh; Intel Mac OS X 10_15_7) AppleWebKit/605.1.15 (KHTML, like Gecko) Version/17.4 Safari/605.1.15 (Applebot/0.1; +http://www.apple.com/go/applebot)"
17.246.23.110 - - [01/Jul/2026:23:07:50 +0000] "GET /wp-content/themes/woovina/assets/js/third/jquery.countdown.js?ver=2.3 HTTP/2" 200 9936 "https://rearbear.com/shop/" "Mozilla/5.0 (Macintosh; Intel Mac OS X 10_15_7) AppleWebKit/605.1.15 (KHTML, like Gecko) Version/17.4 Safari/605.1.15 (Applebot/0.1; +http://www.apple.com/go/applebot)"
17.246.23.110 - - [01/Jul/2026:23:07:51 +0000] "GET /wp-content/themes/woovina/assets/js/third/mobile-navbar.js?ver=2.3 HTTP/2" 200 185 "https://rearbear.com/shop/" "Mozilla/5.0 (Macintosh; Intel Mac OS X 10_15_7) AppleWebKit/605.1.15 (KHTML, like Gecko) Version/17.4 Safari/605.1.15 (Applebot/0.1; +http://www.apple.com/go/applebot)"
17.246.23.110 - - [01/Jul/2026:23:07:52 +0000] "GET /wp-content/themes/woovina/assets/js/main.min.js?ver=2.3 HTTP/2" 200 32152 "https://rearbear.com/shop/" "Mozilla/5.0 (Macintosh; Intel Mac OS X 10_15_7) AppleWebKit/605.1.15 (KHTML, like Gecko) Version/17.4 Safari/605.1.15 (Applebot/0.1; +http://www.apple.com/go/applebot)"
17.246.23.110 - - [01/Jul/2026:23:07:54 +0000] "GET /wp-content/plugins/woocommerce/assets/js/sourcebuster/sourcebuster.min.js?ver=10.9.1 HTTP/2" 200 4609 "https://rearbear.com/shop/" "Mozilla/5.0 (Macintosh; Intel Mac OS X 10_15_7) AppleWebKit/605.1.15 (KHTML, like Gecko) Version/17.4 Safari/605.1.15 (Applebot/0.1; +http://www.apple.com/go/applebot)"
17.246.23.110 - - [01/Jul/2026:23:07:55 +0000] "GET /wp-content/plugins/woocommerce/assets/js/frontend/order-attribution.min.js?ver=10.9.1 HTTP/2" 200 1020 "https://rearbear.com/shop/" "Mozilla/5.0 (Macintosh; Intel Mac OS X 10_15_7) AppleWebKit/605.1.15 (KHTML, like Gecko) Version/17.4 Safari/605.1.15 (Applebot/0.1; +http://www.apple.com/go/applebot)"
17.246.23.110 - - [01/Jul/2026:23:07:56 +0000] "GET /wp-content/plugins/woovina-elementor-widgets/assets/js/search.min.js?ver=7.0 HTTP/2" 200 453 "https://rearbear.com/shop/" "Mozilla/5.0 (Macintosh; Intel Mac OS X 10_15_7) AppleWebKit/605.1.15 (KHTML, like Gecko) Version/17.4 Safari/605.1.15 (Applebot/0.1; +http://www.apple.com/go/applebot)"
17.246.23.110 - - [01/Jul/2026:23:07:58 +0000] "GET /wp-content/plugins/elementor/assets/js/webpack.runtime.min.js?ver=4.1.4 HTTP/2" 200 2338 "https://rearbear.com/shop/" "Mozilla/5.0 (Macintosh; Intel Mac OS X 10_15_7) AppleWebKit/605.1.15 (KHTML, like Gecko) Version/17.4 Safari/605.1.15 (Applebot/0.1; +http://www.apple.com/go/applebot)"
17.246.23.110 - - [01/Jul/2026:23:07:59 +0000] "GET /wp-content/plugins/elementor/assets/js/frontend-modules.min.js?ver=4.1.4 HTTP/2" 200 15445 "https://rearbear.com/shop/" "Mozilla/5.0 (Macintosh; Intel Mac OS X 10_15_7) AppleWebKit/605.1.15 (KHTML, like Gecko) Version/17.4 Safari/605.1.15 (Applebot/0.1; +http://www.apple.com/go/applebot)"
17.246.23.110 - - [01/Jul/2026:23:08:01 +0000] "GET /wp-includes/js/jquery/ui/core.min.js?ver=1.13.3 HTTP/2" 200 6812 "https://rearbear.com/shop/" "Mozilla/5.0 (Macintosh; Intel Mac OS X 10_15_7) AppleWebKit/605.1.15 (KHTML, like Gecko) Version/17.4 Safari/605.1.15 (Applebot/0.1; +http://www.apple.com/go/applebot)"
17.246.23.110 - - [01/Jul/2026:23:08:02 +0000] "GET /wp-content/plugins/elementor/assets/js/frontend.min.js?ver=4.1.4 HTTP/2" 200 10124 "https://rearbear.com/shop/" "Mozilla/5.0 (Macintosh; Intel Mac OS X 10_15_7) AppleWebKit/605.1.15 (KHTML, like Gecko) Version/17.4 Safari/605.1.15 (Applebot/0.1; +http://www.apple.com/go/applebot)"
17.246.23.110 - - [01/Jul/2026:23:08:03 +0000] "GET /wp-content/plugins/woocommerce/assets/js/selectWoo/selectWoo.full.min.js?ver=1.0.9-wc.10.9.1 HTTP/2" 200 20246 "https://rearbear.com/shop/" "Mozilla/5.0 (Macintosh; Intel Mac OS X 10_15_7) AppleWebKit/605.1.15 (KHTML, like Gecko) Version/17.4 Safari/605.1.15 (Applebot/0.1; +http://www.apple.com/go/applebot)"
17.246.23.110 - - [01/Jul/2026:23:08:05 +0000] "GET /wp-content/plugins/elementor/assets/lib/swiper/v8/swiper.min.js?ver=8.4.5 HTTP/2" 200 38152 "https://rearbear.com/shop/" "Mozilla/5.0 (Macintosh; Intel Mac OS X 10_15_7) AppleWebKit/605.1.15 (KHTML, like Gecko) Version/17.4 Safari/605.1.15 (Applebot/0.1; +http://www.apple.com/go/applebot)"
17.246.23.110 - - [01/Jul/2026:23:08:06 +0000] "GET /wp-content/plugins/woocommerce/assets/js/frontend/cart-fragments.min.js?ver=10.9.1 HTTP/2" 200 943 "https://rearbear.com/shop/" "Mozilla/5.0 (Macintosh; Intel Mac OS X 10_15_7) AppleWebKit/605.1.15 (KHTML, like Gecko) Version/17.4 Safari/605.1.15 (Applebot/0.1; +http://www.apple.com/go/applebot)"
17.246.23.110 - - [01/Jul/2026:23:08:08 +0000] "GET /wp-content/plugins/elementor/assets/lib/font-awesome/js/v4-shims.min.js?ver=4.1.4 HTTP/2" 200 4042 "https://rearbear.com/shop/" "Mozilla/5.0 (Macintosh; Intel Mac OS X 10_15_7) AppleWebKit/605.1.15 (KHTML, like Gecko) Version/17.4 Safari/605.1.15 (Applebot/0.1; +http://www.apple.com/go/applebot)"
17.246.23.110 - - [01/Jul/2026:23:08:09 +0000] "GET /wp-content/plugins/woovina-elementor-widgets/assets/js/jquery.sticky.min.js?ver=3.0.0 HTTP/2" 200 1743 "https://rearbear.com/shop/" "Mozilla/5.0 (Macintosh; Intel Mac OS X 10_15_7) AppleWebKit/605.1.15 (KHTML, like Gecko) Version/17.4 Safari/605.1.15 (Applebot/0.1; +http://www.apple.com/go/applebot)"
17.246.23.110 - - [01/Jul/2026:23:08:10 +0000] "GET /wp-content/plugins/woovina-elementor-widgets/assets/js/wew-frontend.min.js?ver=3.0.0 HTTP/2" 200 8610 "https://rearbear.com/shop/" "Mozilla/5.0 (Macintosh; Intel Mac OS X 10_15_7) AppleWebKit/605.1.15 (KHTML, like Gecko) Version/17.4 Safari/605.1.15 (Applebot/0.1; +http://www.apple.com/go/applebot)"
17.246.23.110 - - [01/Jul/2026:23:08:13 +0000] "GET /wp-includes/js/wp-emoji-release.min.js?ver=7.0 HTTP/2" 200 4949 "https://rearbear.com/shop/" "Mozilla/5.0 (Macintosh; Intel Mac OS X 10_15_7) AppleWebKit/605.1.15 (KHTML, like Gecko) Version/17.4 Safari/605.1.15 (Applebot/0.1; +http://www.apple.com/go/applebot)"
17.246.23.110 - - [01/Jul/2026:23:08:12 +0000] "POST /wp-admin/admin-ajax.php HTTP/2" 200 168 "https://rearbear.com/shop/" "Mozilla/5.0 (Macintosh; Intel Mac OS X 10_15_7) AppleWebKit/605.1.15 (KHTML, like Gecko) Version/17.4 Safari/605.1.15 (Applebot/0.1; +http://www.apple.com/go/applebot)"
17.246.23.110 - - [01/Jul/2026:23:08:15 +0000] "GET /wp-content/plugins/elementor/assets/js/shared-frontend-handlers.03caa53373b56d3bab67.bundle.min.js HTTP/2" 200 2511 "https://rearbear.com/shop/" "Mozilla/5.0 (Macintosh; Intel Mac OS X 10_15_7) AppleWebKit/605.1.15 (KHTML, like Gecko) Version/17.4 Safari/605.1.15 (Applebot/0.1; +http://www.apple.com/go/applebot)"
57.141.0.47 - - [01/Jul/2026:23:08:11 +0000] "GET /products/011368810427 HTTP/2" 404 155047 "-" "meta-externalagent/1.1 (+https://developers.facebook.com/docs/sharing/webmasters/crawler)"
114.119.138.27 - - [01/Jul/2026:23:08:45 +0000] "GET /product/9930-jockey-mens-cotton-vest/ HTTP/1.1" 200 42587 "https://rearbear.com/product-tag/jockey/page/2/?products-per-page=12" "Mozilla/5.0 (Linux; Android 7.0;) AppleWebKit/537.36 (HTML, like Gecko) Mobile Safari/537.36 (compatible; PetalBot;+https://webmaster.petalsearch.com/site/petalbot)"
207.46.13.51 - - [01/Jul/2026:23:08:49 +0000] "GET /products/247265931/ HTTP/2" 200 26001 "-" "Mozilla/5.0 AppleWebKit/537.36 (KHTML, like Gecko; compatible; bingbot/2.0; +http://www.bing.com/bingbot.htm) Chrome/116.0.1938.76 Safari/537.36"
207.46.13.51 - - [01/Jul/2026:23:08:53 +0000] "GET /products/212815158/ HTTP/2" 200 25938 "-" "Mozilla/5.0 AppleWebKit/537.36 (KHTML, like Gecko; compatible; bingbot/2.0; +http://www.bing.com/bingbot.htm) Chrome/116.0.1938.76 Safari/537.36"
207.46.13.51 - - [01/Jul/2026:23:08:55 +0000] "GET /products/354108631/ HTTP/2" 200 26622 "-" "Mozilla/5.0 AppleWebKit/537.36 (KHTML, like Gecko; compatible; bingbot/2.0; +http://www.bing.com/bingbot.htm) Chrome/116.0.1938.76 Safari/537.36"
40.77.167.12 - - [01/Jul/2026:23:08:57 +0000] "GET /pages.php?products/3254819/ HTTP/2" 200 26393 "-" "Mozilla/5.0 AppleWebKit/537.36 (KHTML, like Gecko; compatible; bingbot/2.0; +http://www.bing.com/bingbot.htm) Chrome/116.0.1938.76 Safari/537.36"
40.77.167.12 - - [01/Jul/2026:23:09:01 +0000] "GET /pages.php?products/4035997/ HTTP/2" 200 26504 "-" "Mozilla/5.0 AppleWebKit/537.36 (KHTML, like Gecko; compatible; bingbot/2.0; +http://www.bing.com/bingbot.htm) Chrome/116.0.1938.76 Safari/537.36"
40.77.167.12 - - [01/Jul/2026:23:09:03 +0000] "GET /pages.php?products/3713920/ HTTP/2" 200 26648 "-" "Mozilla/5.0 AppleWebKit/537.36 (KHTML, like Gecko; compatible; bingbot/2.0; +http://www.bing.com/bingbot.htm) Chrome/116.0.1938.76 Safari/537.36"
40.77.167.12 - - [01/Jul/2026:23:09:06 +0000] "GET /products/398861731/ HTTP/2" 200 26430 "-" "Mozilla/5.0 AppleWebKit/537.36 (KHTML, like Gecko; compatible; bingbot/2.0; +http://www.bing.com/bingbot.htm) Chrome/116.0.1938.76 Safari/537.36"
40.77.167.12 - - [01/Jul/2026:23:09:09 +0000] "GET /products/367988931/ HTTP/2" 200 25325 "-" "Mozilla/5.0 AppleWebKit/537.36 (KHTML, like Gecko; compatible; bingbot/2.0; +http://www.bing.com/bingbot.htm) Chrome/116.0.1938.76 Safari/537.36"
40.77.167.12 - - [01/Jul/2026:23:09:13 +0000] "GET /products/30898131/ HTTP/2" 200 25831 "-" "Mozilla/5.0 AppleWebKit/537.36 (KHTML, like Gecko; compatible; bingbot/2.0; +http://www.bing.com/bingbot.htm) Chrome/116.0.1938.76 Safari/537.36"
40.77.167.12 - - [01/Jul/2026:23:09:15 +0000] "GET /products/89802831/ HTTP/2" 200 26663 "-" "Mozilla/5.0 AppleWebKit/537.36 (KHTML, like Gecko; compatible; bingbot/2.0; +http://www.bing.com/bingbot.htm) Chrome/116.0.1938.76 Safari/537.36"
40.77.167.12 - - [01/Jul/2026:23:09:18 +0000] "GET /products/281581531/ HTTP/2" 200 25779 "-" "Mozilla/5.0 AppleWebKit/537.36 (KHTML, like Gecko; compatible; bingbot/2.0; +http://www.bing.com/bingbot.htm) Chrome/116.0.1938.76 Safari/537.36"
40.77.167.12 - - [01/Jul/2026:23:09:21 +0000] "GET /products/479009131/ HTTP/2" 200 25842 "-" "Mozilla/5.0 AppleWebKit/537.36 (KHTML, like Gecko; compatible; bingbot/2.0; +http://www.bing.com/bingbot.htm) Chrome/116.0.1938.76 Safari/537.36"
66.249.74.32 - - [01/Jul/2026:23:09:24 +0000] "GET /products/308920031/ HTTP/1.1" 200 25644 "-" "Mozilla/5.0 (Linux; Android 6.0.1; Nexus 5X Build/MMB29P) AppleWebKit/537.36 (KHTML, like Gecko) Chrome/149.0.7827.200 Mobile Safari/537.36 (compatible; Googlebot/2.1; +http://www.google.com/bot.html)"
40.77.167.52 - - [01/Jul/2026:23:09:25 +0000] "GET /products/135691631/ HTTP/2" 200 27053 "-" "Mozilla/5.0 AppleWebKit/537.36 (KHTML, like Gecko; compatible; bingbot/2.0; +http://www.bing.com/bingbot.htm) Chrome/116.0.1938.76 Safari/537.36"
17.246.23.110 - - [01/Jul/2026:23:08:16 +0000] "POST /?wc-ajax=get_refreshed_fragments HTTP/2" 200 700 "https://rearbear.com/shop/" "Mozilla/5.0 (Macintosh; Intel Mac OS X 10_15_7) AppleWebKit/605.1.15 (KHTML, like Gecko) Version/17.4 Safari/605.1.15 (Applebot/0.1; +http://www.apple.com/go/applebot)"
17.246.23.110 - - [01/Jul/2026:23:08:17 +0000] "GET /wp-content/plugins/elementor/assets/js/section-frontend-handlers.d85ab872da118940910d.bundle.min.js HTTP/2" 200 229 "https://rearbear.com/shop/" "Mozilla/5.0 (Macintosh; Intel Mac OS X 10_15_7) AppleWebKit/605.1.15 (KHTML, like Gecko) Version/17.4 Safari/605.1.15 (Applebot/0.1; +http://www.apple.com/go/applebot)"
17.246.23.110 - - [01/Jul/2026:23:08:19 +0000] "GET /wp-content/plugins/elementor/assets/js/text-editor.45609661e409413f1cef.bundle.min.js HTTP/2" 200 592 "https://rearbear.com/shop/" "Mozilla/5.0 (Macintosh; Intel Mac OS X 10_15_7) AppleWebKit/605.1.15 (KHTML, like Gecko) Version/17.4 Safari/605.1.15 (Applebot/0.1; +http://www.apple.com/go/applebot)"
17.246.23.110 - - [01/Jul/2026:23:08:20 +0000] "POST /wp-json/metaalpha-macroalter-eb65f86b68ae/v1/5d3ad32a4eb1 HTTP/2" 200 719 "https://rearbear.com/shop/" "Mozilla/5.0 (Macintosh; Intel Mac OS X 10_15_7) AppleWebKit/605.1.15 (KHTML, like Gecko) Version/17.4 Safari/605.1.15 (Applebot/0.1; +http://www.apple.com/go/applebot)"
17.246.23.110 - - [01/Jul/2026:23:08:26 +0000] "POST /wp-json/metaalpha-macroalter-eb65f86b68ae/v1/5d3ad32a4eb1 HTTP/2" 200 1502 "https://rearbear.com/shop/" "Mozilla/5.0 (Macintosh; Intel Mac OS X 10_15_7) AppleWebKit/605.1.15 (KHTML, like Gecko) Version/17.4 Safari/605.1.15 (Applebot/0.1; +http://www.apple.com/go/applebot)"
17.246.23.110 - - [01/Jul/2026:23:08:28 +0000] "POST /wp-json/metaalpha-macroalter-eb65f86b68ae/v1/5d3ad32a4eb1 HTTP/2" 200 424 "https://rearbear.com/shop/" "Mozilla/5.0 (Macintosh; Intel Mac OS X 10_15_7) AppleWebKit/605.1.15 (KHTML, like Gecko) Version/17.4 Safari/605.1.15 (Applebot/0.1; +http://www.apple.com/go/applebot)"
66.249.74.33 - - [01/Jul/2026:23:08:33 +0000] "GET /products/44220331/ HTTP/1.1" 200 26322 "-" "Mozilla/5.0 (Linux; Android 6.0.1; Nexus 5X Build/MMB29P) AppleWebKit/537.36 (KHTML, like Gecko) Chrome/149.0.7827.200 Mobile Safari/537.36 (compatible; Googlebot/2.1; +http://www.google.com/bot.html)"
40.77.167.12 - - [01/Jul/2026:23:08:40 +0000] "GET /pages.php?products/7233820/ HTTP/2" 200 28016 "-" "Mozilla/5.0 AppleWebKit/537.36 (KHTML, like Gecko; compatible; bingbot/2.0; +http://www.bing.com/bingbot.htm) Chrome/116.0.1938.76 Safari/537.36"
40.77.167.12 - - [01/Jul/2026:23:08:42 +0000] "GET /products/255281758/ HTTP/2" 200 26610 "-" "Mozilla/5.0 AppleWebKit/537.36 (KHTML, like Gecko; compatible; bingbot/2.0; +http://www.bing.com/bingbot.htm) Chrome/116.0.1938.76 Safari/537.36"
40.77.167.12 - - [01/Jul/2026:23:08:45 +0000] "GET /products/110443758/ HTTP/2" 200 25614 "-" "Mozilla/5.0 AppleWebKit/537.36 (KHTML, like Gecko; compatible; bingbot/2.0; +http://www.bing.com/bingbot.htm) Chrome/116.0.1938.76 Safari/537.36"
207.46.13.51 - - [01/Jul/2026:23:09:52 +0000] "GET /products/259901231/ HTTP/2" 200 26763 "-" "Mozilla/5.0 AppleWebKit/537.36 (KHTML, like Gecko; compatible; bingbot/2.0; +http://www.bing.com/bingbot.htm) Chrome/116.0.1938.76 Safari/537.36"
207.46.13.51 - - [01/Jul/2026:23:09:55 +0000] "GET /pages.php?products/9112553/ HTTP/2" 200 25745 "-" "Mozilla/5.0 AppleWebKit/537.36 (KHTML, like Gecko; compatible; bingbot/2.0; +http://www.bing.com/bingbot.htm) Chrome/116.0.1938.76 Safari/537.36"
207.46.13.51 - - [01/Jul/2026:23:09:58 +0000] "GET /products/410317431/ HTTP/2" 200 26239 "-" "Mozilla/5.0 AppleWebKit/537.36 (KHTML, like Gecko; compatible; bingbot/2.0; +http://www.bing.com/bingbot.htm) Chrome/116.0.1938.76 Safari/537.36"
207.246.254.206 - - [01/Jul/2026:23:09:59 +0000] "GET /wp-login.php HTTP/2" 200 1975 "-" "Mozilla/5.0 (Windows NT 10.0; WOW64) AppleWebKit/537.36 (KHTML, like Gecko) Chrome/133.0.0.0 Safari/537.36"
40.77.167.52 - - [01/Jul/2026:23:09:28 +0000] "GET /products/227298258/ HTTP/2" 200 27064 "-" "Mozilla/5.0 AppleWebKit/537.36 (KHTML, like Gecko; compatible; bingbot/2.0; +http://www.bing.com/bingbot.htm) Chrome/116.0.1938.76 Safari/537.36"
40.77.167.52 - - [01/Jul/2026:23:09:31 +0000] "GET /products/480415931/ HTTP/2" 200 25442 "-" "Mozilla/5.0 AppleWebKit/537.36 (KHTML, like Gecko; compatible; bingbot/2.0; +http://www.bing.com/bingbot.htm) Chrome/116.0.1938.76 Safari/537.36"
40.77.167.52 - - [01/Jul/2026:23:09:34 +0000] "GET /products/206883331/ HTTP/2" 200 25556 "-" "Mozilla/5.0 AppleWebKit/537.36 (KHTML, like Gecko; compatible; bingbot/2.0; +http://www.bing.com/bingbot.htm) Chrome/116.0.1938.76 Safari/537.36"
40.77.167.52 - - [01/Jul/2026:23:09:37 +0000] "GET /products/406234231/ HTTP/2" 200 26155 "-" "Mozilla/5.0 AppleWebKit/537.36 (KHTML, like Gecko; compatible; bingbot/2.0; +http://www.bing.com/bingbot.htm) Chrome/116.0.1938.76 Safari/537.36"
40.77.167.52 - - [01/Jul/2026:23:09:40 +0000] "GET /products/165008158/ HTTP/2" 200 25982 "-" "Mozilla/5.0 AppleWebKit/537.36 (KHTML, like Gecko; compatible; bingbot/2.0; +http://www.bing.com/bingbot.htm) Chrome/116.0.1938.76 Safari/537.36"
40.77.167.12 - - [01/Jul/2026:23:09:43 +0000] "GET /products/65209553/ HTTP/2" 200 27173 "-" "Mozilla/5.0 AppleWebKit/537.36 (KHTML, like Gecko; compatible; bingbot/2.0; +http://www.bing.com/bingbot.htm) Chrome/116.0.1938.76 Safari/537.36"
114.119.156.86 - - [01/Jul/2026:23:10:07 +0000] "GET /product-tag/ic25?products-per-page=24 HTTP/1.1" 301 0 "https://rearbear.com/product-tag/ic25?products-per-page=24" "Mozilla/5.0 (Linux; Android 7.0;) AppleWebKit/537.36 (HTML, like Gecko) Mobile Safari/537.36 (compatible; PetalBot;+https://webmaster.petalsearch.com/site/petalbot)"
207.46.13.64 - - [01/Jul/2026:23:10:14 +0000] "GET /products/377495331/ HTTP/2" 200 25502 "-" "Mozilla/5.0 AppleWebKit/537.36 (KHTML, like Gecko; compatible; bingbot/2.0; +http://www.bing.com/bingbot.htm) Chrome/116.0.1938.76 Safari/537.36"
66.249.74.43 - - [01/Jul/2026:23:10:53 +0000] "GET /products/195483431/ HTTP/1.1" 200 26614 "-" "Mozilla/5.0 (Linux; Android 6.0.1; Nexus 5X Build/MMB29P) AppleWebKit/537.36 (KHTML, like Gecko) Chrome/149.0.7827.200 Mobile Safari/537.36 (compatible; Googlebot/2.1; +http://www.google.com/bot.html)"
57.141.0.23 - - [01/Jul/2026:23:10:55 +0000] "GET /products/01657966118 HTTP/2" 404 155047 "-" "meta-externalagent/1.1 (+https://developers.facebook.com/docs/sharing/webmasters/crawler)"
163.61.180.51 - letmevoicegmail-com [01/Jul/2026:23:11:06 +0000] "GET /wp-json/wp/v2/users/me HTTP/2" 401 115 "-" "Mozilla/5.0 (Macintosh; Intel Mac OS X 14_7_4) AppleWebKit/537.36 (KHTML, like Gecko) Chrome/133.0.0.0 Safari/537.36"
114.119.156.86 - - [01/Jul/2026:23:11:30 +0000] "GET /shop-2/page/2 HTTP/1.1" 301 0 "https://rearbear.com/shop-2/page/2" "Mozilla/5.0 (Linux; Android 7.0;) AppleWebKit/537.36 (HTML, like Gecko) Mobile Safari/537.36 (compatible; PetalBot;+https://webmaster.petalsearch.com/site/petalbot)"
66.249.74.43 - - [01/Jul/2026:23:12:19 +0000] "GET /products/436916931/ HTTP/1.1" 200 25277 "-" "Mozilla/5.0 (Linux; Android 6.0.1; Nexus 5X Build/MMB29P) AppleWebKit/537.36 (KHTML, like Gecko) Chrome/149.0.7827.200 Mobile Safari/537.36 (compatible; Googlebot/2.1; +http://www.google.com/bot.html)"
121.229.156.15 - - [01/Jul/2026:23:12:19 +0000] "GET /product-tag/vest/ HTTP/1.1" 200 43859 "-" "Sogou web spider/4.0(+http://www.sogou.com/docs/help/webmasters.htm#07)"
66.249.74.43 - - [01/Jul/2026:23:12:25 +0000] "GET /products/428010231/ HTTP/1.1" 200 25773 "-" "Mozilla/5.0 (Linux; Android 6.0.1; Nexus 5X Build/MMB29P) AppleWebKit/537.36 (KHTML, like Gecko) Chrome/149.0.7827.200 Mobile Safari/537.36 (compatible; Googlebot/2.1; +http://www.google.com/bot.html)"
20.89.233.37 - - [01/Jul/2026:23:12:41 +0000] "GET /wk/index.php HTTP/1.1" 401 53 "-" "Mozilla/5.0 (Windows NT 10.0; Win64; x64) AppleWebKit/537.36 (KHTML, like Gecko) Chrome/120.0.0.0 Safari/537.36"
20.89.233.37 - - [01/Jul/2026:23:12:41 +0000] "GET /inputs.php HTTP/1.1" 401 53 "-" "Mozilla/5.0 (Windows NT 10.0; Win64; x64) AppleWebKit/537.36 (KHTML, like Gecko) Chrome/120.0.0.0 Safari/537.36"
20.89.233.37 - - [01/Jul/2026:23:12:41 +0000] "GET /ioxi-o.php HTTP/1.1" 401 53 "-" "Mozilla/5.0 (Windows NT 10.0; Win64; x64) AppleWebKit/537.36 (KHTML, like Gecko) Chrome/120.0.0.0 Safari/537.36"
20.89.233.37 - - [01/Jul/2026:23:12:41 +0000] "GET /function/function.php HTTP/1.1" 401 53 "-" "Mozilla/5.0 (Windows NT 10.0; Win64; x64) AppleWebKit/537.36 (KHTML, like Gecko) Chrome/120.0.0.0 Safari/537.36"
20.89.233.37 - - [01/Jul/2026:23:12:42 +0000] "GET /rip.php HTTP/1.1" 401 53 "-" "Mozilla/5.0 (Windows NT 10.0; Win64; x64) AppleWebKit/537.36 (KHTML, like Gecko) Chrome/120.0.0.0 Safari/537.36"
20.89.233.37 - - [01/Jul/2026:23:12:42 +0000] "GET /admin.php HTTP/1.1" 401 53 "-" "Mozilla/5.0 (Windows NT 10.0; Win64; x64) AppleWebKit/537.36 (KHTML, like Gecko) Chrome/120.0.0.0 Safari/537.36"
20.89.233.37 - - [01/Jul/2026:23:12:42 +0000] "GET /wp-content/uploads/index.php HTTP/1.1" 401 53 "-" "Mozilla/5.0 (Windows NT 10.0; Win64; x64) AppleWebKit/537.36 (KHTML, like Gecko) Chrome/120.0.0.0 Safari/537.36"
20.89.233.37 - - [01/Jul/2026:23:12:42 +0000] "GET /cache.php HTTP/1.1" 401 53 "-" "Mozilla/5.0 (Windows NT 10.0; Win64; x64) AppleWebKit/537.36 (KHTML, like Gecko) Chrome/120.0.0.0 Safari/537.36"
20.89.233.37 - - [01/Jul/2026:23:12:42 +0000] "GET /themes.php HTTP/1.1" 401 53 "-" "Mozilla/5.0 (Windows NT 10.0; Win64; x64) AppleWebKit/537.36 (KHTML, like Gecko) Chrome/120.0.0.0 Safari/537.36"
20.89.233.37 - - [01/Jul/2026:23:12:43 +0000] "GET /an.php HTTP/1.1" 401 53 "-" "Mozilla/5.0 (Windows NT 10.0; Win64; x64) AppleWebKit/537.36 (KHTML, like Gecko) Chrome/120.0.0.0 Safari/537.36"
20.89.233.37 - - [01/Jul/2026:23:12:43 +0000] "GET /index/function.php HTTP/1.1" 401 53 "-" "Mozilla/5.0 (Windows NT 10.0; Win64; x64) AppleWebKit/537.36 (KHTML, like Gecko) Chrome/120.0.0.0 Safari/537.36"
20.89.233.37 - - [01/Jul/2026:23:12:43 +0000] "GET /randkeyword.PhP7 HTTP/1.1" 401 53 "-" "Mozilla/5.0 (Windows NT 10.0; Win64; x64) AppleWebKit/537.36 (KHTML, like Gecko) Chrome/120.0.0.0 Safari/537.36"
20.89.233.37 - - [01/Jul/2026:23:12:43 +0000] "GET /ws.php HTTP/1.1" 401 53 "-" "Mozilla/5.0 (Windows NT 10.0; Win64; x64) AppleWebKit/537.36 (KHTML, like Gecko) Chrome/120.0.0.0 Safari/537.36"
20.89.233.37 - - [01/Jul/2026:23:12:43 +0000] "GET /404.php HTTP/1.1" 401 53 "-" "Mozilla/5.0 (Windows NT 10.0; Win64; x64) AppleWebKit/537.36 (KHTML, like Gecko) Chrome/120.0.0.0 Safari/537.36"
20.89.233.37 - - [01/Jul/2026:23:12:44 +0000] "GET /wp-admin/user/index.php HTTP/1.1" 401 53 "-" "Mozilla/5.0 (Windows NT 10.0; Win64; x64) AppleWebKit/537.36 (KHTML, like Gecko) Chrome/120.0.0.0 Safari/537.36"
20.89.233.37 - - [01/Jul/2026:23:12:44 +0000] "GET /wp-conf.php HTTP/1.1" 401 53 "-" "Mozilla/5.0 (Windows NT 10.0; Win64; x64) AppleWebKit/537.36 (KHTML, like Gecko) Chrome/120.0.0.0 Safari/537.36"
20.89.233.37 - - [01/Jul/2026:23:12:44 +0000] "GET /wp-content/themes/hideo/network.php HTTP/1.1" 401 53 "-" "Mozilla/5.0 (Windows NT 10.0; Win64; x64) AppleWebKit/537.36 (KHTML, like Gecko) Chrome/120.0.0.0 Safari/537.36"
20.89.233.37 - - [01/Jul/2026:23:12:44 +0000] "GET /wp-login.php HTTP/1.1" 401 53 "-" "Mozilla/5.0 (Windows NT 10.0; Win64; x64) AppleWebKit/537.36 (KHTML, like Gecko) Chrome/120.0.0.0 Safari/537.36"
20.89.233.37 - - [01/Jul/2026:23:12:44 +0000] "GET /abc.php HTTP/1.1" 401 53 "-" "Mozilla/5.0 (Windows NT 10.0; Win64; x64) AppleWebKit/537.36 (KHTML, like Gecko) Chrome/120.0.0.0 Safari/537.36"
20.89.233.37 - - [01/Jul/2026:23:12:45 +0000] "GET /abcd.php HTTP/1.1" 401 53 "-" "Mozilla/5.0 (Windows NT 10.0; Win64; x64) AppleWebKit/537.36 (KHTML, like Gecko) Chrome/120.0.0.0 Safari/537.36"
20.89.233.37 - - [01/Jul/2026:23:12:45 +0000] "GET /as.php HTTP/1.1" 401 53 "-" "Mozilla/5.0 (Windows NT 10.0; Win64; x64) AppleWebKit/537.36 (KHTML, like Gecko) Chrome/120.0.0.0 Safari/537.36"
20.89.233.37 - - [01/Jul/2026:23:12:45 +0000] "GET /wp-trackback.php HTTP/1.1" 401 53 "-" "Mozilla/5.0 (Windows NT 10.0; Win64; x64) AppleWebKit/537.36 (KHTML, like Gecko) Chrome/120.0.0.0 Safari/537.36"
20.89.233.37 - - [01/Jul/2026:23:12:45 +0000] "GET /about.php HTTP/1.1" 401 53 "-" "Mozilla/5.0 (Windows NT 10.0; Win64; x64) AppleWebKit/537.36 (KHTML, like Gecko) Chrome/120.0.0.0 Safari/537.36"
20.89.233.37 - - [01/Jul/2026:23:12:45 +0000] "GET /file.php HTTP/1.1" 401 53 "-" "Mozilla/5.0 (Windows NT 10.0; Win64; x64) AppleWebKit/537.36 (KHTML, like Gecko) Chrome/120.0.0.0 Safari/537.36"
20.89.233.37 - - [01/Jul/2026:23:12:46 +0000] "GET /adminfuns.php HTTP/1.1" 401 53 "-" "Mozilla/5.0 (Windows NT 10.0; Win64; x64) AppleWebKit/537.36 (KHTML, like Gecko) Chrome/120.0.0.0 Safari/537.36"
20.89.233.37 - - [01/Jul/2026:23:12:46 +0000] "GET /wp-good.php HTTP/1.1" 401 53 "-" "Mozilla/5.0 (Windows NT 10.0; Win64; x64) AppleWebKit/537.36 (KHTML, like Gecko) Chrome/120.0.0.0 Safari/537.36"
20.89.233.37 - - [01/Jul/2026:23:12:46 +0000] "GET /xmlrpc.php HTTP/1.1" 401 53 "-" "Mozilla/5.0 (Windows NT 10.0; Win64; x64) AppleWebKit/537.36 (KHTML, like Gecko) Chrome/120.0.0.0 Safari/537.36"
20.89.233.37 - - [01/Jul/2026:23:12:46 +0000] "GET /goods.php HTTP/1.1" 401 53 "-" "Mozilla/5.0 (Windows NT 10.0; Win64; x64) AppleWebKit/537.36 (KHTML, like Gecko) Chrome/120.0.0.0 Safari/537.36"
20.89.233.37 - - [01/Jul/2026:23:12:46 +0000] "GET /class-t.api.php HTTP/1.1" 401 53 "-" "Mozilla/5.0 (Windows NT 10.0; Win64; x64) AppleWebKit/537.36 (KHTML, like Gecko) Chrome/120.0.0.0 Safari/537.36"
20.89.233.37 - - [01/Jul/2026:23:12:46 +0000] "GET /sf.php HTTP/1.1" 401 53 "-" "Mozilla/5.0 (Windows NT 10.0; Win64; x64) AppleWebKit/537.36 (KHTML, like Gecko) Chrome/120.0.0.0 Safari/537.36"
20.89.233.37 - - [01/Jul/2026:23:12:47 +0000] "GET /kbfr.php HTTP/1.1" 401 53 "-" "Mozilla/5.0 (Windows NT 10.0; Win64; x64) AppleWebKit/537.36 (KHTML, like Gecko) Chrome/120.0.0.0 Safari/537.36"
