207.46.13.127 - - [02/Jul/2026:01:15:26 +0000] "GET /products/154003131/ HTTP/2" 200 26733 "-" "Mozilla/5.0 AppleWebKit/537.36 (KHTML, like Gecko; compatible; bingbot/2.0; +http://www.bing.com/bingbot.htm) Chrome/116.0.1938.76 Safari/537.36"
207.46.13.127 - - [02/Jul/2026:01:15:28 +0000] "GET /products/404379331/ HTTP/2" 200 26192 "-" "Mozilla/5.0 AppleWebKit/537.36 (KHTML, like Gecko; compatible; bingbot/2.0; +http://www.bing.com/bingbot.htm) Chrome/116.0.1938.76 Safari/537.36"
207.46.13.127 - - [02/Jul/2026:01:15:31 +0000] "GET /products/211689758/ HTTP/2" 200 26344 "-" "Mozilla/5.0 AppleWebKit/537.36 (KHTML, like Gecko; compatible; bingbot/2.0; +http://www.bing.com/bingbot.htm) Chrome/116.0.1938.76 Safari/537.36"
66.249.74.43 - - [02/Jul/2026:01:15:47 +0000] "GET /products/17354553/ HTTP/1.1" 200 26281 "-" "Mozilla/5.0 (Linux; Android 6.0.1; Nexus 5X Build/MMB29P) AppleWebKit/537.36 (KHTML, like Gecko) Chrome/149.0.7827.200 Mobile Safari/537.36 (compatible; Googlebot/2.1; +http://www.google.com/bot.html)"
52.167.144.161 - - [02/Jul/2026:01:16:04 +0000] "GET /products/234095131/ HTTP/2" 200 25273 "-" "Mozilla/5.0 AppleWebKit/537.36 (KHTML, like Gecko; compatible; bingbot/2.0; +http://www.bing.com/bingbot.htm) Chrome/116.0.1938.76 Safari/537.36"
52.167.144.161 - - [02/Jul/2026:01:16:08 +0000] "GET /products/188299031/ HTTP/2" 200 25806 "-" "Mozilla/5.0 AppleWebKit/537.36 (KHTML, like Gecko; compatible; bingbot/2.0; +http://www.bing.com/bingbot.htm) Chrome/116.0.1938.76 Safari/537.36"
52.167.144.161 - - [02/Jul/2026:01:16:10 +0000] "GET /products/429797731/ HTTP/2" 200 26081 "-" "Mozilla/5.0 AppleWebKit/537.36 (KHTML, like Gecko; compatible; bingbot/2.0; +http://www.bing.com/bingbot.htm) Chrome/116.0.1938.76 Safari/537.36"
52.167.144.161 - - [02/Jul/2026:01:16:13 +0000] "GET /products/477083431/ HTTP/2" 200 25922 "-" "Mozilla/5.0 AppleWebKit/537.36 (KHTML, like Gecko; compatible; bingbot/2.0; +http://www.bing.com/bingbot.htm) Chrome/116.0.1938.76 Safari/537.36"
52.167.144.161 - - [02/Jul/2026:01:15:46 +0000] "GET /products/18647131/ HTTP/2" 200 26732 "-" "Mozilla/5.0 AppleWebKit/537.36 (KHTML, like Gecko; compatible; bingbot/2.0; +http://www.bing.com/bingbot.htm) Chrome/116.0.1938.76 Safari/537.36"
52.167.144.158 - - [02/Jul/2026:01:15:49 +0000] "GET /products/374208331/ HTTP/2" 200 25946 "-" "Mozilla/5.0 AppleWebKit/537.36 (KHTML, like Gecko; compatible; bingbot/2.0; +http://www.bing.com/bingbot.htm) Chrome/116.0.1938.76 Safari/537.36"
52.167.144.158 - - [02/Jul/2026:01:15:52 +0000] "GET /products/451782831/ HTTP/2" 200 25470 "-" "Mozilla/5.0 AppleWebKit/537.36 (KHTML, like Gecko; compatible; bingbot/2.0; +http://www.bing.com/bingbot.htm) Chrome/116.0.1938.76 Safari/537.36"
52.167.144.158 - - [02/Jul/2026:01:15:55 +0000] "GET /products/202028931/ HTTP/2" 200 26691 "-" "Mozilla/5.0 AppleWebKit/537.36 (KHTML, like Gecko; compatible; bingbot/2.0; +http://www.bing.com/bingbot.htm) Chrome/116.0.1938.76 Safari/537.36"
52.167.144.158 - - [02/Jul/2026:01:15:58 +0000] "GET /products/278775231/ HTTP/2" 200 25841 "-" "Mozilla/5.0 AppleWebKit/537.36 (KHTML, like Gecko; compatible; bingbot/2.0; +http://www.bing.com/bingbot.htm) Chrome/116.0.1938.76 Safari/537.36"
52.167.144.158 - - [02/Jul/2026:01:16:01 +0000] "GET /products/90108331/ HTTP/2" 200 26128 "-" "Mozilla/5.0 AppleWebKit/537.36 (KHTML, like Gecko; compatible; bingbot/2.0; +http://www.bing.com/bingbot.htm) Chrome/116.0.1938.76 Safari/537.36"
66.249.74.32 - - [02/Jul/2026:01:16:55 +0000] "GET /products/16494131/ HTTP/1.1" 200 26072 "-" "Mozilla/5.0 (Linux; Android 6.0.1; Nexus 5X Build/MMB29P) AppleWebKit/537.36 (KHTML, like Gecko) Chrome/149.0.7827.200 Mobile Safari/537.36 (compatible; Googlebot/2.1; +http://www.google.com/bot.html)"
147.135.22.97 - - [02/Jul/2026:01:17:27 +0000] "GET /wp-login.php HTTP/2" 200 1976 "-" "Mozilla/5.0 (Windows NT 10.0; Win64; x64; rv:133.0) Gecko/20100101 Firefox/133.0"
147.135.22.97 - - [02/Jul/2026:01:17:29 +0000] "POST /wp-login.php HTTP/2" 200 2155 "https://rearbear.com/wp-login.php" "Mozilla/5.0 (Windows NT 10.0; Win64; x64; rv:133.0) Gecko/20100101 Firefox/133.0"
57.141.0.49 - - [02/Jul/2026:01:17:36 +0000] "GET /products/013011465732 HTTP/2" 404 155047 "-" "meta-externalagent/1.1 (+https://developers.facebook.com/docs/sharing/webmasters/crawler)"
66.249.74.33 - - [02/Jul/2026:01:18:09 +0000] "GET /products/417547131/ HTTP/1.1" 200 26133 "-" "Mozilla/5.0 (Linux; Android 6.0.1; Nexus 5X Build/MMB29P) AppleWebKit/537.36 (KHTML, like Gecko) Chrome/149.0.7827.200 Mobile Safari/537.36 (compatible; Googlebot/2.1; +http://www.google.com/bot.html)"
66.249.73.12 - - [02/Jul/2026:01:19:09 +0000] "GET /products/133606549191 HTTP/1.1" 200 25267 "-" "Mozilla/5.0 (Linux; Android 6.0.1; Nexus 5X Build/MMB29P) AppleWebKit/537.36 (KHTML, like Gecko) Chrome/149.0.7827.200 Mobile Safari/537.36 (compatible; Googlebot/2.1; +http://www.google.com/bot.html)"
69.171.249.10 - - [02/Jul/2026:01:19:50 +0000] "GET /robots.txt HTTP/2" 206 78 "-" "facebookexternalhit/1.1 (+http://www.facebook.com/externalhit_uatext.php)"
69.171.249.7 - - [02/Jul/2026:01:19:50 +0000] "GET /robots.txt HTTP/2" 206 78 "-" "facebookexternalhit/1.1 (+http://www.facebook.com/externalhit_uatext.php)"
52.167.144.166 - - [02/Jul/2026:01:19:51 +0000] "GET /pages.php?products/6688008/ HTTP/2" 200 25622 "-" "Mozilla/5.0 AppleWebKit/537.36 (KHTML, like Gecko; compatible; bingbot/2.0; +http://www.bing.com/bingbot.htm) Chrome/116.0.1938.76 Safari/537.36"
57.141.0.14 - - [02/Jul/2026:01:19:51 +0000] "GET /wp-sitemap-taxonomies-pa_pack-of-2-1.xml HTTP/2" 200 251 "-" "meta-externalagent/1.1 (+https://developers.facebook.com/docs/sharing/webmasters/crawler)"
66.249.74.43 - - [02/Jul/2026:01:19:53 +0000] "GET /products/484656631/ HTTP/1.1" 200 25492 "-" "Mozilla/5.0 (Linux; Android 6.0.1; Nexus 5X Build/MMB29P) AppleWebKit/537.36 (KHTML, like Gecko) Chrome/149.0.7827.200 Mobile Safari/537.36 (compatible; Googlebot/2.1; +http://www.google.com/bot.html)"
207.46.13.127 - - [02/Jul/2026:01:16:16 +0000] "GET /products/141922731/ HTTP/2" 200 25903 "-" "Mozilla/5.0 AppleWebKit/537.36 (KHTML, like Gecko; compatible; bingbot/2.0; +http://www.bing.com/bingbot.htm) Chrome/116.0.1938.76 Safari/537.36"
57.141.0.25 - - [02/Jul/2026:01:16:16 +0000] "GET /sitemap766.xml HTTP/2" 404 155047 "-" "meta-externalagent/1.1 (+https://developers.facebook.com/docs/sharing/webmasters/crawler)"
207.46.13.127 - - [02/Jul/2026:01:16:19 +0000] "GET /products/306753331/ HTTP/2" 200 25600 "-" "Mozilla/5.0 AppleWebKit/537.36 (KHTML, like Gecko; compatible; bingbot/2.0; +http://www.bing.com/bingbot.htm) Chrome/116.0.1938.76 Safari/537.36"
207.46.13.127 - - [02/Jul/2026:01:16:22 +0000] "GET /products/247197631/ HTTP/2" 200 25259 "-" "Mozilla/5.0 AppleWebKit/537.36 (KHTML, like Gecko; compatible; bingbot/2.0; +http://www.bing.com/bingbot.htm) Chrome/116.0.1938.76 Safari/537.36"
207.46.13.127 - - [02/Jul/2026:01:16:25 +0000] "GET /products/122117431/ HTTP/2" 200 26995 "-" "Mozilla/5.0 AppleWebKit/537.36 (KHTML, like Gecko; compatible; bingbot/2.0; +http://www.bing.com/bingbot.htm) Chrome/116.0.1938.76 Safari/537.36"
207.46.13.127 - - [02/Jul/2026:01:16:28 +0000] "GET /products/457672731/ HTTP/2" 200 25503 "-" "Mozilla/5.0 AppleWebKit/537.36 (KHTML, like Gecko; compatible; bingbot/2.0; +http://www.bing.com/bingbot.htm) Chrome/116.0.1938.76 Safari/537.36"
207.46.13.127 - - [02/Jul/2026:01:16:31 +0000] "GET /pages.php?products/2110308/ HTTP/2" 200 26300 "-" "Mozilla/5.0 AppleWebKit/537.36 (KHTML, like Gecko; compatible; bingbot/2.0; +http://www.bing.com/bingbot.htm) Chrome/116.0.1938.76 Safari/537.36"
207.46.13.127 - - [02/Jul/2026:01:16:34 +0000] "GET /products/225236858/ HTTP/2" 200 26115 "-" "Mozilla/5.0 AppleWebKit/537.36 (KHTML, like Gecko; compatible; bingbot/2.0; +http://www.bing.com/bingbot.htm) Chrome/116.0.1938.76 Safari/537.36"
207.46.13.127 - - [02/Jul/2026:01:16:37 +0000] "GET /products/205864158/ HTTP/2" 200 25558 "-" "Mozilla/5.0 AppleWebKit/537.36 (KHTML, like Gecko; compatible; bingbot/2.0; +http://www.bing.com/bingbot.htm) Chrome/116.0.1938.76 Safari/537.36"
207.46.13.127 - - [02/Jul/2026:01:16:40 +0000] "GET /products/381700731/ HTTP/2" 200 26386 "-" "Mozilla/5.0 AppleWebKit/537.36 (KHTML, like Gecko; compatible; bingbot/2.0; +http://www.bing.com/bingbot.htm) Chrome/116.0.1938.76 Safari/537.36"
207.46.13.127 - - [02/Jul/2026:01:16:43 +0000] "GET /products/133691131/ HTTP/2" 200 26137 "-" "Mozilla/5.0 AppleWebKit/537.36 (KHTML, like Gecko; compatible; bingbot/2.0; +http://www.bing.com/bingbot.htm) Chrome/116.0.1938.76 Safari/537.36"
66.249.74.33 - - [02/Jul/2026:01:17:29 +0000] "GET /products/192500185711 HTTP/1.1" 200 26644 "-" "Mozilla/5.0 (Linux; Android 6.0.1; Nexus 5X Build/MMB29P) AppleWebKit/537.36 (KHTML, like Gecko) Chrome/149.0.7827.200 Mobile Safari/537.36 (compatible; Googlebot/2.1; +http://www.google.com/bot.html)"
194.60.201.146 - - [02/Jul/2026:01:17:54 +0000] "GET /wp-login.php HTTP/2" 200 1976 "-" "Mozilla/5.0 (X11; CrOS x86_64 14541.0.0) AppleWebKit/537.36 (KHTML, like Gecko) Chrome/133.0.0.0 Safari/537.36"
194.60.201.146 - - [02/Jul/2026:01:17:55 +0000] "POST /wp-login.php HTTP/2" 200 2151 "https://rearbear.com/wp-login.php" "Mozilla/5.0 (X11; CrOS x86_64 14541.0.0) AppleWebKit/537.36 (KHTML, like Gecko) Chrome/133.0.0.0 Safari/537.36"
40.77.167.116 - - [02/Jul/2026:01:18:28 +0000] "GET /products/102673231/ HTTP/2" 200 25564 "-" "Mozilla/5.0 AppleWebKit/537.36 (KHTML, like Gecko; compatible; bingbot/2.0; +http://www.bing.com/bingbot.htm) Chrome/116.0.1938.76 Safari/537.36"
57.141.0.56 - - [02/Jul/2026:01:18:37 +0000] "GET /products/01254302008 HTTP/2" 404 155047 "-" "meta-externalagent/1.1 (+https://developers.facebook.com/docs/sharing/webmasters/crawler)"
66.249.74.32 - - [02/Jul/2026:01:19:12 +0000] "GET /products/213259931/ HTTP/1.1" 200 27201 "-" "Mozilla/5.0 (Linux; Android 6.0.1; Nexus 5X Build/MMB29P) AppleWebKit/537.36 (KHTML, like Gecko) Chrome/149.0.7827.200 Mobile Safari/537.36 (compatible; Googlebot/2.1; +http://www.google.com/bot.html)"
52.167.144.166 - - [02/Jul/2026:01:19:54 +0000] "GET /products/398632131/ HTTP/2" 200 25423 "-" "Mozilla/5.0 AppleWebKit/537.36 (KHTML, like Gecko; compatible; bingbot/2.0; +http://www.bing.com/bingbot.htm) Chrome/116.0.1938.76 Safari/537.36"
52.167.144.166 - - [02/Jul/2026:01:19:56 +0000] "GET /products/279184931/ HTTP/2" 200 25626 "-" "Mozilla/5.0 AppleWebKit/537.36 (KHTML, like Gecko; compatible; bingbot/2.0; +http://www.bing.com/bingbot.htm) Chrome/116.0.1938.76 Safari/537.36"
52.167.144.166 - - [02/Jul/2026:01:20:04 +0000] "GET /pages.php?products/2129564/ HTTP/2" 200 25526 "-" "Mozilla/5.0 AppleWebKit/537.36 (KHTML, like Gecko; compatible; bingbot/2.0; +http://www.bing.com/bingbot.htm) Chrome/116.0.1938.76 Safari/537.36"
52.167.144.166 - - [02/Jul/2026:01:20:07 +0000] "GET /products/468428131/ HTTP/2" 200 25321 "-" "Mozilla/5.0 AppleWebKit/537.36 (KHTML, like Gecko; compatible; bingbot/2.0; +http://www.bing.com/bingbot.htm) Chrome/116.0.1938.76 Safari/537.36"
52.167.144.166 - - [02/Jul/2026:01:20:10 +0000] "GET /products/434094831/ HTTP/2" 200 26153 "-" "Mozilla/5.0 AppleWebKit/537.36 (KHTML, like Gecko; compatible; bingbot/2.0; +http://www.bing.com/bingbot.htm) Chrome/116.0.1938.76 Safari/537.36"
52.167.144.166 - - [02/Jul/2026:01:20:13 +0000] "GET /products/145716931/ HTTP/2" 200 25489 "-" "Mozilla/5.0 AppleWebKit/537.36 (KHTML, like Gecko; compatible; bingbot/2.0; +http://www.bing.com/bingbot.htm) Chrome/116.0.1938.76 Safari/537.36"
52.167.144.166 - - [02/Jul/2026:01:20:17 +0000] "GET /products/81555931/ HTTP/2" 200 26637 "-" "Mozilla/5.0 AppleWebKit/537.36 (KHTML, like Gecko; compatible; bingbot/2.0; +http://www.bing.com/bingbot.htm) Chrome/116.0.1938.76 Safari/537.36"
52.167.144.166 - - [02/Jul/2026:01:20:20 +0000] "GET /products/317430731/ HTTP/2" 200 26592 "-" "Mozilla/5.0 AppleWebKit/537.36 (KHTML, like Gecko; compatible; bingbot/2.0; +http://www.bing.com/bingbot.htm) Chrome/116.0.1938.76 Safari/537.36"
40.77.167.59 - - [02/Jul/2026:01:20:22 +0000] "GET /products/323804731/ HTTP/2" 200 25928 "-" "Mozilla/5.0 AppleWebKit/537.36 (KHTML, like Gecko; compatible; bingbot/2.0; +http://www.bing.com/bingbot.htm) Chrome/116.0.1938.76 Safari/537.36"
40.77.167.59 - - [02/Jul/2026:01:20:25 +0000] "GET /products/338245931/ HTTP/2" 200 25847 "-" "Mozilla/5.0 AppleWebKit/537.36 (KHTML, like Gecko; compatible; bingbot/2.0; +http://www.bing.com/bingbot.htm) Chrome/116.0.1938.76 Safari/537.36"
40.77.167.59 - - [02/Jul/2026:01:20:28 +0000] "GET /products/128876458/ HTTP/2" 200 25734 "-" "Mozilla/5.0 AppleWebKit/537.36 (KHTML, like Gecko; compatible; bingbot/2.0; +http://www.bing.com/bingbot.htm) Chrome/116.0.1938.76 Safari/537.36"
40.77.167.59 - - [02/Jul/2026:01:20:31 +0000] "GET /products/42996353/ HTTP/2" 200 26928 "-" "Mozilla/5.0 AppleWebKit/537.36 (KHTML, like Gecko; compatible; bingbot/2.0; +http://www.bing.com/bingbot.htm) Chrome/116.0.1938.76 Safari/537.36"
40.77.167.59 - - [02/Jul/2026:01:20:34 +0000] "GET /products/395354931/ HTTP/2" 200 25077 "-" "Mozilla/5.0 AppleWebKit/537.36 (KHTML, like Gecko; compatible; bingbot/2.0; +http://www.bing.com/bingbot.htm) Chrome/116.0.1938.76 Safari/537.36"
40.77.167.59 - - [02/Jul/2026:01:20:37 +0000] "GET /products/283477031/ HTTP/2" 200 26086 "-" "Mozilla/5.0 AppleWebKit/537.36 (KHTML, like Gecko; compatible; bingbot/2.0; +http://www.bing.com/bingbot.htm) Chrome/116.0.1938.76 Safari/537.36"
40.77.167.59 - - [02/Jul/2026:01:20:40 +0000] "GET /products/136382358/ HTTP/2" 200 26487 "-" "Mozilla/5.0 AppleWebKit/537.36 (KHTML, like Gecko; compatible; bingbot/2.0; +http://www.bing.com/bingbot.htm) Chrome/116.0.1938.76 Safari/537.36"
40.77.167.59 - - [02/Jul/2026:01:20:43 +0000] "GET /products/14901953/ HTTP/2" 200 25364 "-" "Mozilla/5.0 AppleWebKit/537.36 (KHTML, like Gecko; compatible; bingbot/2.0; +http://www.bing.com/bingbot.htm) Chrome/116.0.1938.76 Safari/537.36"
57.141.0.56 - - [02/Jul/2026:01:20:10 +0000] "GET /products/01156581602 HTTP/2" 404 155047 "-" "meta-externalagent/1.1 (+https://developers.facebook.com/docs/sharing/webmasters/crawler)"
157.55.39.7 - - [02/Jul/2026:01:20:21 +0000] "GET /pages.php?products/2619753/ HTTP/2" 200 25836 "-" "Mozilla/5.0 AppleWebKit/537.36 (KHTML, like Gecko; compatible; bingbot/2.0; +http://www.bing.com/bingbot.htm) Chrome/116.0.1938.76 Safari/537.36"
157.55.39.7 - - [02/Jul/2026:01:20:35 +0000] "GET /products/216409058/ HTTP/2" 200 25481 "-" "Mozilla/5.0 AppleWebKit/537.36 (KHTML, like Gecko; compatible; bingbot/2.0; +http://www.bing.com/bingbot.htm) Chrome/116.0.1938.76 Safari/537.36"
66.249.73.13 - - [02/Jul/2026:01:20:47 +0000] "GET /products/134218114522 HTTP/1.1" 200 25695 "-" "Mozilla/5.0 (Linux; Android 6.0.1; Nexus 5X Build/MMB29P) AppleWebKit/537.36 (KHTML, like Gecko) Chrome/149.0.7827.200 Mobile Safari/537.36 (compatible; Googlebot/2.1; +http://www.google.com/bot.html)"
40.77.167.59 - - [02/Jul/2026:01:21:07 +0000] "GET /products/345527331/ HTTP/2" 200 26308 "-" "Mozilla/5.0 AppleWebKit/537.36 (KHTML, like Gecko; compatible; bingbot/2.0; +http://www.bing.com/bingbot.htm) Chrome/116.0.1938.76 Safari/537.36"
66.249.74.32 - - [02/Jul/2026:01:21:27 +0000] "GET /products/25121490729 HTTP/1.1" 200 26383 "-" "Mozilla/5.0 (Linux; Android 6.0.1; Nexus 5X Build/MMB29P) AppleWebKit/537.36 (KHTML, like Gecko) Chrome/149.0.7827.200 Mobile Safari/537.36 (compatible; Googlebot/2.1; +http://www.google.com/bot.html)"
104.210.140.143 - - [02/Jul/2026:01:21:39 +0000] "GET /robots.txt HTTP/2" 200 78 "-" "Mozilla/5.0 (Macintosh; Intel Mac OS X 10_15_7) AppleWebKit/537.36 (KHTML, like Gecko) Chrome/131.0.0.0 Safari/537.36; compatible; OAI-SearchBot/1.0; +https://openai.com/searchbot"
103.133.214.160 - - [02/Jul/2026:01:22:25 +0000] "GET /wp-login.php HTTP/2" 200 1976 "-" "Mozilla/5.0 (Windows NT 10.0; Win64; x64; rv:133.0) Gecko/20100101 Firefox/133.0"
103.133.214.160 - - [02/Jul/2026:01:22:27 +0000] "POST /wp-login.php HTTP/2" 200 2155 "https://rearbear.com/wp-login.php" "Mozilla/5.0 (Windows NT 10.0; Win64; x64; rv:133.0) Gecko/20100101 Firefox/133.0"
57.141.0.34 - - [02/Jul/2026:01:22:41 +0000] "GET /products/013775300856 HTTP/2" 404 155047 "-" "meta-externalagent/1.1 (+https://developers.facebook.com/docs/sharing/webmasters/crawler)"
66.249.74.43 - - [02/Jul/2026:01:22:46 +0000] "GET /products/1160599843 HTTP/1.1" 200 25525 "-" "Mozilla/5.0 (Linux; Android 6.0.1; Nexus 5X Build/MMB29P) AppleWebKit/537.36 (KHTML, like Gecko) Chrome/149.0.7827.200 Mobile Safari/537.36 (compatible; Googlebot/2.1; +http://www.google.com/bot.html)"
66.249.74.32 - - [02/Jul/2026:01:24:03 +0000] "GET /products/321477748492 HTTP/1.1" 200 25766 "-" "Mozilla/5.0 (Linux; Android 6.0.1; Nexus 5X Build/MMB29P) AppleWebKit/537.36 (KHTML, like Gecko) Chrome/149.0.7827.200 Mobile Safari/537.36 (compatible; Googlebot/2.1; +http://www.google.com/bot.html)"
66.249.74.43 - - [02/Jul/2026:01:27:30 +0000] "GET /products/201448669125 HTTP/1.1" 200 26018 "-" "Mozilla/5.0 (Linux; Android 6.0.1; Nexus 5X Build/MMB29P) AppleWebKit/537.36 (KHTML, like Gecko) Chrome/149.0.7827.200 Mobile Safari/537.36 (compatible; Googlebot/2.1; +http://www.google.com/bot.html)"
119.195.102.159 - - [02/Jul/2026:01:27:43 +0000] "GET /wp-login.php HTTP/2" 200 1976 "-" "Mozilla/5.0 (X11; Ubuntu; Linux x86_64; rv:133.0) Gecko/20100101 Firefox/133.0"
40.77.167.59 - - [02/Jul/2026:01:27:44 +0000] "GET /products/484662131/ HTTP/2" 200 26675 "-" "Mozilla/5.0 AppleWebKit/537.36 (KHTML, like Gecko; compatible; bingbot/2.0; +http://www.bing.com/bingbot.htm) Chrome/116.0.1938.76 Safari/537.36"
119.195.102.159 - - [02/Jul/2026:01:27:44 +0000] "POST /wp-login.php HTTP/2" 200 2151 "https://rearbear.com/wp-login.php" "Mozilla/5.0 (X11; Ubuntu; Linux x86_64; rv:133.0) Gecko/20100101 Firefox/133.0"
40.77.167.59 - - [02/Jul/2026:01:20:46 +0000] "GET /products/224257731/ HTTP/2" 200 26477 "-" "Mozilla/5.0 AppleWebKit/537.36 (KHTML, like Gecko; compatible; bingbot/2.0; +http://www.bing.com/bingbot.htm) Chrome/116.0.1938.76 Safari/537.36"
66.249.74.33 - - [02/Jul/2026:01:21:10 +0000] "GET /products/153592963150 HTTP/1.1" 200 25883 "-" "Mozilla/5.0 (Linux; Android 6.0.1; Nexus 5X Build/MMB29P) AppleWebKit/537.36 (KHTML, like Gecko) Chrome/149.0.7827.200 Mobile Safari/537.36 (compatible; Googlebot/2.1; +http://www.google.com/bot.html)"
157.55.39.7 - - [02/Jul/2026:01:21:23 +0000] "GET /products/236253458/ HTTP/2" 200 25840 "-" "Mozilla/5.0 AppleWebKit/537.36 (KHTML, like Gecko; compatible; bingbot/2.0; +http://www.bing.com/bingbot.htm) Chrome/116.0.1938.76 Safari/537.36"
195.15.227.114 - - [02/Jul/2026:01:22:51 +0000] "GET /wp-login.php HTTP/2" 200 1976 "-" "Mozilla/5.0 (X11; Linux x86_64; rv:133.0) Gecko/20100101 Firefox/133.0"
195.15.227.114 - - [02/Jul/2026:01:22:52 +0000] "POST /wp-login.php HTTP/2" 200 2151 "https://rearbear.com/wp-login.php" "Mozilla/5.0 (X11; Linux x86_64; rv:133.0) Gecko/20100101 Firefox/133.0"
57.141.0.22 - - [02/Jul/2026:01:23:06 +0000] "GET /sitemap747.xml HTTP/2" 404 155047 "-" "meta-externalagent/1.1 (+https://developers.facebook.com/docs/sharing/webmasters/crawler)"
66.249.74.33 - - [02/Jul/2026:01:25:40 +0000] "GET /products/502189231/ HTTP/1.1" 200 25467 "-" "Mozilla/5.0 (Linux; Android 6.0.1; Nexus 5X Build/MMB29P) AppleWebKit/537.36 (KHTML, like Gecko) Chrome/149.0.7827.200 Mobile Safari/537.36 (compatible; Googlebot/2.1; +http://www.google.com/bot.html)"
157.55.39.7 - - [02/Jul/2026:01:27:37 +0000] "GET /products/189797231/ HTTP/2" 200 25642 "-" "Mozilla/5.0 AppleWebKit/537.36 (KHTML, like Gecko; compatible; bingbot/2.0; +http://www.bing.com/bingbot.htm) Chrome/116.0.1938.76 Safari/537.36"
157.55.39.7 - - [02/Jul/2026:01:27:39 +0000] "GET /products/165422331/ HTTP/2" 200 26005 "-" "Mozilla/5.0 AppleWebKit/537.36 (KHTML, like Gecko; compatible; bingbot/2.0; +http://www.bing.com/bingbot.htm) Chrome/116.0.1938.76 Safari/537.36"
157.55.39.7 - - [02/Jul/2026:01:27:41 +0000] "GET /products/349754231/ HTTP/2" 200 26311 "-" "Mozilla/5.0 AppleWebKit/537.36 (KHTML, like Gecko; compatible; bingbot/2.0; +http://www.bing.com/bingbot.htm) Chrome/116.0.1938.76 Safari/537.36"
157.55.39.7 - - [02/Jul/2026:01:27:50 +0000] "GET /products/172212931/ HTTP/2" 200 26463 "-" "Mozilla/5.0 AppleWebKit/537.36 (KHTML, like Gecko; compatible; bingbot/2.0; +http://www.bing.com/bingbot.htm) Chrome/116.0.1938.76 Safari/537.36"
157.55.39.7 - - [02/Jul/2026:01:27:53 +0000] "GET /products/255409031/ HTTP/2" 200 26367 "-" "Mozilla/5.0 AppleWebKit/537.36 (KHTML, like Gecko; compatible; bingbot/2.0; +http://www.bing.com/bingbot.htm) Chrome/116.0.1938.76 Safari/537.36"
157.55.39.7 - - [02/Jul/2026:01:27:56 +0000] "GET /products/38380531/ HTTP/2" 200 25896 "-" "Mozilla/5.0 AppleWebKit/537.36 (KHTML, like Gecko; compatible; bingbot/2.0; +http://www.bing.com/bingbot.htm) Chrome/116.0.1938.76 Safari/537.36"
52.167.144.180 - - [02/Jul/2026:01:28:00 +0000] "GET /products/355510631/ HTTP/2" 200 26203 "-" "Mozilla/5.0 AppleWebKit/537.36 (KHTML, like Gecko; compatible; bingbot/2.0; +http://www.bing.com/bingbot.htm) Chrome/116.0.1938.76 Safari/537.36"
52.167.144.180 - - [02/Jul/2026:01:28:02 +0000] "GET /products/72058031/ HTTP/2" 200 26271 "-" "Mozilla/5.0 AppleWebKit/537.36 (KHTML, like Gecko; compatible; bingbot/2.0; +http://www.bing.com/bingbot.htm) Chrome/116.0.1938.76 Safari/537.36"
52.167.144.166 - - [02/Jul/2026:01:28:05 +0000] "GET /products/150685231/ HTTP/2" 200 26926 "-" "Mozilla/5.0 AppleWebKit/537.36 (KHTML, like Gecko; compatible; bingbot/2.0; +http://www.bing.com/bingbot.htm) Chrome/116.0.1938.76 Safari/537.36"
52.167.144.166 - - [02/Jul/2026:01:28:10 +0000] "GET /products/469705031/ HTTP/2" 200 26919 "-" "Mozilla/5.0 AppleWebKit/537.36 (KHTML, like Gecko; compatible; bingbot/2.0; +http://www.bing.com/bingbot.htm) Chrome/116.0.1938.76 Safari/537.36"
52.167.144.166 - - [02/Jul/2026:01:28:15 +0000] "GET /products/273274158/ HTTP/2" 200 26691 "-" "Mozilla/5.0 AppleWebKit/537.36 (KHTML, like Gecko; compatible; bingbot/2.0; +http://www.bing.com/bingbot.htm) Chrome/116.0.1938.76 Safari/537.36"
52.167.144.166 - - [02/Jul/2026:01:28:18 +0000] "GET /products/59731958/ HTTP/2" 200 25378 "-" "Mozilla/5.0 AppleWebKit/537.36 (KHTML, like Gecko; compatible; bingbot/2.0; +http://www.bing.com/bingbot.htm) Chrome/116.0.1938.76 Safari/537.36"
52.167.144.166 - - [02/Jul/2026:01:28:21 +0000] "GET /products/494289031/ HTTP/2" 200 26012 "-" "Mozilla/5.0 AppleWebKit/537.36 (KHTML, like Gecko; compatible; bingbot/2.0; +http://www.bing.com/bingbot.htm) Chrome/116.0.1938.76 Safari/537.36"
52.167.144.166 - - [02/Jul/2026:01:28:25 +0000] "GET /products/358051531/ HTTP/2" 200 25742 "-" "Mozilla/5.0 AppleWebKit/537.36 (KHTML, like Gecko; compatible; bingbot/2.0; +http://www.bing.com/bingbot.htm) Chrome/116.0.1938.76 Safari/537.36"
52.167.144.194 - - [02/Jul/2026:01:30:22 +0000] "GET /products/41999731/ HTTP/2" 200 25686 "-" "Mozilla/5.0 AppleWebKit/537.36 (KHTML, like Gecko; compatible; bingbot/2.0; +http://www.bing.com/bingbot.htm) Chrome/116.0.1938.76 Safari/537.36"
57.141.0.39 - - [02/Jul/2026:01:31:25 +0000] "GET /products/011419612813 HTTP/2" 404 155047 "-" "meta-externalagent/1.1 (+https://developers.facebook.com/docs/sharing/webmasters/crawler)"
52.167.144.180 - - [02/Jul/2026:01:32:12 +0000] "GET /products/137061231/ HTTP/2" 200 25667 "-" "Mozilla/5.0 AppleWebKit/537.36 (KHTML, like Gecko; compatible; bingbot/2.0; +http://www.bing.com/bingbot.htm) Chrome/116.0.1938.76 Safari/537.36"
52.167.144.194 - - [02/Jul/2026:01:32:21 +0000] "GET /pages.php?products/7088186/ HTTP/2" 200 25928 "-" "Mozilla/5.0 AppleWebKit/537.36 (KHTML, like Gecko; compatible; bingbot/2.0; +http://www.bing.com/bingbot.htm) Chrome/116.0.1938.76 Safari/537.36"
52.167.144.194 - - [02/Jul/2026:01:32:24 +0000] "GET /pages.php?products/1106819/ HTTP/2" 200 25405 "-" "Mozilla/5.0 AppleWebKit/537.36 (KHTML, like Gecko; compatible; bingbot/2.0; +http://www.bing.com/bingbot.htm) Chrome/116.0.1938.76 Safari/537.36"
52.167.144.194 - - [02/Jul/2026:01:32:27 +0000] "GET /products/148152731/ HTTP/2" 200 25616 "-" "Mozilla/5.0 AppleWebKit/537.36 (KHTML, like Gecko; compatible; bingbot/2.0; +http://www.bing.com/bingbot.htm) Chrome/116.0.1938.76 Safari/537.36"
52.167.144.194 - - [02/Jul/2026:01:32:30 +0000] "GET /products/81265258/ HTTP/2" 200 28094 "-" "Mozilla/5.0 AppleWebKit/537.36 (KHTML, like Gecko; compatible; bingbot/2.0; +http://www.bing.com/bingbot.htm) Chrome/116.0.1938.76 Safari/537.36"
52.167.144.194 - - [02/Jul/2026:01:32:33 +0000] "GET /products/280557531/ HTTP/2" 200 25393 "-" "Mozilla/5.0 AppleWebKit/537.36 (KHTML, like Gecko; compatible; bingbot/2.0; +http://www.bing.com/bingbot.htm) Chrome/116.0.1938.76 Safari/537.36"
52.167.144.194 - - [02/Jul/2026:01:32:36 +0000] "GET /products/186839531/ HTTP/2" 200 25753 "-" "Mozilla/5.0 AppleWebKit/537.36 (KHTML, like Gecko; compatible; bingbot/2.0; +http://www.bing.com/bingbot.htm) Chrome/116.0.1938.76 Safari/537.36"
52.167.144.194 - - [02/Jul/2026:01:32:39 +0000] "GET /products/109052231/ HTTP/2" 200 25569 "-" "Mozilla/5.0 AppleWebKit/537.36 (KHTML, like Gecko; compatible; bingbot/2.0; +http://www.bing.com/bingbot.htm) Chrome/116.0.1938.76 Safari/537.36"
147.135.22.97 - - [02/Jul/2026:01:32:41 +0000] "GET /wp-login.php HTTP/2" 200 1976 "-" "Mozilla/5.0 (Windows NT 10.0; Win64; x64) AppleWebKit/537.36 (KHTML, like Gecko) Chrome/133.0.0.0 Safari/537.36"
52.167.144.194 - - [02/Jul/2026:01:32:42 +0000] "GET /products/32255631/ HTTP/2" 200 26012 "-" "Mozilla/5.0 AppleWebKit/537.36 (KHTML, like Gecko; compatible; bingbot/2.0; +http://www.bing.com/bingbot.htm) Chrome/116.0.1938.76 Safari/537.36"
147.135.22.97 - - [02/Jul/2026:01:32:41 +0000] "POST /wp-login.php HTTP/2" 200 2151 "https://rearbear.com/wp-login.php" "Mozilla/5.0 (Windows NT 10.0; Win64; x64) AppleWebKit/537.36 (KHTML, like Gecko) Chrome/133.0.0.0 Safari/537.36"
40.77.167.59 - - [02/Jul/2026:01:27:47 +0000] "GET /pages.php?products/6178675/ HTTP/2" 200 26609 "-" "Mozilla/5.0 AppleWebKit/537.36 (KHTML, like Gecko; compatible; bingbot/2.0; +http://www.bing.com/bingbot.htm) Chrome/116.0.1938.76 Safari/537.36"
52.167.144.143 - - [02/Jul/2026:01:27:50 +0000] "GET /products/294765831/ HTTP/2" 200 26619 "-" "Mozilla/5.0 AppleWebKit/537.36 (KHTML, like Gecko; compatible; bingbot/2.0; +http://www.bing.com/bingbot.htm) Chrome/116.0.1938.76 Safari/537.36"
65.55.210.176 - - [02/Jul/2026:01:28:28 +0000] "GET /products/358051531 HTTP/2" 200 207570 "-" "Mozilla/5.0 AppleWebKit/537.36 (KHTML, like Gecko; compatible; bingbot/2.0; +http://www.bing.com/bingbot.htm) Chrome/100.0.4896.127 Safari/537.36"
157.55.39.7 - - [02/Jul/2026:01:28:29 +0000] "GET /products/20224258/ HTTP/2" 200 27661 "-" "Mozilla/5.0 AppleWebKit/537.36 (KHTML, like Gecko; compatible; bingbot/2.0; +http://www.bing.com/bingbot.htm) Chrome/116.0.1938.76 Safari/537.36"
207.46.13.17 - - [02/Jul/2026:01:28:34 +0000] "GET /products/66123753/ HTTP/2" 200 26103 "-" "Mozilla/5.0 AppleWebKit/537.36 (KHTML, like Gecko; compatible; bingbot/2.0; +http://www.bing.com/bingbot.htm) Chrome/116.0.1938.76 Safari/537.36"
57.141.0.31 - - [02/Jul/2026:01:29:03 +0000] "GET /products/012386989239 HTTP/2" 404 155047 "-" "meta-externalagent/1.1 (+https://developers.facebook.com/docs/sharing/webmasters/crawler)"
66.249.73.13 - - [02/Jul/2026:01:30:21 +0000] "GET /products/13654484439 HTTP/1.1" 200 25840 "-" "Mozilla/5.0 (Linux; Android 6.0.1; Nexus 5X Build/MMB29P) AppleWebKit/537.36 (KHTML, like Gecko) Chrome/149.0.7827.200 Mobile Safari/537.36 (compatible; Googlebot/2.1; +http://www.google.com/bot.html)"
207.46.13.17 - - [02/Jul/2026:01:31:05 +0000] "GET /products/225340231/ HTTP/2" 200 25582 "-" "Mozilla/5.0 AppleWebKit/537.36 (KHTML, like Gecko; compatible; bingbot/2.0; +http://www.bing.com/bingbot.htm) Chrome/116.0.1938.76 Safari/537.36"
66.249.74.43 - - [02/Jul/2026:01:31:28 +0000] "GET /products/353146637262 HTTP/1.1" 200 25896 "-" "Mozilla/5.0 (Linux; Android 6.0.1; Nexus 5X Build/MMB29P) AppleWebKit/537.36 (KHTML, like Gecko) Chrome/149.0.7827.200 Mobile Safari/537.36 (compatible; Googlebot/2.1; +http://www.google.com/bot.html)"
207.46.13.17 - - [02/Jul/2026:01:32:16 +0000] "GET /products/474500731/ HTTP/2" 200 25658 "-" "Mozilla/5.0 AppleWebKit/537.36 (KHTML, like Gecko; compatible; bingbot/2.0; +http://www.bing.com/bingbot.htm) Chrome/116.0.1938.76 Safari/537.36"
66.249.74.32 - - [02/Jul/2026:01:32:48 +0000] "GET /products/212353131/ HTTP/1.1" 200 25273 "-" "Mozilla/5.0 (Linux; Android 6.0.1; Nexus 5X Build/MMB29P) AppleWebKit/537.36 (KHTML, like Gecko) Chrome/149.0.7827.200 Mobile Safari/537.36 (compatible; Googlebot/2.1; +http://www.google.com/bot.html)"
207.46.13.17 - - [02/Jul/2026:01:33:25 +0000] "GET /products/383230331/ HTTP/2" 200 26736 "-" "Mozilla/5.0 AppleWebKit/537.36 (KHTML, like Gecko; compatible; bingbot/2.0; +http://www.bing.com/bingbot.htm) Chrome/116.0.1938.76 Safari/537.36"
207.46.13.17 - - [02/Jul/2026:01:33:28 +0000] "GET /products/51605831/ HTTP/2" 200 25480 "-" "Mozilla/5.0 AppleWebKit/537.36 (KHTML, like Gecko; compatible; bingbot/2.0; +http://www.bing.com/bingbot.htm) Chrome/116.0.1938.76 Safari/537.36"
207.46.13.17 - - [02/Jul/2026:01:33:32 +0000] "GET /products/390093531/ HTTP/2" 200 25777 "-" "Mozilla/5.0 AppleWebKit/537.36 (KHTML, like Gecko; compatible; bingbot/2.0; +http://www.bing.com/bingbot.htm) Chrome/116.0.1938.76 Safari/537.36"
207.46.13.17 - - [02/Jul/2026:01:33:34 +0000] "GET /products/427034331/ HTTP/2" 200 26419 "-" "Mozilla/5.0 AppleWebKit/537.36 (KHTML, like Gecko; compatible; bingbot/2.0; +http://www.bing.com/bingbot.htm) Chrome/116.0.1938.76 Safari/537.36"
20.89.17.85 - - [02/Jul/2026:01:34:16 +0000] "GET /a.php HTTP/1.1" 404 3417 "-" "Mozilla/5.0 (Windows NT 10.0; Win64; x64) AppleWebKit/537.36 (KHTML, like Gecko) Chrome/120.0.0.0 Safari/537.36"
20.89.17.85 - - [02/Jul/2026:01:34:16 +0000] "GET /aa.php HTTP/1.1" 404 3417 "-" "Mozilla/5.0 (Windows NT 10.0; Win64; x64) AppleWebKit/537.36 (KHTML, like Gecko) Chrome/120.0.0.0 Safari/537.36"
20.89.17.85 - - [02/Jul/2026:01:34:16 +0000] "GET /aaa.php HTTP/1.1" 404 3417 "-" "Mozilla/5.0 (Windows NT 10.0; Win64; x64) AppleWebKit/537.36 (KHTML, like Gecko) Chrome/120.0.0.0 Safari/537.36"
20.89.17.85 - - [02/Jul/2026:01:34:16 +0000] "GET /ab.php HTTP/1.1" 404 3417 "-" "Mozilla/5.0 (Windows NT 10.0; Win64; x64) AppleWebKit/537.36 (KHTML, like Gecko) Chrome/120.0.0.0 Safari/537.36"
20.89.17.85 - - [02/Jul/2026:01:34:16 +0000] "GET /lock360.php HTTP/1.1" 404 3417 "-" "Mozilla/5.0 (Windows NT 10.0; Win64; x64) AppleWebKit/537.36 (KHTML, like Gecko) Chrome/120.0.0.0 Safari/537.36"
20.89.17.85 - - [02/Jul/2026:01:34:16 +0000] "GET /anonse/lock360.php HTTP/1.1" 404 3417 "-" "Mozilla/5.0 (Windows NT 10.0; Win64; x64) AppleWebKit/537.36 (KHTML, like Gecko) Chrome/120.0.0.0 Safari/537.36"
20.89.17.85 - - [02/Jul/2026:01:34:17 +0000] "GET /file5.php HTTP/1.1" 404 3417 "-" "Mozilla/5.0 (Windows NT 10.0; Win64; x64) AppleWebKit/537.36 (KHTML, like Gecko) Chrome/120.0.0.0 Safari/537.36"
20.89.17.85 - - [02/Jul/2026:01:34:17 +0000] "GET /sitemaps.php HTTP/1.1" 404 3417 "-" "Mozilla/5.0 (Windows NT 10.0; Win64; x64) AppleWebKit/537.36 (KHTML, like Gecko) Chrome/120.0.0.0 Safari/537.36"
20.89.17.85 - - [02/Jul/2026:01:34:17 +0000] "GET /ioxi-o.php HTTP/1.1" 404 3417 "-" "Mozilla/5.0 (Windows NT 10.0; Win64; x64) AppleWebKit/537.36 (KHTML, like Gecko) Chrome/120.0.0.0 Safari/537.36"
20.89.17.85 - - [02/Jul/2026:01:34:17 +0000] "GET /load.php HTTP/1.1" 404 3417 "-" "Mozilla/5.0 (Windows NT 10.0; Win64; x64) AppleWebKit/537.36 (KHTML, like Gecko) Chrome/120.0.0.0 Safari/537.36"
20.89.17.85 - - [02/Jul/2026:01:34:18 +0000] "GET /k.php HTTP/1.1" 404 3417 "-" "Mozilla/5.0 (Windows NT 10.0; Win64; x64) AppleWebKit/537.36 (KHTML, like Gecko) Chrome/120.0.0.0 Safari/537.36"
20.89.17.85 - - [02/Jul/2026:01:34:18 +0000] "GET /autoload_classmap.php HTTP/1.1" 404 3417 "-" "Mozilla/5.0 (Windows NT 10.0; Win64; x64) AppleWebKit/537.36 (KHTML, like Gecko) Chrome/120.0.0.0 Safari/537.36"
20.89.17.85 - - [02/Jul/2026:01:34:18 +0000] "GET /post.php HTTP/1.1" 404 3417 "-" "Mozilla/5.0 (Windows NT 10.0; Win64; x64) AppleWebKit/537.36 (KHTML, like Gecko) Chrome/120.0.0.0 Safari/537.36"
20.89.17.85 - - [02/Jul/2026:01:34:18 +0000] "GET /1.php HTTP/1.1" 404 3417 "-" "Mozilla/5.0 (Windows NT 10.0; Win64; x64) AppleWebKit/537.36 (KHTML, like Gecko) Chrome/120.0.0.0 Safari/537.36"
20.89.17.85 - - [02/Jul/2026:01:34:18 +0000] "GET /flower.php HTTP/1.1" 404 3417 "-" "Mozilla/5.0 (Windows NT 10.0; Win64; x64) AppleWebKit/537.36 (KHTML, like Gecko) Chrome/120.0.0.0 Safari/537.36"
20.89.17.85 - - [02/Jul/2026:01:34:19 +0000] "GET /admin.php HTTP/1.1" 404 3417 "-" "Mozilla/5.0 (Windows NT 10.0; Win64; x64) AppleWebKit/537.36 (KHTML, like Gecko) Chrome/120.0.0.0 Safari/537.36"
20.89.17.85 - - [02/Jul/2026:01:34:19 +0000] "GET /file.php HTTP/1.1" 404 3417 "-" "Mozilla/5.0 (Windows NT 10.0; Win64; x64) AppleWebKit/537.36 (KHTML, like Gecko) Chrome/120.0.0.0 Safari/537.36"
20.89.17.85 - - [02/Jul/2026:01:34:19 +0000] "GET /default.php HTTP/1.1" 404 3417 "-" "Mozilla/5.0 (Windows NT 10.0; Win64; x64) AppleWebKit/537.36 (KHTML, like Gecko) Chrome/120.0.0.0 Safari/537.36"
20.89.17.85 - - [02/Jul/2026:01:34:19 +0000] "GET /defaults.php HTTP/1.1" 404 3417 "-" "Mozilla/5.0 (Windows NT 10.0; Win64; x64) AppleWebKit/537.36 (KHTML, like Gecko) Chrome/120.0.0.0 Safari/537.36"
20.89.17.85 - - [02/Jul/2026:01:34:19 +0000] "GET /meta.php HTTP/1.1" 404 3417 "-" "Mozilla/5.0 (Windows NT 10.0; Win64; x64) AppleWebKit/537.36 (KHTML, like Gecko) Chrome/120.0.0.0 Safari/537.36"
20.89.17.85 - - [02/Jul/2026:01:34:20 +0000] "GET /index.php HTTP/1.1" 404 3417 "-" "Mozilla/5.0 (Windows NT 10.0; Win64; x64) AppleWebKit/537.36 (KHTML, like Gecko) Chrome/120.0.0.0 Safari/537.36"
20.89.17.85 - - [02/Jul/2026:01:34:20 +0000] "GET /about.php HTTP/1.1" 404 3417 "-" "Mozilla/5.0 (Windows NT 10.0; Win64; x64) AppleWebKit/537.36 (KHTML, like Gecko) Chrome/120.0.0.0 Safari/537.36"
20.89.17.85 - - [02/Jul/2026:01:34:20 +0000] "GET /randkeyword.php HTTP/1.1" 404 3417 "-" "Mozilla/5.0 (Windows NT 10.0; Win64; x64) AppleWebKit/537.36 (KHTML, like Gecko) Chrome/120.0.0.0 Safari/537.36"
20.89.17.85 - - [02/Jul/2026:01:34:20 +0000] "GET /goods.php HTTP/1.1" 404 3417 "-" "Mozilla/5.0 (Windows NT 10.0; Win64; x64) AppleWebKit/537.36 (KHTML, like Gecko) Chrome/120.0.0.0 Safari/537.36"
20.89.17.85 - - [02/Jul/2026:01:34:20 +0000] "GET /hehe.php HTTP/1.1" 404 3417 "-" "Mozilla/5.0 (Windows NT 10.0; Win64; x64) AppleWebKit/537.36 (KHTML, like Gecko) Chrome/120.0.0.0 Safari/537.36"
20.89.17.85 - - [02/Jul/2026:01:34:20 +0000] "GET /user.php HTTP/1.1" 404 3417 "-" "Mozilla/5.0 (Windows NT 10.0; Win64; x64) AppleWebKit/537.36 (KHTML, like Gecko) Chrome/120.0.0.0 Safari/537.36"
20.89.17.85 - - [02/Jul/2026:01:34:21 +0000] "GET /wp-2019.php HTTP/1.1" 404 3417 "-" "Mozilla/5.0 (Windows NT 10.0; Win64; x64) AppleWebKit/537.36 (KHTML, like Gecko) Chrome/120.0.0.0 Safari/537.36"
20.89.17.85 - - [02/Jul/2026:01:34:21 +0000] "GET /chosen.php HTTP/1.1" 404 3417 "-" "Mozilla/5.0 (Windows NT 10.0; Win64; x64) AppleWebKit/537.36 (KHTML, like Gecko) Chrome/120.0.0.0 Safari/537.36"
20.89.17.85 - - [02/Jul/2026:01:34:21 +0000] "GET /functions.php HTTP/1.1" 404 3417 "-" "Mozilla/5.0 (Windows NT 10.0; Win64; x64) AppleWebKit/537.36 (KHTML, like Gecko) Chrome/120.0.0.0 Safari/537.36"
20.89.17.85 - - [02/Jul/2026:01:34:21 +0000] "GET /cron.php HTTP/1.1" 404 3417 "-" "Mozilla/5.0 (Windows NT 10.0; Win64; x64) AppleWebKit/537.36 (KHTML, like Gecko) Chrome/120.0.0.0 Safari/537.36"
20.89.17.85 - - [02/Jul/2026:01:34:21 +0000] "GET /edit.php HTTP/1.1" 404 3417 "-" "Mozilla/5.0 (Windows NT 10.0; Win64; x64) AppleWebKit/537.36 (KHTML, like Gecko) Chrome/120.0.0.0 Safari/537.36"
20.89.17.85 - - [02/Jul/2026:01:34:22 +0000] "GET /gecko-new.php HTTP/1.1" 404 3417 "-" "Mozilla/5.0 (Windows NT 10.0; Win64; x64) AppleWebKit/537.36 (KHTML, like Gecko) Chrome/120.0.0.0 Safari/537.36"
20.89.17.85 - - [02/Jul/2026:01:34:22 +0000] "GET /cookie.php HTTP/1.1" 404 3417 "-" "Mozilla/5.0 (Windows NT 10.0; Win64; x64) AppleWebKit/537.36 (KHTML, like Gecko) Chrome/120.0.0.0 Safari/537.36"
20.89.17.85 - - [02/Jul/2026:01:34:22 +0000] "GET /xleet.php HTTP/1.1" 404 3417 "-" "Mozilla/5.0 (Windows NT 10.0; Win64; x64) AppleWebKit/537.36 (KHTML, like Gecko) Chrome/120.0.0.0 Safari/537.36"
20.89.17.85 - - [02/Jul/2026:01:34:22 +0000] "GET /root.php HTTP/1.1" 404 3417 "-" "Mozilla/5.0 (Windows NT 10.0; Win64; x64) AppleWebKit/537.36 (KHTML, like Gecko) Chrome/120.0.0.0 Safari/537.36"
20.89.17.85 - - [02/Jul/2026:01:34:22 +0000] "GET /menu.php HTTP/1.1" 404 3417 "-" "Mozilla/5.0 (Windows NT 10.0; Win64; x64) AppleWebKit/537.36 (KHTML, like Gecko) Chrome/120.0.0.0 Safari/537.36"
20.89.17.85 - - [02/Jul/2026:01:34:23 +0000] "GET /plugin.php HTTP/1.1" 404 3417 "-" "Mozilla/5.0 (Windows NT 10.0; Win64; x64) AppleWebKit/537.36 (KHTML, like Gecko) Chrome/120.0.0.0 Safari/537.36"
20.89.17.85 - - [02/Jul/2026:01:34:23 +0000] "GET /cloud.php HTTP/1.1" 404 3417 "-" "Mozilla/5.0 (Windows NT 10.0; Win64; x64) AppleWebKit/537.36 (KHTML, like Gecko) Chrome/120.0.0.0 Safari/537.36"
20.89.17.85 - - [02/Jul/2026:01:34:23 +0000] "GET /configs.php HTTP/1.1" 404 3417 "-" "Mozilla/5.0 (Windows NT 10.0; Win64; x64) AppleWebKit/537.36 (KHTML, like Gecko) Chrome/120.0.0.0 Safari/537.36"
20.89.17.85 - - [02/Jul/2026:01:34:23 +0000] "GET /wp-configs.php HTTP/1.1" 404 3417 "-" "Mozilla/5.0 (Windows NT 10.0; Win64; x64) AppleWebKit/537.36 (KHTML, like Gecko) Chrome/120.0.0.0 Safari/537.36"
20.89.17.85 - - [02/Jul/2026:01:34:23 +0000] "GET /update.php HTTP/1.1" 404 3417 "-" "Mozilla/5.0 (Windows NT 10.0; Win64; x64) AppleWebKit/537.36 (KHTML, like Gecko) Chrome/120.0.0.0 Safari/537.36"
20.89.17.85 - - [02/Jul/2026:01:34:24 +0000] "GET /2.php HTTP/1.1" 404 3417 "-" "Mozilla/5.0 (Windows NT 10.0; Win64; x64) AppleWebKit/537.36 (KHTML, like Gecko) Chrome/120.0.0.0 Safari/537.36"
20.89.17.85 - - [02/Jul/2026:01:34:24 +0000] "GET /input.php HTTP/1.1" 404 3417 "-" "Mozilla/5.0 (Windows NT 10.0; Win64; x64) AppleWebKit/537.36 (KHTML, like Gecko) Chrome/120.0.0.0 Safari/537.36"
20.89.17.85 - - [02/Jul/2026:01:34:24 +0000] "GET /aaa.php HTTP/1.1" 404 3417 "-" "Mozilla/5.0 (Windows NT 10.0; Win64; x64) AppleWebKit/537.36 (KHTML, like Gecko) Chrome/120.0.0.0 Safari/537.36"
20.89.17.85 - - [02/Jul/2026:01:34:24 +0000] "GET /spip.php HTTP/1.1" 404 3417 "-" "Mozilla/5.0 (Windows NT 10.0; Win64; x64) AppleWebKit/537.36 (KHTML, like Gecko) Chrome/120.0.0.0 Safari/537.36"
20.89.17.85 - - [02/Jul/2026:01:34:24 +0000] "GET /22.php HTTP/1.1" 404 3417 "-" "Mozilla/5.0 (Windows NT 10.0; Win64; x64) AppleWebKit/537.36 (KHTML, like Gecko) Chrome/120.0.0.0 Safari/537.36"
20.89.17.85 - - [02/Jul/2026:01:34:24 +0000] "GET /room.php HTTP/1.1" 404 3417 "-" "Mozilla/5.0 (Windows NT 10.0; Win64; x64) AppleWebKit/537.36 (KHTML, like Gecko) Chrome/120.0.0.0 Safari/537.36"
20.89.17.85 - - [02/Jul/2026:01:34:25 +0000] "GET /disagreed.php HTTP/1.1" 404 3417 "-" "Mozilla/5.0 (Windows NT 10.0; Win64; x64) AppleWebKit/537.36 (KHTML, like Gecko) Chrome/120.0.0.0 Safari/537.36"
20.89.17.85 - - [02/Jul/2026:01:34:25 +0000] "GET /text.php HTTP/1.1" 404 3417 "-" "Mozilla/5.0 (Windows NT 10.0; Win64; x64) AppleWebKit/537.36 (KHTML, like Gecko) Chrome/120.0.0.0 Safari/537.36"
20.89.17.85 - - [02/Jul/2026:01:34:25 +0000] "GET /alfa-rex.php HTTP/1.1" 404 3417 "-" "Mozilla/5.0 (Windows NT 10.0; Win64; x64) AppleWebKit/537.36 (KHTML, like Gecko) Chrome/120.0.0.0 Safari/537.36"
20.89.17.85 - - [02/Jul/2026:01:34:25 +0000] "GET /alfa-rex.php7 HTTP/1.1" 404 3417 "-" "Mozilla/5.0 (Windows NT 10.0; Win64; x64) AppleWebKit/537.36 (KHTML, like Gecko) Chrome/120.0.0.0 Safari/537.36"
20.89.17.85 - - [02/Jul/2026:01:34:25 +0000] "GET /feeds.php HTTP/1.1" 404 3417 "-" "Mozilla/5.0 (Windows NT 10.0; Win64; x64) AppleWebKit/537.36 (KHTML, like Gecko) Chrome/120.0.0.0 Safari/537.36"
20.89.17.85 - - [02/Jul/2026:01:34:26 +0000] "GET /radio.php HTTP/1.1" 404 3417 "-" "Mozilla/5.0 (Windows NT 10.0; Win64; x64) AppleWebKit/537.36 (KHTML, like Gecko) Chrome/120.0.0.0 Safari/537.36"
20.89.17.85 - - [02/Jul/2026:01:34:26 +0000] "GET /dropdown.php HTTP/1.1" 404 3417 "-" "Mozilla/5.0 (Windows NT 10.0; Win64; x64) AppleWebKit/537.36 (KHTML, like Gecko) Chrome/120.0.0.0 Safari/537.36"
20.89.17.85 - - [02/Jul/2026:01:34:26 +0000] "GET /defaults.php HTTP/1.1" 404 3417 "-" "Mozilla/5.0 (Windows NT 10.0; Win64; x64) AppleWebKit/537.36 (KHTML, like Gecko) Chrome/120.0.0.0 Safari/537.36"
20.89.17.85 - - [02/Jul/2026:01:34:26 +0000] "GET /system.php HTTP/1.1" 404 3417 "-" "Mozilla/5.0 (Windows NT 10.0; Win64; x64) AppleWebKit/537.36 (KHTML, like Gecko) Chrome/120.0.0.0 Safari/537.36"
20.89.17.85 - - [02/Jul/2026:01:34:26 +0000] "GET /xmlrpc.php HTTP/1.1" 404 3417 "-" "Mozilla/5.0 (Windows NT 10.0; Win64; x64) AppleWebKit/537.36 (KHTML, like Gecko) Chrome/120.0.0.0 Safari/537.36"
20.89.17.85 - - [02/Jul/2026:01:34:26 +0000] "GET /xmlrpc.php0 HTTP/1.1" 404 3417 "-" "Mozilla/5.0 (Windows NT 10.0; Win64; x64) AppleWebKit/537.36 (KHTML, like Gecko) Chrome/120.0.0.0 Safari/537.36"
20.89.17.85 - - [02/Jul/2026:01:34:27 +0000] "GET /colors.php HTTP/1.1" 404 3417 "-" "Mozilla/5.0 (Windows NT 10.0; Win64; x64) AppleWebKit/537.36 (KHTML, like Gecko) Chrome/120.0.0.0 Safari/537.36"
20.89.17.85 - - [02/Jul/2026:01:34:27 +0000] "GET /updates.php HTTP/1.1" 404 3417 "-" "Mozilla/5.0 (Windows NT 10.0; Win64; x64) AppleWebKit/537.36 (KHTML, like Gecko) Chrome/120.0.0.0 Safari/537.36"
20.89.17.85 - - [02/Jul/2026:01:34:27 +0000] "GET /alfa-rex1.php HTTP/1.1" 404 3417 "-" "Mozilla/5.0 (Windows NT 10.0; Win64; x64) AppleWebKit/537.36 (KHTML, like Gecko) Chrome/120.0.0.0 Safari/537.36"
202.51.202.242 - letmevoicegmail-com [02/Jul/2026:01:32:41 +0000] "GET /wp-json/wp/v2/users/me HTTP/2" 401 115 "-" "Mozilla/5.0 (Windows NT 10.0; Win64; x64; rv:133.0) Gecko/20100101 Firefox/133.0"
52.167.144.194 - - [02/Jul/2026:01:32:46 +0000] "GET /products/241697931/ HTTP/2" 200 25432 "-" "Mozilla/5.0 AppleWebKit/537.36 (KHTML, like Gecko; compatible; bingbot/2.0; +http://www.bing.com/bingbot.htm) Chrome/116.0.1938.76 Safari/537.36"
52.167.144.180 - - [02/Jul/2026:01:32:49 +0000] "GET /products/420961331/ HTTP/2" 200 25909 "-" "Mozilla/5.0 AppleWebKit/537.36 (KHTML, like Gecko; compatible; bingbot/2.0; +http://www.bing.com/bingbot.htm) Chrome/116.0.1938.76 Safari/537.36"
52.167.144.180 - - [02/Jul/2026:01:32:52 +0000] "GET /products/150689231/ HTTP/2" 200 26829 "-" "Mozilla/5.0 AppleWebKit/537.36 (KHTML, like Gecko; compatible; bingbot/2.0; +http://www.bing.com/bingbot.htm) Chrome/116.0.1938.76 Safari/537.36"
52.167.144.180 - - [02/Jul/2026:01:32:55 +0000] "GET /pages.php?products/8505753/ HTTP/2" 200 25933 "-" "Mozilla/5.0 AppleWebKit/537.36 (KHTML, like Gecko; compatible; bingbot/2.0; +http://www.bing.com/bingbot.htm) Chrome/116.0.1938.76 Safari/537.36"
52.167.144.180 - - [02/Jul/2026:01:32:58 +0000] "GET /products/147292231/ HTTP/2" 200 26385 "-" "Mozilla/5.0 AppleWebKit/537.36 (KHTML, like Gecko; compatible; bingbot/2.0; +http://www.bing.com/bingbot.htm) Chrome/116.0.1938.76 Safari/537.36"
52.167.144.180 - - [02/Jul/2026:01:33:00 +0000] "GET /products/492347131/ HTTP/2" 200 26010 "-" "Mozilla/5.0 AppleWebKit/537.36 (KHTML, like Gecko; compatible; bingbot/2.0; +http://www.bing.com/bingbot.htm) Chrome/116.0.1938.76 Safari/537.36"
52.167.144.180 - - [02/Jul/2026:01:33:03 +0000] "GET /products/257685258/ HTTP/2" 200 25760 "-" "Mozilla/5.0 AppleWebKit/537.36 (KHTML, like Gecko; compatible; bingbot/2.0; +http://www.bing.com/bingbot.htm) Chrome/116.0.1938.76 Safari/537.36"
52.167.144.180 - - [02/Jul/2026:01:33:06 +0000] "GET /products/252069531/ HTTP/2" 200 26668 "-" "Mozilla/5.0 AppleWebKit/537.36 (KHTML, like Gecko; compatible; bingbot/2.0; +http://www.bing.com/bingbot.htm) Chrome/116.0.1938.76 Safari/537.36"
52.167.144.180 - - [02/Jul/2026:01:33:09 +0000] "GET /products/452351131/ HTTP/2" 200 27044 "-" "Mozilla/5.0 AppleWebKit/537.36 (KHTML, like Gecko; compatible; bingbot/2.0; +http://www.bing.com/bingbot.htm) Chrome/116.0.1938.76 Safari/537.36"
52.167.144.180 - - [02/Jul/2026:01:33:12 +0000] "GET /products/176394731/ HTTP/2" 200 26540 "-" "Mozilla/5.0 AppleWebKit/537.36 (KHTML, like Gecko; compatible; bingbot/2.0; +http://www.bing.com/bingbot.htm) Chrome/116.0.1938.76 Safari/537.36"
52.167.144.180 - - [02/Jul/2026:01:33:15 +0000] "GET /products/432094631/ HTTP/2" 200 25617 "-" "Mozilla/5.0 AppleWebKit/537.36 (KHTML, like Gecko; compatible; bingbot/2.0; +http://www.bing.com/bingbot.htm) Chrome/116.0.1938.76 Safari/537.36"
66.249.74.33 - - [02/Jul/2026:01:36:32 +0000] "GET /products/33590658/ HTTP/1.1" 200 26243 "-" "Mozilla/5.0 (Linux; Android 6.0.1; Nexus 5X Build/MMB29P) AppleWebKit/537.36 (KHTML, like Gecko) Chrome/149.0.7827.200 Mobile Safari/537.36 (compatible; Googlebot/2.1; +http://www.google.com/bot.html)"
66.249.74.43 - - [02/Jul/2026:01:37:08 +0000] "GET /products/21742331/ HTTP/1.1" 200 26584 "-" "Mozilla/5.0 (Linux; Android 6.0.1; Nexus 5X Build/MMB29P) AppleWebKit/537.36 (KHTML, like Gecko) Chrome/149.0.7827.200 Mobile Safari/537.36 (compatible; Googlebot/2.1; +http://www.google.com/bot.html)"
57.141.0.62 - - [02/Jul/2026:01:37:26 +0000] "GET /products/013633650284 HTTP/2" 404 155047 "-" "meta-externalagent/1.1 (+https://developers.facebook.com/docs/sharing/webmasters/crawler)"
66.249.74.43 - - [02/Jul/2026:01:37:29 +0000] "GET /products/351745567678 HTTP/1.1" 200 26064 "-" "Mozilla/5.0 (Linux; Android 6.0.1; Nexus 5X Build/MMB29P) AppleWebKit/537.36 (KHTML, like Gecko) Chrome/149.0.7827.200 Mobile Safari/537.36 (compatible; Googlebot/2.1; +http://www.google.com/bot.html)"
103.82.195.111 - - [02/Jul/2026:01:37:38 +0000] "GET /wp-login.php HTTP/2" 200 1976 "-" "Mozilla/5.0 (Windows NT 10.0; Win64; x64; rv:133.0) Gecko/20100101 Firefox/133.0"
103.82.195.111 - - [02/Jul/2026:01:37:40 +0000] "POST /wp-login.php HTTP/2" 200 2155 "https://rearbear.com/wp-login.php" "Mozilla/5.0 (Windows NT 10.0; Win64; x64; rv:133.0) Gecko/20100101 Firefox/133.0"
208.109.9.173 - - [02/Jul/2026:01:37:49 +0000] "GET /wp-login.php HTTP/2" 200 1976 "-" "Mozilla/5.0 (Windows NT 10.0; Win64; x64) AppleWebKit/537.36 (KHTML, like Gecko) Chrome/133.0.0.0 Safari/537.36 Edg/133.0.0.0"
208.109.9.173 - - [02/Jul/2026:01:37:53 +0000] "POST /wp-login.php HTTP/2" 200 2151 "https://rearbear.com/wp-login.php" "Mozilla/5.0 (Windows NT 10.0; Win64; x64) AppleWebKit/537.36 (KHTML, like Gecko) Chrome/133.0.0.0 Safari/537.36 Edg/133.0.0.0"
66.249.74.32 - - [02/Jul/2026:01:38:15 +0000] "GET /products/258003258/ HTTP/1.1" 200 26020 "-" "Mozilla/5.0 (Linux; Android 6.0.1; Nexus 5X Build/MMB29P) AppleWebKit/537.36 (KHTML, like Gecko) Chrome/149.0.7827.200 Mobile Safari/537.36 (compatible; Googlebot/2.1; +http://www.google.com/bot.html)"
66.249.74.43 - - [02/Jul/2026:01:39:22 +0000] "GET /products/113002531/ HTTP/1.1" 200 25612 "-" "Mozilla/5.0 (Linux; Android 6.0.1; Nexus 5X Build/MMB29P) AppleWebKit/537.36 (KHTML, like Gecko) Chrome/149.0.7827.200 Mobile Safari/537.36 (compatible; Googlebot/2.1; +http://www.google.com/bot.html)"
136.175.57.107 - - [02/Jul/2026:01:39:50 +0000] "GET /products/259293458/ HTTP/1.1" 301 0 "-" "Mozilla/5.0 (Macintosh; PPC Mac OS X 10_8_1; rv:1.9.5.20) Gecko/8617-08-14 07:43:16.138947 Firefox/12.0"
47.128.115.246 - - [02/Jul/2026:01:39:55 +0000] "GET /product-tag/sports-underwear/ HTTP/2" 200 35854 "-" "Mozilla/5.0 (Linux; Android 5.0) AppleWebKit/537.36 (KHTML, like Gecko) Mobile Safari/537.36 (compatible; TikTokSpider; ttspider-feedback@tiktok.com)"
181.41.75.176 - - [02/Jul/2026:01:39:55 +0000] "GET /products/259293458/ HTTP/1.1" 404 33747 "-" "Mozilla/5.0 (iPad; CPU iPad OS 3_1_3 like Mac OS X) AppleWebKit/536.0 (KHTML, like Gecko) FxiOS/14.3d3553.0 Mobile/01O769 Safari/536.0"
66.249.74.33 - - [02/Jul/2026:01:40:37 +0000] "GET /products/98250631/ HTTP/1.1" 200 25382 "-" "Mozilla/5.0 (Linux; Android 6.0.1; Nexus 5X Build/MMB29P) AppleWebKit/537.36 (KHTML, like Gecko) Chrome/149.0.7827.200 Mobile Safari/537.36 (compatible; Googlebot/2.1; +http://www.google.com/bot.html)"
40.115.140.72 - - [02/Jul/2026:01:40:44 +0000] "GET /wk/index.php HTTP/1.1" 301 0 "-" "Mozilla/5.0 (Windows NT 10.0; Win64; x64) AppleWebKit/537.36 (KHTML, like Gecko) Chrome/120.0.0.0 Safari/537.36"
40.115.140.72 - - [02/Jul/2026:01:40:45 +0000] "GET /inputs.php HTTP/1.1" 404 33753 "-" "Mozilla/5.0 (Windows NT 10.0; Win64; x64) AppleWebKit/537.36 (KHTML, like Gecko) Chrome/120.0.0.0 Safari/537.36"
40.115.140.72 - - [02/Jul/2026:01:40:48 +0000] "GET /ioxi-o.php HTTP/1.1" 404 33753 "-" "Mozilla/5.0 (Windows NT 10.0; Win64; x64) AppleWebKit/537.36 (KHTML, like Gecko) Chrome/120.0.0.0 Safari/537.36"
40.115.140.72 - - [02/Jul/2026:01:40:49 +0000] "GET /function/function.php HTTP/1.1" 404 33753 "-" "Mozilla/5.0 (Windows NT 10.0; Win64; x64) AppleWebKit/537.36 (KHTML, like Gecko) Chrome/120.0.0.0 Safari/537.36"
40.115.140.72 - - [02/Jul/2026:01:40:51 +0000] "GET /rip.php HTTP/1.1" 404 33753 "-" "Mozilla/5.0 (Windows NT 10.0; Win64; x64) AppleWebKit/537.36 (KHTML, like Gecko) Chrome/120.0.0.0 Safari/537.36"
40.115.140.72 - - [02/Jul/2026:01:40:53 +0000] "GET /admin.php HTTP/1.1" 404 33753 "-" "Mozilla/5.0 (Windows NT 10.0; Win64; x64) AppleWebKit/537.36 (KHTML, like Gecko) Chrome/120.0.0.0 Safari/537.36"
40.115.140.72 - - [02/Jul/2026:01:40:55 +0000] "GET /wp-content/uploads/index.php HTTP/1.1" 403 787 "-" "Mozilla/5.0 (Windows NT 10.0; Win64; x64) AppleWebKit/537.36 (KHTML, like Gecko) Chrome/120.0.0.0 Safari/537.36"
20.89.17.85 - - [02/Jul/2026:01:34:27 +0000] "GET /wp-index.php HTTP/1.1" 404 3417 "-" "Mozilla/5.0 (Windows NT 10.0; Win64; x64) AppleWebKit/537.36 (KHTML, like Gecko) Chrome/120.0.0.0 Safari/537.36"
20.89.17.85 - - [02/Jul/2026:01:34:27 +0000] "GET /wp-admin.php HTTP/1.1" 404 3417 "-" "Mozilla/5.0 (Windows NT 10.0; Win64; x64) AppleWebKit/537.36 (KHTML, like Gecko) Chrome/120.0.0.0 Safari/537.36"
