157.55.39.59 - - [02/Jul/2026:00:14:52 +0000] "GET /products/13000658/ HTTP/2" 200 25722 "-" "Mozilla/5.0 AppleWebKit/537.36 (KHTML, like Gecko; compatible; bingbot/2.0; +http://www.bing.com/bingbot.htm) Chrome/116.0.1938.76 Safari/537.36"
157.55.39.59 - - [02/Jul/2026:00:14:55 +0000] "GET /products/151764331/ HTTP/2" 200 27073 "-" "Mozilla/5.0 AppleWebKit/537.36 (KHTML, like Gecko; compatible; bingbot/2.0; +http://www.bing.com/bingbot.htm) Chrome/116.0.1938.76 Safari/537.36"
57.141.0.41 - - [02/Jul/2026:00:14:56 +0000] "GET /products/012079538020 HTTP/2" 404 155047 "-" "meta-externalagent/1.1 (+https://developers.facebook.com/docs/sharing/webmasters/crawler)"
40.77.167.16 - - [02/Jul/2026:00:14:58 +0000] "GET /products/401954731/ HTTP/2" 200 25596 "-" "Mozilla/5.0 AppleWebKit/537.36 (KHTML, like Gecko; compatible; bingbot/2.0; +http://www.bing.com/bingbot.htm) Chrome/116.0.1938.76 Safari/537.36"
57.141.0.50 - - [02/Jul/2026:00:15:20 +0000] "GET /products/012041961099 HTTP/2" 404 155047 "-" "meta-externalagent/1.1 (+https://developers.facebook.com/docs/sharing/webmasters/crawler)"
40.77.167.224 - - [02/Jul/2026:00:15:37 +0000] "GET /products/261274731/ HTTP/2" 200 25398 "-" "Mozilla/5.0 AppleWebKit/537.36 (KHTML, like Gecko; compatible; bingbot/2.0; +http://www.bing.com/bingbot.htm) Chrome/116.0.1938.76 Safari/537.36"
40.77.167.224 - - [02/Jul/2026:00:15:40 +0000] "GET /products/98385958/ HTTP/2" 200 29432 "-" "Mozilla/5.0 AppleWebKit/537.36 (KHTML, like Gecko; compatible; bingbot/2.0; +http://www.bing.com/bingbot.htm) Chrome/116.0.1938.76 Safari/537.36"
216.73.217.139 - - [02/Jul/2026:00:16:50 +0000] "GET /color/skin/%E2%80%9Dhttp:/www.aureliusmarketing.in/%E2%80%9D HTTP/2" 301 0 "-" "Mozilla/5.0 AppleWebKit/537.36 (KHTML, like Gecko; compatible; ClaudeBot/1.0; +claudebot@anthropic.com)"
66.249.74.33 - - [02/Jul/2026:00:15:17 +0000] "GET /products/89703458/ HTTP/1.1" 200 25937 "-" "Mozilla/5.0 (Linux; Android 6.0.1; Nexus 5X Build/MMB29P) AppleWebKit/537.36 (KHTML, like Gecko) Chrome/149.0.7827.200 Mobile Safari/537.36 (compatible; Googlebot/2.1; +http://www.google.com/bot.html)"
40.77.167.224 - - [02/Jul/2026:00:15:18 +0000] "GET /products/101952931/ HTTP/2" 200 25881 "-" "Mozilla/5.0 AppleWebKit/537.36 (KHTML, like Gecko; compatible; bingbot/2.0; +http://www.bing.com/bingbot.htm) Chrome/116.0.1938.76 Safari/537.36"
40.77.167.224 - - [02/Jul/2026:00:15:21 +0000] "GET /products/475695931/ HTTP/2" 200 25609 "-" "Mozilla/5.0 AppleWebKit/537.36 (KHTML, like Gecko; compatible; bingbot/2.0; +http://www.bing.com/bingbot.htm) Chrome/116.0.1938.76 Safari/537.36"
40.77.167.224 - - [02/Jul/2026:00:15:24 +0000] "GET /products/175062131/ HTTP/2" 200 25333 "-" "Mozilla/5.0 AppleWebKit/537.36 (KHTML, like Gecko; compatible; bingbot/2.0; +http://www.bing.com/bingbot.htm) Chrome/116.0.1938.76 Safari/537.36"
40.77.167.224 - - [02/Jul/2026:00:15:27 +0000] "GET /products/378035731/ HTTP/2" 200 24967 "-" "Mozilla/5.0 AppleWebKit/537.36 (KHTML, like Gecko; compatible; bingbot/2.0; +http://www.bing.com/bingbot.htm) Chrome/116.0.1938.76 Safari/537.36"
40.77.167.224 - - [02/Jul/2026:00:15:30 +0000] "GET /products/117470331/ HTTP/2" 200 25386 "-" "Mozilla/5.0 AppleWebKit/537.36 (KHTML, like Gecko; compatible; bingbot/2.0; +http://www.bing.com/bingbot.htm) Chrome/116.0.1938.76 Safari/537.36"
40.77.167.224 - - [02/Jul/2026:00:15:33 +0000] "GET /products/141999731/ HTTP/2" 200 25767 "-" "Mozilla/5.0 AppleWebKit/537.36 (KHTML, like Gecko; compatible; bingbot/2.0; +http://www.bing.com/bingbot.htm) Chrome/116.0.1938.76 Safari/537.36"
57.141.0.25 - - [02/Jul/2026:00:15:39 +0000] "GET /products/012169961135 HTTP/2" 404 155047 "-" "meta-externalagent/1.1 (+https://developers.facebook.com/docs/sharing/webmasters/crawler)"
114.119.133.222 - - [02/Jul/2026:00:15:41 +0000] "GET /color/pearl/ HTTP/1.1" 200 35846 "https://rearbear.com/product/enamor-sb06-sports-bra/" "Mozilla/5.0 (Linux; Android 7.0;) AppleWebKit/537.36 (HTML, like Gecko) Mobile Safari/537.36 (compatible; PetalBot;+https://webmaster.petalsearch.com/site/petalbot)"
157.55.39.59 - - [02/Jul/2026:00:15:46 +0000] "GET /products/141110831/ HTTP/2" 200 26538 "-" "Mozilla/5.0 AppleWebKit/537.36 (KHTML, like Gecko; compatible; bingbot/2.0; +http://www.bing.com/bingbot.htm) Chrome/116.0.1938.76 Safari/537.36"
57.141.0.10 - - [02/Jul/2026:00:15:48 +0000] "GET /products/012912694220 HTTP/2" 404 155047 "-" "meta-externalagent/1.1 (+https://developers.facebook.com/docs/sharing/webmasters/crawler)"
57.141.0.62 - - [02/Jul/2026:00:15:56 +0000] "GET /products/011277888775 HTTP/2" 404 155047 "-" "meta-externalagent/1.1 (+https://developers.facebook.com/docs/sharing/webmasters/crawler)"
66.249.74.33 - - [02/Jul/2026:00:16:15 +0000] "GET /products/53295953/ HTTP/1.1" 200 25849 "-" "Mozilla/5.0 (Linux; Android 6.0.1; Nexus 5X Build/MMB29P) AppleWebKit/537.36 (KHTML, like Gecko) Chrome/149.0.7827.200 Mobile Safari/537.36 (compatible; Googlebot/2.1; +http://www.google.com/bot.html)"
114.119.152.148 - - [02/Jul/2026:00:17:04 +0000] "GET /color/paleskin/ HTTP/1.1" 200 35703 "https://rearbear.com/product/enamor-a042-bra" "Mozilla/5.0 (Linux; Android 7.0;) AppleWebKit/537.36 (HTML, like Gecko) Mobile Safari/537.36 (compatible; PetalBot;+https://webmaster.petalsearch.com/site/petalbot)"
157.55.39.59 - - [02/Jul/2026:00:18:29 +0000] "GET /products/258903531/ HTTP/2" 200 26074 "-" "Mozilla/5.0 AppleWebKit/537.36 (KHTML, like Gecko; compatible; bingbot/2.0; +http://www.bing.com/bingbot.htm) Chrome/116.0.1938.76 Safari/537.36"
114.119.140.239 - - [02/Jul/2026:00:18:28 +0000] "GET /color/charcol-melange/page/2/ HTTP/1.1" 200 37211 "https://rearbear.com/color/charcol-melange/page/2/" "Mozilla/5.0 (Linux; Android 7.0;) AppleWebKit/537.36 (HTML, like Gecko) Mobile Safari/537.36 (compatible; PetalBot;+https://webmaster.petalsearch.com/site/petalbot)"
216.73.217.139 - - [02/Jul/2026:00:16:50 +0000] "GET /color/skin/%E2%80%9Dhttp:/www.aureliusmarketing.in/ HTTP/2" 404 33756 "https://rearbear.com/color/skin/%E2%80%9Dhttp:/www.aureliusmarketing.in/%E2%80%9D" "Mozilla/5.0 AppleWebKit/537.36 (KHTML, like Gecko; compatible; ClaudeBot/1.0; +claudebot@anthropic.com)"
66.249.74.33 - - [02/Jul/2026:00:17:01 +0000] "GET /products/331807731/ HTTP/1.1" 200 25736 "-" "Mozilla/5.0 (Linux; Android 6.0.1; Nexus 5X Build/MMB29P) AppleWebKit/537.36 (KHTML, like Gecko) Chrome/149.0.7827.200 Mobile Safari/537.36 (compatible; Googlebot/2.1; +http://www.google.com/bot.html)"
57.141.0.26 - - [02/Jul/2026:00:17:21 +0000] "GET /products/014025660723 HTTP/2" 404 155047 "-" "meta-externalagent/1.1 (+https://developers.facebook.com/docs/sharing/webmasters/crawler)"
66.249.74.43 - - [02/Jul/2026:00:17:50 +0000] "GET /products/498385731/ HTTP/1.1" 200 25737 "-" "Mozilla/5.0 (Linux; Android 6.0.1; Nexus 5X Build/MMB29P) AppleWebKit/537.36 (KHTML, like Gecko) Chrome/149.0.7827.200 Mobile Safari/537.36 (compatible; Googlebot/2.1; +http://www.google.com/bot.html)"
40.77.167.16 - - [02/Jul/2026:00:18:14 +0000] "GET /products/362688031/ HTTP/2" 200 26224 "-" "Mozilla/5.0 AppleWebKit/537.36 (KHTML, like Gecko; compatible; bingbot/2.0; +http://www.bing.com/bingbot.htm) Chrome/116.0.1938.76 Safari/537.36"
40.77.167.16 - - [02/Jul/2026:00:18:25 +0000] "GET /products/266876631/ HTTP/2" 200 26269 "-" "Mozilla/5.0 AppleWebKit/537.36 (KHTML, like Gecko; compatible; bingbot/2.0; +http://www.bing.com/bingbot.htm) Chrome/116.0.1938.76 Safari/537.36"
40.77.167.224 - - [02/Jul/2026:00:18:38 +0000] "GET /products/408027631/ HTTP/2" 200 25615 "-" "Mozilla/5.0 AppleWebKit/537.36 (KHTML, like Gecko; compatible; bingbot/2.0; +http://www.bing.com/bingbot.htm) Chrome/116.0.1938.76 Safari/537.36"
40.77.167.224 - - [02/Jul/2026:00:18:41 +0000] "GET /products/146736131/ HTTP/2" 200 25770 "-" "Mozilla/5.0 AppleWebKit/537.36 (KHTML, like Gecko; compatible; bingbot/2.0; +http://www.bing.com/bingbot.htm) Chrome/116.0.1938.76 Safari/537.36"
40.77.167.224 - - [02/Jul/2026:00:18:44 +0000] "GET /products/62662731/ HTTP/2" 200 25992 "-" "Mozilla/5.0 AppleWebKit/537.36 (KHTML, like Gecko; compatible; bingbot/2.0; +http://www.bing.com/bingbot.htm) Chrome/116.0.1938.76 Safari/537.36"
40.77.167.224 - - [02/Jul/2026:00:18:47 +0000] "GET /products/384800231/ HTTP/2" 200 26611 "-" "Mozilla/5.0 AppleWebKit/537.36 (KHTML, like Gecko; compatible; bingbot/2.0; +http://www.bing.com/bingbot.htm) Chrome/116.0.1938.76 Safari/537.36"
40.77.167.224 - - [02/Jul/2026:00:18:57 +0000] "GET /products/477911031/ HTTP/2" 200 25370 "-" "Mozilla/5.0 AppleWebKit/537.36 (KHTML, like Gecko; compatible; bingbot/2.0; +http://www.bing.com/bingbot.htm) Chrome/116.0.1938.76 Safari/537.36"
40.77.167.224 - - [02/Jul/2026:00:18:59 +0000] "GET /products/45777431/ HTTP/2" 200 27332 "-" "Mozilla/5.0 AppleWebKit/537.36 (KHTML, like Gecko; compatible; bingbot/2.0; +http://www.bing.com/bingbot.htm) Chrome/116.0.1938.76 Safari/537.36"
40.77.167.224 - - [02/Jul/2026:00:19:03 +0000] "GET /products/260437031/ HTTP/2" 200 25520 "-" "Mozilla/5.0 AppleWebKit/537.36 (KHTML, like Gecko; compatible; bingbot/2.0; +http://www.bing.com/bingbot.htm) Chrome/116.0.1938.76 Safari/537.36"
157.55.39.59 - - [02/Jul/2026:00:19:05 +0000] "GET /products/224070831/ HTTP/2" 200 26726 "-" "Mozilla/5.0 AppleWebKit/537.36 (KHTML, like Gecko; compatible; bingbot/2.0; +http://www.bing.com/bingbot.htm) Chrome/116.0.1938.76 Safari/537.36"
157.55.39.59 - - [02/Jul/2026:00:19:09 +0000] "GET /products/294801831/ HTTP/2" 200 27366 "-" "Mozilla/5.0 AppleWebKit/537.36 (KHTML, like Gecko; compatible; bingbot/2.0; +http://www.bing.com/bingbot.htm) Chrome/116.0.1938.76 Safari/537.36"
157.55.39.59 - - [02/Jul/2026:00:19:11 +0000] "GET /products/433090931/ HTTP/2" 200 26485 "-" "Mozilla/5.0 AppleWebKit/537.36 (KHTML, like Gecko; compatible; bingbot/2.0; +http://www.bing.com/bingbot.htm) Chrome/116.0.1938.76 Safari/537.36"
57.141.0.5 - - [02/Jul/2026:00:18:29 +0000] "GET /products/011323594712 HTTP/2" 404 155047 "-" "meta-externalagent/1.1 (+https://developers.facebook.com/docs/sharing/webmasters/crawler)"
157.55.39.59 - - [02/Jul/2026:00:18:33 +0000] "GET /products/55722631/ HTTP/2" 200 25993 "-" "Mozilla/5.0 AppleWebKit/537.36 (KHTML, like Gecko; compatible; bingbot/2.0; +http://www.bing.com/bingbot.htm) Chrome/116.0.1938.76 Safari/537.36"
157.55.39.59 - - [02/Jul/2026:00:18:35 +0000] "GET /pages.php?products/3470264/ HTTP/2" 200 25763 "-" "Mozilla/5.0 AppleWebKit/537.36 (KHTML, like Gecko; compatible; bingbot/2.0; +http://www.bing.com/bingbot.htm) Chrome/116.0.1938.76 Safari/537.36"
66.249.74.33 - - [02/Jul/2026:00:18:39 +0000] "GET /products/306052031/ HTTP/1.1" 200 26334 "-" "Mozilla/5.0 (Linux; Android 6.0.1; Nexus 5X Build/MMB29P) AppleWebKit/537.36 (KHTML, like Gecko) Chrome/149.0.7827.200 Mobile Safari/537.36 (compatible; Googlebot/2.1; +http://www.google.com/bot.html)"
40.77.167.16 - - [02/Jul/2026:00:18:50 +0000] "GET /products/288865931/ HTTP/2" 200 26005 "-" "Mozilla/5.0 AppleWebKit/537.36 (KHTML, like Gecko; compatible; bingbot/2.0; +http://www.bing.com/bingbot.htm) Chrome/116.0.1938.76 Safari/537.36"
66.249.74.43 - - [02/Jul/2026:00:19:26 +0000] "GET /products/405285731/ HTTP/1.1" 200 25807 "-" "Mozilla/5.0 (Linux; Android 6.0.1; Nexus 5X Build/MMB29P) AppleWebKit/537.36 (KHTML, like Gecko) Chrome/149.0.7827.200 Mobile Safari/537.36 (compatible; Googlebot/2.1; +http://www.google.com/bot.html)"
57.141.0.38 - - [02/Jul/2026:00:19:43 +0000] "GET /products/01394880165 HTTP/2" 404 155047 "-" "meta-externalagent/1.1 (+https://developers.facebook.com/docs/sharing/webmasters/crawler)"
66.249.73.12 - - [02/Jul/2026:00:20:25 +0000] "GET /products/041646705508 HTTP/1.1" 200 25712 "-" "Mozilla/5.0 (Linux; Android 6.0.1; Nexus 5X Build/MMB29P) AppleWebKit/537.36 (KHTML, like Gecko) Chrome/149.0.7827.200 Mobile Safari/537.36 (compatible; Googlebot/2.1; +http://www.google.com/bot.html)"
114.119.151.119 - - [02/Jul/2026:00:21:14 +0000] "GET /?woovina_library=custom-header HTTP/1.1" 301 0 "https://rearbear.com/wp-sitemap-posts-woovina_library-1.xml" "Mozilla/5.0 (Linux; Android 7.0;) AppleWebKit/537.36 (HTML, like Gecko) Mobile Safari/537.36 (compatible; PetalBot;+https://webmaster.petalsearch.com/site/petalbot)"
157.55.39.59 - - [02/Jul/2026:00:21:18 +0000] "GET /pages.php?ctg/search/similarImageSearchResultView/?ctgItemCd=75630261 HTTP/2" 200 26151 "-" "Mozilla/5.0 AppleWebKit/537.36 (KHTML, like Gecko; compatible; bingbot/2.0; +http://www.bing.com/bingbot.htm) Chrome/116.0.1938.76 Safari/537.36"
57.141.0.18 - - [02/Jul/2026:00:21:27 +0000] "GET /products/01576322433 HTTP/2" 404 155047 "-" "meta-externalagent/1.1 (+https://developers.facebook.com/docs/sharing/webmasters/crawler)"
57.141.0.19 - - [02/Jul/2026:00:22:07 +0000] "GET /products/011078119624 HTTP/2" 404 155047 "-" "meta-externalagent/1.1 (+https://developers.facebook.com/docs/sharing/webmasters/crawler)"
157.55.39.59 - - [02/Jul/2026:00:22:19 +0000] "GET /pages.php?products/1906053/ HTTP/2" 200 26761 "-" "Mozilla/5.0 AppleWebKit/537.36 (KHTML, like Gecko; compatible; bingbot/2.0; +http://www.bing.com/bingbot.htm) Chrome/116.0.1938.76 Safari/537.36"
157.55.39.59 - - [02/Jul/2026:00:22:21 +0000] "GET /products/337006131/ HTTP/2" 200 25774 "-" "Mozilla/5.0 AppleWebKit/537.36 (KHTML, like Gecko; compatible; bingbot/2.0; +http://www.bing.com/bingbot.htm) Chrome/116.0.1938.76 Safari/537.36"
157.55.39.59 - - [02/Jul/2026:00:22:24 +0000] "GET /products/402334231/ HTTP/2" 200 25709 "-" "Mozilla/5.0 AppleWebKit/537.36 (KHTML, like Gecko; compatible; bingbot/2.0; +http://www.bing.com/bingbot.htm) Chrome/116.0.1938.76 Safari/537.36"
40.77.167.16 - - [02/Jul/2026:00:22:27 +0000] "GET /pages.php?products/3078542/ HTTP/2" 200 26537 "-" "Mozilla/5.0 AppleWebKit/537.36 (KHTML, like Gecko; compatible; bingbot/2.0; +http://www.bing.com/bingbot.htm) Chrome/116.0.1938.76 Safari/537.36"
157.55.39.59 - - [02/Jul/2026:00:19:14 +0000] "GET /products/306409931/ HTTP/2" 200 26343 "-" "Mozilla/5.0 AppleWebKit/537.36 (KHTML, like Gecko; compatible; bingbot/2.0; +http://www.bing.com/bingbot.htm) Chrome/116.0.1938.76 Safari/537.36"
66.249.73.14 - - [02/Jul/2026:00:19:48 +0000] "GET /products/132774435255 HTTP/1.1" 200 25572 "-" "Mozilla/5.0 (Linux; Android 6.0.1; Nexus 5X Build/MMB29P) AppleWebKit/537.36 (KHTML, like Gecko) Chrome/149.0.7827.200 Mobile Safari/537.36 (compatible; Googlebot/2.1; +http://www.google.com/bot.html)"
114.119.150.64 - - [02/Jul/2026:00:19:51 +0000] "GET /bra-shades/jteal/ HTTP/1.1" 200 35461 "https://rearbear.com/product/1722-jockey-womens-cotton-seamless-shaper-bra" "Mozilla/5.0 (Linux; Android 7.0;) AppleWebKit/537.36 (HTML, like Gecko) Mobile Safari/537.36 (compatible; PetalBot;+https://webmaster.petalsearch.com/site/petalbot)"
66.249.73.13 - - [02/Jul/2026:00:20:50 +0000] "GET /products/13105489861 HTTP/1.1" 200 25424 "-" "Mozilla/5.0 (Linux; Android 6.0.1; Nexus 5X Build/MMB29P) AppleWebKit/537.36 (KHTML, like Gecko) Chrome/149.0.7827.200 Mobile Safari/537.36 (compatible; Googlebot/2.1; +http://www.google.com/bot.html)"
114.119.151.119 - - [02/Jul/2026:00:21:17 +0000] "GET / HTTP/1.1" 200 41573 "https://rearbear.com/wp-sitemap-posts-woovina_library-1.xml" "Mozilla/5.0 (Linux; Android 7.0;) AppleWebKit/537.36 (HTML, like Gecko) Mobile Safari/537.36 (compatible; PetalBot;+https://webmaster.petalsearch.com/site/petalbot)"
57.141.0.27 - - [02/Jul/2026:00:21:36 +0000] "GET /products/013291268308 HTTP/2" 404 155047 "-" "meta-externalagent/1.1 (+https://developers.facebook.com/docs/sharing/webmasters/crawler)"
57.141.0.28 - - [02/Jul/2026:00:21:39 +0000] "GET /products/013781331516 HTTP/2" 404 155047 "-" "meta-externalagent/1.1 (+https://developers.facebook.com/docs/sharing/webmasters/crawler)"
66.249.74.32 - - [02/Jul/2026:00:22:00 +0000] "GET /products/251430919903 HTTP/1.1" 200 26150 "-" "Mozilla/5.0 (Linux; Android 6.0.1; Nexus 5X Build/MMB29P) AppleWebKit/537.36 (KHTML, like Gecko) Chrome/149.0.7827.200 Mobile Safari/537.36 (compatible; Googlebot/2.1; +http://www.google.com/bot.html)"
66.249.73.12 - - [02/Jul/2026:00:22:06 +0000] "GET /products/432633161765 HTTP/1.1" 200 25486 "-" "Mozilla/5.0 (Linux; Android 6.0.1; Nexus 5X Build/MMB29P) AppleWebKit/537.36 (KHTML, like Gecko) Chrome/149.0.7827.200 Mobile Safari/537.36 (compatible; Googlebot/2.1; +http://www.google.com/bot.html)"
40.77.167.16 - - [02/Jul/2026:00:22:48 +0000] "GET /products/435693631/ HTTP/2" 200 28001 "-" "Mozilla/5.0 AppleWebKit/537.36 (KHTML, like Gecko; compatible; bingbot/2.0; +http://www.bing.com/bingbot.htm) Chrome/116.0.1938.76 Safari/537.36"
52.167.144.203 - - [02/Jul/2026:00:22:51 +0000] "GET /products/501551931/ HTTP/2" 200 25885 "-" "Mozilla/5.0 AppleWebKit/537.36 (KHTML, like Gecko; compatible; bingbot/2.0; +http://www.bing.com/bingbot.htm) Chrome/116.0.1938.76 Safari/537.36"
57.141.0.43 - - [02/Jul/2026:00:22:47 +0000] "GET /products/012039536885 HTTP/2" 404 155047 "-" "meta-externalagent/1.1 (+https://developers.facebook.com/docs/sharing/webmasters/crawler)"
52.167.144.203 - - [02/Jul/2026:00:22:54 +0000] "GET /products/327153231/ HTTP/2" 200 25803 "-" "Mozilla/5.0 AppleWebKit/537.36 (KHTML, like Gecko; compatible; bingbot/2.0; +http://www.bing.com/bingbot.htm) Chrome/116.0.1938.76 Safari/537.36"
57.141.0.13 - - [02/Jul/2026:00:22:53 +0000] "GET /products/012886671434 HTTP/2" 404 155047 "-" "meta-externalagent/1.1 (+https://developers.facebook.com/docs/sharing/webmasters/crawler)"
52.167.144.203 - - [02/Jul/2026:00:22:57 +0000] "GET /pages.php?products/9056420/ HTTP/2" 200 25621 "-" "Mozilla/5.0 AppleWebKit/537.36 (KHTML, like Gecko; compatible; bingbot/2.0; +http://www.bing.com/bingbot.htm) Chrome/116.0.1938.76 Safari/537.36"
52.167.144.203 - - [02/Jul/2026:00:23:00 +0000] "GET /products/173405258/ HTTP/2" 200 26529 "-" "Mozilla/5.0 AppleWebKit/537.36 (KHTML, like Gecko; compatible; bingbot/2.0; +http://www.bing.com/bingbot.htm) Chrome/116.0.1938.76 Safari/537.36"
52.167.144.203 - - [02/Jul/2026:00:23:03 +0000] "GET /products/193603931/ HTTP/2" 200 26521 "-" "Mozilla/5.0 AppleWebKit/537.36 (KHTML, like Gecko; compatible; bingbot/2.0; +http://www.bing.com/bingbot.htm) Chrome/116.0.1938.76 Safari/537.36"
52.167.144.203 - - [02/Jul/2026:00:23:06 +0000] "GET /products/131598231/ HTTP/2" 200 25635 "-" "Mozilla/5.0 AppleWebKit/537.36 (KHTML, like Gecko; compatible; bingbot/2.0; +http://www.bing.com/bingbot.htm) Chrome/116.0.1938.76 Safari/537.36"
40.77.167.16 - - [02/Jul/2026:00:22:31 +0000] "GET /products/117161058/ HTTP/2" 200 27021 "-" "Mozilla/5.0 AppleWebKit/537.36 (KHTML, like Gecko; compatible; bingbot/2.0; +http://www.bing.com/bingbot.htm) Chrome/116.0.1938.76 Safari/537.36"
52.167.144.194 - - [02/Jul/2026:00:22:33 +0000] "GET /products/93347731/ HTTP/2" 200 25457 "-" "Mozilla/5.0 AppleWebKit/537.36 (KHTML, like Gecko; compatible; bingbot/2.0; +http://www.bing.com/bingbot.htm) Chrome/116.0.1938.76 Safari/537.36"
52.167.144.194 - - [02/Jul/2026:00:22:37 +0000] "GET /pages.php?products/8736419/ HTTP/2" 200 26155 "-" "Mozilla/5.0 AppleWebKit/537.36 (KHTML, like Gecko; compatible; bingbot/2.0; +http://www.bing.com/bingbot.htm) Chrome/116.0.1938.76 Safari/537.36"
52.167.144.194 - - [02/Jul/2026:00:22:39 +0000] "GET /products/419783231/ HTTP/2" 200 26427 "-" "Mozilla/5.0 AppleWebKit/537.36 (KHTML, like Gecko; compatible; bingbot/2.0; +http://www.bing.com/bingbot.htm) Chrome/116.0.1938.76 Safari/537.36"
52.167.144.194 - - [02/Jul/2026:00:22:42 +0000] "GET /pages.php?products/8703208/ HTTP/2" 200 26105 "-" "Mozilla/5.0 AppleWebKit/537.36 (KHTML, like Gecko; compatible; bingbot/2.0; +http://www.bing.com/bingbot.htm) Chrome/116.0.1938.76 Safari/537.36"
52.167.144.194 - - [02/Jul/2026:00:22:45 +0000] "GET /products/124990131/ HTTP/2" 200 26887 "-" "Mozilla/5.0 AppleWebKit/537.36 (KHTML, like Gecko; compatible; bingbot/2.0; +http://www.bing.com/bingbot.htm) Chrome/116.0.1938.76 Safari/537.36"
57.141.0.10 - - [02/Jul/2026:00:22:45 +0000] "GET /products/01132636346 HTTP/2" 404 155047 "-" "meta-externalagent/1.1 (+https://developers.facebook.com/docs/sharing/webmasters/crawler)"
52.167.144.194 - - [02/Jul/2026:00:23:09 +0000] "GET /products/67687453/ HTTP/2" 200 26186 "-" "Mozilla/5.0 AppleWebKit/537.36 (KHTML, like Gecko; compatible; bingbot/2.0; +http://www.bing.com/bingbot.htm) Chrome/116.0.1938.76 Safari/537.36"
52.167.144.194 - - [02/Jul/2026:00:23:12 +0000] "GET /products/229568158/ HTTP/2" 200 26656 "-" "Mozilla/5.0 AppleWebKit/537.36 (KHTML, like Gecko; compatible; bingbot/2.0; +http://www.bing.com/bingbot.htm) Chrome/116.0.1938.76 Safari/537.36"
157.55.39.205 - - [02/Jul/2026:00:23:25 +0000] "GET /products/271172031/ HTTP/2" 200 25509 "-" "Mozilla/5.0 AppleWebKit/537.36 (KHTML, like Gecko; compatible; bingbot/2.0; +http://www.bing.com/bingbot.htm) Chrome/116.0.1938.76 Safari/537.36"
157.55.39.205 - - [02/Jul/2026:00:23:30 +0000] "GET /products/202678231/ HTTP/2" 200 25603 "-" "Mozilla/5.0 AppleWebKit/537.36 (KHTML, like Gecko; compatible; bingbot/2.0; +http://www.bing.com/bingbot.htm) Chrome/116.0.1938.76 Safari/537.36"
157.55.39.205 - - [02/Jul/2026:00:23:40 +0000] "GET /products/345120331/ HTTP/2" 200 25453 "-" "Mozilla/5.0 AppleWebKit/537.36 (KHTML, like Gecko; compatible; bingbot/2.0; +http://www.bing.com/bingbot.htm) Chrome/116.0.1938.76 Safari/537.36"
66.249.74.43 - - [02/Jul/2026:00:24:51 +0000] "GET /products/192278961736 HTTP/1.1" 200 26235 "-" "Mozilla/5.0 (Linux; Android 6.0.1; Nexus 5X Build/MMB29P) AppleWebKit/537.36 (KHTML, like Gecko) Chrome/149.0.7827.200 Mobile Safari/537.36 (compatible; Googlebot/2.1; +http://www.google.com/bot.html)"
167.233.44.241 - - [02/Jul/2026:00:25:02 +0000] "GET /wp-login.php HTTP/2" 200 1976 "-" "Mozilla/5.0 (Windows NT 10.0; Win64; x64; rv:133.0) Gecko/20100101 Firefox/133.0"
167.233.44.241 - - [02/Jul/2026:00:25:04 +0000] "POST /wp-login.php HTTP/2" 200 2151 "https://rearbear.com/wp-login.php" "Mozilla/5.0 (Windows NT 10.0; Win64; x64; rv:133.0) Gecko/20100101 Firefox/133.0"
57.141.0.47 - - [02/Jul/2026:00:25:18 +0000] "GET /products/01834188594 HTTP/2" 404 155047 "-" "meta-externalagent/1.1 (+https://developers.facebook.com/docs/sharing/webmasters/crawler)"
57.141.0.43 - - [02/Jul/2026:00:25:35 +0000] "GET /products/011764345537 HTTP/2" 404 155047 "-" "meta-externalagent/1.1 (+https://developers.facebook.com/docs/sharing/webmasters/crawler)"
66.249.74.33 - - [02/Jul/2026:00:25:56 +0000] "GET /products/276099531/ HTTP/1.1" 200 26260 "-" "Mozilla/5.0 (Linux; Android 6.0.1; Nexus 5X Build/MMB29P) AppleWebKit/537.36 (KHTML, like Gecko) Chrome/149.0.7827.200 Mobile Safari/537.36 (compatible; Googlebot/2.1; +http://www.google.com/bot.html)"
20.203.151.222 - - [02/Jul/2026:00:26:43 +0000] "GET /wp-content/plugins/hellopress/wp_filemanager.php HTTP/1.1" 401 36 "-" "-"
20.203.151.222 - - [02/Jul/2026:00:26:43 +0000] "GET /this_is_a_new_hello_world.php HTTP/1.1" 401 36 "-" "-"
20.203.151.222 - - [02/Jul/2026:00:26:44 +0000] "GET /water.php HTTP/1.1" 401 36 "-" "-"
20.203.151.222 - - [02/Jul/2026:00:26:44 +0000] "GET /3PJcpMFsD8B.php HTTP/1.1" 401 36 "-" "-"
20.203.151.222 - - [02/Jul/2026:00:26:45 +0000] "GET /xyn.php HTTP/1.1" 401 36 "-" "-"
20.203.151.222 - - [02/Jul/2026:00:26:45 +0000] "GET /122.php HTTP/1.1" 401 36 "-" "-"
20.203.151.222 - - [02/Jul/2026:00:26:45 +0000] "GET /ops.php HTTP/1.1" 401 36 "-" "-"
20.203.151.222 - - [02/Jul/2026:00:26:46 +0000] "GET /hp%2Cphp HTTP/1.1" 401 36 "-" "-"
20.203.151.222 - - [02/Jul/2026:00:26:46 +0000] "GET /zoko.php HTTP/1.1" 401 36 "-" "-"
20.203.151.222 - - [02/Jul/2026:00:26:46 +0000] "GET /classwithtostring.php HTTP/1.1" 401 36 "-" "-"
20.203.151.222 - - [02/Jul/2026:00:26:47 +0000] "GET /sid4.php HTTP/1.1" 401 36 "-" "-"
20.203.151.222 - - [02/Jul/2026:00:26:47 +0000] "GET /ortasekerli1.php HTTP/1.1" 401 36 "-" "-"
20.203.151.222 - - [02/Jul/2026:00:26:47 +0000] "GET /academy.php HTTP/1.1" 401 36 "-" "-"
20.203.151.222 - - [02/Jul/2026:00:26:48 +0000] "GET /100.php HTTP/1.1" 401 36 "-" "-"
20.203.151.222 - - [02/Jul/2026:00:26:48 +0000] "GET /s1.php HTTP/1.1" 401 36 "-" "-"
20.203.151.222 - - [02/Jul/2026:00:26:48 +0000] "GET /wp.php HTTP/1.1" 401 36 "-" "-"
20.203.151.222 - - [02/Jul/2026:00:26:49 +0000] "GET /flox.php HTTP/1.1" 401 36 "-" "-"
20.203.151.222 - - [02/Jul/2026:00:26:49 +0000] "GET /jj.php HTTP/1.1" 401 36 "-" "-"
20.203.151.222 - - [02/Jul/2026:00:26:50 +0000] "GET /w.php HTTP/1.1" 401 36 "-" "-"
20.203.151.222 - - [02/Jul/2026:00:26:50 +0000] "GET /19.php HTTP/1.1" 401 36 "-" "-"
66.249.74.43 - - [02/Jul/2026:00:26:50 +0000] "GET /products/54916230672 HTTP/1.1" 200 25959 "-" "Mozilla/5.0 (Linux; Android 6.0.1; Nexus 5X Build/MMB29P) AppleWebKit/537.36 (KHTML, like Gecko) Chrome/149.0.7827.200 Mobile Safari/537.36 (compatible; Googlebot/2.1; +http://www.google.com/bot.html)"
20.203.151.222 - - [02/Jul/2026:00:26:50 +0000] "GET /like.php HTTP/1.1" 401 36 "-" "-"
20.203.151.222 - - [02/Jul/2026:00:26:51 +0000] "GET /mg.php HTTP/1.1" 401 36 "-" "-"
20.203.151.222 - - [02/Jul/2026:00:26:51 +0000] "GET /sec.php HTTP/1.1" 401 36 "-" "-"
20.203.151.222 - - [02/Jul/2026:00:26:51 +0000] "GET /ggb.php HTTP/1.1" 401 36 "-" "-"
20.203.151.222 - - [02/Jul/2026:00:26:52 +0000] "GET /we.php HTTP/1.1" 401 36 "-" "-"
20.203.151.222 - - [02/Jul/2026:00:26:52 +0000] "GET /moon.php HTTP/1.1" 401 36 "-" "-"
20.203.151.222 - - [02/Jul/2026:00:26:52 +0000] "GET /a1.php HTTP/1.1" 401 36 "-" "-"
20.203.151.222 - - [02/Jul/2026:00:26:53 +0000] "GET /insc.php HTTP/1.1" 401 36 "-" "-"
20.203.151.222 - - [02/Jul/2026:00:26:53 +0000] "GET /wmore1.php HTTP/1.1" 401 36 "-" "-"
20.203.151.222 - - [02/Jul/2026:00:26:53 +0000] "GET /wdone1.php HTTP/1.1" 401 36 "-" "-"
20.203.151.222 - - [02/Jul/2026:00:26:54 +0000] "GET /dx.php HTTP/1.1" 401 36 "-" "-"
20.203.151.222 - - [02/Jul/2026:00:26:54 +0000] "GET /popo.php HTTP/1.1" 401 36 "-" "-"
20.203.151.222 - - [02/Jul/2026:00:26:54 +0000] "GET /public/css.php HTTP/1.1" 401 36 "-" "-"
20.203.151.222 - - [02/Jul/2026:00:26:54 +0000] "GET /wp-test.php HTTP/1.1" 401 36 "-" "-"
20.203.151.222 - - [02/Jul/2026:00:26:55 +0000] "GET /wp-includes/css/index.php HTTP/1.1" 401 36 "-" "-"
20.203.151.222 - - [02/Jul/2026:00:26:55 +0000] "GET /wp-content/uploads/2021/02/index.php HTTP/1.1" 401 36 "-" "-"
20.203.151.222 - - [02/Jul/2026:00:26:56 +0000] "GET /fone1.php HTTP/1.1" 401 36 "-" "-"
66.249.73.12 - - [02/Jul/2026:00:26:55 +0000] "GET /products/433899269020 HTTP/1.1" 200 25630 "-" "Mozilla/5.0 (Linux; Android 6.0.1; Nexus 5X Build/MMB29P) AppleWebKit/537.36 (KHTML, like Gecko) Chrome/149.0.7827.200 Mobile Safari/537.36 (compatible; Googlebot/2.1; +http://www.google.com/bot.html)"
20.203.151.222 - - [02/Jul/2026:00:26:56 +0000] "GET /wp-post-data.php HTTP/1.1" 401 36 "-" "-"
20.203.151.222 - - [02/Jul/2026:00:26:56 +0000] "GET /dr.php HTTP/1.1" 401 36 "-" "-"
20.203.151.222 - - [02/Jul/2026:00:26:56 +0000] "GET /nano.php HTTP/1.1" 401 36 "-" "-"
20.203.151.222 - - [02/Jul/2026:00:26:57 +0000] "GET /xa.php HTTP/1.1" 401 36 "-" "-"
20.203.151.222 - - [02/Jul/2026:00:26:57 +0000] "GET /xper1.php HTTP/1.1" 401 36 "-" "-"
20.203.151.222 - - [02/Jul/2026:00:26:58 +0000] "GET /as.php HTTP/1.1" 401 36 "-" "-"
20.203.151.222 - - [02/Jul/2026:00:26:58 +0000] "GET /dropdown.php HTTP/1.1" 401 36 "-" "-"
20.203.151.222 - - [02/Jul/2026:00:26:58 +0000] "GET /h02ugyh.php HTTP/1.1" 401 36 "-" "-"
20.203.151.222 - - [02/Jul/2026:00:26:59 +0000] "GET /link.php HTTP/1.1" 401 36 "-" "-"
20.203.151.222 - - [02/Jul/2026:00:26:59 +0000] "GET /op.php.php HTTP/1.1" 401 36 "-" "-"
20.203.151.222 - - [02/Jul/2026:00:26:59 +0000] "GET /bob.php HTTP/1.1" 401 36 "-" "-"
20.203.151.222 - - [02/Jul/2026:00:27:00 +0000] "GET /themes.php HTTP/1.1" 401 36 "-" "-"
20.203.151.222 - - [02/Jul/2026:00:27:00 +0000] "GET /nwflm.php HTTP/1.1" 401 36 "-" "-"
20.203.151.222 - - [02/Jul/2026:00:27:00 +0000] "GET /zc-208.php HTTP/1.1" 401 36 "-" "-"
20.203.151.222 - - [02/Jul/2026:00:27:00 +0000] "GET /turkshell.php HTTP/1.1" 401 36 "-" "-"
20.203.151.222 - - [02/Jul/2026:00:27:01 +0000] "GET /cc3.php HTTP/1.1" 401 36 "-" "-"
20.203.151.222 - - [02/Jul/2026:00:27:01 +0000] "GET /solo1.php HTTP/1.1" 401 36 "-" "-"
20.203.151.222 - - [02/Jul/2026:00:27:01 +0000] "GET /xpwer1.php HTTP/1.1" 401 36 "-" "-"
20.203.151.222 - - [02/Jul/2026:00:27:02 +0000] "GET /txets.php HTTP/1.1" 401 36 "-" "-"
20.203.151.222 - - [02/Jul/2026:00:27:02 +0000] "GET /aboute.php HTTP/1.1" 401 36 "-" "-"
20.203.151.222 - - [02/Jul/2026:00:27:03 +0000] "GET /wp-info.php HTTP/1.1" 401 36 "-" "-"
20.203.151.222 - - [02/Jul/2026:00:27:03 +0000] "GET /ingfo.php HTTP/1.1" 401 36 "-" "-"
20.203.151.222 - - [02/Jul/2026:00:27:03 +0000] "GET /1996.php HTTP/1.1" 401 36 "-" "-"
20.203.151.222 - - [02/Jul/2026:00:27:03 +0000] "GET /de.php HTTP/1.1" 401 36 "-" "-"
20.203.151.222 - - [02/Jul/2026:00:27:04 +0000] "GET /a7.php HTTP/1.1" 401 36 "-" "-"
20.203.151.222 - - [02/Jul/2026:00:27:04 +0000] "GET /drykl.php HTTP/1.1" 401 36 "-" "-"
20.203.151.222 - - [02/Jul/2026:00:27:05 +0000] "GET /mds.php HTTP/1.1" 401 36 "-" "-"
20.203.151.222 - - [02/Jul/2026:00:27:05 +0000] "GET /2000.php HTTP/1.1" 401 36 "-" "-"
20.203.151.222 - - [02/Jul/2026:00:27:05 +0000] "GET /crgio.php HTTP/1.1" 401 36 "-" "-"
20.203.151.222 - - [02/Jul/2026:00:27:06 +0000] "GET /file61.php HTTP/1.1" 401 36 "-" "-"
20.203.151.222 - - [02/Jul/2026:00:27:06 +0000] "GET /wp-temp.php HTTP/1.1" 401 36 "-" "-"
20.203.151.222 - - [02/Jul/2026:00:27:06 +0000] "GET /bthil.php HTTP/1.1" 401 36 "-" "-"
20.203.151.222 - - [02/Jul/2026:00:27:06 +0000] "GET /llyuxaqd.php HTTP/1.1" 401 36 "-" "-"
20.203.151.222 - - [02/Jul/2026:00:27:07 +0000] "GET /wp-care.php HTTP/1.1" 401 36 "-" "-"
20.203.151.222 - - [02/Jul/2026:00:27:07 +0000] "GET /wp-blink.php HTTP/1.1" 401 36 "-" "-"
20.203.151.222 - - [02/Jul/2026:00:27:07 +0000] "GET /wert.php HTTP/1.1" 401 36 "-" "-"
20.203.151.222 - - [02/Jul/2026:00:27:08 +0000] "GET /xwpg.php HTTP/1.1" 401 36 "-" "-"
20.203.151.222 - - [02/Jul/2026:00:27:08 +0000] "GET /js.php HTTP/1.1" 401 36 "-" "-"
20.203.151.222 - - [02/Jul/2026:00:27:09 +0000] "GET /wp-pass.php HTTP/1.1" 401 36 "-" "-"
20.203.151.222 - - [02/Jul/2026:00:27:09 +0000] "GET /xxa.php HTTP/1.1" 401 36 "-" "-"
20.203.151.222 - - [02/Jul/2026:00:27:09 +0000] "GET /op.php HTTP/1.1" 401 36 "-" "-"
20.203.151.222 - - [02/Jul/2026:00:27:09 +0000] "GET /ad.php HTTP/1.1" 401 36 "-" "-"
20.203.151.222 - - [02/Jul/2026:00:27:10 +0000] "GET /xmu.php HTTP/1.1" 401 36 "-" "-"
20.203.151.222 - - [02/Jul/2026:00:27:10 +0000] "GET /st.php HTTP/1.1" 401 36 "-" "-"
20.203.151.222 - - [02/Jul/2026:00:27:10 +0000] "GET /white.php HTTP/1.1" 401 36 "-" "-"
20.203.151.222 - - [02/Jul/2026:00:27:11 +0000] "GET /wp-file-120.php HTTP/1.1" 401 36 "-" "-"
20.203.151.222 - - [02/Jul/2026:00:27:11 +0000] "GET /setup.php HTTP/1.1" 401 36 "-" "-"
20.203.151.222 - - [02/Jul/2026:00:27:11 +0000] "GET /yas.php HTTP/1.1" 401 36 "-" "-"
20.203.151.222 - - [02/Jul/2026:00:27:11 +0000] "GET /xmini.php HTTP/1.1" 401 36 "-" "-"
20.203.151.222 - - [02/Jul/2026:00:27:12 +0000] "GET /201.php HTTP/1.1" 401 36 "-" "-"
20.203.151.222 - - [02/Jul/2026:00:27:12 +0000] "GET /sixxis.php HTTP/1.1" 401 36 "-" "-"
20.203.151.222 - - [02/Jul/2026:00:27:12 +0000] "GET /h2h.php HTTP/1.1" 401 36 "-" "-"
20.203.151.222 - - [02/Jul/2026:00:27:13 +0000] "GET /samll.php HTTP/1.1" 401 36 "-" "-"
20.203.151.222 - - [02/Jul/2026:00:27:13 +0000] "GET /ccs.php HTTP/1.1" 401 36 "-" "-"
20.203.151.222 - - [02/Jul/2026:00:27:13 +0000] "GET /aa.php HTTP/1.1" 401 36 "-" "-"
20.203.151.222 - - [02/Jul/2026:00:27:13 +0000] "GET /rip.php HTTP/1.1" 401 36 "-" "-"
20.203.151.222 - - [02/Jul/2026:00:27:14 +0000] "GET /file5.php HTTP/1.1" 401 36 "-" "-"
20.203.151.222 - - [02/Jul/2026:00:27:14 +0000] "GET /dex.php HTTP/1.1" 401 36 "-" "-"
20.203.151.222 - - [02/Jul/2026:00:27:14 +0000] "GET /cro.php HTTP/1.1" 401 36 "-" "-"
20.203.151.222 - - [02/Jul/2026:00:27:15 +0000] "GET /lol.php HTTP/1.1" 401 36 "-" "-"
20.203.151.222 - - [02/Jul/2026:00:27:15 +0000] "GET /iov.php HTTP/1.1" 401 36 "-" "-"
20.203.151.222 - - [02/Jul/2026:00:27:15 +0000] "GET /g30DRm.php HTTP/1.1" 401 36 "-" "-"
20.203.151.222 - - [02/Jul/2026:00:27:16 +0000] "GET /zxcs.php HTTP/1.1" 401 36 "-" "-"
20.203.151.222 - - [02/Jul/2026:00:27:16 +0000] "GET /0d.php HTTP/1.1" 401 36 "-" "-"
20.203.151.222 - - [02/Jul/2026:00:27:16 +0000] "GET /olik.php HTTP/1.1" 401 36 "-" "-"
20.203.151.222 - - [02/Jul/2026:00:27:17 +0000] "GET /yuuds.php HTTP/1.1" 401 36 "-" "-"
20.203.151.222 - - [02/Jul/2026:00:27:17 +0000] "GET /ano.php HTTP/1.1" 401 36 "-" "-"
20.203.151.222 - - [02/Jul/2026:00:27:18 +0000] "GET /btex.php HTTP/1.1" 401 36 "-" "-"
20.203.151.222 - - [02/Jul/2026:00:27:18 +0000] "GET /BDKR28.PHP HTTP/1.1" 401 36 "-" "-"
20.203.151.222 - - [02/Jul/2026:00:27:18 +0000] "GET /wp-admin/js/widget/ HTTP/1.1" 401 36 "-" "-"
20.203.151.222 - - [02/Jul/2026:00:27:18 +0000] "GET /uploads/fungsi.php HTTP/1.1" 401 36 "-" "-"
20.203.151.222 - - [02/Jul/2026:00:27:19 +0000] "GET /uploads/function.php HTTP/1.1" 401 36 "-" "-"
20.203.151.222 - - [02/Jul/2026:00:27:19 +0000] "GET /wp-includes/js/jquery/ HTTP/1.1" 401 36 "-" "-"
20.203.151.222 - - [02/Jul/2026:00:27:19 +0000] "GET /core.php HTTP/1.1" 401 36 "-" "-"
20.203.151.222 - - [02/Jul/2026:00:27:20 +0000] "GET /wso.php HTTP/1.1" 401 36 "-" "-"
20.203.151.222 - - [02/Jul/2026:00:27:20 +0000] "GET /wso112233a.php HTTP/1.1" 401 36 "-" "-"
20.203.151.222 - - [02/Jul/2026:00:27:20 +0000] "GET /wp-includes/js/wp-emoji-release.min.js HTTP/1.1" 401 36 "-" "-"
20.203.151.222 - - [02/Jul/2026:00:27:21 +0000] "GET /wp-includes/css/dist/ HTTP/1.1" 401 36 "-" "-"
20.203.151.222 - - [02/Jul/2026:00:27:21 +0000] "GET /firewall.php7 HTTP/1.1" 401 36 "-" "-"
20.203.151.222 - - [02/Jul/2026:00:27:21 +0000] "GET /hi.php HTTP/1.1" 401 36 "-" "-"
20.203.151.222 - - [02/Jul/2026:00:27:22 +0000] "GET /ip.php HTTP/1.1" 401 36 "-" "-"
20.203.151.222 - - [02/Jul/2026:00:27:22 +0000] "GET /worksec.php HTTP/1.1" 401 36 "-" "-"
20.203.151.222 - - [02/Jul/2026:00:27:22 +0000] "GET /arig.php HTTP/1.1" 401 36 "-" "-"
20.203.151.222 - - [02/Jul/2026:00:27:22 +0000] "GET /d2.php HTTP/1.1" 401 36 "-" "-"
20.203.151.222 - - [02/Jul/2026:00:27:23 +0000] "GET /wp-includes/l10n/ HTTP/1.1" 401 36 "-" "-"
20.203.151.222 - - [02/Jul/2026:00:27:23 +0000] "GET /wp-content/cong.php HTTP/1.1" 401 36 "-" "-"
20.203.151.222 - - [02/Jul/2026:00:27:23 +0000] "GET /wp-content/plugins/erinyani/ HTTP/1.1" 401 36 "-" "-"
20.203.151.222 - - [02/Jul/2026:00:27:24 +0000] "GET /bak.php HTTP/1.1" 401 36 "-" "-"
20.203.151.222 - - [02/Jul/2026:00:27:24 +0000] "GET /special.php HTTP/1.1" 401 36 "-" "-"
20.203.151.222 - - [02/Jul/2026:00:27:24 +0000] "GET /wp-includes/assets/ HTTP/1.1" 401 36 "-" "-"
20.203.151.222 - - [02/Jul/2026:00:27:25 +0000] "GET /wp-admin/js/pe9rsn.php HTTP/1.1" 401 36 "-" "-"
66.249.74.32 - - [02/Jul/2026:00:27:25 +0000] "GET /products/383797913524 HTTP/1.1" 200 26045 "-" "Mozilla/5.0 (Linux; Android 6.0.1; Nexus 5X Build/MMB29P) AppleWebKit/537.36 (KHTML, like Gecko) Chrome/149.0.7827.200 Mobile Safari/537.36 (compatible; Googlebot/2.1; +http://www.google.com/bot.html)"
20.203.151.222 - - [02/Jul/2026:00:27:25 +0000] "GET /av.php HTTP/1.1" 401 36 "-" "-"
66.249.73.12 - - [02/Jul/2026:00:27:31 +0000] "GET /products/13776150101 HTTP/1.1" 200 25800 "-" "Mozilla/5.0 (Linux; Android 6.0.1; Nexus 5X Build/MMB29P) AppleWebKit/537.36 (KHTML, like Gecko) Chrome/149.0.7827.200 Mobile Safari/537.36 (compatible; Googlebot/2.1; +http://www.google.com/bot.html)"
66.249.74.32 - - [02/Jul/2026:00:28:01 +0000] "GET /products/338857831/ HTTP/1.1" 200 27694 "-" "Mozilla/5.0 (Linux; Android 6.0.1; Nexus 5X Build/MMB29P) AppleWebKit/537.36 (KHTML, like Gecko) Chrome/149.0.7827.200 Mobile Safari/537.36 (compatible; Googlebot/2.1; +http://www.google.com/bot.html)"
57.141.0.1 - - [02/Jul/2026:00:28:20 +0000] "GET /products/012930279015 HTTP/2" 404 155047 "-" "meta-externalagent/1.1 (+https://developers.facebook.com/docs/sharing/webmasters/crawler)"
141.94.240.62 - - [02/Jul/2026:00:28:23 +0000] "GET /wp-login.php HTTP/2" 200 1976 "-" "Mozilla/5.0 (X11; CrOS x86_64 14541.0.0) AppleWebKit/537.36 (KHTML, like Gecko) Chrome/133.0.0.0 Safari/537.36"
141.94.240.62 - - [02/Jul/2026:00:28:24 +0000] "POST /wp-login.php HTTP/2" 200 2155 "https://rearbear.com/wp-login.php" "Mozilla/5.0 (X11; CrOS x86_64 14541.0.0) AppleWebKit/537.36 (KHTML, like Gecko) Chrome/133.0.0.0 Safari/537.36"
57.141.0.46 - - [02/Jul/2026:00:28:37 +0000] "GET /products/01286146507 HTTP/2" 404 155047 "-" "meta-externalagent/1.1 (+https://developers.facebook.com/docs/sharing/webmasters/crawler)"
66.249.74.43 - - [02/Jul/2026:00:23:15 +0000] "GET /products/813399019249 HTTP/1.1" 200 25563 "-" "Mozilla/5.0 (Linux; Android 6.0.1; Nexus 5X Build/MMB29P) AppleWebKit/537.36 (KHTML, like Gecko) Chrome/149.0.7827.200 Mobile Safari/537.36 (compatible; Googlebot/2.1; +http://www.google.com/bot.html)"
66.249.73.13 - - [02/Jul/2026:00:23:22 +0000] "GET /products/432597126712 HTTP/1.1" 200 25905 "-" "Mozilla/5.0 (Linux; Android 6.0.1; Nexus 5X Build/MMB29P) AppleWebKit/537.36 (KHTML, like Gecko) Chrome/149.0.7827.200 Mobile Safari/537.36 (compatible; Googlebot/2.1; +http://www.google.com/bot.html)"
43.252.215.229 - - [02/Jul/2026:00:23:27 +0000] "GET /wp-login.php HTTP/2" 200 1976 "-" "Mozilla/5.0 (X11; CrOS x86_64 14541.0.0) AppleWebKit/537.36 (KHTML, like Gecko) Chrome/133.0.0.0 Safari/537.36"
43.252.215.229 - - [02/Jul/2026:00:23:28 +0000] "POST /wp-login.php HTTP/2" 200 2155 "https://rearbear.com/wp-login.php" "Mozilla/5.0 (X11; CrOS x86_64 14541.0.0) AppleWebKit/537.36 (KHTML, like Gecko) Chrome/133.0.0.0 Safari/537.36"
57.141.0.54 - - [02/Jul/2026:00:23:44 +0000] "GET /products/011399113026 HTTP/2" 404 155047 "-" "meta-externalagent/1.1 (+https://developers.facebook.com/docs/sharing/webmasters/crawler)"
57.141.0.9 - - [02/Jul/2026:00:24:08 +0000] "GET /products/01981732130 HTTP/2" 404 155047 "-" "meta-externalagent/1.1 (+https://developers.facebook.com/docs/sharing/webmasters/crawler)"
66.249.73.14 - - [02/Jul/2026:00:24:10 +0000] "GET /products/431020858637 HTTP/1.1" 200 25483 "-" "Mozilla/5.0 (Linux; Android 6.0.1; Nexus 5X Build/MMB29P) AppleWebKit/537.36 (KHTML, like Gecko) Chrome/149.0.7827.200 Mobile Safari/537.36 (compatible; Googlebot/2.1; +http://www.google.com/bot.html)"
66.249.73.13 - - [02/Jul/2026:00:24:54 +0000] "GET /products/431032854215 HTTP/1.1" 200 25680 "-" "Mozilla/5.0 (Linux; Android 6.0.1; Nexus 5X Build/MMB29P) AppleWebKit/537.36 (KHTML, like Gecko) Chrome/149.0.7827.200 Mobile Safari/537.36 (compatible; Googlebot/2.1; +http://www.google.com/bot.html)"
66.249.74.43 - - [02/Jul/2026:00:26:33 +0000] "GET /products/419143731/ HTTP/1.1" 200 25818 "-" "Mozilla/5.0 (Linux; Android 6.0.1; Nexus 5X Build/MMB29P) AppleWebKit/537.36 (KHTML, like Gecko) Chrome/149.0.7827.200 Mobile Safari/537.36 (compatible; Googlebot/2.1; +http://www.google.com/bot.html)"
66.249.74.43 - - [02/Jul/2026:00:26:58 +0000] "GET /products/312877431/ HTTP/1.1" 200 25810 "-" "Mozilla/5.0 (Linux; Android 6.0.1; Nexus 5X Build/MMB29P) AppleWebKit/537.36 (KHTML, like Gecko) Chrome/150.0.7871.46 Mobile Safari/537.36 (compatible; Googlebot/2.1; +http://www.google.com/bot.html)"
66.249.74.32 - - [02/Jul/2026:00:27:10 +0000] "GET /products/152319871162 HTTP/1.1" 200 25598 "-" "Mozilla/5.0 (Linux; Android 6.0.1; Nexus 5X Build/MMB29P) AppleWebKit/537.36 (KHTML, like Gecko) Chrome/149.0.7827.200 Mobile Safari/537.36 (compatible; Googlebot/2.1; +http://www.google.com/bot.html)"
66.249.73.13 - - [02/Jul/2026:00:28:46 +0000] "GET /products/432103522557 HTTP/1.1" 200 25902 "-" "Mozilla/5.0 (Linux; Android 6.0.1; Nexus 5X Build/MMB29P) AppleWebKit/537.36 (KHTML, like Gecko) Chrome/149.0.7827.200 Mobile Safari/537.36 (compatible; Googlebot/2.1; +http://www.google.com/bot.html)"
57.141.0.39 - - [02/Jul/2026:00:29:15 +0000] "GET /products/014085807294 HTTP/2" 404 155047 "-" "meta-externalagent/1.1 (+https://developers.facebook.com/docs/sharing/webmasters/crawler)"
66.249.74.33 - - [02/Jul/2026:00:30:42 +0000] "GET /products/15495434454 HTTP/1.1" 200 25175 "-" "Mozilla/5.0 (Linux; Android 6.0.1; Nexus 5X Build/MMB29P) AppleWebKit/537.36 (KHTML, like Gecko) Chrome/149.0.7827.200 Mobile Safari/537.36 (compatible; Googlebot/2.1; +http://www.google.com/bot.html)"
52.167.144.203 - - [02/Jul/2026:00:30:44 +0000] "GET /products/83208831/ HTTP/2" 200 25985 "-" "Mozilla/5.0 AppleWebKit/537.36 (KHTML, like Gecko; compatible; bingbot/2.0; +http://www.bing.com/bingbot.htm) Chrome/116.0.1938.76 Safari/537.36"
57.141.0.65 - - [02/Jul/2026:00:31:25 +0000] "GET /products/011460796180 HTTP/2" 404 155047 "-" "meta-externalagent/1.1 (+https://developers.facebook.com/docs/sharing/webmasters/crawler)"
66.249.74.32 - - [02/Jul/2026:00:31:33 +0000] "GET /products/373806531/ HTTP/1.1" 200 25854 "-" "Mozilla/5.0 (Linux; Android 6.0.1; Nexus 5X Build/MMB29P) AppleWebKit/537.36 (KHTML, like Gecko) Chrome/149.0.7827.200 Mobile Safari/537.36 (compatible; Googlebot/2.1; +http://www.google.com/bot.html)"
172.86.119.139 - - [02/Jul/2026:00:31:38 +0000] "GET /wp-login.php?redirect_to=https%3A%2F%2Frearbear.com%2Fwp-admin%2F&reauth=1 HTTP/1.1" 200 1976 "-" "Mozilla/5.0 (Macintosh; Intel Mac OS X 10_15_7) AppleWebKit/605.1.15 (KHTML, like Gecko) Version/17.1 Safari/605.1.15"
45.189.165.116 - - [02/Jul/2026:00:31:42 +0000] "POST /xmlrpc.php HTTP/1.1" 200 403 "-" "Jetpack by WordPress.com (Jetpack 13.0; WordPress 6.1)"
45.189.165.116 - - [02/Jul/2026:00:31:52 +0000] "POST /xmlrpc.php HTTP/1.1" 200 403 "-" "Jetpack/12.5; WordPress/6.4; http://site48296709.com"
57.141.0.37 - - [02/Jul/2026:00:31:59 +0000] "GET /products/01234685075 HTTP/2" 404 155047 "-" "meta-externalagent/1.1 (+https://developers.facebook.com/docs/sharing/webmasters/crawler)"
52.167.144.203 - - [02/Jul/2026:00:32:01 +0000] "GET /pages.php?products/6249731/ HTTP/2" 200 26935 "-" "Mozilla/5.0 AppleWebKit/537.36 (KHTML, like Gecko; compatible; bingbot/2.0; +http://www.bing.com/bingbot.htm) Chrome/116.0.1938.76 Safari/537.36"
45.189.165.116 - - [02/Jul/2026:00:32:03 +0000] "POST /xmlrpc.php HTTP/1.1" 200 403 "-" "WordPress.com; https://wordpress.com"
52.167.144.203 - - [02/Jul/2026:00:32:04 +0000] "GET /products/329974831/ HTTP/2" 200 25886 "-" "Mozilla/5.0 AppleWebKit/537.36 (KHTML, like Gecko; compatible; bingbot/2.0; +http://www.bing.com/bingbot.htm) Chrome/116.0.1938.76 Safari/537.36"
52.167.144.203 - - [02/Jul/2026:00:32:07 +0000] "GET /products/492996831/ HTTP/2" 200 32399 "-" "Mozilla/5.0 AppleWebKit/537.36 (KHTML, like Gecko; compatible; bingbot/2.0; +http://www.bing.com/bingbot.htm) Chrome/116.0.1938.76 Safari/537.36"
57.141.0.24 - - [02/Jul/2026:00:32:09 +0000] "GET /products/012250933636 HTTP/2" 404 155047 "-" "meta-externalagent/1.1 (+https://developers.facebook.com/docs/sharing/webmasters/crawler)"
52.167.144.203 - - [02/Jul/2026:00:32:11 +0000] "GET /pages.php?products/1199908/ HTTP/2" 200 25718 "-" "Mozilla/5.0 AppleWebKit/537.36 (KHTML, like Gecko; compatible; bingbot/2.0; +http://www.bing.com/bingbot.htm) Chrome/116.0.1938.76 Safari/537.36"
52.167.144.203 - - [02/Jul/2026:00:32:13 +0000] "GET /products/270078558/ HTTP/2" 200 26340 "-" "Mozilla/5.0 AppleWebKit/537.36 (KHTML, like Gecko; compatible; bingbot/2.0; +http://www.bing.com/bingbot.htm) Chrome/116.0.1938.76 Safari/537.36"
45.189.165.116 - - [02/Jul/2026:00:32:13 +0000] "POST /xmlrpc.php HTTP/1.1" 200 403 "-" "Jetpack by WordPress.com (Jetpack 12.1; WordPress 6.3)"
52.167.144.203 - - [02/Jul/2026:00:32:16 +0000] "GET /products/66548853/ HTTP/2" 200 25185 "-" "Mozilla/5.0 AppleWebKit/537.36 (KHTML, like Gecko; compatible; bingbot/2.0; +http://www.bing.com/bingbot.htm) Chrome/116.0.1938.76 Safari/537.36"
52.167.144.194 - - [02/Jul/2026:00:32:19 +0000] "GET /products/213619431/ HTTP/2" 200 25690 "-" "Mozilla/5.0 AppleWebKit/537.36 (KHTML, like Gecko; compatible; bingbot/2.0; +http://www.bing.com/bingbot.htm) Chrome/116.0.1938.76 Safari/537.36"
52.167.144.194 - - [02/Jul/2026:00:32:22 +0000] "GET /products/237346231/ HTTP/2" 200 25645 "-" "Mozilla/5.0 AppleWebKit/537.36 (KHTML, like Gecko; compatible; bingbot/2.0; +http://www.bing.com/bingbot.htm) Chrome/116.0.1938.76 Safari/537.36"
45.189.165.116 - - [02/Jul/2026:00:32:24 +0000] "POST /xmlrpc.php HTTP/1.1" 200 403 "-" "Jetpack by WordPress.com"
52.167.144.194 - - [02/Jul/2026:00:32:26 +0000] "GET /products/478527631/ HTTP/2" 200 26000 "-" "Mozilla/5.0 AppleWebKit/537.36 (KHTML, like Gecko; compatible; bingbot/2.0; +http://www.bing.com/bingbot.htm) Chrome/116.0.1938.76 Safari/537.36"
66.249.74.43 - - [02/Jul/2026:00:28:39 +0000] "GET /products/352462529281 HTTP/1.1" 200 26162 "-" "Mozilla/5.0 (Linux; Android 6.0.1; Nexus 5X Build/MMB29P) AppleWebKit/537.36 (KHTML, like Gecko) Chrome/149.0.7827.200 Mobile Safari/537.36 (compatible; Googlebot/2.1; +http://www.google.com/bot.html)"
192.241.126.166 - - [02/Jul/2026:00:29:44 +0000] "GET /wp-login.php HTTP/2" 200 1976 "-" "Mozilla/5.0 (Macintosh; Intel Mac OS X 10_15_7) AppleWebKit/537.36 (KHTML, like Gecko) Chrome/133.0.0.0 Safari/537.36"
192.241.126.166 - - [02/Jul/2026:00:29:46 +0000] "POST /wp-login.php HTTP/2" 200 2151 "https://rearbear.com/wp-login.php" "Mozilla/5.0 (Macintosh; Intel Mac OS X 10_15_7) AppleWebKit/537.36 (KHTML, like Gecko) Chrome/133.0.0.0 Safari/537.36"
66.249.74.43 - - [02/Jul/2026:00:29:53 +0000] "GET /products/61153831/ HTTP/1.1" 200 25660 "-" "Mozilla/5.0 (Linux; Android 6.0.1; Nexus 5X Build/MMB29P) AppleWebKit/537.36 (KHTML, like Gecko) Chrome/149.0.7827.200 Mobile Safari/537.36 (compatible; Googlebot/2.1; +http://www.google.com/bot.html)"
66.249.73.14 - - [02/Jul/2026:00:30:48 +0000] "GET /products/431887101586 HTTP/1.1" 200 25716 "-" "Mozilla/5.0 (Linux; Android 6.0.1; Nexus 5X Build/MMB29P) AppleWebKit/537.36 (KHTML, like Gecko) Chrome/149.0.7827.200 Mobile Safari/537.36 (compatible; Googlebot/2.1; +http://www.google.com/bot.html)"
38.49.216.231 - - [02/Jul/2026:00:31:35 +0000] "POST /wp-admin/admin-ajax.php?action=as_async_request_queue_runner&nonce=9bc47a8d3b HTTP/1.1" 200 0 "-" "WordPress/7.0; https://rearbear.com"
157.55.39.205 - - [02/Jul/2026:00:31:50 +0000] "GET /products/57895658/ HTTP/2" 200 26575 "-" "Mozilla/5.0 AppleWebKit/537.36 (KHTML, like Gecko; compatible; bingbot/2.0; +http://www.bing.com/bingbot.htm) Chrome/116.0.1938.76 Safari/537.36"
52.167.144.194 - - [02/Jul/2026:00:31:51 +0000] "GET /products/26370358/ HTTP/2" 200 25209 "-" "Mozilla/5.0 AppleWebKit/537.36 (KHTML, like Gecko; compatible; bingbot/2.0; +http://www.bing.com/bingbot.htm) Chrome/116.0.1938.76 Safari/537.36"
157.55.39.205 - - [02/Jul/2026:00:31:53 +0000] "GET /pages.php?products/2172064/ HTTP/2" 200 25473 "-" "Mozilla/5.0 AppleWebKit/537.36 (KHTML, like Gecko; compatible; bingbot/2.0; +http://www.bing.com/bingbot.htm) Chrome/116.0.1938.76 Safari/537.36"
157.55.39.205 - - [02/Jul/2026:00:31:55 +0000] "GET /products/180288058/ HTTP/2" 200 25971 "-" "Mozilla/5.0 AppleWebKit/537.36 (KHTML, like Gecko; compatible; bingbot/2.0; +http://www.bing.com/bingbot.htm) Chrome/116.0.1938.76 Safari/537.36"
157.55.39.205 - - [02/Jul/2026:00:31:59 +0000] "GET /products/151786931/ HTTP/2" 200 26343 "-" "Mozilla/5.0 AppleWebKit/537.36 (KHTML, like Gecko; compatible; bingbot/2.0; +http://www.bing.com/bingbot.htm) Chrome/116.0.1938.76 Safari/537.36"
66.249.74.43 - - [02/Jul/2026:00:32:28 +0000] "GET /products/10098553/ HTTP/1.1" 200 25590 "-" "Mozilla/5.0 (Linux; Android 6.0.1; Nexus 5X Build/MMB29P) AppleWebKit/537.36 (KHTML, like Gecko) Chrome/149.0.7827.200 Mobile Safari/537.36 (compatible; Googlebot/2.1; +http://www.google.com/bot.html)"
157.55.39.205 - - [02/Jul/2026:00:32:43 +0000] "GET /products/446288031/ HTTP/2" 200 27535 "-" "Mozilla/5.0 AppleWebKit/537.36 (KHTML, like Gecko; compatible; bingbot/2.0; +http://www.bing.com/bingbot.htm) Chrome/116.0.1938.76 Safari/537.36"
157.55.39.205 - - [02/Jul/2026:00:32:46 +0000] "GET /products/124255431/ HTTP/2" 200 26105 "-" "Mozilla/5.0 AppleWebKit/537.36 (KHTML, like Gecko; compatible; bingbot/2.0; +http://www.bing.com/bingbot.htm) Chrome/116.0.1938.76 Safari/537.36"
157.55.39.205 - - [02/Jul/2026:00:32:49 +0000] "GET /products/198225931/ HTTP/2" 200 25568 "-" "Mozilla/5.0 AppleWebKit/537.36 (KHTML, like Gecko; compatible; bingbot/2.0; +http://www.bing.com/bingbot.htm) Chrome/116.0.1938.76 Safari/537.36"
157.55.39.205 - - [02/Jul/2026:00:32:51 +0000] "GET /products/233475331/ HTTP/2" 200 26522 "-" "Mozilla/5.0 AppleWebKit/537.36 (KHTML, like Gecko; compatible; bingbot/2.0; +http://www.bing.com/bingbot.htm) Chrome/116.0.1938.76 Safari/537.36"
157.55.39.205 - - [02/Jul/2026:00:32:54 +0000] "GET /products/501506331/ HTTP/2" 200 25504 "-" "Mozilla/5.0 AppleWebKit/537.36 (KHTML, like Gecko; compatible; bingbot/2.0; +http://www.bing.com/bingbot.htm) Chrome/116.0.1938.76 Safari/537.36"
157.55.39.205 - - [02/Jul/2026:00:32:57 +0000] "GET /products/90479131/ HTTP/2" 200 25372 "-" "Mozilla/5.0 AppleWebKit/537.36 (KHTML, like Gecko; compatible; bingbot/2.0; +http://www.bing.com/bingbot.htm) Chrome/116.0.1938.76 Safari/537.36"
157.55.39.205 - - [02/Jul/2026:00:33:00 +0000] "GET /products/191768531/ HTTP/2" 200 26531 "-" "Mozilla/5.0 AppleWebKit/537.36 (KHTML, like Gecko; compatible; bingbot/2.0; +http://www.bing.com/bingbot.htm) Chrome/116.0.1938.76 Safari/537.36"
157.55.39.205 - - [02/Jul/2026:00:33:03 +0000] "GET /products/69380131/ HTTP/2" 200 25568 "-" "Mozilla/5.0 AppleWebKit/537.36 (KHTML, like Gecko; compatible; bingbot/2.0; +http://www.bing.com/bingbot.htm) Chrome/116.0.1938.76 Safari/537.36"
157.55.39.205 - - [02/Jul/2026:00:33:06 +0000] "GET /products/76134958/ HTTP/2" 200 26510 "-" "Mozilla/5.0 AppleWebKit/537.36 (KHTML, like Gecko; compatible; bingbot/2.0; +http://www.bing.com/bingbot.htm) Chrome/116.0.1938.76 Safari/537.36"
