52.167.144.21 - - [01/Jul/2026:23:25:53 +0000] "GET /products/110662231/ HTTP/2" 200 26750 "-" "Mozilla/5.0 AppleWebKit/537.36 (KHTML, like Gecko; compatible; bingbot/2.0; +http://www.bing.com/bingbot.htm) Chrome/116.0.1938.76 Safari/537.36"
66.249.73.12 - - [01/Jul/2026:23:25:55 +0000] "GET /products/131213803557 HTTP/1.1" 200 26256 "-" "Mozilla/5.0 (Linux; Android 6.0.1; Nexus 5X Build/MMB29P) AppleWebKit/537.36 (KHTML, like Gecko) Chrome/149.0.7827.200 Mobile Safari/537.36 (compatible; Googlebot/2.1; +http://www.google.com/bot.html)"
52.167.144.21 - - [01/Jul/2026:23:25:55 +0000] "GET /products/138574231/ HTTP/2" 200 25700 "-" "Mozilla/5.0 AppleWebKit/537.36 (KHTML, like Gecko; compatible; bingbot/2.0; +http://www.bing.com/bingbot.htm) Chrome/116.0.1938.76 Safari/537.36"
207.46.13.168 - - [01/Jul/2026:23:25:58 +0000] "GET /products/209282331/ HTTP/2" 200 25324 "-" "Mozilla/5.0 AppleWebKit/537.36 (KHTML, like Gecko; compatible; bingbot/2.0; +http://www.bing.com/bingbot.htm) Chrome/116.0.1938.76 Safari/537.36"
207.46.13.168 - - [01/Jul/2026:23:26:02 +0000] "GET /products/400733031/ HTTP/2" 200 25459 "-" "Mozilla/5.0 AppleWebKit/537.36 (KHTML, like Gecko; compatible; bingbot/2.0; +http://www.bing.com/bingbot.htm) Chrome/116.0.1938.76 Safari/537.36"
207.46.13.168 - - [01/Jul/2026:23:26:04 +0000] "GET /pages.php?products/6569142/ HTTP/2" 200 26574 "-" "Mozilla/5.0 AppleWebKit/537.36 (KHTML, like Gecko; compatible; bingbot/2.0; +http://www.bing.com/bingbot.htm) Chrome/116.0.1938.76 Safari/537.36"
66.249.73.13 - - [01/Jul/2026:23:27:12 +0000] "GET /products/131508100790 HTTP/1.1" 200 25644 "-" "Mozilla/5.0 (Linux; Android 6.0.1; Nexus 5X Build/MMB29P) AppleWebKit/537.36 (KHTML, like Gecko) Chrome/149.0.7827.200 Mobile Safari/537.36 (compatible; Googlebot/2.1; +http://www.google.com/bot.html)"
57.141.0.59 - - [01/Jul/2026:23:27:39 +0000] "GET /products/013234435294 HTTP/2" 404 155047 "-" "meta-externalagent/1.1 (+https://developers.facebook.com/docs/sharing/webmasters/crawler)"
57.141.0.23 - - [01/Jul/2026:23:28:27 +0000] "GET /products/012015872095 HTTP/2" 404 155047 "-" "meta-externalagent/1.1 (+https://developers.facebook.com/docs/sharing/webmasters/crawler)"
66.249.73.14 - - [01/Jul/2026:23:29:07 +0000] "GET /products/133085038966 HTTP/1.1" 200 25607 "-" "Mozilla/5.0 (Linux; Android 6.0.1; Nexus 5X Build/MMB29P) AppleWebKit/537.36 (KHTML, like Gecko) Chrome/149.0.7827.200 Mobile Safari/537.36 (compatible; Googlebot/2.1; +http://www.google.com/bot.html)"
57.141.0.31 - - [01/Jul/2026:23:29:15 +0000] "GET /products/012924314621 HTTP/2" 404 155047 "-" "meta-externalagent/1.1 (+https://developers.facebook.com/docs/sharing/webmasters/crawler)"
66.249.74.43 - - [01/Jul/2026:23:29:26 +0000] "GET /products/272563358/ HTTP/1.1" 200 25443 "-" "Mozilla/5.0 (Linux; Android 6.0.1; Nexus 5X Build/MMB29P) AppleWebKit/537.36 (KHTML, like Gecko) Chrome/149.0.7827.200 Mobile Safari/537.36 (compatible; Googlebot/2.1; +http://www.google.com/bot.html)"
199.189.225.167 - - [01/Jul/2026:23:29:31 +0000] "GET /wp-login.php HTTP/2" 200 1975 "-" "Mozilla/5.0 (X11; CrOS x86_64 14541.0.0) AppleWebKit/537.36 (KHTML, like Gecko) Chrome/133.0.0.0 Safari/537.36"
199.189.225.167 - - [01/Jul/2026:23:29:32 +0000] "POST /wp-login.php HTTP/2" 200 2154 "https://rearbear.com/wp-login.php" "Mozilla/5.0 (X11; CrOS x86_64 14541.0.0) AppleWebKit/537.36 (KHTML, like Gecko) Chrome/133.0.0.0 Safari/537.36"
114.119.152.148 - - [01/Jul/2026:23:29:40 +0000] "GET /product-tag/macroman-underwear?products-per-page=12 HTTP/1.1" 301 0 "https://rearbear.com/product-tag/macroman-underwear?products-per-page=12" "Mozilla/5.0 (Linux; Android 7.0;) AppleWebKit/537.36 (HTML, like Gecko) Mobile Safari/537.36 (compatible; PetalBot;+https://webmaster.petalsearch.com/site/petalbot)"
57.141.0.55 - - [01/Jul/2026:23:29:37 +0000] "GET /products/013386942271 HTTP/2" 404 155047 "-" "meta-externalagent/1.1 (+https://developers.facebook.com/docs/sharing/webmasters/crawler)"
114.119.152.148 - - [01/Jul/2026:23:29:41 +0000] "GET /product-tag/macroman-underwear/?products-per-page=12 HTTP/1.1" 200 36544 "https://rearbear.com/product-tag/macroman-underwear?products-per-page=12" "Mozilla/5.0 (Linux; Android 7.0;) AppleWebKit/537.36 (HTML, like Gecko) Mobile Safari/537.36 (compatible; PetalBot;+https://webmaster.petalsearch.com/site/petalbot)"
57.141.0.16 - - [01/Jul/2026:23:30:04 +0000] "GET /products/01912147171 HTTP/2" 404 155047 "-" "meta-externalagent/1.1 (+https://developers.facebook.com/docs/sharing/webmasters/crawler)"
152.53.111.131 - - [01/Jul/2026:23:30:58 +0000] "GET /wp-login.php HTTP/2" 200 1975 "-" "Mozilla/5.0 (X11; Linux i686) AppleWebKit/537.36 (KHTML, like Gecko) Chrome/133.0.0.0 Safari/537.36"
152.53.111.131 - - [01/Jul/2026:23:31:02 +0000] "POST /wp-login.php HTTP/2" 200 2151 "https://rearbear.com/wp-login.php" "Mozilla/5.0 (X11; Linux i686) AppleWebKit/537.36 (KHTML, like Gecko) Chrome/133.0.0.0 Safari/537.36"
114.119.138.27 - - [01/Jul/2026:23:31:03 +0000] "GET /product-tag/9922/?products-per-page=12 HTTP/1.1" 200 35597 "https://rearbear.com/product-tag/9922/?products-per-page=all" "Mozilla/5.0 (Linux; Android 8.0.0; SM-G955U Build/R16NW) AppleWebKit/537.36 (KHTML, like Gecko) Chrome/148.0.0.0 Mobile Safari/537.36"
57.141.0.6 - - [01/Jul/2026:23:31:25 +0000] "GET /products/011158387703 HTTP/2" 404 155047 "-" "meta-externalagent/1.1 (+https://developers.facebook.com/docs/sharing/webmasters/crawler)"
66.249.74.33 - - [01/Jul/2026:23:31:28 +0000] "GET /products/22830782114 HTTP/1.1" 200 26037 "-" "Mozilla/5.0 (Linux; Android 6.0.1; Nexus 5X Build/MMB29P) AppleWebKit/537.36 (KHTML, like Gecko) Chrome/149.0.7827.200 Mobile Safari/537.36 (compatible; Googlebot/2.1; +http://www.google.com/bot.html)"
52.184.100.96 - - [01/Jul/2026:23:31:55 +0000] "GET /wk/index.php HTTP/1.1" 404 3420 "-" "Mozilla/5.0 (Windows NT 10.0; Win64; x64) AppleWebKit/537.36 (KHTML, like Gecko) Chrome/120.0.0.0 Safari/537.36"
52.184.100.96 - - [01/Jul/2026:23:31:55 +0000] "GET /inputs.php HTTP/1.1" 404 3420 "-" "Mozilla/5.0 (Windows NT 10.0; Win64; x64) AppleWebKit/537.36 (KHTML, like Gecko) Chrome/120.0.0.0 Safari/537.36"
52.184.100.96 - - [01/Jul/2026:23:31:56 +0000] "GET /ioxi-o.php HTTP/1.1" 404 3420 "-" "Mozilla/5.0 (Windows NT 10.0; Win64; x64) AppleWebKit/537.36 (KHTML, like Gecko) Chrome/120.0.0.0 Safari/537.36"
52.184.100.96 - - [01/Jul/2026:23:31:56 +0000] "GET /function/function.php HTTP/1.1" 404 3420 "-" "Mozilla/5.0 (Windows NT 10.0; Win64; x64) AppleWebKit/537.36 (KHTML, like Gecko) Chrome/120.0.0.0 Safari/537.36"
52.184.100.96 - - [01/Jul/2026:23:31:56 +0000] "GET /rip.php HTTP/1.1" 404 3420 "-" "Mozilla/5.0 (Windows NT 10.0; Win64; x64) AppleWebKit/537.36 (KHTML, like Gecko) Chrome/120.0.0.0 Safari/537.36"
52.184.100.96 - - [01/Jul/2026:23:31:56 +0000] "GET /admin.php HTTP/1.1" 404 3420 "-" "Mozilla/5.0 (Windows NT 10.0; Win64; x64) AppleWebKit/537.36 (KHTML, like Gecko) Chrome/120.0.0.0 Safari/537.36"
52.184.100.96 - - [01/Jul/2026:23:31:57 +0000] "GET /wp-content/uploads/index.php HTTP/1.1" 404 3420 "-" "Mozilla/5.0 (Windows NT 10.0; Win64; x64) AppleWebKit/537.36 (KHTML, like Gecko) Chrome/120.0.0.0 Safari/537.36"
52.184.100.96 - - [01/Jul/2026:23:31:57 +0000] "GET /cache.php HTTP/1.1" 404 3420 "-" "Mozilla/5.0 (Windows NT 10.0; Win64; x64) AppleWebKit/537.36 (KHTML, like Gecko) Chrome/120.0.0.0 Safari/537.36"
52.184.100.96 - - [01/Jul/2026:23:31:57 +0000] "GET /themes.php HTTP/1.1" 404 3420 "-" "Mozilla/5.0 (Windows NT 10.0; Win64; x64) AppleWebKit/537.36 (KHTML, like Gecko) Chrome/120.0.0.0 Safari/537.36"
52.184.100.96 - - [01/Jul/2026:23:31:57 +0000] "GET /an.php HTTP/1.1" 404 3420 "-" "Mozilla/5.0 (Windows NT 10.0; Win64; x64) AppleWebKit/537.36 (KHTML, like Gecko) Chrome/120.0.0.0 Safari/537.36"
52.184.100.96 - - [01/Jul/2026:23:31:57 +0000] "GET /index/function.php HTTP/1.1" 404 3420 "-" "Mozilla/5.0 (Windows NT 10.0; Win64; x64) AppleWebKit/537.36 (KHTML, like Gecko) Chrome/120.0.0.0 Safari/537.36"
52.184.100.96 - - [01/Jul/2026:23:31:58 +0000] "GET /randkeyword.PhP7 HTTP/1.1" 404 3420 "-" "Mozilla/5.0 (Windows NT 10.0; Win64; x64) AppleWebKit/537.36 (KHTML, like Gecko) Chrome/120.0.0.0 Safari/537.36"
52.184.100.96 - - [01/Jul/2026:23:31:58 +0000] "GET /ws.php HTTP/1.1" 404 3420 "-" "Mozilla/5.0 (Windows NT 10.0; Win64; x64) AppleWebKit/537.36 (KHTML, like Gecko) Chrome/120.0.0.0 Safari/537.36"
52.184.100.96 - - [01/Jul/2026:23:31:58 +0000] "GET /404.php HTTP/1.1" 404 3420 "-" "Mozilla/5.0 (Windows NT 10.0; Win64; x64) AppleWebKit/537.36 (KHTML, like Gecko) Chrome/120.0.0.0 Safari/537.36"
52.184.100.96 - - [01/Jul/2026:23:31:58 +0000] "GET /wp-admin/user/index.php HTTP/1.1" 404 3420 "-" "Mozilla/5.0 (Windows NT 10.0; Win64; x64) AppleWebKit/537.36 (KHTML, like Gecko) Chrome/120.0.0.0 Safari/537.36"
52.184.100.96 - - [01/Jul/2026:23:31:58 +0000] "GET /wp-conf.php HTTP/1.1" 404 3420 "-" "Mozilla/5.0 (Windows NT 10.0; Win64; x64) AppleWebKit/537.36 (KHTML, like Gecko) Chrome/120.0.0.0 Safari/537.36"
52.184.100.96 - - [01/Jul/2026:23:31:59 +0000] "GET /wp-content/themes/hideo/network.php HTTP/1.1" 404 3420 "-" "Mozilla/5.0 (Windows NT 10.0; Win64; x64) AppleWebKit/537.36 (KHTML, like Gecko) Chrome/120.0.0.0 Safari/537.36"
52.184.100.96 - - [01/Jul/2026:23:31:59 +0000] "GET /wp-login.php HTTP/1.1" 404 3420 "-" "Mozilla/5.0 (Windows NT 10.0; Win64; x64) AppleWebKit/537.36 (KHTML, like Gecko) Chrome/120.0.0.0 Safari/537.36"
52.184.100.96 - - [01/Jul/2026:23:31:59 +0000] "GET /abc.php HTTP/1.1" 404 3420 "-" "Mozilla/5.0 (Windows NT 10.0; Win64; x64) AppleWebKit/537.36 (KHTML, like Gecko) Chrome/120.0.0.0 Safari/537.36"
52.184.100.96 - - [01/Jul/2026:23:31:59 +0000] "GET /abcd.php HTTP/1.1" 404 3420 "-" "Mozilla/5.0 (Windows NT 10.0; Win64; x64) AppleWebKit/537.36 (KHTML, like Gecko) Chrome/120.0.0.0 Safari/537.36"
52.184.100.96 - - [01/Jul/2026:23:32:00 +0000] "GET /as.php HTTP/1.1" 404 3420 "-" "Mozilla/5.0 (Windows NT 10.0; Win64; x64) AppleWebKit/537.36 (KHTML, like Gecko) Chrome/120.0.0.0 Safari/537.36"
52.184.100.96 - - [01/Jul/2026:23:32:00 +0000] "GET /wp-trackback.php HTTP/1.1" 404 3420 "-" "Mozilla/5.0 (Windows NT 10.0; Win64; x64) AppleWebKit/537.36 (KHTML, like Gecko) Chrome/120.0.0.0 Safari/537.36"
52.184.100.96 - - [01/Jul/2026:23:32:00 +0000] "GET /about.php HTTP/1.1" 404 3420 "-" "Mozilla/5.0 (Windows NT 10.0; Win64; x64) AppleWebKit/537.36 (KHTML, like Gecko) Chrome/120.0.0.0 Safari/537.36"
52.184.100.96 - - [01/Jul/2026:23:32:00 +0000] "GET /file.php HTTP/1.1" 404 3420 "-" "Mozilla/5.0 (Windows NT 10.0; Win64; x64) AppleWebKit/537.36 (KHTML, like Gecko) Chrome/120.0.0.0 Safari/537.36"
52.184.100.96 - - [01/Jul/2026:23:32:00 +0000] "GET /adminfuns.php HTTP/1.1" 404 3420 "-" "Mozilla/5.0 (Windows NT 10.0; Win64; x64) AppleWebKit/537.36 (KHTML, like Gecko) Chrome/120.0.0.0 Safari/537.36"
52.184.100.96 - - [01/Jul/2026:23:32:01 +0000] "GET /wp-good.php HTTP/1.1" 404 3420 "-" "Mozilla/5.0 (Windows NT 10.0; Win64; x64) AppleWebKit/537.36 (KHTML, like Gecko) Chrome/120.0.0.0 Safari/537.36"
66.249.73.14 - - [01/Jul/2026:23:32:00 +0000] "GET /products/133465711442 HTTP/1.1" 200 25601 "-" "Mozilla/5.0 (Linux; Android 6.0.1; Nexus 5X Build/MMB29P) AppleWebKit/537.36 (KHTML, like Gecko) Chrome/149.0.7827.200 Mobile Safari/537.36 (compatible; Googlebot/2.1; +http://www.google.com/bot.html)"
52.184.100.96 - - [01/Jul/2026:23:32:01 +0000] "GET /xmlrpc.php HTTP/1.1" 404 3420 "-" "Mozilla/5.0 (Windows NT 10.0; Win64; x64) AppleWebKit/537.36 (KHTML, like Gecko) Chrome/120.0.0.0 Safari/537.36"
52.184.100.96 - - [01/Jul/2026:23:32:01 +0000] "GET /goods.php HTTP/1.1" 404 3420 "-" "Mozilla/5.0 (Windows NT 10.0; Win64; x64) AppleWebKit/537.36 (KHTML, like Gecko) Chrome/120.0.0.0 Safari/537.36"
52.184.100.96 - - [01/Jul/2026:23:32:01 +0000] "GET /class-t.api.php HTTP/1.1" 404 3420 "-" "Mozilla/5.0 (Windows NT 10.0; Win64; x64) AppleWebKit/537.36 (KHTML, like Gecko) Chrome/120.0.0.0 Safari/537.36"
52.184.100.96 - - [01/Jul/2026:23:32:02 +0000] "GET /sf.php HTTP/1.1" 404 3420 "-" "Mozilla/5.0 (Windows NT 10.0; Win64; x64) AppleWebKit/537.36 (KHTML, like Gecko) Chrome/120.0.0.0 Safari/537.36"
52.184.100.96 - - [01/Jul/2026:23:32:02 +0000] "GET /kbfr.php HTTP/1.1" 404 3420 "-" "Mozilla/5.0 (Windows NT 10.0; Win64; x64) AppleWebKit/537.36 (KHTML, like Gecko) Chrome/120.0.0.0 Safari/537.36"
52.184.100.96 - - [01/Jul/2026:23:32:02 +0000] "GET /autoload_classmap.php HTTP/1.1" 404 3420 "-" "Mozilla/5.0 (Windows NT 10.0; Win64; x64) AppleWebKit/537.36 (KHTML, like Gecko) Chrome/120.0.0.0 Safari/537.36"
52.184.100.96 - - [01/Jul/2026:23:32:02 +0000] "GET /chosen.php?p= HTTP/1.1" 404 3420 "-" "Mozilla/5.0 (Windows NT 10.0; Win64; x64) AppleWebKit/537.36 (KHTML, like Gecko) Chrome/120.0.0.0 Safari/537.36"
52.184.100.96 - - [01/Jul/2026:23:32:02 +0000] "GET /classwithtostring.php HTTP/1.1" 404 3420 "-" "Mozilla/5.0 (Windows NT 10.0; Win64; x64) AppleWebKit/537.36 (KHTML, like Gecko) Chrome/120.0.0.0 Safari/537.36"
52.184.100.96 - - [01/Jul/2026:23:32:03 +0000] "GET /defaults.php HTTP/1.1" 404 3420 "-" "Mozilla/5.0 (Windows NT 10.0; Win64; x64) AppleWebKit/537.36 (KHTML, like Gecko) Chrome/120.0.0.0 Safari/537.36"
52.184.100.96 - - [01/Jul/2026:23:32:03 +0000] "GET /wp-includes/ HTTP/1.1" 404 3420 "-" "Mozilla/5.0 (Windows NT 10.0; Win64; x64) AppleWebKit/537.36 (KHTML, like Gecko) Chrome/120.0.0.0 Safari/537.36"
52.184.100.96 - - [01/Jul/2026:23:32:03 +0000] "GET /.well-known/ HTTP/1.1" 404 3420 "-" "Mozilla/5.0 (Windows NT 10.0; Win64; x64) AppleWebKit/537.36 (KHTML, like Gecko) Chrome/120.0.0.0 Safari/537.36"
52.184.100.96 - - [01/Jul/2026:23:32:03 +0000] "GET /info.php HTTP/1.1" 404 3420 "-" "Mozilla/5.0 (Windows NT 10.0; Win64; x64) AppleWebKit/537.36 (KHTML, like Gecko) Chrome/120.0.0.0 Safari/537.36"
52.184.100.96 - - [01/Jul/2026:23:32:04 +0000] "GET /cgi-bin/ HTTP/1.1" 404 3420 "-" "Mozilla/5.0 (Windows NT 10.0; Win64; x64) AppleWebKit/537.36 (KHTML, like Gecko) Chrome/120.0.0.0 Safari/537.36"
52.184.100.96 - - [01/Jul/2026:23:32:05 +0000] "GET /uploads/ HTTP/1.1" 404 3420 "-" "Mozilla/5.0 (Windows NT 10.0; Win64; x64) AppleWebKit/537.36 (KHTML, like Gecko) Chrome/120.0.0.0 Safari/537.36"
52.184.100.96 - - [01/Jul/2026:23:32:05 +0000] "GET /wp-admin/images/ HTTP/1.1" 404 3420 "-" "Mozilla/5.0 (Windows NT 10.0; Win64; x64) AppleWebKit/537.36 (KHTML, like Gecko) Chrome/120.0.0.0 Safari/537.36"
52.184.100.96 - - [01/Jul/2026:23:32:05 +0000] "GET /wp-includes/Requests/src/Response/about.php HTTP/1.1" 404 3420 "-" "Mozilla/5.0 (Windows NT 10.0; Win64; x64) AppleWebKit/537.36 (KHTML, like Gecko) Chrome/120.0.0.0 Safari/537.36"
52.184.100.96 - - [01/Jul/2026:23:32:05 +0000] "GET /wp-includes/html-api/ HTTP/1.1" 404 3420 "-" "Mozilla/5.0 (Windows NT 10.0; Win64; x64) AppleWebKit/537.36 (KHTML, like Gecko) Chrome/120.0.0.0 Safari/537.36"
52.184.100.96 - - [01/Jul/2026:23:32:06 +0000] "GET /wp-content/admin.php HTTP/1.1" 404 3420 "-" "Mozilla/5.0 (Windows NT 10.0; Win64; x64) AppleWebKit/537.36 (KHTML, like Gecko) Chrome/120.0.0.0 Safari/537.36"
52.184.100.96 - - [01/Jul/2026:23:32:06 +0000] "GET /wp-admin/css/colors/ectoplasm/ HTTP/1.1" 404 3420 "-" "Mozilla/5.0 (Windows NT 10.0; Win64; x64) AppleWebKit/537.36 (KHTML, like Gecko) Chrome/120.0.0.0 Safari/537.36"
52.184.100.96 - - [01/Jul/2026:23:32:06 +0000] "GET /wp-content/uploads/ HTTP/1.1" 404 3420 "-" "Mozilla/5.0 (Windows NT 10.0; Win64; x64) AppleWebKit/537.36 (KHTML, like Gecko) Chrome/120.0.0.0 Safari/537.36"
52.184.100.96 - - [01/Jul/2026:23:32:06 +0000] "GET /wp-content/themes/admin.php HTTP/1.1" 404 3420 "-" "Mozilla/5.0 (Windows NT 10.0; Win64; x64) AppleWebKit/537.36 (KHTML, like Gecko) Chrome/120.0.0.0 Safari/537.36"
57.141.0.46 - - [01/Jul/2026:23:29:47 +0000] "GET /products/01213348398 HTTP/2" 404 155047 "-" "meta-externalagent/1.1 (+https://developers.facebook.com/docs/sharing/webmasters/crawler)"
57.141.0.37 - - [01/Jul/2026:23:30:22 +0000] "GET /products/011443884768 HTTP/2" 404 155047 "-" "meta-externalagent/1.1 (+https://developers.facebook.com/docs/sharing/webmasters/crawler)"
57.141.0.14 - - [01/Jul/2026:23:30:48 +0000] "GET /products/014114665838 HTTP/2" 404 155047 "-" "meta-externalagent/1.1 (+https://developers.facebook.com/docs/sharing/webmasters/crawler)"
57.141.0.52 - - [01/Jul/2026:23:31:56 +0000] "GET /products/013387008489 HTTP/2" 404 155047 "-" "meta-externalagent/1.1 (+https://developers.facebook.com/docs/sharing/webmasters/crawler)"
57.141.0.5 - - [01/Jul/2026:23:32:11 +0000] "GET /products/011996909447 HTTP/2" 404 155047 "-" "meta-externalagent/1.1 (+https://developers.facebook.com/docs/sharing/webmasters/crawler)"
66.249.74.33 - - [01/Jul/2026:23:32:21 +0000] "GET /products/76411031/ HTTP/1.1" 200 25616 "-" "Mozilla/5.0 (Linux; Android 6.0.1; Nexus 5X Build/MMB29P) AppleWebKit/537.36 (KHTML, like Gecko) Chrome/149.0.7827.200 Mobile Safari/537.36 (compatible; Googlebot/2.1; +http://www.google.com/bot.html)"
52.184.100.96 - - [01/Jul/2026:23:32:06 +0000] "GET /wp-content/themes/index.php HTTP/1.1" 404 3420 "-" "Mozilla/5.0 (Windows NT 10.0; Win64; x64) AppleWebKit/537.36 (KHTML, like Gecko) Chrome/120.0.0.0 Safari/537.36"
52.184.100.96 - - [01/Jul/2026:23:32:07 +0000] "GET /wp-content/plugins/index.php HTTP/1.1" 404 3420 "-" "Mozilla/5.0 (Windows NT 10.0; Win64; x64) AppleWebKit/537.36 (KHTML, like Gecko) Chrome/120.0.0.0 Safari/537.36"
52.184.100.96 - - [01/Jul/2026:23:32:07 +0000] "GET /wp-includes/PHPMailer/ HTTP/1.1" 404 3420 "-" "Mozilla/5.0 (Windows NT 10.0; Win64; x64) AppleWebKit/537.36 (KHTML, like Gecko) Chrome/120.0.0.0 Safari/537.36"
52.184.100.96 - - [01/Jul/2026:23:32:07 +0000] "GET /wp-includes/images/ HTTP/1.1" 404 3420 "-" "Mozilla/5.0 (Windows NT 10.0; Win64; x64) AppleWebKit/537.36 (KHTML, like Gecko) Chrome/120.0.0.0 Safari/537.36"
52.184.100.96 - - [01/Jul/2026:23:32:07 +0000] "GET /wp-content/plugins/WordPressCore/ HTTP/1.1" 404 3420 "-" "Mozilla/5.0 (Windows NT 10.0; Win64; x64) AppleWebKit/537.36 (KHTML, like Gecko) Chrome/120.0.0.0 Safari/537.36"
114.119.129.237 - - [01/Jul/2026:23:32:27 +0000] "GET /shop-2/page/6/?products-per-page=12 HTTP/1.1" 200 38246 "https://rearbear.com/shop-2/page/9/?products-per-page=12" "Mozilla/5.0 (Linux; Android 7.0;) AppleWebKit/537.36 (HTML, like Gecko) Mobile Safari/537.36 (compatible; PetalBot;+https://webmaster.petalsearch.com/site/petalbot)"
66.249.74.33 - - [01/Jul/2026:23:33:14 +0000] "GET /products/321398314773 HTTP/1.1" 200 26073 "-" "Mozilla/5.0 (Linux; Android 6.0.1; Nexus 5X Build/MMB29P) AppleWebKit/537.36 (KHTML, like Gecko) Chrome/149.0.7827.200 Mobile Safari/537.36 (compatible; Googlebot/2.1; +http://www.google.com/bot.html)"
212.178.17.248 - - [01/Jul/2026:23:33:30 +0000] "GET /my-account/ HTTP/1.1" 200 35004 "http://rearbear.com" "Mozilla/5.0 (Windows NT 6.3; Win64; x64) AppleWebKit/537.36 (KHTML, like Gecko) Chrome/103.0.0.0 Safari/537.36"
212.178.17.248 - - [01/Jul/2026:23:33:32 +0000] "GET /my-account/ HTTP/1.1" 200 35006 "https://rearbear.com/my-account/" "Mozilla/5.0 (Windows NT 6.3; Win64; x64) AppleWebKit/537.36 (KHTML, like Gecko) Chrome/103.0.0.0 Safari/537.36"
212.178.17.248 - - [01/Jul/2026:23:33:36 +0000] "GET /wp-includes/css/dist/block-library/style.min.css?ver=7.0 HTTP/1.1" 200 16250 "https://rearbear.com/my-account/" "Mozilla/5.0 (Windows NT 10.0; Win64; x64) AppleWebKit/537.36 (KHTML, like Gecko) Chrome/149.0.0.0 Safari/537.36"
212.178.17.248 - - [01/Jul/2026:23:33:36 +0000] "GET /wp-content/plugins/cancel-order-request-woocommerce/public/css/cancel-order-request-woocommerce-public.css?ver=1.3.4.32 HTTP/1.1" 200 381 "https://rearbear.com/my-account/" "Mozilla/5.0 (Windows NT 10.0; Win64; x64) AppleWebKit/537.36 (KHTML, like Gecko) Chrome/149.0.0.0 Safari/537.36"
212.178.17.248 - - [01/Jul/2026:23:33:37 +0000] "GET /wp-content/plugins/cancel-order-request-woocommerce/public/css/magnific-popup.css?ver=1.3.4.32 HTTP/1.1" 200 1683 "https://rearbear.com/my-account/" "Mozilla/5.0 (Windows NT 10.0; Win64; x64) AppleWebKit/537.36 (KHTML, like Gecko) Chrome/149.0.0.0 Safari/537.36"
212.178.17.248 - - [01/Jul/2026:23:33:38 +0000] "GET /wp-content/plugins/cancel-order-request-woocommerce/public/css/jquery.toast.min.css?ver=1.3.4.32 HTTP/1.1" 200 2342 "https://rearbear.com/my-account/" "Mozilla/5.0 (Windows NT 10.0; Win64; x64) AppleWebKit/537.36 (KHTML, like Gecko) Chrome/149.0.0.0 Safari/537.36"
212.178.17.248 - - [01/Jul/2026:23:33:38 +0000] "GET /wp-content/plugins/woocommerce/assets/css/select2.css?ver=10.9.1 HTTP/1.1" 200 1750 "https://rearbear.com/my-account/" "Mozilla/5.0 (Windows NT 10.0; Win64; x64) AppleWebKit/537.36 (KHTML, like Gecko) Chrome/149.0.0.0 Safari/537.36"
212.178.17.248 - - [01/Jul/2026:23:33:39 +0000] "GET /wp-content/plugins/check-pincodezipcode-for-shipping-woocommerce/includes/css/wczp_front_style.css?ver=1.0.0 HTTP/1.1" 200 1642 "https://rearbear.com/my-account/" "Mozilla/5.0 (Windows NT 10.0; Win64; x64) AppleWebKit/537.36 (KHTML, like Gecko) Chrome/149.0.0.0 Safari/537.36"
212.178.17.248 - - [01/Jul/2026:23:33:42 +0000] "GET /wp-content/themes/houseware/assets/css/houseware-01.css?ver=7.0 HTTP/1.1" 200 16828 "https://rearbear.com/my-account/" "Mozilla/5.0 (Windows NT 10.0; Win64; x64) AppleWebKit/537.36 (KHTML, like Gecko) Chrome/149.0.0.0 Safari/537.36"
212.178.17.248 - - [01/Jul/2026:23:33:42 +0000] "GET /wp-content/themes/houseware/assets/css/fontello.css?ver=7.0 HTTP/1.1" 200 6791 "https://rearbear.com/my-account/" "Mozilla/5.0 (Windows NT 10.0; Win64; x64) AppleWebKit/537.36 (KHTML, like Gecko) Chrome/149.0.0.0 Safari/537.36"
212.178.17.248 - - [01/Jul/2026:23:33:43 +0000] "GET /wp-content/plugins/elementor/assets/css/frontend.min.css?ver=4.1.4 HTTP/1.1" 200 6613 "https://rearbear.com/my-account/" "Mozilla/5.0 (Windows NT 10.0; Win64; x64) AppleWebKit/537.36 (KHTML, like Gecko) Chrome/149.0.0.0 Safari/537.36"
212.178.17.248 - - [01/Jul/2026:23:33:43 +0000] "GET /wp-content/uploads/elementor/css/post-4299.css?ver=1782784230 HTTP/1.1" 200 342 "https://rearbear.com/my-account/" "Mozilla/5.0 (Windows NT 10.0; Win64; x64) AppleWebKit/537.36 (KHTML, like Gecko) Chrome/149.0.0.0 Safari/537.36"
212.178.17.248 - - [01/Jul/2026:23:33:43 +0000] "GET /wp-content/uploads/elementor/css/post-4320.css?ver=1782784230 HTTP/1.1" 200 1202 "https://rearbear.com/my-account/" "Mozilla/5.0 (Windows NT 10.0; Win64; x64) AppleWebKit/537.36 (KHTML, like Gecko) Chrome/149.0.0.0 Safari/537.36"
212.178.17.248 - - [01/Jul/2026:23:33:34 +0000] "GET /wp-includes/css/dashicons.min.css?ver=7.0 HTTP/1.1" 200 35101 "https://rearbear.com/my-account/" "Mozilla/5.0 (Windows NT 10.0; Win64; x64) AppleWebKit/537.36 (KHTML, like Gecko) Chrome/149.0.0.0 Safari/537.36"
212.178.17.248 - - [01/Jul/2026:23:33:35 +0000] "GET /wp-content/plugins/woovina-extra/includes/menu-icons/includes/library/icon-selector/css/types/foundation-icons.min.css?ver=3.0 HTTP/1.1" 200 3178 "https://rearbear.com/my-account/" "Mozilla/5.0 (Windows NT 10.0; Win64; x64) AppleWebKit/537.36 (KHTML, like Gecko) Chrome/149.0.0.0 Safari/537.36"
212.178.17.248 - - [01/Jul/2026:23:33:35 +0000] "GET /wp-content/plugins/woovina-extra/includes/menu-icons/includes/library/icon-selector/css/types/genericons.min.css?ver=3.4 HTTP/1.1" 200 15781 "https://rearbear.com/my-account/" "Mozilla/5.0 (Windows NT 10.0; Win64; x64) AppleWebKit/537.36 (KHTML, like Gecko) Chrome/149.0.0.0 Safari/537.36"
212.178.17.248 - - [01/Jul/2026:23:33:40 +0000] "GET /wp-content/plugins/woo-variation-gallery/assets/css/slick.min.css?ver=1.8.1 HTTP/1.1" 200 969 "https://rearbear.com/my-account/" "Mozilla/5.0 (Windows NT 10.0; Win64; x64) AppleWebKit/537.36 (KHTML, like Gecko) Chrome/149.0.0.0 Safari/537.36"
212.178.17.248 - - [01/Jul/2026:23:33:40 +0000] "GET /wp-content/plugins/woo-variation-gallery/assets/css/frontend.min.css?ver=1782446701 HTTP/1.1" 200 4604 "https://rearbear.com/my-account/" "Mozilla/5.0 (Windows NT 10.0; Win64; x64) AppleWebKit/537.36 (KHTML, like Gecko) Chrome/149.0.0.0 Safari/537.36"
212.178.17.248 - - [01/Jul/2026:23:33:41 +0000] "GET /wp-content/themes/woovina/assets/css/style.min.css?ver=2.3 HTTP/1.1" 200 22072 "https://rearbear.com/my-account/" "Mozilla/5.0 (Windows NT 10.0; Win64; x64) AppleWebKit/537.36 (KHTML, like Gecko) Chrome/149.0.0.0 Safari/537.36"
212.178.17.248 - - [01/Jul/2026:23:33:41 +0000] "GET /wp-content/themes/houseware/style.css?ver=7.0 HTTP/1.1" 200 295 "https://rearbear.com/my-account/" "Mozilla/5.0 (Windows NT 10.0; Win64; x64) AppleWebKit/537.36 (KHTML, like Gecko) Chrome/149.0.0.0 Safari/537.36"
212.178.17.248 - - [01/Jul/2026:23:33:45 +0000] "GET /wp-content/uploads/elementor/css/post-4586.css?ver=1782784230 HTTP/1.1" 200 299 "https://rearbear.com/my-account/" "Mozilla/5.0 (Windows NT 10.0; Win64; x64) AppleWebKit/537.36 (KHTML, like Gecko) Chrome/149.0.0.0 Safari/537.36"
212.178.17.248 - - [01/Jul/2026:23:33:46 +0000] "GET /wp-content/themes/woovina/assets/css/woo/woocommerce.min.css?ver=7.0 HTTP/1.1" 200 13572 "https://rearbear.com/my-account/" "Mozilla/5.0 (Windows NT 10.0; Win64; x64) AppleWebKit/537.36 (KHTML, like Gecko) Chrome/149.0.0.0 Safari/537.36"
212.178.17.248 - - [01/Jul/2026:23:33:47 +0000] "GET /wp-content/themes/woovina/assets/css/third/font-awesome.min.css?ver=4.7.0 HTTP/1.1" 200 6671 "https://rearbear.com/my-account/" "Mozilla/5.0 (Windows NT 10.0; Win64; x64) AppleWebKit/537.36 (KHTML, like Gecko) Chrome/149.0.0.0 Safari/537.36"
212.178.17.248 - - [01/Jul/2026:23:33:47 +0000] "GET /wp-content/themes/woovina/assets/fonts/fontawesome/css/all.min.css?ver=5.15.1 HTTP/1.1" 200 12380 "https://rearbear.com/my-account/" "Mozilla/5.0 (Windows NT 10.0; Win64; x64) AppleWebKit/537.36 (KHTML, like Gecko) Chrome/149.0.0.0 Safari/537.36"
212.178.17.248 - - [01/Jul/2026:23:33:48 +0000] "GET /wp-content/themes/woovina/assets/fonts/fontawesome/css/v4-shims.min.css?ver=5.15.1 HTTP/1.1" 200 3987 "https://rearbear.com/my-account/" "Mozilla/5.0 (Windows NT 10.0; Win64; x64) AppleWebKit/537.36 (KHTML, like Gecko) Chrome/149.0.0.0 Safari/537.36"
212.178.17.248 - - [01/Jul/2026:23:33:48 +0000] "GET /wp-content/themes/woovina/assets/css/third/animate.css?ver=3.5.1 HTTP/1.1" 200 4111 "https://rearbear.com/my-account/" "Mozilla/5.0 (Windows NT 10.0; Win64; x64) AppleWebKit/537.36 (KHTML, like Gecko) Chrome/149.0.0.0 Safari/537.36"
212.178.17.248 - - [01/Jul/2026:23:33:44 +0000] "GET /wp-content/uploads/elementor/css/post-4326.css?ver=1782784230 HTTP/1.1" 200 1139 "https://rearbear.com/my-account/" "Mozilla/5.0 (Windows NT 10.0; Win64; x64) AppleWebKit/537.36 (KHTML, like Gecko) Chrome/149.0.0.0 Safari/537.36"
212.178.17.248 - - [01/Jul/2026:23:33:46 +0000] "GET /wp-content/themes/woovina/assets/css/woo/woo-star-font.min.css?ver=7.0 HTTP/1.1" 200 511 "https://rearbear.com/my-account/" "Mozilla/5.0 (Windows NT 10.0; Win64; x64) AppleWebKit/537.36 (KHTML, like Gecko) Chrome/149.0.0.0 Safari/537.36"
212.178.17.248 - - [01/Jul/2026:23:33:47 +0000] "GET /wp-content/themes/woovina/assets/css/woo/woo-quick-view.min.css?ver=7.0 HTTP/1.1" 200 1226 "https://rearbear.com/my-account/" "Mozilla/5.0 (Windows NT 10.0; Win64; x64) AppleWebKit/537.36 (KHTML, like Gecko) Chrome/149.0.0.0 Safari/537.36"
212.178.17.248 - - [01/Jul/2026:23:33:50 +0000] "GET /wp-content/themes/woovina/assets/css/third/material-design-iconic-font.min.css?ver=2.2.0 HTTP/1.1" 200 6944 "https://rearbear.com/my-account/" "Mozilla/5.0 (Windows NT 10.0; Win64; x64) AppleWebKit/537.36 (KHTML, like Gecko) Chrome/149.0.0.0 Safari/537.36"
212.178.17.248 - - [01/Jul/2026:23:33:51 +0000] "GET /wp-content/themes/woovina/assets/css/third/hamburgers/hamburgers.min.css?ver=2.3 HTTP/1.1" 200 263 "https://rearbear.com/my-account/" "Mozilla/5.0 (Windows NT 10.0; Win64; x64) AppleWebKit/537.36 (KHTML, like Gecko) Chrome/149.0.0.0 Safari/537.36"
212.178.17.248 - - [01/Jul/2026:23:33:53 +0000] "GET /wp-content/plugins/woovina-extra/assets/css/widgets.css?ver=7.0 HTTP/1.1" 200 4388 "https://rearbear.com/my-account/" "Mozilla/5.0 (Windows NT 10.0; Win64; x64) AppleWebKit/537.36 (KHTML, like Gecko) Chrome/149.0.0.0 Safari/537.36"
212.178.17.248 - - [01/Jul/2026:23:33:54 +0000] "GET /wp-content/plugins/woovina-elementor-widgets/assets/css/search/style.min.css?ver=7.0 HTTP/1.1" 200 816 "https://rearbear.com/my-account/" "Mozilla/5.0 (Windows NT 10.0; Win64; x64) AppleWebKit/537.36 (KHTML, like Gecko) Chrome/149.0.0.0 Safari/537.36"
212.178.17.248 - - [01/Jul/2026:23:33:54 +0000] "GET /wp-content/plugins/woovina-elementor-widgets/assets/css/eicons-bc/style.min.css?ver=7.0 HTTP/1.1" 200 148 "https://rearbear.com/my-account/" "Mozilla/5.0 (Windows NT 10.0; Win64; x64) AppleWebKit/537.36 (KHTML, like Gecko) Chrome/149.0.0.0 Safari/537.36"
114.119.151.119 - - [01/Jul/2026:23:33:53 +0000] "GET /product-tag/vest/page/2/?products-per-page=12 HTTP/1.1" 200 37203 "https://rearbear.com/product-tag/vest/page/2?products-per-page=12" "Mozilla/5.0 (Linux; Android 7.0;) AppleWebKit/537.36 (HTML, like Gecko) Mobile Safari/537.36 (compatible; PetalBot;+https://webmaster.petalsearch.com/site/petalbot)"
212.178.17.248 - - [01/Jul/2026:23:33:55 +0000] "GET /wp-content/plugins/elementor/assets/css/widget-image.min.css?ver=4.1.4 HTTP/1.1" 200 96 "https://rearbear.com/my-account/" "Mozilla/5.0 (Windows NT 10.0; Win64; x64) AppleWebKit/537.36 (KHTML, like Gecko) Chrome/149.0.0.0 Safari/537.36"
212.178.17.248 - - [01/Jul/2026:23:33:55 +0000] "GET /wp-content/plugins/elementor/assets/css/widget-icon-list.min.css?ver=4.1.4 HTTP/1.1" 200 928 "https://rearbear.com/my-account/" "Mozilla/5.0 (Windows NT 10.0; Win64; x64) AppleWebKit/537.36 (KHTML, like Gecko) Chrome/149.0.0.0 Safari/537.36"
212.178.17.248 - - [01/Jul/2026:23:33:56 +0000] "GET /wp-content/plugins/elementor/assets/css/conditionals/apple-webkit.min.css?ver=4.1.4 HTTP/1.1" 200 464 "https://rearbear.com/my-account/" "Mozilla/5.0 (Windows NT 10.0; Win64; x64) AppleWebKit/537.36 (KHTML, like Gecko) Chrome/149.0.0.0 Safari/537.36"
212.178.17.248 - - [01/Jul/2026:23:33:57 +0000] "GET /wp-content/plugins/elementor/assets/lib/swiper/v8/css/swiper.min.css?ver=8.4.5 HTTP/1.1" 200 4248 "https://rearbear.com/my-account/" "Mozilla/5.0 (Windows NT 10.0; Win64; x64) AppleWebKit/537.36 (KHTML, like Gecko) Chrome/149.0.0.0 Safari/537.36"
212.178.17.248 - - [01/Jul/2026:23:33:49 +0000] "GET /wp-content/themes/woovina/assets/css/third/simple-line-icons.min.css?ver=2.4.0 HTTP/1.1" 200 2315 "https://rearbear.com/my-account/" "Mozilla/5.0 (Windows NT 10.0; Win64; x64) AppleWebKit/537.36 (KHTML, like Gecko) Chrome/149.0.0.0 Safari/537.36"
212.178.17.248 - - [01/Jul/2026:23:33:50 +0000] "GET /wp-content/themes/woovina/assets/css/third/ionicons.min.css?ver=2.2.0 HTTP/1.1" 200 7593 "https://rearbear.com/my-account/" "Mozilla/5.0 (Windows NT 10.0; Win64; x64) AppleWebKit/537.36 (KHTML, like Gecko) Chrome/149.0.0.0 Safari/537.36"
212.178.17.248 - - [01/Jul/2026:23:33:51 +0000] "GET /wp-content/themes/woovina/assets/css/third/magnific-popup.min.css?ver=1.0.0 HTTP/1.1" 200 1418 "https://rearbear.com/my-account/" "Mozilla/5.0 (Windows NT 10.0; Win64; x64) AppleWebKit/537.36 (KHTML, like Gecko) Chrome/149.0.0.0 Safari/537.36"
212.178.17.248 - - [01/Jul/2026:23:33:52 +0000] "GET /wp-content/themes/woovina/assets/css/third/hamburgers/types/slider.css?ver=2.3 HTTP/1.1" 200 262 "https://rearbear.com/my-account/" "Mozilla/5.0 (Windows NT 10.0; Win64; x64) AppleWebKit/537.36 (KHTML, like Gecko) Chrome/149.0.0.0 Safari/537.36"
212.178.17.248 - - [01/Jul/2026:23:33:52 +0000] "GET /wp-content/themes/woovina/assets/css/third/mobile-navbar.css?ver=1.0.0 HTTP/1.1" 200 586 "https://rearbear.com/my-account/" "Mozilla/5.0 (Windows NT 10.0; Win64; x64) AppleWebKit/537.36 (KHTML, like Gecko) Chrome/149.0.0.0 Safari/537.36"
114.119.151.119 - - [01/Jul/2026:23:33:51 +0000] "GET /product-tag/vest/page/2?products-per-page=12 HTTP/1.1" 301 0 "https://rearbear.com/product-tag/vest/page/2?products-per-page=12" "Mozilla/5.0 (Linux; Android 7.0;) AppleWebKit/537.36 (HTML, like Gecko) Mobile Safari/537.36 (compatible; PetalBot;+https://webmaster.petalsearch.com/site/petalbot)"
212.178.17.248 - - [01/Jul/2026:23:33:53 +0000] "GET /wp-content/plugins/woocommerce/assets/client/blocks/wc-blocks.css?ver=wc-10.9.1 HTTP/1.1" 200 2391 "https://rearbear.com/my-account/" "Mozilla/5.0 (Windows NT 10.0; Win64; x64) AppleWebKit/537.36 (KHTML, like Gecko) Chrome/149.0.0.0 Safari/537.36"
212.178.17.248 - - [01/Jul/2026:23:33:55 +0000] "GET /wp-content/plugins/woovina-elementor-widgets/assets/css/woo-menucart/style.min.css?ver=7.0 HTTP/1.1" 200 1393 "https://rearbear.com/my-account/" "Mozilla/5.0 (Windows NT 10.0; Win64; x64) AppleWebKit/537.36 (KHTML, like Gecko) Chrome/149.0.0.0 Safari/537.36"
212.178.17.248 - - [01/Jul/2026:23:33:56 +0000] "GET /wp-content/plugins/elementor/assets/css/widget-social-icons.min.css?ver=4.1.4 HTTP/1.1" 200 1039 "https://rearbear.com/my-account/" "Mozilla/5.0 (Windows NT 10.0; Win64; x64) AppleWebKit/537.36 (KHTML, like Gecko) Chrome/149.0.0.0 Safari/537.36"
212.178.17.248 - - [01/Jul/2026:23:33:57 +0000] "GET /wp-content/plugins/elementor/assets/css/conditionals/e-swiper.min.css?ver=4.1.4 HTTP/1.1" 200 699 "https://rearbear.com/my-account/" "Mozilla/5.0 (Windows NT 10.0; Win64; x64) AppleWebKit/537.36 (KHTML, like Gecko) Chrome/149.0.0.0 Safari/537.36"
212.178.17.248 - - [01/Jul/2026:23:33:58 +0000] "GET /wp-content/uploads/elementor/css/post-5103.css?ver=1782784230 HTTP/1.1" 200 382 "https://rearbear.com/my-account/" "Mozilla/5.0 (Windows NT 10.0; Win64; x64) AppleWebKit/537.36 (KHTML, like Gecko) Chrome/149.0.0.0 Safari/537.36"
212.178.17.248 - - [01/Jul/2026:23:33:59 +0000] "GET /wp-content/plugins/elementor/assets/lib/font-awesome/css/all.min.css?ver=4.1.4 HTTP/1.1" 200 12380 "https://rearbear.com/my-account/" "Mozilla/5.0 (Windows NT 10.0; Win64; x64) AppleWebKit/537.36 (KHTML, like Gecko) Chrome/149.0.0.0 Safari/537.36"
212.178.17.248 - - [01/Jul/2026:23:34:00 +0000] "GET /wp-content/plugins/elementor/assets/lib/font-awesome/css/v4-shims.min.css?ver=4.1.4 HTTP/1.1" 200 3987 "https://rearbear.com/my-account/" "Mozilla/5.0 (Windows NT 10.0; Win64; x64) AppleWebKit/537.36 (KHTML, like Gecko) Chrome/149.0.0.0 Safari/537.36"
212.178.17.248 - - [01/Jul/2026:23:33:58 +0000] "GET /wp-content/plugins/elementor/assets/lib/eicons/css/elementor-icons.min.css?ver=5.50.0 HTTP/1.1" 200 4123 "https://rearbear.com/my-account/" "Mozilla/5.0 (Windows NT 10.0; Win64; x64) AppleWebKit/537.36 (KHTML, like Gecko) Chrome/149.0.0.0 Safari/537.36"
212.178.17.248 - - [01/Jul/2026:23:33:59 +0000] "GET /wp-content/plugins/woovina-elementor-widgets/assets/css/wew-frontend.min.css?ver=7.0 HTTP/1.1" 200 782 "https://rearbear.com/my-account/" "Mozilla/5.0 (Windows NT 10.0; Win64; x64) AppleWebKit/537.36 (KHTML, like Gecko) Chrome/149.0.0.0 Safari/537.36"
66.249.74.43 - - [01/Jul/2026:23:34:03 +0000] "GET /products/222755597959 HTTP/1.1" 200 26928 "-" "Mozilla/5.0 (Linux; Android 6.0.1; Nexus 5X Build/MMB29P) AppleWebKit/537.36 (KHTML, like Gecko) Chrome/149.0.7827.200 Mobile Safari/537.36 (compatible; Googlebot/2.1; +http://www.google.com/bot.html)"
212.178.17.248 - - [01/Jul/2026:23:34:06 +0000] "POST /my-account/ HTTP/1.1" 302 0 "https://rearbear.com/my-account/" "Mozilla/5.0 (Windows NT 6.3; Win64; x64) AppleWebKit/537.36 (KHTML, like Gecko) Chrome/103.0.0.0 Safari/537.36"
212.178.17.248 - - [01/Jul/2026:23:34:13 +0000] "POST /xmlrpc.php HTTP/1.1" 200 186 "https://rearbear.com/xmlrpc.php" "Mozilla/5.0 (Windows NT 6.3; Win64; x64) AppleWebKit/537.36 (KHTML, like Gecko) Chrome/103.0.0.0 Safari/537.36"
212.178.17.248 - - [01/Jul/2026:23:34:20 +0000] "GET /wp-login.php?redirect_to=https%3A%2F%2Frearbear.com%2Fwp-admin%2Fpost-new.php&reauth=1 HTTP/1.1" 200 2006 "http://rearbear.com/wp-admin/post-new.php" "Mozilla/5.0 (Windows NT 6.3; Win64; x64) AppleWebKit/537.36 (KHTML, like Gecko) Chrome/103.0.0.0 Safari/537.36"
66.249.73.13 - - [01/Jul/2026:23:34:31 +0000] "GET /products/13272140941 HTTP/1.1" 200 25642 "-" "Mozilla/5.0 (Linux; Android 6.0.1; Nexus 5X Build/MMB29P) AppleWebKit/537.36 (KHTML, like Gecko) Chrome/149.0.7827.200 Mobile Safari/537.36 (compatible; Googlebot/2.1; +http://www.google.com/bot.html)"
66.249.74.43 - - [01/Jul/2026:23:34:53 +0000] "GET /products/43375653/ HTTP/1.1" 200 25565 "-" "Mozilla/5.0 (Linux; Android 6.0.1; Nexus 5X Build/MMB29P) AppleWebKit/537.36 (KHTML, like Gecko) Chrome/149.0.7827.200 Mobile Safari/537.36 (compatible; Googlebot/2.1; +http://www.google.com/bot.html)"
57.141.0.71 - - [01/Jul/2026:23:35:45 +0000] "GET /products/012875870183 HTTP/2" 404 155047 "-" "meta-externalagent/1.1 (+https://developers.facebook.com/docs/sharing/webmasters/crawler)"
57.141.0.17 - - [01/Jul/2026:23:36:07 +0000] "GET /products/011555371885 HTTP/2" 404 155047 "-" "meta-externalagent/1.1 (+https://developers.facebook.com/docs/sharing/webmasters/crawler)"
66.249.73.14 - - [01/Jul/2026:23:37:02 +0000] "GET /products/133007984053 HTTP/1.1" 200 25603 "-" "Mozilla/5.0 (Linux; Android 6.0.1; Nexus 5X Build/MMB29P) AppleWebKit/537.36 (KHTML, like Gecko) Chrome/149.0.7827.200 Mobile Safari/537.36 (compatible; Googlebot/2.1; +http://www.google.com/bot.html)"
66.249.74.33 - - [01/Jul/2026:23:37:18 +0000] "GET /products/238757931/ HTTP/1.1" 200 26235 "-" "Mozilla/5.0 (Linux; Android 6.0.1; Nexus 5X Build/MMB29P) AppleWebKit/537.36 (KHTML, like Gecko) Chrome/149.0.7827.200 Mobile Safari/537.36 (compatible; Googlebot/2.1; +http://www.google.com/bot.html)"
57.141.0.1 - - [01/Jul/2026:23:37:33 +0000] "GET /products/012559768776 HTTP/2" 404 155047 "-" "meta-externalagent/1.1 (+https://developers.facebook.com/docs/sharing/webmasters/crawler)"
57.141.0.45 - - [01/Jul/2026:23:38:23 +0000] "GET /products/012804024565 HTTP/2" 404 155047 "-" "meta-externalagent/1.1 (+https://developers.facebook.com/docs/sharing/webmasters/crawler)"
185.115.217.185 - - [01/Jul/2026:23:38:41 +0000] "GET /wp-login.php HTTP/2" 200 1975 "-" "Mozilla/5.0 (X11; CrOS x86_64 14541.0.0) AppleWebKit/537.36 (KHTML, like Gecko) Chrome/133.0.0.0 Safari/537.36"
185.115.217.185 - - [01/Jul/2026:23:38:42 +0000] "POST /wp-login.php HTTP/2" 200 2154 "https://rearbear.com/wp-login.php" "Mozilla/5.0 (X11; CrOS x86_64 14541.0.0) AppleWebKit/537.36 (KHTML, like Gecko) Chrome/133.0.0.0 Safari/537.36"
194.60.201.146 - - [01/Jul/2026:23:34:05 +0000] "GET /wp-login.php HTTP/2" 200 1975 "-" "Mozilla/5.0 (X11; CrOS x86_64 14541.0.0) AppleWebKit/537.36 (KHTML, like Gecko) Chrome/133.0.0.0 Safari/537.36"
194.60.201.146 - - [01/Jul/2026:23:34:06 +0000] "POST /wp-login.php HTTP/2" 200 2154 "https://rearbear.com/wp-login.php" "Mozilla/5.0 (X11; CrOS x86_64 14541.0.0) AppleWebKit/537.36 (KHTML, like Gecko) Chrome/133.0.0.0 Safari/537.36"
212.178.17.248 - - [01/Jul/2026:23:34:10 +0000] "GET /my-account/ HTTP/1.1" 200 23156 "https://rearbear.com/my-account/" "Mozilla/5.0 (Windows NT 6.3; Win64; x64) AppleWebKit/537.36 (KHTML, like Gecko) Chrome/103.0.0.0 Safari/537.36"
212.178.17.248 - - [01/Jul/2026:23:34:11 +0000] "GET /xmlrpc.php HTTP/1.1" 405 46 "https://rearbear.com/my-account/" "Mozilla/5.0 (Windows NT 6.3; Win64; x64) AppleWebKit/537.36 (KHTML, like Gecko) Chrome/103.0.0.0 Safari/537.36"
212.178.17.248 - - [01/Jul/2026:23:34:15 +0000] "POST /xmlrpc.php HTTP/1.1" 200 186 "https://rearbear.com/xmlrpc.php" "Mozilla/5.0 (Windows NT 6.3; Win64; x64) AppleWebKit/537.36 (KHTML, like Gecko) Chrome/103.0.0.0 Safari/537.36"
57.141.0.69 - - [01/Jul/2026:23:34:30 +0000] "GET /products/012075997824 HTTP/2" 404 155047 "-" "meta-externalagent/1.1 (+https://developers.facebook.com/docs/sharing/webmasters/crawler)"
57.141.0.16 - - [01/Jul/2026:23:34:32 +0000] "GET /products/014025430966 HTTP/2" 404 155047 "-" "meta-externalagent/1.1 (+https://developers.facebook.com/docs/sharing/webmasters/crawler)"
114.119.129.237 - - [01/Jul/2026:23:35:17 +0000] "GET /product-tag/macroman-m-series/?products-per-page=24 HTTP/1.1" 200 36038 "https://rearbear.com/product-tag/macroman-m-series" "Mozilla/5.0 (Linux; Android 7.0;) AppleWebKit/537.36 (HTML, like Gecko) Mobile Safari/537.36 (compatible; PetalBot;+https://webmaster.petalsearch.com/site/petalbot)"
27.71.16.235 - atulrearbear-com [01/Jul/2026:23:35:42 +0000] "GET /wp-json/wp/v2/users/me HTTP/2" 401 115 "-" "Mozilla/5.0 (X11; Ubuntu; Linux x86_64) AppleWebKit/537.36 (KHTML, like Gecko) Chrome/133.0.0.0 Safari/537.36"
116.179.33.11 - - [01/Jul/2026:23:36:27 +0000] "GET /wp-content/themes/woovina/assets/css/third/simple-line-icons.min.css?ver=2.4.0 HTTP/1.1" 200 2430 "http://rearbear.com/" "Mozilla/5.0 (Windows NT 10.0; Win64; x64) AppleWebKit/537.36 (KHTML, like Gecko) Chrome/99.0.4844.51 Safari/537.36"
116.179.33.138 - - [01/Jul/2026:23:36:31 +0000] "POST /wp-admin/admin-ajax.php HTTP/1.1" 500 800 "http://rearbear.com/" "Mozilla/5.0 (Windows NT 10.0; Win64; x64) AppleWebKit/537.36 (KHTML, like Gecko) Chrome/99.0.4844.51 Safari/537.36"
66.249.74.33 - - [01/Jul/2026:23:36:32 +0000] "GET /products/322961488800 HTTP/1.1" 200 25889 "-" "Mozilla/5.0 (Linux; Android 6.0.1; Nexus 5X Build/MMB29P) AppleWebKit/537.36 (KHTML, like Gecko) Chrome/149.0.7827.200 Mobile Safari/537.36 (compatible; Googlebot/2.1; +http://www.google.com/bot.html)"
57.141.0.40 - - [01/Jul/2026:23:37:41 +0000] "GET /products/012879313122 HTTP/2" 404 155047 "-" "meta-externalagent/1.1 (+https://developers.facebook.com/docs/sharing/webmasters/crawler)"
57.141.0.62 - - [01/Jul/2026:23:38:06 +0000] "GET /products/014286626225 HTTP/2" 404 155047 "-" "meta-externalagent/1.1 (+https://developers.facebook.com/docs/sharing/webmasters/crawler)"
57.141.0.59 - - [01/Jul/2026:23:38:37 +0000] "GET /products/013961862314 HTTP/2" 404 155047 "-" "meta-externalagent/1.1 (+https://developers.facebook.com/docs/sharing/webmasters/crawler)"
57.141.0.62 - - [01/Jul/2026:23:38:53 +0000] "GET /products/013177525760 HTTP/2" 404 155047 "-" "meta-externalagent/1.1 (+https://developers.facebook.com/docs/sharing/webmasters/crawler)"
57.141.0.27 - - [01/Jul/2026:23:38:56 +0000] "GET /products/011468827891 HTTP/2" 404 155047 "-" "meta-externalagent/1.1 (+https://developers.facebook.com/docs/sharing/webmasters/crawler)"
40.77.167.57 - - [01/Jul/2026:23:39:22 +0000] "GET /products/448334731/ HTTP/2" 200 26181 "-" "Mozilla/5.0 AppleWebKit/537.36 (KHTML, like Gecko; compatible; bingbot/2.0; +http://www.bing.com/bingbot.htm) Chrome/116.0.1938.76 Safari/537.36"
40.77.167.57 - - [01/Jul/2026:23:39:25 +0000] "GET /products/96928958/ HTTP/2" 200 26316 "-" "Mozilla/5.0 AppleWebKit/537.36 (KHTML, like Gecko; compatible; bingbot/2.0; +http://www.bing.com/bingbot.htm) Chrome/116.0.1938.76 Safari/537.36"
66.249.73.14 - - [01/Jul/2026:23:39:26 +0000] "GET /products/132395206639 HTTP/1.1" 200 25457 "-" "Mozilla/5.0 (Linux; Android 6.0.1; Nexus 5X Build/MMB29P) AppleWebKit/537.36 (KHTML, like Gecko) Chrome/149.0.7827.200 Mobile Safari/537.36 (compatible; Googlebot/2.1; +http://www.google.com/bot.html)"
40.77.167.57 - - [01/Jul/2026:23:39:27 +0000] "GET /products/467540831/ HTTP/2" 200 25538 "-" "Mozilla/5.0 AppleWebKit/537.36 (KHTML, like Gecko; compatible; bingbot/2.0; +http://www.bing.com/bingbot.htm) Chrome/116.0.1938.76 Safari/537.36"
40.77.167.57 - - [01/Jul/2026:23:39:30 +0000] "GET /products/471405531/ HTTP/2" 200 26259 "-" "Mozilla/5.0 AppleWebKit/537.36 (KHTML, like Gecko; compatible; bingbot/2.0; +http://www.bing.com/bingbot.htm) Chrome/116.0.1938.76 Safari/537.36"
157.55.39.52 - - [01/Jul/2026:23:39:34 +0000] "GET /products/45343831/ HTTP/2" 200 26155 "-" "Mozilla/5.0 AppleWebKit/537.36 (KHTML, like Gecko; compatible; bingbot/2.0; +http://www.bing.com/bingbot.htm) Chrome/116.0.1938.76 Safari/537.36"
157.55.39.52 - - [01/Jul/2026:23:39:37 +0000] "GET /products/29540131/ HTTP/2" 200 26683 "-" "Mozilla/5.0 AppleWebKit/537.36 (KHTML, like Gecko; compatible; bingbot/2.0; +http://www.bing.com/bingbot.htm) Chrome/116.0.1938.76 Safari/537.36"
157.55.39.52 - - [01/Jul/2026:23:39:41 +0000] "GET /products/163645631/ HTTP/2" 200 25625 "-" "Mozilla/5.0 AppleWebKit/537.36 (KHTML, like Gecko; compatible; bingbot/2.0; +http://www.bing.com/bingbot.htm) Chrome/116.0.1938.76 Safari/537.36"
157.55.39.52 - - [01/Jul/2026:23:39:43 +0000] "GET /products/491788531/ HTTP/2" 200 26948 "-" "Mozilla/5.0 AppleWebKit/537.36 (KHTML, like Gecko; compatible; bingbot/2.0; +http://www.bing.com/bingbot.htm) Chrome/116.0.1938.76 Safari/537.36"
84.132.54.253 - - [01/Jul/2026:23:39:45 +0000] "GET /products/315847331/ HTTP/1.1" 301 0 "-" "Mozilla/5.0 (Macintosh; PPC Mac OS X 10_6_5 rv:5.0; eo-US) AppleWebKit/532.32.3 (KHTML, like Gecko) Version/4.1 Safari/532.32.3"
157.55.39.52 - - [01/Jul/2026:23:39:57 +0000] "GET /products/366137331/ HTTP/2" 200 26226 "-" "Mozilla/5.0 AppleWebKit/537.36 (KHTML, like Gecko; compatible; bingbot/2.0; +http://www.bing.com/bingbot.htm) Chrome/116.0.1938.76 Safari/537.36"
40.77.167.57 - - [01/Jul/2026:23:40:02 +0000] "GET /products/212222731/ HTTP/2" 200 26654 "-" "Mozilla/5.0 AppleWebKit/537.36 (KHTML, like Gecko; compatible; bingbot/2.0; +http://www.bing.com/bingbot.htm) Chrome/116.0.1938.76 Safari/537.36"
40.77.167.57 - - [01/Jul/2026:23:40:05 +0000] "GET /pages.php?products/5613375/ HTTP/2" 200 26941 "-" "Mozilla/5.0 AppleWebKit/537.36 (KHTML, like Gecko; compatible; bingbot/2.0; +http://www.bing.com/bingbot.htm) Chrome/116.0.1938.76 Safari/537.36"
40.77.167.57 - - [01/Jul/2026:23:40:09 +0000] "GET /products/264214431/ HTTP/2" 200 26055 "-" "Mozilla/5.0 AppleWebKit/537.36 (KHTML, like Gecko; compatible; bingbot/2.0; +http://www.bing.com/bingbot.htm) Chrome/116.0.1938.76 Safari/537.36"
40.77.167.57 - - [01/Jul/2026:23:40:11 +0000] "GET /products/252309531/ HTTP/2" 200 26930 "-" "Mozilla/5.0 AppleWebKit/537.36 (KHTML, like Gecko; compatible; bingbot/2.0; +http://www.bing.com/bingbot.htm) Chrome/116.0.1938.76 Safari/537.36"
40.77.167.57 - - [01/Jul/2026:23:40:14 +0000] "GET /products/262130331/ HTTP/2" 200 25827 "-" "Mozilla/5.0 AppleWebKit/537.36 (KHTML, like Gecko; compatible; bingbot/2.0; +http://www.bing.com/bingbot.htm) Chrome/116.0.1938.76 Safari/537.36"
40.77.167.57 - - [01/Jul/2026:23:40:17 +0000] "GET /products/441406131/ HTTP/2" 200 25368 "-" "Mozilla/5.0 AppleWebKit/537.36 (KHTML, like Gecko; compatible; bingbot/2.0; +http://www.bing.com/bingbot.htm) Chrome/116.0.1938.76 Safari/537.36"
66.249.74.33 - - [01/Jul/2026:23:39:08 +0000] "GET /products/322089541034 HTTP/1.1" 200 26460 "-" "Mozilla/5.0 (Linux; Android 6.0.1; Nexus 5X Build/MMB29P) AppleWebKit/537.36 (KHTML, like Gecko) Chrome/149.0.7827.200 Mobile Safari/537.36 (compatible; Googlebot/2.1; +http://www.google.com/bot.html)"
40.77.167.155 - - [01/Jul/2026:23:39:46 +0000] "GET /products/253323158/ HTTP/2" 200 25859 "-" "Mozilla/5.0 AppleWebKit/537.36 (KHTML, like Gecko; compatible; bingbot/2.0; +http://www.bing.com/bingbot.htm) Chrome/116.0.1938.76 Safari/537.36"
66.249.74.32 - - [01/Jul/2026:23:39:46 +0000] "GET /products/201407658/ HTTP/1.1" 200 25403 "-" "Mozilla/5.0 (Linux; Android 6.0.1; Nexus 5X Build/MMB29P) AppleWebKit/537.36 (KHTML, like Gecko) Chrome/149.0.7827.200 Mobile Safari/537.36 (compatible; Googlebot/2.1; +http://www.google.com/bot.html)"
40.77.167.155 - - [01/Jul/2026:23:39:51 +0000] "GET /products/494253831/ HTTP/2" 200 25405 "-" "Mozilla/5.0 AppleWebKit/537.36 (KHTML, like Gecko; compatible; bingbot/2.0; +http://www.bing.com/bingbot.htm) Chrome/116.0.1938.76 Safari/537.36"
130.180.238.97 - - [01/Jul/2026:23:39:52 +0000] "GET /products/315847331/ HTTP/1.1" 404 33744 "-" "Mozilla/5.0 (iPhone; CPU iPhone OS 5_1_1 like Mac OS X) AppleWebKit/533.1 (KHTML, like Gecko) FxiOS/12.8g3234.0 Mobile/85U517 Safari/533.1"
40.77.167.155 - - [01/Jul/2026:23:39:53 +0000] "GET /products/379540831/ HTTP/2" 200 25649 "-" "Mozilla/5.0 AppleWebKit/537.36 (KHTML, like Gecko; compatible; bingbot/2.0; +http://www.bing.com/bingbot.htm) Chrome/116.0.1938.76 Safari/537.36"
66.249.74.32 - - [01/Jul/2026:23:41:22 +0000] "GET /products/154179603082 HTTP/1.1" 200 25496 "-" "Mozilla/5.0 (Linux; Android 6.0.1; Nexus 5X Build/MMB29P) AppleWebKit/537.36 (KHTML, like Gecko) Chrome/149.0.7827.200 Mobile Safari/537.36 (compatible; Googlebot/2.1; +http://www.google.com/bot.html)"
40.77.167.155 - - [01/Jul/2026:23:41:38 +0000] "GET /products/13535058/ HTTP/2" 200 25664 "-" "Mozilla/5.0 AppleWebKit/537.36 (KHTML, like Gecko; compatible; bingbot/2.0; +http://www.bing.com/bingbot.htm) Chrome/116.0.1938.76 Safari/537.36"
52.167.144.179 - - [01/Jul/2026:23:42:31 +0000] "GET /products/225895331/ HTTP/2" 200 25772 "-" "Mozilla/5.0 AppleWebKit/537.36 (KHTML, like Gecko; compatible; bingbot/2.0; +http://www.bing.com/bingbot.htm) Chrome/116.0.1938.76 Safari/537.36"
157.55.39.52 - - [01/Jul/2026:23:42:45 +0000] "GET /products/246711931/ HTTP/2" 200 25400 "-" "Mozilla/5.0 AppleWebKit/537.36 (KHTML, like Gecko; compatible; bingbot/2.0; +http://www.bing.com/bingbot.htm) Chrome/116.0.1938.76 Safari/537.36"
57.141.0.43 - - [01/Jul/2026:23:42:45 +0000] "GET /products/011040152436 HTTP/2" 404 155047 "-" "meta-externalagent/1.1 (+https://developers.facebook.com/docs/sharing/webmasters/crawler)"
40.77.167.155 - - [01/Jul/2026:23:42:50 +0000] "GET /pages.php?products/1770442/ HTTP/2" 200 25806 "-" "Mozilla/5.0 AppleWebKit/537.36 (KHTML, like Gecko; compatible; bingbot/2.0; +http://www.bing.com/bingbot.htm) Chrome/116.0.1938.76 Safari/537.36"
40.77.167.155 - - [01/Jul/2026:23:42:53 +0000] "GET /products/442531231/ HTTP/2" 200 26927 "-" "Mozilla/5.0 AppleWebKit/537.36 (KHTML, like Gecko; compatible; bingbot/2.0; +http://www.bing.com/bingbot.htm) Chrome/116.0.1938.76 Safari/537.36"
40.77.167.155 - - [01/Jul/2026:23:42:55 +0000] "GET /products/417972031/ HTTP/2" 200 26143 "-" "Mozilla/5.0 AppleWebKit/537.36 (KHTML, like Gecko; compatible; bingbot/2.0; +http://www.bing.com/bingbot.htm) Chrome/116.0.1938.76 Safari/537.36"
40.77.167.155 - - [01/Jul/2026:23:42:58 +0000] "GET /products/375535531/ HTTP/2" 200 26063 "-" "Mozilla/5.0 AppleWebKit/537.36 (KHTML, like Gecko; compatible; bingbot/2.0; +http://www.bing.com/bingbot.htm) Chrome/116.0.1938.76 Safari/537.36"
