34.72.176.129 - - [01/Jul/2026:21:35:50 +0000] "GET /wp-content/plugins/woocommerce/assets/js/sourcebuster/sourcebuster.min.js?ver=10.9.1 HTTP/2" 200 4609 "http://rearbear.com/" "Mozilla/5.0 (X11; Linux x86_64) AppleWebKit/537.36 (KHTML, like Gecko) Chrome/125.0.0.0 Safari/537.36"
34.72.176.129 - - [01/Jul/2026:21:35:50 +0000] "GET /wp-content/plugins/elementor/assets/js/frontend-modules.min.js?ver=4.1.4 HTTP/2" 200 15445 "http://rearbear.com/" "Mozilla/5.0 (X11; Linux x86_64) AppleWebKit/537.36 (KHTML, like Gecko) Chrome/125.0.0.0 Safari/537.36"
34.72.176.129 - - [01/Jul/2026:21:35:50 +0000] "GET /wp-content/plugins/elementor/assets/js/frontend.min.js?ver=4.1.4 HTTP/2" 200 10124 "http://rearbear.com/" "Mozilla/5.0 (X11; Linux x86_64) AppleWebKit/537.36 (KHTML, like Gecko) Chrome/125.0.0.0 Safari/537.36"
34.72.176.129 - - [01/Jul/2026:21:35:50 +0000] "GET /wp-includes/js/jquery/ui/core.min.js?ver=1.13.3 HTTP/2" 200 6812 "http://rearbear.com/" "Mozilla/5.0 (X11; Linux x86_64) AppleWebKit/537.36 (KHTML, like Gecko) Chrome/125.0.0.0 Safari/537.36"
34.72.176.129 - - [01/Jul/2026:21:35:50 +0000] "GET /wp-content/plugins/woovina-elementor-widgets/assets/js/wew-frontend.min.js?ver=3.0.0 HTTP/2" 200 8610 "http://rearbear.com/" "Mozilla/5.0 (X11; Linux x86_64) AppleWebKit/537.36 (KHTML, like Gecko) Chrome/125.0.0.0 Safari/537.36"
34.72.176.129 - - [01/Jul/2026:21:35:50 +0000] "GET /wp-content/plugins/woocommerce/assets/js/flexslider/jquery.flexslider.min.js?ver=2.7.2-wc.10.9.1 HTTP/2" 200 6017 "http://rearbear.com/" "Mozilla/5.0 (X11; Linux x86_64) AppleWebKit/537.36 (KHTML, like Gecko) Chrome/125.0.0.0 Safari/537.36"
34.72.176.129 - - [01/Jul/2026:21:35:50 +0000] "GET /wp-content/themes/woovina/assets/js/main.min.js?ver=2.3 HTTP/2" 200 32152 "http://rearbear.com/" "Mozilla/5.0 (X11; Linux x86_64) AppleWebKit/537.36 (KHTML, like Gecko) Chrome/125.0.0.0 Safari/537.36"
34.72.176.129 - - [01/Jul/2026:21:35:50 +0000] "GET /wp-content/plugins/elementor/assets/lib/swiper/v8/swiper.min.js?ver=8.4.5 HTTP/2" 200 38152 "http://rearbear.com/" "Mozilla/5.0 (X11; Linux x86_64) AppleWebKit/537.36 (KHTML, like Gecko) Chrome/125.0.0.0 Safari/537.36"
34.72.176.129 - - [01/Jul/2026:21:35:50 +0000] "GET /wp-content/plugins/woocommerce/assets/js/selectWoo/selectWoo.full.min.js?ver=1.0.9-wc.10.9.1 HTTP/2" 200 20246 "http://rearbear.com/" "Mozilla/5.0 (X11; Linux x86_64) AppleWebKit/537.36 (KHTML, like Gecko) Chrome/125.0.0.0 Safari/537.36"
34.72.176.129 - - [01/Jul/2026:21:35:50 +0000] "GET /wp-content/themes/houseware/assets/images/down-arrow-black.png HTTP/2" 200 816 "https://rearbear.com/wp-content/themes/houseware/assets/css/houseware-01.css?ver=7.0" "Mozilla/5.0 (X11; Linux x86_64) AppleWebKit/537.36 (KHTML, like Gecko) Chrome/125.0.0.0 Safari/537.36"
34.72.176.129 - - [01/Jul/2026:21:35:50 +0000] "GET /wp-content/uploads/2021/02/profile-15-250x200.jpg HTTP/2" 200 23861 "http://rearbear.com/" "Mozilla/5.0 (X11; Linux x86_64) AppleWebKit/537.36 (KHTML, like Gecko) Chrome/125.0.0.0 Safari/537.36"
34.72.176.129 - - [01/Jul/2026:21:35:50 +0000] "GET /wp-content/uploads/2021/02/profile-14-250x200.jpg HTTP/2" 200 22761 "http://rearbear.com/" "Mozilla/5.0 (X11; Linux x86_64) AppleWebKit/537.36 (KHTML, like Gecko) Chrome/125.0.0.0 Safari/537.36"
34.72.176.129 - - [01/Jul/2026:21:35:50 +0000] "GET /wp-content/uploads/2021/02/profile-13-250x200.jpg HTTP/2" 200 16333 "http://rearbear.com/" "Mozilla/5.0 (X11; Linux x86_64) AppleWebKit/537.36 (KHTML, like Gecko) Chrome/125.0.0.0 Safari/537.36"
34.72.176.129 - - [01/Jul/2026:21:35:50 +0000] "GET /wp-content/uploads/2021/02/profile-11-250x200.jpg HTTP/2" 200 14941 "http://rearbear.com/" "Mozilla/5.0 (X11; Linux x86_64) AppleWebKit/537.36 (KHTML, like Gecko) Chrome/125.0.0.0 Safari/537.36"
34.72.176.129 - - [01/Jul/2026:21:35:50 +0000] "GET /wp-content/uploads/2021/01/vbfbfhg-250x200.jpg HTTP/2" 200 16620 "http://rearbear.com/" "Mozilla/5.0 (X11; Linux x86_64) AppleWebKit/537.36 (KHTML, like Gecko) Chrome/125.0.0.0 Safari/537.36"
34.72.176.129 - - [01/Jul/2026:21:35:50 +0000] "GET /wp-content/uploads/2021/01/61Vkn2yWCuL._UL1500_-250x200.jpg HTTP/2" 200 14708 "http://rearbear.com/" "Mozilla/5.0 (X11; Linux x86_64) AppleWebKit/537.36 (KHTML, like Gecko) Chrome/125.0.0.0 Safari/537.36"
34.72.176.129 - - [01/Jul/2026:21:35:50 +0000] "GET /wp-content/uploads/2021/01/11007-profile-250x200.jpg HTTP/2" 200 15796 "http://rearbear.com/" "Mozilla/5.0 (X11; Linux x86_64) AppleWebKit/537.36 (KHTML, like Gecko) Chrome/125.0.0.0 Safari/537.36"
34.72.176.129 - - [01/Jul/2026:21:35:50 +0000] "GET /wp-content/uploads/2021/01/profile-11002-250x200.jpg HTTP/2" 200 16721 "http://rearbear.com/" "Mozilla/5.0 (X11; Linux x86_64) AppleWebKit/537.36 (KHTML, like Gecko) Chrome/125.0.0.0 Safari/537.36"
34.72.176.129 - - [01/Jul/2026:21:35:50 +0000] "GET /wp-content/uploads/2021/01/61aGBS9jYVL._UL1500_-1-250x200.jpg HTTP/2" 200 15401 "http://rearbear.com/" "Mozilla/5.0 (X11; Linux x86_64) AppleWebKit/537.36 (KHTML, like Gecko) Chrome/125.0.0.0 Safari/537.36"
34.72.176.129 - - [01/Jul/2026:21:35:50 +0000] "GET /wp-content/uploads/2021/01/418EH7YJkML-250x200.jpg HTTP/2" 200 6708 "http://rearbear.com/" "Mozilla/5.0 (X11; Linux x86_64) AppleWebKit/537.36 (KHTML, like Gecko) Chrome/125.0.0.0 Safari/537.36"
34.123.170.104 - - [01/Jul/2026:21:35:50 +0000] "GET /wp-content/themes/woovina/assets/fonts/simple-line-icons/Simple-Line-Icons.woff2?v=2.4.0 HTTP/2" 200 30064 "https://rearbear.com/wp-content/themes/woovina/assets/css/third/simple-line-icons.min.css?ver=2.4.0" "Mozilla/5.0 (X11; Linux x86_64) AppleWebKit/537.36 (KHTML, like Gecko) Chrome/125.0.0.0 Safari/537.36"
34.123.170.104 - - [01/Jul/2026:21:35:50 +0000] "GET /wp-content/plugins/elementor/assets/lib/font-awesome/webfonts/fa-brands-400.woff2 HTTP/2" 200 81612 "https://rearbear.com/wp-content/plugins/elementor/assets/lib/font-awesome/css/all.min.css?ver=4.1.4" "Mozilla/5.0 (X11; Linux x86_64) AppleWebKit/537.36 (KHTML, like Gecko) Chrome/125.0.0.0 Safari/537.36"
34.123.170.104 - - [01/Jul/2026:21:35:50 +0000] "GET /wp-content/themes/houseware/assets/font/fontello.woff2?44223191 HTTP/2" 200 100012 "https://rearbear.com/wp-content/themes/houseware/assets/css/fontello.css?ver=7.0" "Mozilla/5.0 (X11; Linux x86_64) AppleWebKit/537.36 (KHTML, like Gecko) Chrome/125.0.0.0 Safari/537.36"
34.123.170.104 - - [01/Jul/2026:21:35:50 +0000] "GET /wp-content/plugins/woovina-elementor-widgets/assets/css/eicons-bc/fonts/eicons-bc.woff2?1.0.0 HTTP/2" 200 4052 "https://rearbear.com/wp-content/plugins/woovina-elementor-widgets/assets/css/eicons-bc/style.min.css?ver=7.0" "Mozilla/5.0 (X11; Linux x86_64) AppleWebKit/537.36 (KHTML, like Gecko) Chrome/125.0.0.0 Safari/537.36"
34.123.170.104 - - [01/Jul/2026:21:35:50 +0000] "GET /wp-content/plugins/elementor/assets/lib/eicons/fonts/eicons.woff2?5.50.0 HTTP/2" 200 106500 "https://rearbear.com/wp-content/plugins/elementor/assets/lib/eicons/css/elementor-icons.min.css?ver=5.50.0" "Mozilla/5.0 (X11; Linux x86_64) AppleWebKit/537.36 (KHTML, like Gecko) Chrome/125.0.0.0 Safari/537.36"
34.123.170.104 - - [01/Jul/2026:21:35:50 +0000] "GET /wp-content/themes/houseware/assets/font/fontello.woff?44223191 HTTP/2" 200 124980 "https://rearbear.com/wp-content/themes/houseware/assets/css/fontello.css?ver=7.0" "Mozilla/5.0 (X11; Linux x86_64) AppleWebKit/537.36 (KHTML, like Gecko) Chrome/125.0.0.0 Safari/537.36"
34.123.170.104 - - [01/Jul/2026:21:35:50 +0000] "GET /wp-content/themes/woovina/assets/fonts/simple-line-icons/Simple-Line-Icons.ttf?v=2.4.0 HTTP/2" 200 35849 "https://rearbear.com/wp-content/themes/woovina/assets/css/third/simple-line-icons.min.css?ver=2.4.0" "Mozilla/5.0 (X11; Linux x86_64) AppleWebKit/537.36 (KHTML, like Gecko) Chrome/125.0.0.0 Safari/537.36"
34.123.170.104 - - [01/Jul/2026:21:35:50 +0000] "GET /wp-content/plugins/elementor/assets/lib/font-awesome/webfonts/fa-brands-400.woff HTTP/2" 200 97804 "https://rearbear.com/wp-content/plugins/elementor/assets/lib/font-awesome/css/all.min.css?ver=4.1.4" "Mozilla/5.0 (X11; Linux x86_64) AppleWebKit/537.36 (KHTML, like Gecko) Chrome/125.0.0.0 Safari/537.36"
34.123.170.104 - - [01/Jul/2026:21:35:50 +0000] "GET /wp-content/plugins/elementor/assets/lib/eicons/fonts/eicons.woff?5.50.0 HTTP/2" 200 131128 "https://rearbear.com/wp-content/plugins/elementor/assets/lib/eicons/css/elementor-icons.min.css?ver=5.50.0" "Mozilla/5.0 (X11; Linux x86_64) AppleWebKit/537.36 (KHTML, like Gecko) Chrome/125.0.0.0 Safari/537.36"
34.123.170.104 - - [01/Jul/2026:21:35:50 +0000] "GET /wp-content/plugins/woovina-elementor-widgets/assets/css/eicons-bc/fonts/eicons-bc.woff?1.0.0 HTTP/2" 200 4744 "https://rearbear.com/wp-content/plugins/woovina-elementor-widgets/assets/css/eicons-bc/style.min.css?ver=7.0" "Mozilla/5.0 (X11; Linux x86_64) AppleWebKit/537.36 (KHTML, like Gecko) Chrome/125.0.0.0 Safari/537.36"
34.123.170.104 - - [01/Jul/2026:21:35:50 +0000] "GET /wp-content/themes/houseware/assets/font/fontello.ttf?44223191 HTTP/2" 200 122193 "https://rearbear.com/wp-content/themes/houseware/assets/css/fontello.css?ver=7.0" "Mozilla/5.0 (X11; Linux x86_64) AppleWebKit/537.36 (KHTML, like Gecko) Chrome/125.0.0.0 Safari/537.36"
34.123.170.104 - - [01/Jul/2026:21:35:50 +0000] "GET /wp-content/themes/woovina/assets/fonts/simple-line-icons/Simple-Line-Icons.woff?v=2.4.0 HTTP/2" 200 81332 "https://rearbear.com/wp-content/themes/woovina/assets/css/third/simple-line-icons.min.css?ver=2.4.0" "Mozilla/5.0 (X11; Linux x86_64) AppleWebKit/537.36 (KHTML, like Gecko) Chrome/125.0.0.0 Safari/537.36"
34.123.170.104 - - [01/Jul/2026:21:35:50 +0000] "GET /wp-content/plugins/elementor/assets/lib/font-awesome/webfonts/fa-brands-400.ttf HTTP/2" 200 95714 "https://rearbear.com/wp-content/plugins/elementor/assets/lib/font-awesome/css/all.min.css?ver=4.1.4" "Mozilla/5.0 (X11; Linux x86_64) AppleWebKit/537.36 (KHTML, like Gecko) Chrome/125.0.0.0 Safari/537.36"
34.123.170.104 - - [01/Jul/2026:21:35:50 +0000] "GET /wp-content/plugins/elementor/assets/lib/eicons/fonts/eicons.ttf?5.50.0 HTTP/2" 200 127489 "https://rearbear.com/wp-content/plugins/elementor/assets/lib/eicons/css/elementor-icons.min.css?ver=5.50.0" "Mozilla/5.0 (X11; Linux x86_64) AppleWebKit/537.36 (KHTML, like Gecko) Chrome/125.0.0.0 Safari/537.36"
34.123.170.104 - - [01/Jul/2026:21:35:50 +0000] "GET /wp-content/plugins/woovina-elementor-widgets/assets/css/eicons-bc/fonts/eicons-bc.ttf?1.0.0 HTTP/2" 200 4439 "https://rearbear.com/wp-content/plugins/woovina-elementor-widgets/assets/css/eicons-bc/style.min.css?ver=7.0" "Mozilla/5.0 (X11; Linux x86_64) AppleWebKit/537.36 (KHTML, like Gecko) Chrome/125.0.0.0 Safari/537.36"
34.123.170.104 - - [01/Jul/2026:21:35:50 +0000] "GET /wp-content/themes/woovina/assets/fonts/fontawesome/webfonts/fa-brands-400.woff2 HTTP/2" 200 78460 "https://rearbear.com/wp-content/themes/woovina/assets/fonts/fontawesome/css/all.min.css?ver=5.15.1" "Mozilla/5.0 (X11; Linux x86_64) AppleWebKit/537.36 (KHTML, like Gecko) Chrome/125.0.0.0 Safari/537.36"
34.72.176.129 - - [01/Jul/2026:21:35:50 +0000] "GET /wp-content/plugins/elementor/assets/js/section-frontend-handlers.d85ab872da118940910d.bundle.min.js HTTP/2" 200 229 "http://rearbear.com/" "Mozilla/5.0 (X11; Linux x86_64) AppleWebKit/537.36 (KHTML, like Gecko) Chrome/125.0.0.0 Safari/537.36"
34.72.176.129 - - [01/Jul/2026:21:35:50 +0000] "GET /wp-content/plugins/elementor/assets/js/shared-frontend-handlers.03caa53373b56d3bab67.bundle.min.js HTTP/2" 200 2511 "http://rearbear.com/" "Mozilla/5.0 (X11; Linux x86_64) AppleWebKit/537.36 (KHTML, like Gecko) Chrome/125.0.0.0 Safari/537.36"
34.72.176.129 - - [01/Jul/2026:21:35:50 +0000] "GET /wp-content/plugins/elementor/assets/js/image-carousel.6167d20b95b33386757b.bundle.min.js HTTP/2" 200 229 "http://rearbear.com/" "Mozilla/5.0 (X11; Linux x86_64) AppleWebKit/537.36 (KHTML, like Gecko) Chrome/125.0.0.0 Safari/537.36"
34.72.176.129 - - [01/Jul/2026:21:35:50 +0000] "GET /wp-content/uploads/2018/12/hot-deal-bg.jpg HTTP/2" 200 89162 "https://rearbear.com/wp-content/uploads/elementor/css/post-1803.css?ver=1782784314" "Mozilla/5.0 (X11; Linux x86_64) AppleWebKit/537.36 (KHTML, like Gecko) Chrome/125.0.0.0 Safari/537.36"
34.72.176.129 - - [01/Jul/2026:21:35:50 +0000] "GET /wp-content/plugins/elementor/assets/js/text-editor.45609661e409413f1cef.bundle.min.js HTTP/2" 200 592 "http://rearbear.com/" "Mozilla/5.0 (X11; Linux x86_64) AppleWebKit/537.36 (KHTML, like Gecko) Chrome/125.0.0.0 Safari/537.36"
34.123.170.104 - - [01/Jul/2026:21:35:51 +0000] "GET /wp-content/themes/woovina/assets/fonts/fontawesome/webfonts/fa-brands-400.woff HTTP/2" 200 92136 "https://rearbear.com/wp-content/themes/woovina/assets/fonts/fontawesome/css/all.min.css?ver=5.15.1" "Mozilla/5.0 (X11; Linux x86_64) AppleWebKit/537.36 (KHTML, like Gecko) Chrome/125.0.0.0 Safari/537.36"
34.72.176.129 - - [01/Jul/2026:21:35:51 +0000] "GET /wp-includes/js/wp-emoji-release.min.js?ver=7.0 HTTP/2" 200 4949 "http://rearbear.com/" "Mozilla/5.0 (X11; Linux x86_64) AppleWebKit/537.36 (KHTML, like Gecko) Chrome/125.0.0.0 Safari/537.36"
34.123.170.104 - - [01/Jul/2026:21:35:51 +0000] "GET /wp-content/themes/woovina/assets/fonts/fontawesome/webfonts/fa-brands-400.ttf HTTP/2" 200 90888 "https://rearbear.com/wp-content/themes/woovina/assets/fonts/fontawesome/css/all.min.css?ver=5.15.1" "Mozilla/5.0 (X11; Linux x86_64) AppleWebKit/537.36 (KHTML, like Gecko) Chrome/125.0.0.0 Safari/537.36"
34.123.170.104 - - [01/Jul/2026:21:35:50 +0000] "POST /wp-admin/admin-ajax.php HTTP/2" 200 172 "http://rearbear.com/" "Mozilla/5.0 (X11; Linux x86_64) AppleWebKit/537.36 (KHTML, like Gecko) Chrome/125.0.0.0 Safari/537.36"
34.123.170.104 - - [01/Jul/2026:21:35:54 +0000] "OPTIONS /wp-json/metaalpha-macroalter-eb65f86b68ae/v1/5d3ad32a4eb1 HTTP/2" 200 159 "http://rearbear.com/" "Mozilla/5.0 (X11; Linux x86_64) AppleWebKit/537.36 (KHTML, like Gecko) Chrome/125.0.0.0 Safari/537.36"
34.123.170.104 - - [01/Jul/2026:21:35:58 +0000] "POST /wp-json/metaalpha-macroalter-eb65f86b68ae/v1/5d3ad32a4eb1 HTTP/2" 400 41 "http://rearbear.com/" "Mozilla/5.0 (X11; Linux x86_64) AppleWebKit/537.36 (KHTML, like Gecko) Chrome/125.0.0.0 Safari/537.36"
38.49.216.231 - - [01/Jul/2026:21:35:53 +0000] "POST /wp-admin/admin-ajax.php?action=as_async_request_queue_runner&nonce=87f0a7c25b HTTP/1.1" 200 0 "-" "WordPress/7.0; https://rearbear.com"
34.123.170.104 - - [01/Jul/2026:21:36:00 +0000] "OPTIONS /wp-json/metaalpha-macroalter-eb65f86b68ae/v1/5d3ad32a4eb1 HTTP/2" 200 159 "http://rearbear.com/" "Mozilla/5.0 (X11; Linux x86_64) AppleWebKit/537.36 (KHTML, like Gecko) Chrome/125.0.0.0 Safari/537.36"
34.123.170.104 - - [01/Jul/2026:21:36:01 +0000] "POST /wp-json/metaalpha-macroalter-eb65f86b68ae/v1/5d3ad32a4eb1 HTTP/2" 400 41 "http://rearbear.com/" "Mozilla/5.0 (X11; Linux x86_64) AppleWebKit/537.36 (KHTML, like Gecko) Chrome/125.0.0.0 Safari/537.36"
34.123.170.104 - - [01/Jul/2026:21:36:03 +0000] "GET /wp-content/plugins/elementor/assets/lib/font-awesome/webfonts/fa-solid-900.woff2 HTTP/2" 200 78196 "https://rearbear.com/wp-content/plugins/elementor/assets/lib/font-awesome/css/all.min.css?ver=4.1.4" "Mozilla/5.0 (X11; Linux x86_64) AppleWebKit/537.36 (KHTML, like Gecko) Chrome/125.0.0.0 Safari/537.36"
34.123.170.104 - - [01/Jul/2026:21:36:03 +0000] "GET /wp-content/plugins/elementor/assets/lib/font-awesome/webfonts/fa-solid-900.woff HTTP/2" 200 101652 "https://rearbear.com/wp-content/plugins/elementor/assets/lib/font-awesome/css/all.min.css?ver=4.1.4" "Mozilla/5.0 (X11; Linux x86_64) AppleWebKit/537.36 (KHTML, like Gecko) Chrome/125.0.0.0 Safari/537.36"
34.123.170.104 - - [01/Jul/2026:21:36:03 +0000] "GET /wp-content/plugins/elementor/assets/lib/font-awesome/webfonts/fa-solid-900.ttf HTTP/2" 200 99067 "https://rearbear.com/wp-content/plugins/elementor/assets/lib/font-awesome/css/all.min.css?ver=4.1.4" "Mozilla/5.0 (X11; Linux x86_64) AppleWebKit/537.36 (KHTML, like Gecko) Chrome/125.0.0.0 Safari/537.36"
34.123.170.104 - - [01/Jul/2026:21:36:03 +0000] "GET /wp-content/themes/woovina/assets/fonts/fontawesome/webfonts/fa-solid-900.woff2 HTTP/2" 200 80300 "https://rearbear.com/wp-content/themes/woovina/assets/fonts/fontawesome/css/all.min.css?ver=5.15.1" "Mozilla/5.0 (X11; Linux x86_64) AppleWebKit/537.36 (KHTML, like Gecko) Chrome/125.0.0.0 Safari/537.36"
34.123.170.104 - - [01/Jul/2026:21:36:03 +0000] "GET /wp-content/themes/woovina/assets/fonts/fontawesome/webfonts/fa-solid-900.woff HTTP/2" 200 104280 "https://rearbear.com/wp-content/themes/woovina/assets/fonts/fontawesome/css/all.min.css?ver=5.15.1" "Mozilla/5.0 (X11; Linux x86_64) AppleWebKit/537.36 (KHTML, like Gecko) Chrome/125.0.0.0 Safari/537.36"
34.123.170.104 - - [01/Jul/2026:21:36:03 +0000] "GET /wp-content/themes/woovina/assets/fonts/fontawesome/webfonts/fa-solid-900.ttf HTTP/2" 200 101460 "https://rearbear.com/wp-content/themes/woovina/assets/fonts/fontawesome/css/all.min.css?ver=5.15.1" "Mozilla/5.0 (X11; Linux x86_64) AppleWebKit/537.36 (KHTML, like Gecko) Chrome/125.0.0.0 Safari/537.36"
34.123.170.104 - - [01/Jul/2026:21:36:04 +0000] "OPTIONS /wp-json/metaalpha-macroalter-eb65f86b68ae/v1/5d3ad32a4eb1 HTTP/2" 200 159 "http://rearbear.com/" "Mozilla/5.0 (X11; Linux x86_64) AppleWebKit/537.36 (KHTML, like Gecko) Chrome/125.0.0.0 Safari/537.36"
34.123.170.104 - - [01/Jul/2026:21:36:05 +0000] "POST /wp-json/metaalpha-macroalter-eb65f86b68ae/v1/5d3ad32a4eb1 HTTP/2" 400 41 "http://rearbear.com/" "Mozilla/5.0 (X11; Linux x86_64) AppleWebKit/537.36 (KHTML, like Gecko) Chrome/125.0.0.0 Safari/537.36"
34.123.170.104 - - [01/Jul/2026:21:36:11 +0000] "OPTIONS /wp-json/metaalpha-macroalter-eb65f86b68ae/v1/5d3ad32a4eb1 HTTP/2" 200 159 "http://rearbear.com/" "Mozilla/5.0 (X11; Linux x86_64) AppleWebKit/537.36 (KHTML, like Gecko) Chrome/125.0.0.0 Safari/537.36"
34.123.170.104 - - [01/Jul/2026:21:36:12 +0000] "POST /wp-json/metaalpha-macroalter-eb65f86b68ae/v1/5d3ad32a4eb1 HTTP/2" 400 41 "http://rearbear.com/" "Mozilla/5.0 (X11; Linux x86_64) AppleWebKit/537.36 (KHTML, like Gecko) Chrome/125.0.0.0 Safari/537.36"
216.73.217.139 - - [01/Jul/2026:21:36:25 +0000] "GET /sitemap.xml HTTP/2" 301 0 "-" "Mozilla/5.0 AppleWebKit/537.36 (KHTML, like Gecko; compatible; ClaudeBot/1.0; +claudebot@anthropic.com)"
66.249.74.43 - - [01/Jul/2026:21:35:50 +0000] "GET /products/352968331/ HTTP/1.1" 200 25763 "-" "Mozilla/5.0 (Linux; Android 6.0.1; Nexus 5X Build/MMB29P) AppleWebKit/537.36 (KHTML, like Gecko) Chrome/149.0.7827.200 Mobile Safari/537.36 (compatible; Googlebot/2.1; +http://www.google.com/bot.html)"
66.249.74.43 - - [01/Jul/2026:21:40:26 +0000] "GET /products/70355731/ HTTP/1.1" 200 25757 "-" "Mozilla/5.0 (Linux; Android 6.0.1; Nexus 5X Build/MMB29P) AppleWebKit/537.36 (KHTML, like Gecko) Chrome/149.0.7827.200 Mobile Safari/537.36 (compatible; Googlebot/2.1; +http://www.google.com/bot.html)"
66.249.74.33 - - [01/Jul/2026:21:41:05 +0000] "GET /products/128820331/ HTTP/1.1" 200 26021 "-" "Mozilla/5.0 (Linux; Android 6.0.1; Nexus 5X Build/MMB29P) AppleWebKit/537.36 (KHTML, like Gecko) Chrome/149.0.7827.200 Mobile Safari/537.36 (compatible; Googlebot/2.1; +http://www.google.com/bot.html)"
57.141.0.48 - - [01/Jul/2026:21:41:12 +0000] "GET /products/011620131083 HTTP/2" 404 155047 "-" "meta-externalagent/1.1 (+https://developers.facebook.com/docs/sharing/webmasters/crawler)"
52.167.144.210 - - [01/Jul/2026:21:41:35 +0000] "GET /pages.php?ctg/search/similarImageSearchResultView/?ctgItemCd=11864405 HTTP/2" 200 26180 "-" "Mozilla/5.0 AppleWebKit/537.36 (KHTML, like Gecko; compatible; bingbot/2.0; +http://www.bing.com/bingbot.htm) Chrome/116.0.1938.76 Safari/537.36"
66.249.74.43 - - [01/Jul/2026:21:41:57 +0000] "GET /products/943912562067 HTTP/1.1" 200 26458 "-" "Mozilla/5.0 (Linux; Android 6.0.1; Nexus 5X Build/MMB29P) AppleWebKit/537.36 (KHTML, like Gecko) Chrome/149.0.7827.200 Mobile Safari/537.36 (compatible; Googlebot/2.1; +http://www.google.com/bot.html)"
66.249.74.43 - - [01/Jul/2026:21:43:07 +0000] "GET /products/174260531/ HTTP/1.1" 200 25518 "-" "Mozilla/5.0 (Linux; Android 6.0.1; Nexus 5X Build/MMB29P) AppleWebKit/537.36 (KHTML, like Gecko) Chrome/149.0.7827.200 Mobile Safari/537.36 (compatible; Googlebot/2.1; +http://www.google.com/bot.html)"
52.167.144.210 - - [01/Jul/2026:21:43:18 +0000] "GET /products/417678331/ HTTP/2" 200 25364 "-" "Mozilla/5.0 AppleWebKit/537.36 (KHTML, like Gecko; compatible; bingbot/2.0; +http://www.bing.com/bingbot.htm) Chrome/116.0.1938.76 Safari/537.36"
52.167.144.210 - - [01/Jul/2026:21:43:21 +0000] "GET /products/273605131/ HTTP/2" 200 25603 "-" "Mozilla/5.0 AppleWebKit/537.36 (KHTML, like Gecko; compatible; bingbot/2.0; +http://www.bing.com/bingbot.htm) Chrome/116.0.1938.76 Safari/537.36"
52.167.144.210 - - [01/Jul/2026:21:43:24 +0000] "GET /products/306475131/ HTTP/2" 200 25794 "-" "Mozilla/5.0 AppleWebKit/537.36 (KHTML, like Gecko; compatible; bingbot/2.0; +http://www.bing.com/bingbot.htm) Chrome/116.0.1938.76 Safari/537.36"
52.167.144.143 - - [01/Jul/2026:21:43:27 +0000] "GET /products/399690931/ HTTP/2" 200 26165 "-" "Mozilla/5.0 AppleWebKit/537.36 (KHTML, like Gecko; compatible; bingbot/2.0; +http://www.bing.com/bingbot.htm) Chrome/116.0.1938.76 Safari/537.36"
52.167.144.143 - - [01/Jul/2026:21:43:31 +0000] "GET /products/204887658/ HTTP/2" 200 25982 "-" "Mozilla/5.0 AppleWebKit/537.36 (KHTML, like Gecko; compatible; bingbot/2.0; +http://www.bing.com/bingbot.htm) Chrome/116.0.1938.76 Safari/537.36"
52.167.144.143 - - [01/Jul/2026:21:43:33 +0000] "GET /products/110690031/ HTTP/2" 200 26401 "-" "Mozilla/5.0 AppleWebKit/537.36 (KHTML, like Gecko; compatible; bingbot/2.0; +http://www.bing.com/bingbot.htm) Chrome/116.0.1938.76 Safari/537.36"
52.167.144.143 - - [01/Jul/2026:21:43:36 +0000] "GET /products/236772058/ HTTP/2" 200 26946 "-" "Mozilla/5.0 AppleWebKit/537.36 (KHTML, like Gecko; compatible; bingbot/2.0; +http://www.bing.com/bingbot.htm) Chrome/116.0.1938.76 Safari/537.36"
52.167.144.143 - - [01/Jul/2026:21:43:39 +0000] "GET /pages.php?products/843631/ HTTP/2" 200 27062 "-" "Mozilla/5.0 AppleWebKit/537.36 (KHTML, like Gecko; compatible; bingbot/2.0; +http://www.bing.com/bingbot.htm) Chrome/116.0.1938.76 Safari/537.36"
216.73.217.139 - - [01/Jul/2026:21:36:25 +0000] "GET /wp-sitemap.xml HTTP/2" 200 295 "https://rearbear.com/sitemap.xml" "Mozilla/5.0 AppleWebKit/537.36 (KHTML, like Gecko; compatible; ClaudeBot/1.0; +claudebot@anthropic.com)"
54.39.6.218 - - [01/Jul/2026:21:36:29 +0000] "GET /wp-sitemap.xml HTTP/2" 200 12279 "-" "Mozilla/5.0 (compatible; AhrefsBot/7.0; +http://ahrefs.com/robot/)"
57.141.0.65 - - [01/Jul/2026:21:36:41 +0000] "GET /products/014172417506 HTTP/2" 404 155047 "-" "meta-externalagent/1.1 (+https://developers.facebook.com/docs/sharing/webmasters/crawler)"
57.141.0.39 - - [01/Jul/2026:21:37:09 +0000] "GET /products/01361989305 HTTP/2" 404 155047 "-" "meta-externalagent/1.1 (+https://developers.facebook.com/docs/sharing/webmasters/crawler)"
66.249.74.32 - - [01/Jul/2026:21:37:29 +0000] "GET /products/409679231/ HTTP/1.1" 200 26174 "-" "Mozilla/5.0 (Linux; Android 6.0.1; Nexus 5X Build/MMB29P) AppleWebKit/537.36 (KHTML, like Gecko) Chrome/149.0.7827.200 Mobile Safari/537.36 (compatible; Googlebot/2.1; +http://www.google.com/bot.html)"
66.249.74.43 - - [01/Jul/2026:21:38:20 +0000] "GET /products/443240270277 HTTP/1.1" 200 25698 "-" "Mozilla/5.0 (Linux; Android 6.0.1; Nexus 5X Build/MMB29P) AppleWebKit/537.36 (KHTML, like Gecko) Chrome/149.0.7827.200 Mobile Safari/537.36 (compatible; Googlebot/2.1; +http://www.google.com/bot.html)"
78.142.18.172 - - [01/Jul/2026:21:38:33 +0000] "GET /wp-login.php HTTP/2" 200 1975 "-" "Mozilla/5.0 (X11; Ubuntu; Linux x86_64) AppleWebKit/537.36 (KHTML, like Gecko) Chrome/133.0.0.0 Safari/537.36"
78.142.18.172 - - [01/Jul/2026:21:38:34 +0000] "POST /wp-login.php HTTP/2" 200 2151 "https://rearbear.com/wp-login.php" "Mozilla/5.0 (X11; Ubuntu; Linux x86_64) AppleWebKit/537.36 (KHTML, like Gecko) Chrome/133.0.0.0 Safari/537.36"
57.141.0.10 - - [01/Jul/2026:21:41:06 +0000] "GET /products/013581959095 HTTP/2" 404 155047 "-" "meta-externalagent/1.1 (+https://developers.facebook.com/docs/sharing/webmasters/crawler)"
66.249.73.13 - - [01/Jul/2026:21:41:55 +0000] "GET /products/45009558/ HTTP/1.1" 200 26270 "-" "Mozilla/5.0 (Linux; Android 6.0.1; Nexus 5X Build/MMB29P) AppleWebKit/537.36 (KHTML, like Gecko) Chrome/149.0.7827.200 Mobile Safari/537.36 (compatible; Googlebot/2.1; +http://www.google.com/bot.html)"
157.55.39.204 - - [01/Jul/2026:21:43:15 +0000] "GET /products/378344931/ HTTP/2" 200 26214 "-" "Mozilla/5.0 AppleWebKit/537.36 (KHTML, like Gecko; compatible; bingbot/2.0; +http://www.bing.com/bingbot.htm) Chrome/116.0.1938.76 Safari/537.36"
157.55.39.204 - - [01/Jul/2026:21:43:18 +0000] "GET /pages.php?products/3965975/ HTTP/2" 200 25600 "-" "Mozilla/5.0 AppleWebKit/537.36 (KHTML, like Gecko; compatible; bingbot/2.0; +http://www.bing.com/bingbot.htm) Chrome/116.0.1938.76 Safari/537.36"
57.141.0.46 - - [01/Jul/2026:21:43:43 +0000] "GET /products/012299755781 HTTP/2" 404 155047 "-" "meta-externalagent/1.1 (+https://developers.facebook.com/docs/sharing/webmasters/crawler)"
192.241.126.166 - - [01/Jul/2026:21:44:03 +0000] "GET /wp-login.php HTTP/2" 200 1975 "-" "Mozilla/5.0 (X11; Fedora; Linux x86_64) AppleWebKit/537.36 (KHTML, like Gecko) Chrome/133.0.0.0 Safari/537.36"
52.167.144.210 - - [01/Jul/2026:21:44:03 +0000] "GET /products/116767858/ HTTP/2" 200 26543 "-" "Mozilla/5.0 AppleWebKit/537.36 (KHTML, like Gecko; compatible; bingbot/2.0; +http://www.bing.com/bingbot.htm) Chrome/116.0.1938.76 Safari/537.36"
192.241.126.166 - - [01/Jul/2026:21:44:04 +0000] "POST /wp-login.php HTTP/2" 200 2154 "https://rearbear.com/wp-login.php" "Mozilla/5.0 (X11; Fedora; Linux x86_64) AppleWebKit/537.36 (KHTML, like Gecko) Chrome/133.0.0.0 Safari/537.36"
52.167.144.210 - - [01/Jul/2026:21:44:07 +0000] "GET /products/124679758/ HTTP/2" 200 26983 "-" "Mozilla/5.0 AppleWebKit/537.36 (KHTML, like Gecko; compatible; bingbot/2.0; +http://www.bing.com/bingbot.htm) Chrome/116.0.1938.76 Safari/537.36"
52.167.144.210 - - [01/Jul/2026:21:44:09 +0000] "GET /products/98021131/ HTTP/2" 200 25560 "-" "Mozilla/5.0 AppleWebKit/537.36 (KHTML, like Gecko; compatible; bingbot/2.0; +http://www.bing.com/bingbot.htm) Chrome/116.0.1938.76 Safari/537.36"
52.167.144.143 - - [01/Jul/2026:21:44:13 +0000] "GET /products/137101331/ HTTP/2" 200 25615 "-" "Mozilla/5.0 AppleWebKit/537.36 (KHTML, like Gecko; compatible; bingbot/2.0; +http://www.bing.com/bingbot.htm) Chrome/116.0.1938.76 Safari/537.36"
52.167.144.143 - - [01/Jul/2026:21:44:16 +0000] "GET /products/451206731/ HTTP/2" 200 27586 "-" "Mozilla/5.0 AppleWebKit/537.36 (KHTML, like Gecko; compatible; bingbot/2.0; +http://www.bing.com/bingbot.htm) Chrome/116.0.1938.76 Safari/537.36"
52.167.144.143 - - [01/Jul/2026:21:44:20 +0000] "GET /products/385882231/ HTTP/2" 200 25811 "-" "Mozilla/5.0 AppleWebKit/537.36 (KHTML, like Gecko; compatible; bingbot/2.0; +http://www.bing.com/bingbot.htm) Chrome/116.0.1938.76 Safari/537.36"
57.141.0.47 - - [01/Jul/2026:21:44:19 +0000] "GET /products/01985368427 HTTP/2" 404 155047 "-" "meta-externalagent/1.1 (+https://developers.facebook.com/docs/sharing/webmasters/crawler)"
52.167.144.143 - - [01/Jul/2026:21:44:22 +0000] "GET /products/316846331/ HTTP/2" 200 28305 "-" "Mozilla/5.0 AppleWebKit/537.36 (KHTML, like Gecko; compatible; bingbot/2.0; +http://www.bing.com/bingbot.htm) Chrome/116.0.1938.76 Safari/537.36"
52.167.144.143 - - [01/Jul/2026:21:44:25 +0000] "GET /products/466733731/ HTTP/2" 200 25344 "-" "Mozilla/5.0 AppleWebKit/537.36 (KHTML, like Gecko; compatible; bingbot/2.0; +http://www.bing.com/bingbot.htm) Chrome/116.0.1938.76 Safari/537.36"
162.246.153.68 - - [01/Jul/2026:21:45:13 +0000] "GET /products/132246158/ HTTP/2" 301 0 "-" "Mozilla/5.0 (Linux; Android 9; SM-S901B) AppleWebKit/537.36 (KHTML, like Gecko) Chrome/112.0.0.0 Mobile Safari/537.36"
52.167.144.143 - - [01/Jul/2026:21:45:31 +0000] "GET /products/207036131/ HTTP/2" 200 25978 "-" "Mozilla/5.0 AppleWebKit/537.36 (KHTML, like Gecko; compatible; bingbot/2.0; +http://www.bing.com/bingbot.htm) Chrome/116.0.1938.76 Safari/537.36"
66.249.74.33 - - [01/Jul/2026:21:45:32 +0000] "GET /products/501013031/ HTTP/1.1" 200 25491 "-" "Mozilla/5.0 (Linux; Android 6.0.1; Nexus 5X Build/MMB29P) AppleWebKit/537.36 (KHTML, like Gecko) Chrome/149.0.7827.200 Mobile Safari/537.36 (compatible; Googlebot/2.1; +http://www.google.com/bot.html)"
52.167.144.143 - - [01/Jul/2026:21:45:34 +0000] "GET /products/45154231/ HTTP/2" 200 26477 "-" "Mozilla/5.0 AppleWebKit/537.36 (KHTML, like Gecko; compatible; bingbot/2.0; +http://www.bing.com/bingbot.htm) Chrome/116.0.1938.76 Safari/537.36"
52.167.144.143 - - [01/Jul/2026:21:45:36 +0000] "GET /products/125655431/ HTTP/2" 200 25976 "-" "Mozilla/5.0 AppleWebKit/537.36 (KHTML, like Gecko; compatible; bingbot/2.0; +http://www.bing.com/bingbot.htm) Chrome/116.0.1938.76 Safari/537.36"
52.167.144.210 - - [01/Jul/2026:21:45:38 +0000] "GET /products/469725231/ HTTP/2" 200 26295 "-" "Mozilla/5.0 AppleWebKit/537.36 (KHTML, like Gecko; compatible; bingbot/2.0; +http://www.bing.com/bingbot.htm) Chrome/116.0.1938.76 Safari/537.36"
52.167.144.143 - - [01/Jul/2026:21:45:48 +0000] "GET /pages.php?products/2767175/ HTTP/2" 200 27234 "-" "Mozilla/5.0 AppleWebKit/537.36 (KHTML, like Gecko; compatible; bingbot/2.0; +http://www.bing.com/bingbot.htm) Chrome/116.0.1938.76 Safari/537.36"
52.167.144.143 - - [01/Jul/2026:21:45:52 +0000] "GET /products/20896731/ HTTP/2" 200 26616 "-" "Mozilla/5.0 AppleWebKit/537.36 (KHTML, like Gecko; compatible; bingbot/2.0; +http://www.bing.com/bingbot.htm) Chrome/116.0.1938.76 Safari/537.36"
52.167.144.143 - - [01/Jul/2026:21:45:54 +0000] "GET /products/326185831/ HTTP/2" 200 27132 "-" "Mozilla/5.0 AppleWebKit/537.36 (KHTML, like Gecko; compatible; bingbot/2.0; +http://www.bing.com/bingbot.htm) Chrome/116.0.1938.76 Safari/537.36"
157.55.39.204 - - [01/Jul/2026:21:43:45 +0000] "GET /products/429860231/ HTTP/2" 200 26145 "-" "Mozilla/5.0 AppleWebKit/537.36 (KHTML, like Gecko; compatible; bingbot/2.0; +http://www.bing.com/bingbot.htm) Chrome/116.0.1938.76 Safari/537.36"
157.55.39.204 - - [01/Jul/2026:21:43:49 +0000] "GET /products/225609331/ HTTP/2" 200 25996 "-" "Mozilla/5.0 AppleWebKit/537.36 (KHTML, like Gecko; compatible; bingbot/2.0; +http://www.bing.com/bingbot.htm) Chrome/116.0.1938.76 Safari/537.36"
157.55.39.204 - - [01/Jul/2026:21:43:52 +0000] "GET /products/348470831/ HTTP/2" 200 26297 "-" "Mozilla/5.0 AppleWebKit/537.36 (KHTML, like Gecko; compatible; bingbot/2.0; +http://www.bing.com/bingbot.htm) Chrome/116.0.1938.76 Safari/537.36"
157.55.39.204 - - [01/Jul/2026:21:43:54 +0000] "GET /products/313498931/ HTTP/2" 200 25816 "-" "Mozilla/5.0 AppleWebKit/537.36 (KHTML, like Gecko; compatible; bingbot/2.0; +http://www.bing.com/bingbot.htm) Chrome/116.0.1938.76 Safari/537.36"
157.55.39.204 - - [01/Jul/2026:21:43:57 +0000] "GET /products/33535458/ HTTP/2" 200 26074 "-" "Mozilla/5.0 AppleWebKit/537.36 (KHTML, like Gecko; compatible; bingbot/2.0; +http://www.bing.com/bingbot.htm) Chrome/116.0.1938.76 Safari/537.36"
157.55.39.204 - - [01/Jul/2026:21:43:59 +0000] "GET /products/258930531/ HTTP/2" 200 26063 "-" "Mozilla/5.0 AppleWebKit/537.36 (KHTML, like Gecko; compatible; bingbot/2.0; +http://www.bing.com/bingbot.htm) Chrome/116.0.1938.76 Safari/537.36"
157.55.39.204 - - [01/Jul/2026:21:44:02 +0000] "GET /products/434354431/ HTTP/2" 200 26091 "-" "Mozilla/5.0 AppleWebKit/537.36 (KHTML, like Gecko; compatible; bingbot/2.0; +http://www.bing.com/bingbot.htm) Chrome/116.0.1938.76 Safari/537.36"
162.246.153.68 - - [01/Jul/2026:21:45:18 +0000] "GET /products/132246158/ HTTP/2" 404 33744 "https://www.rearbear.com/products/132246158/" "Mozilla/5.0 (Linux; Android 9; SM-S901B) AppleWebKit/537.36 (KHTML, like Gecko) Chrome/112.0.0.0 Mobile Safari/537.36"
91.216.138.130 - - [01/Jul/2026:21:45:25 +0000] "POST /wp-admin/admin-ajax.php HTTP/2" 200 0 "https://www.rearbear.com/" "Mozilla/5.0 (compatible; Bytespider; spider-feedback@bytedance.com) AppleWebKit/537.36 (KHTML, like Gecko) Chrome/70.0.0.0 Safari/537.36"
157.55.39.204 - - [01/Jul/2026:21:45:27 +0000] "GET /products/411377131/ HTTP/2" 200 31526 "-" "Mozilla/5.0 AppleWebKit/537.36 (KHTML, like Gecko; compatible; bingbot/2.0; +http://www.bing.com/bingbot.htm) Chrome/116.0.1938.76 Safari/537.36"
157.55.39.204 - - [01/Jul/2026:21:45:30 +0000] "GET /products/357674131/ HTTP/2" 200 26331 "-" "Mozilla/5.0 AppleWebKit/537.36 (KHTML, like Gecko; compatible; bingbot/2.0; +http://www.bing.com/bingbot.htm) Chrome/116.0.1938.76 Safari/537.36"
157.55.39.204 - - [01/Jul/2026:21:45:42 +0000] "GET /products/397556831/ HTTP/2" 200 26363 "-" "Mozilla/5.0 AppleWebKit/537.36 (KHTML, like Gecko; compatible; bingbot/2.0; +http://www.bing.com/bingbot.htm) Chrome/116.0.1938.76 Safari/537.36"
157.55.39.204 - - [01/Jul/2026:21:45:47 +0000] "GET /products/330374531/ HTTP/2" 200 27094 "-" "Mozilla/5.0 AppleWebKit/537.36 (KHTML, like Gecko; compatible; bingbot/2.0; +http://www.bing.com/bingbot.htm) Chrome/116.0.1938.76 Safari/537.36"
157.55.39.204 - - [01/Jul/2026:21:45:52 +0000] "GET /products/193969631/ HTTP/2" 200 25613 "-" "Mozilla/5.0 AppleWebKit/537.36 (KHTML, like Gecko; compatible; bingbot/2.0; +http://www.bing.com/bingbot.htm) Chrome/116.0.1938.76 Safari/537.36"
57.141.0.21 - - [01/Jul/2026:21:46:27 +0000] "GET /products/011240950042 HTTP/2" 404 155047 "-" "meta-externalagent/1.1 (+https://developers.facebook.com/docs/sharing/webmasters/crawler)"
157.55.39.204 - - [01/Jul/2026:21:46:33 +0000] "GET /products/122684958/ HTTP/2" 200 25778 "-" "Mozilla/5.0 AppleWebKit/537.36 (KHTML, like Gecko; compatible; bingbot/2.0; +http://www.bing.com/bingbot.htm) Chrome/116.0.1938.76 Safari/537.36"
157.55.39.204 - - [01/Jul/2026:21:46:42 +0000] "GET /products/66965253/ HTTP/2" 200 25664 "-" "Mozilla/5.0 AppleWebKit/537.36 (KHTML, like Gecko; compatible; bingbot/2.0; +http://www.bing.com/bingbot.htm) Chrome/116.0.1938.76 Safari/537.36"
52.167.144.143 - - [01/Jul/2026:21:45:58 +0000] "GET /products/390447831/ HTTP/2" 200 25507 "-" "Mozilla/5.0 AppleWebKit/537.36 (KHTML, like Gecko; compatible; bingbot/2.0; +http://www.bing.com/bingbot.htm) Chrome/116.0.1938.76 Safari/537.36"
52.167.144.143 - - [01/Jul/2026:21:46:01 +0000] "GET /products/409164331/ HTTP/2" 200 26601 "-" "Mozilla/5.0 AppleWebKit/537.36 (KHTML, like Gecko; compatible; bingbot/2.0; +http://www.bing.com/bingbot.htm) Chrome/116.0.1938.76 Safari/537.36"
52.167.144.143 - - [01/Jul/2026:21:46:04 +0000] "GET /products/92943431/ HTTP/2" 200 27062 "-" "Mozilla/5.0 AppleWebKit/537.36 (KHTML, like Gecko; compatible; bingbot/2.0; +http://www.bing.com/bingbot.htm) Chrome/116.0.1938.76 Safari/537.36"
52.167.144.210 - - [01/Jul/2026:21:46:06 +0000] "GET /pages.php?products/9206953/ HTTP/2" 200 26264 "-" "Mozilla/5.0 AppleWebKit/537.36 (KHTML, like Gecko; compatible; bingbot/2.0; +http://www.bing.com/bingbot.htm) Chrome/116.0.1938.76 Safari/537.36"
52.167.144.210 - - [01/Jul/2026:21:46:10 +0000] "GET /products/440544331/ HTTP/2" 200 26258 "-" "Mozilla/5.0 AppleWebKit/537.36 (KHTML, like Gecko; compatible; bingbot/2.0; +http://www.bing.com/bingbot.htm) Chrome/116.0.1938.76 Safari/537.36"
52.167.144.210 - - [01/Jul/2026:21:46:12 +0000] "GET /products/253361831/ HTTP/2" 200 27206 "-" "Mozilla/5.0 AppleWebKit/537.36 (KHTML, like Gecko; compatible; bingbot/2.0; +http://www.bing.com/bingbot.htm) Chrome/116.0.1938.76 Safari/537.36"
66.249.73.14 - - [01/Jul/2026:21:46:15 +0000] "GET /products/27124853/ HTTP/1.1" 200 25403 "-" "Mozilla/5.0 (Linux; Android 6.0.1; Nexus 5X Build/MMB29P) AppleWebKit/537.36 (KHTML, like Gecko) Chrome/149.0.7827.200 Mobile Safari/537.36 (compatible; Googlebot/2.1; +http://www.google.com/bot.html)"
52.167.144.210 - - [01/Jul/2026:21:46:15 +0000] "GET /products/126138058/ HTTP/2" 200 27060 "-" "Mozilla/5.0 AppleWebKit/537.36 (KHTML, like Gecko; compatible; bingbot/2.0; +http://www.bing.com/bingbot.htm) Chrome/116.0.1938.76 Safari/537.36"
52.167.144.143 - - [01/Jul/2026:21:46:19 +0000] "GET /products/210442831/ HTTP/2" 200 25196 "-" "Mozilla/5.0 AppleWebKit/537.36 (KHTML, like Gecko; compatible; bingbot/2.0; +http://www.bing.com/bingbot.htm) Chrome/116.0.1938.76 Safari/537.36"
157.55.39.204 - - [01/Jul/2026:21:47:25 +0000] "GET /products/241743231/ HTTP/2" 200 26374 "-" "Mozilla/5.0 AppleWebKit/537.36 (KHTML, like Gecko; compatible; bingbot/2.0; +http://www.bing.com/bingbot.htm) Chrome/116.0.1938.76 Safari/537.36"
66.249.74.32 - - [01/Jul/2026:21:47:49 +0000] "GET /products/310702131/ HTTP/1.1" 200 25944 "-" "Mozilla/5.0 (Linux; Android 6.0.1; Nexus 5X Build/MMB29P) AppleWebKit/537.36 (KHTML, like Gecko) Chrome/149.0.7827.200 Mobile Safari/537.36 (compatible; Googlebot/2.1; +http://www.google.com/bot.html)"
209.87.169.15 - - [01/Jul/2026:21:48:08 +0000] "GET /wp-login.php HTTP/1.1" 200 2220 "-" "Mozilla/5.0 (Macintosh; Intel Mac OS X 10_15_7) AppleWebKit/605.1.15 Version/17.0 Safari/605.1.15"
209.87.169.15 - - [01/Jul/2026:21:48:09 +0000] "GET /?author=1 HTTP/1.1" 301 0 "-" "Mozilla/5.0 (Windows NT 10.0; Win64; x64) AppleWebKit/537.36 Chrome/129.0.0.0 Safari/537.36"
209.87.169.15 - - [01/Jul/2026:21:48:11 +0000] "GET /?rest_route=/wp/v2/users HTTP/1.1" 200 552 "-" "Mozilla/5.0 (Windows NT 10.0; Win64; x64) AppleWebKit/537.36 Chrome/129.0.0.0 Safari/537.36"
209.87.169.15 - - [01/Jul/2026:21:48:15 +0000] "GET /?author=2 HTTP/1.1" 302 0 "-" "Mozilla/5.0 (Windows NT 10.0; Win64; x64) AppleWebKit/537.36 Chrome/129.0.0.0 Safari/537.36"
209.87.169.15 - - [01/Jul/2026:21:48:16 +0000] "GET /?rest_route=/wp/v2/users HTTP/1.1" 200 552 "-" "Mozilla/5.0 (Windows NT 10.0; Win64; rv:143.0) Gecko/20100101 Firefox/143.0"
17.246.23.207 - - [01/Jul/2026:21:49:30 +0000] "GET /wp-content/plugins/woovina-extra/includes/menu-icons/includes/library/icon-selector/css/types/genericons.min.css?ver=3.4 HTTP/2" 200 15781 "http://rearbear.com/" "Mozilla/5.0 (Macintosh; Intel Mac OS X 10_15_7) AppleWebKit/605.1.15 (KHTML, like Gecko) Version/17.4 Safari/605.1.15 (Applebot/0.1; +http://www.apple.com/go/applebot)"
17.246.23.207 - - [01/Jul/2026:21:49:31 +0000] "GET /wp-includes/css/dist/block-library/style.min.css?ver=7.0 HTTP/2" 200 16250 "http://rearbear.com/" "Mozilla/5.0 (Macintosh; Intel Mac OS X 10_15_7) AppleWebKit/605.1.15 (KHTML, like Gecko) Version/17.4 Safari/605.1.15 (Applebot/0.1; +http://www.apple.com/go/applebot)"
17.246.23.207 - - [01/Jul/2026:21:49:33 +0000] "GET /wp-content/plugins/woovina-extra/includes/menu-icons/includes/library/icon-selector/css/types/foundation-icons.min.css?ver=3.0 HTTP/2" 200 3178 "http://rearbear.com/" "Mozilla/5.0 (Macintosh; Intel Mac OS X 10_15_7) AppleWebKit/605.1.15 (KHTML, like Gecko) Version/17.4 Safari/605.1.15 (Applebot/0.1; +http://www.apple.com/go/applebot)"
17.246.23.207 - - [01/Jul/2026:21:49:34 +0000] "GET /wp-content/plugins/cancel-order-request-woocommerce/public/css/cancel-order-request-woocommerce-public.css?ver=1.3.4.32 HTTP/2" 200 381 "http://rearbear.com/" "Mozilla/5.0 (Macintosh; Intel Mac OS X 10_15_7) AppleWebKit/605.1.15 (KHTML, like Gecko) Version/17.4 Safari/605.1.15 (Applebot/0.1; +http://www.apple.com/go/applebot)"
17.246.23.207 - - [01/Jul/2026:21:49:36 +0000] "GET /wp-includes/css/dashicons.min.css?ver=7.0 HTTP/2" 200 35101 "http://rearbear.com/" "Mozilla/5.0 (Macintosh; Intel Mac OS X 10_15_7) AppleWebKit/605.1.15 (KHTML, like Gecko) Version/17.4 Safari/605.1.15 (Applebot/0.1; +http://www.apple.com/go/applebot)"
17.246.23.207 - - [01/Jul/2026:21:49:37 +0000] "GET /wp-content/plugins/cancel-order-request-woocommerce/public/css/magnific-popup.css?ver=1.3.4.32 HTTP/2" 200 1683 "http://rearbear.com/" "Mozilla/5.0 (Macintosh; Intel Mac OS X 10_15_7) AppleWebKit/605.1.15 (KHTML, like Gecko) Version/17.4 Safari/605.1.15 (Applebot/0.1; +http://www.apple.com/go/applebot)"
17.246.23.207 - - [01/Jul/2026:21:49:39 +0000] "GET /wp-content/plugins/cancel-order-request-woocommerce/public/css/jquery.toast.min.css?ver=1.3.4.32 HTTP/2" 200 2342 "http://rearbear.com/" "Mozilla/5.0 (Macintosh; Intel Mac OS X 10_15_7) AppleWebKit/605.1.15 (KHTML, like Gecko) Version/17.4 Safari/605.1.15 (Applebot/0.1; +http://www.apple.com/go/applebot)"
17.246.23.207 - - [01/Jul/2026:21:49:40 +0000] "GET /wp-content/plugins/woocommerce/assets/css/photoswipe/photoswipe.min.css?ver=10.9.1 HTTP/2" 200 846 "http://rearbear.com/" "Mozilla/5.0 (Macintosh; Intel Mac OS X 10_15_7) AppleWebKit/605.1.15 (KHTML, like Gecko) Version/17.4 Safari/605.1.15 (Applebot/0.1; +http://www.apple.com/go/applebot)"
17.246.23.207 - - [01/Jul/2026:21:49:42 +0000] "GET /wp-content/plugins/woocommerce/assets/css/photoswipe/default-skin/default-skin.min.css?ver=10.9.1 HTTP/2" 200 1759 "http://rearbear.com/" "Mozilla/5.0 (Macintosh; Intel Mac OS X 10_15_7) AppleWebKit/605.1.15 (KHTML, like Gecko) Version/17.4 Safari/605.1.15 (Applebot/0.1; +http://www.apple.com/go/applebot)"
17.246.23.207 - - [01/Jul/2026:21:49:43 +0000] "GET /wp-content/plugins/check-pincodezipcode-for-shipping-woocommerce/includes/css/wczp_front_style.css?ver=1.0.0 HTTP/2" 200 1642 "http://rearbear.com/" "Mozilla/5.0 (Macintosh; Intel Mac OS X 10_15_7) AppleWebKit/605.1.15 (KHTML, like Gecko) Version/17.4 Safari/605.1.15 (Applebot/0.1; +http://www.apple.com/go/applebot)"
17.246.23.207 - - [01/Jul/2026:21:49:45 +0000] "GET /wp-content/plugins/woo-variation-gallery/assets/css/slick.min.css?ver=1.8.1 HTTP/2" 200 969 "http://rearbear.com/" "Mozilla/5.0 (Macintosh; Intel Mac OS X 10_15_7) AppleWebKit/605.1.15 (KHTML, like Gecko) Version/17.4 Safari/605.1.15 (Applebot/0.1; +http://www.apple.com/go/applebot)"
17.246.23.207 - - [01/Jul/2026:21:49:46 +0000] "GET /wp-content/plugins/woo-variation-gallery/assets/css/frontend.min.css?ver=1782446701 HTTP/2" 200 4604 "http://rearbear.com/" "Mozilla/5.0 (Macintosh; Intel Mac OS X 10_15_7) AppleWebKit/605.1.15 (KHTML, like Gecko) Version/17.4 Safari/605.1.15 (Applebot/0.1; +http://www.apple.com/go/applebot)"
17.246.23.207 - - [01/Jul/2026:21:49:48 +0000] "GET /wp-content/themes/woovina/assets/css/style.min.css?ver=2.3 HTTP/2" 200 22072 "http://rearbear.com/" "Mozilla/5.0 (Macintosh; Intel Mac OS X 10_15_7) AppleWebKit/605.1.15 (KHTML, like Gecko) Version/17.4 Safari/605.1.15 (Applebot/0.1; +http://www.apple.com/go/applebot)"
17.246.23.207 - - [01/Jul/2026:21:49:49 +0000] "GET /wp-content/themes/houseware/style.css?ver=7.0 HTTP/2" 200 295 "http://rearbear.com/" "Mozilla/5.0 (Macintosh; Intel Mac OS X 10_15_7) AppleWebKit/605.1.15 (KHTML, like Gecko) Version/17.4 Safari/605.1.15 (Applebot/0.1; +http://www.apple.com/go/applebot)"
17.246.23.207 - - [01/Jul/2026:21:49:51 +0000] "GET /wp-content/themes/houseware/assets/css/houseware-01.css?ver=7.0 HTTP/2" 200 16828 "http://rearbear.com/" "Mozilla/5.0 (Macintosh; Intel Mac OS X 10_15_7) AppleWebKit/605.1.15 (KHTML, like Gecko) Version/17.4 Safari/605.1.15 (Applebot/0.1; +http://www.apple.com/go/applebot)"
17.246.23.207 - - [01/Jul/2026:21:49:52 +0000] "GET /wp-content/themes/houseware/assets/css/fontello.css?ver=7.0 HTTP/2" 200 6791 "http://rearbear.com/" "Mozilla/5.0 (Macintosh; Intel Mac OS X 10_15_7) AppleWebKit/605.1.15 (KHTML, like Gecko) Version/17.4 Safari/605.1.15 (Applebot/0.1; +http://www.apple.com/go/applebot)"
17.246.23.207 - - [01/Jul/2026:21:49:54 +0000] "GET /wp-content/plugins/elementor/assets/css/frontend.min.css?ver=4.1.4 HTTP/2" 200 6613 "http://rearbear.com/" "Mozilla/5.0 (Macintosh; Intel Mac OS X 10_15_7) AppleWebKit/605.1.15 (KHTML, like Gecko) Version/17.4 Safari/605.1.15 (Applebot/0.1; +http://www.apple.com/go/applebot)"
17.246.23.207 - - [01/Jul/2026:21:49:55 +0000] "GET /wp-content/uploads/elementor/css/post-4299.css?ver=1782784230 HTTP/2" 200 342 "http://rearbear.com/" "Mozilla/5.0 (Macintosh; Intel Mac OS X 10_15_7) AppleWebKit/605.1.15 (KHTML, like Gecko) Version/17.4 Safari/605.1.15 (Applebot/0.1; +http://www.apple.com/go/applebot)"
17.246.23.207 - - [01/Jul/2026:21:49:57 +0000] "GET /wp-content/uploads/elementor/css/post-4320.css?ver=1782784230 HTTP/2" 200 1202 "http://rearbear.com/" "Mozilla/5.0 (Macintosh; Intel Mac OS X 10_15_7) AppleWebKit/605.1.15 (KHTML, like Gecko) Version/17.4 Safari/605.1.15 (Applebot/0.1; +http://www.apple.com/go/applebot)"
17.246.23.207 - - [01/Jul/2026:21:49:58 +0000] "GET /wp-content/uploads/elementor/css/post-4326.css?ver=1782784230 HTTP/2" 200 1139 "http://rearbear.com/" "Mozilla/5.0 (Macintosh; Intel Mac OS X 10_15_7) AppleWebKit/605.1.15 (KHTML, like Gecko) Version/17.4 Safari/605.1.15 (Applebot/0.1; +http://www.apple.com/go/applebot)"
17.246.23.207 - - [01/Jul/2026:21:50:00 +0000] "GET /wp-content/uploads/elementor/css/post-4586.css?ver=1782784230 HTTP/2" 200 299 "http://rearbear.com/" "Mozilla/5.0 (Macintosh; Intel Mac OS X 10_15_7) AppleWebKit/605.1.15 (KHTML, like Gecko) Version/17.4 Safari/605.1.15 (Applebot/0.1; +http://www.apple.com/go/applebot)"
17.246.23.207 - - [01/Jul/2026:21:50:01 +0000] "GET /wp-content/themes/woovina/assets/css/woo/woocommerce.min.css?ver=7.0 HTTP/2" 200 13572 "http://rearbear.com/" "Mozilla/5.0 (Macintosh; Intel Mac OS X 10_15_7) AppleWebKit/605.1.15 (KHTML, like Gecko) Version/17.4 Safari/605.1.15 (Applebot/0.1; +http://www.apple.com/go/applebot)"
17.246.23.207 - - [01/Jul/2026:21:50:03 +0000] "GET /wp-content/themes/woovina/assets/css/woo/woo-star-font.min.css?ver=7.0 HTTP/2" 200 511 "http://rearbear.com/" "Mozilla/5.0 (Macintosh; Intel Mac OS X 10_15_7) AppleWebKit/605.1.15 (KHTML, like Gecko) Version/17.4 Safari/605.1.15 (Applebot/0.1; +http://www.apple.com/go/applebot)"
17.246.23.207 - - [01/Jul/2026:21:50:04 +0000] "GET /wp-content/themes/woovina/assets/css/woo/woo-quick-view.min.css?ver=7.0 HTTP/2" 200 1226 "http://rearbear.com/" "Mozilla/5.0 (Macintosh; Intel Mac OS X 10_15_7) AppleWebKit/605.1.15 (KHTML, like Gecko) Version/17.4 Safari/605.1.15 (Applebot/0.1; +http://www.apple.com/go/applebot)"
17.246.23.207 - - [01/Jul/2026:21:50:06 +0000] "GET /wp-content/themes/woovina/assets/css/woo/woo-floating-bar.min.css?ver=7.0 HTTP/2" 200 638 "http://rearbear.com/" "Mozilla/5.0 (Macintosh; Intel Mac OS X 10_15_7) AppleWebKit/605.1.15 (KHTML, like Gecko) Version/17.4 Safari/605.1.15 (Applebot/0.1; +http://www.apple.com/go/applebot)"
17.246.23.207 - - [01/Jul/2026:21:50:07 +0000] "GET /wp-content/themes/woovina/assets/css/third/font-awesome.min.css?ver=4.7.0 HTTP/2" 200 6671 "http://rearbear.com/" "Mozilla/5.0 (Macintosh; Intel Mac OS X 10_15_7) AppleWebKit/605.1.15 (KHTML, like Gecko) Version/17.4 Safari/605.1.15 (Applebot/0.1; +http://www.apple.com/go/applebot)"
17.246.23.207 - - [01/Jul/2026:21:50:09 +0000] "GET /wp-content/themes/woovina/assets/fonts/fontawesome/css/all.min.css?ver=5.15.1 HTTP/2" 200 12380 "http://rearbear.com/" "Mozilla/5.0 (Macintosh; Intel Mac OS X 10_15_7) AppleWebKit/605.1.15 (KHTML, like Gecko) Version/17.4 Safari/605.1.15 (Applebot/0.1; +http://www.apple.com/go/applebot)"
17.246.23.207 - - [01/Jul/2026:21:50:10 +0000] "GET /wp-content/themes/woovina/assets/fonts/fontawesome/css/v4-shims.min.css?ver=5.15.1 HTTP/2" 200 3987 "http://rearbear.com/" "Mozilla/5.0 (Macintosh; Intel Mac OS X 10_15_7) AppleWebKit/605.1.15 (KHTML, like Gecko) Version/17.4 Safari/605.1.15 (Applebot/0.1; +http://www.apple.com/go/applebot)"
17.246.23.207 - - [01/Jul/2026:21:50:11 +0000] "GET /wp-content/themes/woovina/assets/css/third/animate.css?ver=3.5.1 HTTP/2" 200 4111 "http://rearbear.com/" "Mozilla/5.0 (Macintosh; Intel Mac OS X 10_15_7) AppleWebKit/605.1.15 (KHTML, like Gecko) Version/17.4 Safari/605.1.15 (Applebot/0.1; +http://www.apple.com/go/applebot)"
17.246.23.207 - - [01/Jul/2026:21:50:13 +0000] "GET /wp-content/themes/woovina/assets/css/third/simple-line-icons.min.css?ver=2.4.0 HTTP/2" 200 2315 "http://rearbear.com/" "Mozilla/5.0 (Macintosh; Intel Mac OS X 10_15_7) AppleWebKit/605.1.15 (KHTML, like Gecko) Version/17.4 Safari/605.1.15 (Applebot/0.1; +http://www.apple.com/go/applebot)"
17.246.23.207 - - [01/Jul/2026:21:50:14 +0000] "GET /wp-content/themes/woovina/assets/css/third/material-design-iconic-font.min.css?ver=2.2.0 HTTP/2" 200 6944 "http://rearbear.com/" "Mozilla/5.0 (Macintosh; Intel Mac OS X 10_15_7) AppleWebKit/605.1.15 (KHTML, like Gecko) Version/17.4 Safari/605.1.15 (Applebot/0.1; +http://www.apple.com/go/applebot)"
17.246.23.207 - - [01/Jul/2026:21:50:16 +0000] "GET /wp-content/themes/woovina/assets/css/third/ionicons.min.css?ver=2.2.0 HTTP/2" 200 7593 "http://rearbear.com/" "Mozilla/5.0 (Macintosh; Intel Mac OS X 10_15_7) AppleWebKit/605.1.15 (KHTML, like Gecko) Version/17.4 Safari/605.1.15 (Applebot/0.1; +http://www.apple.com/go/applebot)"
17.246.23.207 - - [01/Jul/2026:21:50:17 +0000] "GET /wp-content/themes/woovina/assets/css/third/magnific-popup.min.css?ver=1.0.0 HTTP/2" 200 1418 "http://rearbear.com/" "Mozilla/5.0 (Macintosh; Intel Mac OS X 10_15_7) AppleWebKit/605.1.15 (KHTML, like Gecko) Version/17.4 Safari/605.1.15 (Applebot/0.1; +http://www.apple.com/go/applebot)"
17.246.23.207 - - [01/Jul/2026:21:50:19 +0000] "GET /wp-content/themes/woovina/assets/css/third/hamburgers/hamburgers.min.css?ver=2.3 HTTP/2" 200 263 "http://rearbear.com/" "Mozilla/5.0 (Macintosh; Intel Mac OS X 10_15_7) AppleWebKit/605.1.15 (KHTML, like Gecko) Version/17.4 Safari/605.1.15 (Applebot/0.1; +http://www.apple.com/go/applebot)"
17.246.23.207 - - [01/Jul/2026:21:50:20 +0000] "GET /wp-content/themes/woovina/assets/css/third/hamburgers/types/slider.css?ver=2.3 HTTP/2" 200 262 "http://rearbear.com/" "Mozilla/5.0 (Macintosh; Intel Mac OS X 10_15_7) AppleWebKit/605.1.15 (KHTML, like Gecko) Version/17.4 Safari/605.1.15 (Applebot/0.1; +http://www.apple.com/go/applebot)"
17.246.23.207 - - [01/Jul/2026:21:50:22 +0000] "GET /wp-content/themes/woovina/assets/css/third/mobile-navbar.css?ver=1.0.0 HTTP/2" 200 586 "http://rearbear.com/" "Mozilla/5.0 (Macintosh; Intel Mac OS X 10_15_7) AppleWebKit/605.1.15 (KHTML, like Gecko) Version/17.4 Safari/605.1.15 (Applebot/0.1; +http://www.apple.com/go/applebot)"
